[INFO] cloning repository https://github.com/diy-x/factory-kit
[INFO] running `Command { std: "git" "-c" "credential.helper=" "-c" "credential.helper=/workspace/cargo-home/bin/git-credential-null" "clone" "--bare" "https://github.com/diy-x/factory-kit" "/workspace/cache/git-repos/https%3A%2F%2Fgithub.com%2Fdiy-x%2Ffactory-kit", kill_on_drop: false }`
[INFO] [stderr] Cloning into bare repository '/workspace/cache/git-repos/https%3A%2F%2Fgithub.com%2Fdiy-x%2Ffactory-kit'...
[INFO] running `Command { std: "git" "rev-parse" "HEAD", kill_on_drop: false }`
[INFO] [stdout] 0168ee2c0cda8f2f8b37444f14aa577cd6281a3e
[INFO] testing diy-x/factory-kit against 1.99.0-beta.8+cargoflags=--release for beta-release-1.100-2
[INFO] running `Command { std: "git" "clone" "/workspace/cache/git-repos/https%3A%2F%2Fgithub.com%2Fdiy-x%2Ffactory-kit" "/workspace/builds/worker-6-tc1/source", kill_on_drop: false }`
[INFO] [stderr] Cloning into '/workspace/builds/worker-6-tc1/source'...
[INFO] [stderr] done.
[INFO] started tweaking git repo https://github.com/diy-x/factory-kit
[INFO] finished tweaking git repo https://github.com/diy-x/factory-kit
[INFO] tweaked toml for git repo https://github.com/diy-x/factory-kit written to /workspace/builds/worker-6-tc1/source/Cargo.toml
[INFO] validating manifest of git repo https://github.com/diy-x/factory-kit on toolchain 1.99.0-beta.8
[INFO] running `Command { std: CARGO_HOME="/workspace/cargo-home" RUSTUP_HOME="/workspace/rustup-home" "/workspace/cargo-home/bin/cargo" "+1.99.0-beta.8" "metadata" "--manifest-path" "Cargo.toml" "--no-deps", kill_on_drop: false }`
[INFO] crate git repo https://github.com/diy-x/factory-kit already has a lockfile, it will not be regenerated
[INFO] running `Command { std: CARGO_HOME="/workspace/cargo-home" RUSTUP_HOME="/workspace/rustup-home" "/workspace/cargo-home/bin/cargo" "+1.99.0-beta.8" "fetch" "--manifest-path" "Cargo.toml", kill_on_drop: false }`
[INFO] running `Command { std: "docker" "create" "-v" "/var/lib/crater-agent-workspace/builds/worker-6-tc1/source:/opt/rustwide/workdir:ro,Z" "-v" "/var/lib/crater-agent-workspace/builds/worker-6-tc1/target:/opt/rustwide/target:rw,Z" "-v" "/var/lib/crater-agent-workspace/cargo-home:/opt/rustwide/cargo-home:ro,Z" "-v" "/var/lib/crater-agent-workspace/rustup-home:/opt/rustwide/rustup-home:ro,Z" "-m" "1610612736" "--network" "none" "ghcr.io/rust-lang/crates-build-env/linux@sha256:77db811e55d90add9212f6832c23229e3de5f1c1f9905e8cb07319ea15df73ac" "sleep" "infinity", kill_on_drop: false }`
[INFO] [stdout] 927a6b345d46c68288f3d699e93adb39f29998e203bb2e7d778c384f755aeb07
[INFO] running `Command { std: "docker" "start" "927a6b345d46c68288f3d699e93adb39f29998e203bb2e7d778c384f755aeb07", kill_on_drop: false }`
[INFO] running `Command { std: "docker" "inspect" "927a6b345d46c68288f3d699e93adb39f29998e203bb2e7d778c384f755aeb07", kill_on_drop: false }`
[INFO] running `Command { std: "docker" "exec" "-e" "SOURCE_DIR=/opt/rustwide/workdir" "-e" "CARGO_HOME=/opt/rustwide/cargo-home" "-e" "RUSTUP_HOME=/opt/rustwide/rustup-home" "-e" "CARGO_TARGET_DIR=/opt/rustwide/target" "-w" "/opt/rustwide/workdir" "--user" "0:0" "927a6b345d46c68288f3d699e93adb39f29998e203bb2e7d778c384f755aeb07" "/opt/rustwide/cargo-home/bin/cargo" "+1.99.0-beta.8" "metadata" "--no-deps" "--format-version=1", kill_on_drop: false }`
[INFO] running `Command { std: "docker" "inspect" "927a6b345d46c68288f3d699e93adb39f29998e203bb2e7d778c384f755aeb07", kill_on_drop: false }`
[INFO] running `Command { std: "docker" "exec" "-e" "SOURCE_DIR=/opt/rustwide/workdir" "-e" "CARGO_HOME=/opt/rustwide/cargo-home" "-e" "RUSTUP_HOME=/opt/rustwide/rustup-home" "-e" "CARGO_TARGET_DIR=/opt/rustwide/target" "-e" "CARGO_INCREMENTAL=0" "-e" "RUST_BACKTRACE=full" "-e" "RUSTFLAGS=--cap-lints=warn" "-e" "RUSTDOCFLAGS=--cap-lints=warn" "-w" "/opt/rustwide/workdir" "--user" "0:0" "927a6b345d46c68288f3d699e93adb39f29998e203bb2e7d778c384f755aeb07" "/opt/rustwide/cargo-home/bin/cargo" "+1.99.0-beta.8" "build" "--frozen" "--message-format=json" "--release", kill_on_drop: false }`
[INFO] [stderr]    Compiling proc-macro2 v1.0.107
[INFO] [stderr]    Compiling unicode-ident v1.0.24
[INFO] [stderr]    Compiling quote v1.0.47
[INFO] [stderr]    Compiling serde_core v1.0.229
[INFO] [stderr]    Compiling version_check v0.9.5
[INFO] [stderr]    Compiling serde v1.0.229
[INFO] [stderr]    Compiling typenum v1.20.1
[INFO] [stderr]    Compiling utf8parse v0.2.2
[INFO] [stderr]    Compiling is_terminal_polyfill v1.70.2
[INFO] [stderr]    Compiling colorchoice v1.0.5
[INFO] [stderr]    Compiling equivalent v1.0.2
[INFO] [stderr]    Compiling anstyle-query v1.1.5
[INFO] [stderr]    Compiling zmij v1.0.23
[INFO] [stderr]    Compiling hashbrown v0.17.1
[INFO] [stderr]    Compiling anstyle v1.0.14
[INFO] [stderr]    Compiling serde_json v1.0.151
[INFO] [stderr]    Compiling anyhow v1.0.104
[INFO] [stderr]    Compiling winnow v0.7.15
[INFO] [stderr]    Compiling toml_write v0.1.2
[INFO] [stderr]    Compiling heck v0.5.0
[INFO] [stderr]    Compiling anstyle-parse v1.0.0
[INFO] [stderr]    Compiling strsim v0.11.1
[INFO] [stderr]    Compiling clap_lex v1.1.0
[INFO] [stderr]    Compiling itoa v1.0.18
[INFO] [stderr]    Compiling cpufeatures v0.2.17
[INFO] [stderr]    Compiling generic-array v0.14.7
[INFO] [stderr]    Compiling anstream v1.0.0
[INFO] [stderr]    Compiling cfg-if v1.0.4
[INFO] [stderr]    Compiling memchr v2.8.3
[INFO] [stderr]    Compiling clap_builder v4.6.2
[INFO] [stderr]    Compiling indexmap v2.14.0
[INFO] [stderr]    Compiling syn v3.0.3
[INFO] [stderr]    Compiling block-buffer v0.10.4
[INFO] [stderr]    Compiling crypto-common v0.1.7
[INFO] [stderr]    Compiling digest v0.10.7
[INFO] [stderr]    Compiling sha2 v0.10.9
[INFO] [stderr]    Compiling serde_derive v1.0.229
[INFO] [stderr]    Compiling clap_derive v4.6.4
[INFO] [stderr]    Compiling clap v4.6.4
[INFO] [stderr]    Compiling toml_datetime v0.6.11
[INFO] [stderr]    Compiling serde_spanned v0.6.9
[INFO] [stderr]    Compiling toml_edit v0.22.27
[INFO] [stderr]    Compiling toml v0.8.23
[INFO] [stderr]    Compiling factory-kit v0.1.0 (/opt/rustwide/workdir)
[INFO] [stderr]     Finished `release` profile [optimized] target(s) in 53.64s
[INFO] running `Command { std: "docker" "inspect" "927a6b345d46c68288f3d699e93adb39f29998e203bb2e7d778c384f755aeb07", kill_on_drop: false }`
[INFO] running `Command { std: "docker" "exec" "-e" "SOURCE_DIR=/opt/rustwide/workdir" "-e" "CARGO_HOME=/opt/rustwide/cargo-home" "-e" "RUSTUP_HOME=/opt/rustwide/rustup-home" "-e" "CARGO_TARGET_DIR=/opt/rustwide/target" "-e" "CARGO_INCREMENTAL=0" "-e" "RUST_BACKTRACE=full" "-e" "RUSTFLAGS=--cap-lints=warn" "-e" "RUSTDOCFLAGS=--cap-lints=warn" "-w" "/opt/rustwide/workdir" "--user" "0:0" "927a6b345d46c68288f3d699e93adb39f29998e203bb2e7d778c384f755aeb07" "/opt/rustwide/cargo-home/bin/cargo" "+1.99.0-beta.8" "test" "--frozen" "--no-run" "--message-format=json" "--release", kill_on_drop: false }`
[INFO] [stderr]    Compiling libc v0.2.189
[INFO] [stderr]    Compiling getrandom v0.4.3
[INFO] [stderr]    Compiling rustix v1.1.4
[INFO] [stderr]    Compiling linux-raw-sys v0.12.1
[INFO] [stderr]    Compiling bitflags v2.13.1
[INFO] [stderr]    Compiling once_cell v1.21.4
[INFO] [stderr]    Compiling fastrand v2.5.0
[INFO] [stderr]    Compiling tempfile v3.27.0
[INFO] [stderr]    Compiling factory-kit v0.1.0 (/opt/rustwide/workdir)
[INFO] [stderr]     Finished `release` profile [optimized] target(s) in 58.90s
[INFO] running `Command { std: "docker" "inspect" "927a6b345d46c68288f3d699e93adb39f29998e203bb2e7d778c384f755aeb07", kill_on_drop: false }`
[INFO] running `Command { std: "docker" "exec" "-e" "SOURCE_DIR=/opt/rustwide/workdir" "-e" "CARGO_HOME=/opt/rustwide/cargo-home" "-e" "RUSTUP_HOME=/opt/rustwide/rustup-home" "-e" "CARGO_TARGET_DIR=/opt/rustwide/target" "-e" "CARGO_INCREMENTAL=0" "-e" "RUST_BACKTRACE=full" "-e" "RUSTFLAGS=--cap-lints=warn" "-e" "RUSTDOCFLAGS=--cap-lints=warn" "-w" "/opt/rustwide/workdir" "--user" "0:0" "927a6b345d46c68288f3d699e93adb39f29998e203bb2e7d778c384f755aeb07" "/opt/rustwide/cargo-home/bin/cargo" "+1.99.0-beta.8" "test" "--frozen" "--release", kill_on_drop: false }`
[INFO] [stderr]     Finished `release` profile [optimized] target(s) in 0.15s
[INFO] [stderr]      Running unittests src/lib.rs (/opt/rustwide/target/release/deps/factory_kit-3f885fd266e887b1)
[INFO] [stdout] 
[INFO] [stdout] running 39 tests
[INFO] [stdout] test config::tests::sha256_is_strict ... ok
[INFO] [stdout] test executor::tests::absolute_archive_source_must_be_root_owned_and_not_writable ... ok
[INFO] [stdout] test executor::tests::deferred_dependencies_propagate_transitively ... ok
[INFO] [stdout] test context::tests::target_path_stays_below_root ... ok
[INFO] [stdout] test executor::tests::execution_summary_treats_deferred_steps_as_unsuccessful ... ok
[INFO] [stdout] test config::tests::target_paths_reject_parent_segments ... ok
[INFO] [stdout] test executor::tests::failed_dependencies_still_fail_dependents ... ok
[INFO] [stdout] test actions::tests::rooted_write_rejects_symlink_ancestor ... ok
[INFO] [stdout] test facts::tests::cli_fact_assignment_is_strict ... ok
[INFO] [stdout] test executor::tests::download_reapplies_mode_when_existing_file_matches_hash ... ok
[INFO] [stdout] test config::tests::user_session_with_matching_user_is_valid ... ok
[INFO] [stdout] test executor::tests::tar_listings_reject_symlink_and_hardlink_entries ... ok
[INFO] [stdout] test executor::tests::zip_listings_reject_symlink_and_hardlink_entries ... ok
[INFO] [stdout] test actions::tests::atomic_write_sets_content_and_mode ... ok
[INFO] [stdout] test config::tests::user_session_requires_matching_run_as ... ok
[INFO] [stdout] test config::tests::user_session_requires_graphical_session_and_user ... ok
[INFO] [stdout] test config::tests::live_phases_cannot_be_selected_in_chroot_mode ... ok
[INFO] [stdout] test config::tests::earlier_phase_cannot_depend_on_later_phase ... ok
[INFO] [stdout] test executor::tests::archive_entries_cannot_escape_destination ... ok
[INFO] [stdout] test first_boot::tests::detects_aarch64_elf_header ... ok
[INFO] [stdout] test facts::tests::discovers_first_concrete_arch_from_dpkg_status ... ok
[INFO] [stdout] test facts::tests::external_root_does_not_fallback_to_all_architecture ... ok
[INFO] [stdout] test first_boot::tests::unknown_profile_does_not_write_target_root ... ok
[INFO] [stdout] test facts::tests::parses_os_release_quotes ... ok
[INFO] [stdout] test first_boot::tests::group_writable_asset_does_not_write_target_root ... ok
[INFO] [stdout] test first_boot::tests::arch_mismatch_does_not_write_target_root ... ok
[INFO] [stdout] test first_boot::tests::descriptor_freezes_resolved_target_facts ... ok
[INFO] [stdout] test state::tests::changed_fingerprint_reruns_on_change ... ok
[INFO] [stdout] test planner::tests::dependencies_are_ordered_before_dependents ... ok
[INFO] [stdout] test planner::tests::plan_explains_selected_and_excluded_steps ... ok
[INFO] [stdout] test state::tests::records_deferred_and_failed_attempts_without_marking_success ... ok
[INFO] [stdout] test planner::tests::unknown_when_fact_does_not_match ... ok
[INFO] [stdout] test state::tests::status_merges_plan_with_last_attempt_and_success ... ok
[INFO] [stdout] test planner::tests::phase_plan_preserves_only_requested_phase ... ok
[INFO] [stdout]   adding: zip-symlink/ (stored 0%)
[INFO] [stdout]   adding: zip-symlink/file (stored 0%)
[INFO] [stdout]   adding: zip-symlink/link (stored 0%)
[INFO] [stdout] test actions::tests::command_runner_output_captures_stdout ... ok
[INFO] [stdout] test first_boot::tests::apply_prepared_install_creates_graphical_target_wants_symlink ... ok
[INFO] [stdout] test executor::tests::extract_archive_rejects_zip_symlink_entries ... ok
[INFO] [stdout] test executor::tests::extract_archive_rejects_tar_symlink_entries ... ok
[INFO] [stderr]      Running unittests src/main.rs (/opt/rustwide/target/release/deps/factory_kit-c50b780f5e26cb75)
[INFO] [stdout] test executor::tests::extract_archive_rejects_tar_hardlink_entries ... ok
[INFO] [stdout] 
[INFO] [stdout] test result: ok. 39 passed; 0 failed; 0 ignored; 0 measured; 0 filtered out; finished in 0.07s
[INFO] [stdout] 
[INFO] [stdout] 
[INFO] [stdout] running 0 tests
[INFO] [stdout] 
[INFO] [stdout] test result: ok. 0 passed; 0 failed; 0 ignored; 0 measured; 0 filtered out; finished in 0.00s
[INFO] [stdout] 
[INFO] [stderr]      Running tests/cli.rs (/opt/rustwide/target/release/deps/cli-fdb21b327cd63ab0)
[INFO] [stdout] 
[INFO] [stdout] running 6 tests
[INFO] [stdout] test status_with_plan_reports_pending_work ... ok
[INFO] [stdout] test status_uses_staged_first_boot_descriptor_automatically ... ok
[INFO] [stdout] test unknown_config_field_is_rejected ... ok
[INFO] [stdout] test validate_and_plan_sample_config ... ok
[INFO] [stdout] test dry_run_does_not_mutate_target ... ok
[INFO] [stderr]      Running tests/shipped_config.rs (/opt/rustwide/target/release/deps/shipped_config-5b846f7141c24a2e)
[INFO] [stdout] test chroot_mode_without_root_uses_context_exit_code ... ok
[INFO] [stdout] 
[INFO] [stdout] test result: ok. 6 passed; 0 failed; 0 ignored; 0 measured; 0 filtered out; finished in 0.05s
[INFO] [stdout] 
[INFO] [stdout] 
[INFO] [stdout] running 8 tests
[INFO] [stdout] test shipped_defaults_do_not_reject_a_different_ubuntu_board ... ok
[INFO] [stdout] test shipped_defaults_are_ubuntu_first_and_orangepi_5_plus_only ... ok
[INFO] [stdout] test shipped_rustdesk_setup_never_exposes_or_persists_a_password ... ok
[INFO] [stdout] test shipped_product_profiles_are_platform_reusable ... ok
[INFO] [stdout] test reusable_product_profile_plans_for_a_different_board ... ok
[INFO] [stdout] test shipped_first_boot_secrets_use_target_root_files ... ok
[INFO] [stdout] test shipped_user_content_is_owned_before_launchers_are_created ... ok
[INFO] [stdout] test shipped_commands_do_not_hide_gnome_or_mongodb_security_failures ... ok
[INFO] [stdout] 
[INFO] [stdout] test result: ok. 8 passed; 0 failed; 0 ignored; 0 measured; 0 filtered out; finished in 0.02s
[INFO] [stdout] 
[INFO] [stderr]      Running tests/upstream_coverage.rs (/opt/rustwide/target/release/deps/upstream_coverage-e4124cd01cccfe0e)
[INFO] [stdout] 
[INFO] [stdout] running 2 tests
[INFO] [stdout] test coverage_matrix_matches_fixed_diff_and_scope ... FAILED
[INFO] [stderr] error: test failed, to rerun pass `--test upstream_coverage`
[INFO] [stdout] test pinned_raw_assets_match_fixed_upstream_commit ... FAILED
[INFO] [stdout] 
[INFO] [stdout] failures:
[INFO] [stdout] 
[INFO] [stdout] ---- coverage_matrix_matches_fixed_diff_and_scope stdout ----
[INFO] [stdout] 
[INFO] [stdout] thread 'coverage_matrix_matches_fixed_diff_and_scope' (1948) panicked at tests/upstream_coverage.rs:68:5:
[INFO] [stdout] fatal: cannot change to '/opt/rustwide/workdir/../ubuntu-rockchip': No such file or directory
[INFO] [stdout] 
[INFO] [stdout] stack backtrace:
[INFO] [stdout]    0:     0x5743effd2a06 - <unknown>
[INFO] [stdout]    1:     0x5743eff025ba - <unknown>
[INFO] [stdout]    2:     0x5743effd83fc - <unknown>
[INFO] [stdout]    3:     0x5743effaedb2 - <unknown>
[INFO] [stdout]    4:     0x5743effcb061 - <unknown>
[INFO] [stdout]    5:     0x5743effcb242 - <unknown>
[INFO] [stdout]    6:     0x5743effaee62 - <unknown>
[INFO] [stdout]    7:     0x5743effa7659 - <unknown>
[INFO] [stdout]    8:     0x5743effafbfd - <unknown>
[INFO] [stdout]    9:     0x5743eff02cac - <unknown>
[INFO] [stdout]   10:     0x5743f004e450 - <unknown>
[INFO] [stdout]   11:     0x5743effd9a8b - <unknown>
[INFO] [stdout]   12:     0x5743effe7be1 - <unknown>
[INFO] [stdout]   13:     0x5743effe12f4 - <unknown>
[INFO] [stdout]   14:     0x5743effeba02 - <unknown>
[INFO] [stdout]   15:     0x5743effd1bde - <unknown>
[INFO] [stdout]   16:     0x7bb9c6e6bdfa - <unknown>
[INFO] [stdout]   17:     0x7bb9c6eff3d4 - clone
[INFO] [stdout]   18:                0x0 - <unknown>
[INFO] [stdout] 
[INFO] [stdout] ---- pinned_raw_assets_match_fixed_upstream_commit stdout ----
[INFO] [stdout] 
[INFO] [stdout] thread 'pinned_raw_assets_match_fixed_upstream_commit' (1949) panicked at tests/upstream_coverage.rs:105:9:
[INFO] [stdout] cannot read 3f80571:overlay/usr/share/backgrounds/holomotion_h.png for brand-wallpaper-horizontal: fatal: cannot change to '/opt/rustwide/workdir/../ubuntu-rockchip': No such file or directory
[INFO] [stdout] 
[INFO] [stdout] stack backtrace:
[INFO] [stdout]    0:     0x5743effd2a06 - <unknown>
[INFO] [stdout]    1:     0x5743eff025ba - <unknown>
[INFO] [stdout]    2:     0x5743effd83fc - <unknown>
[INFO] [stdout]    3:     0x5743effaedb2 - <unknown>
[INFO] [stdout]    4:     0x5743effcb061 - <unknown>
[INFO] [stdout]    5:     0x5743effcb242 - <unknown>
[INFO] [stdout]    6:     0x5743effaee62 - <unknown>
[INFO] [stdout]    7:     0x5743effa7659 - <unknown>
[INFO] [stdout]    8:     0x5743effafbfd - <unknown>
[INFO] [stdout]    9:     0x5743eff02cac - <unknown>
[INFO] [stdout]   10:     0x5743f004f28b - <unknown>
[INFO] [stdout]   11:     0x5743effd9a8b - <unknown>
[INFO] [stdout]   12:     0x5743effe7be1 - <unknown>
[INFO] [stdout]   13:     0x5743effe12f4 - <unknown>
[INFO] [stdout]   14:     0x5743effeba02 - <unknown>
[INFO] [stdout]   15:     0x5743effd1bde - <unknown>
[INFO] [stdout]   16:     0x7bb9c6e6bdfa - <unknown>
[INFO] [stdout]   17:     0x7bb9c6eff3d4 - clone
[INFO] [stdout]   18:                0x0 - <unknown>
[INFO] [stdout] 
[INFO] [stdout] 
[INFO] [stdout] failures:
[INFO] [stdout]     coverage_matrix_matches_fixed_diff_and_scope
[INFO] [stdout]     pinned_raw_assets_match_fixed_upstream_commit
[INFO] [stdout] 
[INFO] [stdout] test result: FAILED. 0 passed; 2 failed; 0 ignored; 0 measured; 0 filtered out; finished in 0.01s
[INFO] [stdout] 
[INFO] running `Command { std: "docker" "inspect" "927a6b345d46c68288f3d699e93adb39f29998e203bb2e7d778c384f755aeb07", kill_on_drop: false }`
[INFO] running `Command { std: "docker" "rm" "-f" "927a6b345d46c68288f3d699e93adb39f29998e203bb2e7d778c384f755aeb07", kill_on_drop: false }`
[INFO] [stdout] 927a6b345d46c68288f3d699e93adb39f29998e203bb2e7d778c384f755aeb07
