[INFO] cloning repository https://github.com/digi-deity/hdfs-s3-gateway
[INFO] running `Command { std: "git" "-c" "credential.helper=" "-c" "credential.helper=/workspace/cargo-home/bin/git-credential-null" "clone" "--bare" "https://github.com/digi-deity/hdfs-s3-gateway" "/workspace/cache/git-repos/https%3A%2F%2Fgithub.com%2Fdigi-deity%2Fhdfs-s3-gateway", kill_on_drop: false }`
[INFO] [stderr] Cloning into bare repository '/workspace/cache/git-repos/https%3A%2F%2Fgithub.com%2Fdigi-deity%2Fhdfs-s3-gateway'...
[INFO] running `Command { std: "git" "rev-parse" "HEAD", kill_on_drop: false }`
[INFO] [stdout] e1a89df538360218d46c6143677e7795755df5fd
[INFO] testing digi-deity/hdfs-s3-gateway against 1.99.0-beta.8+cargoflags=--release for beta-release-1.100-2
[INFO] running `Command { std: "git" "clone" "/workspace/cache/git-repos/https%3A%2F%2Fgithub.com%2Fdigi-deity%2Fhdfs-s3-gateway" "/workspace/builds/worker-7-tc1/source", kill_on_drop: false }`
[INFO] [stderr] Cloning into '/workspace/builds/worker-7-tc1/source'...
[INFO] [stderr] done.
[INFO] started tweaking git repo https://github.com/digi-deity/hdfs-s3-gateway
[INFO] finished tweaking git repo https://github.com/digi-deity/hdfs-s3-gateway
[INFO] tweaked toml for git repo https://github.com/digi-deity/hdfs-s3-gateway written to /workspace/builds/worker-7-tc1/source/Cargo.toml
[INFO] validating manifest of git repo https://github.com/digi-deity/hdfs-s3-gateway on toolchain 1.99.0-beta.8
[INFO] running `Command { std: CARGO_HOME="/workspace/cargo-home" RUSTUP_HOME="/workspace/rustup-home" "/workspace/cargo-home/bin/cargo" "+1.99.0-beta.8" "metadata" "--manifest-path" "Cargo.toml" "--no-deps", kill_on_drop: false }`
[INFO] crate git repo https://github.com/digi-deity/hdfs-s3-gateway already has a lockfile, it will not be regenerated
[INFO] running `Command { std: CARGO_HOME="/workspace/cargo-home" RUSTUP_HOME="/workspace/rustup-home" "/workspace/cargo-home/bin/cargo" "+1.99.0-beta.8" "fetch" "--manifest-path" "Cargo.toml", kill_on_drop: false }`
[INFO] [stderr]     Updating git repository `https://github.com/Kimahriman/hdfs-native`
[INFO] [stderr]     Updating crates.io index
[INFO] [stderr]  Downloading crates ...
[INFO] [stderr]   Downloaded log v0.4.33
[INFO] [stderr]   Downloaded quote v1.0.46
[INFO] [stderr]   Downloaded transform-stream v0.3.1
[INFO] [stderr]   Downloaded sha1 v0.11.0
[INFO] [stderr]   Downloaded defmt-parser v1.0.0
[INFO] [stderr]   Downloaded smallvec v1.15.2
[INFO] [stderr]   Downloaded toml v0.8.23
[INFO] [stderr]   Downloaded anstyle v1.0.14
[INFO] [stderr]   Downloaded md-5 v0.11.0
[INFO] [stderr]   Downloaded time-core v0.1.9
[INFO] [stderr]   Downloaded numeric_cast v0.3.0
[INFO] [stderr]   Downloaded http-body v1.1.0
[INFO] [stderr]   Downloaded num-conv v0.2.2
[INFO] [stderr]   Downloaded std-next v0.1.9
[INFO] [stderr]   Downloaded zeroize v1.9.0
[INFO] [stderr]   Downloaded displaydoc v0.2.6
[INFO] [stderr]   Downloaded hybrid-array v0.4.13
[INFO] [stderr]   Downloaded anstream v1.0.0
[INFO] [stderr]   Downloaded zmij v1.0.23
[INFO] [stderr]   Downloaded ctutils v0.4.2
[INFO] [stderr]   Downloaded cmov v0.5.4
[INFO] [stderr]   Downloaded rand_pcg v0.10.2
[INFO] [stderr]   Downloaded anstyle-parse v1.0.0
[INFO] [stderr]   Downloaded time-macros v0.2.31
[INFO] [stderr]   Downloaded bitflags v2.13.1
[INFO] [stderr]   Downloaded const-oid v0.10.2
[INFO] [stderr]   Downloaded outref v0.5.2
[INFO] [stderr]   Downloaded bytestring v1.5.1
[INFO] [stderr]   Downloaded colorchoice v1.0.5
[INFO] [stderr]   Downloaded mime_guess v2.0.5
[INFO] [stderr]   Downloaded hex-simd v0.8.0
[INFO] [stderr]   Downloaded vsimd v0.8.0
[INFO] [stderr]   Downloaded wasm-bindgen-shared v0.2.126
[INFO] [stderr]   Downloaded cpubits v0.1.1
[INFO] [stderr]   Downloaded env_logger v0.11.11
[INFO] [stderr]   Downloaded wasm-bindgen-macro v0.2.126
[INFO] [stderr]   Downloaded either v1.16.0
[INFO] [stderr]   Downloaded libloading v0.9.0
[INFO] [stderr]   Downloaded base64-simd v0.8.0
[INFO] [stderr]   Downloaded rustls-pki-types v1.15.0
[INFO] [stderr]   Downloaded unicase v2.9.0
[INFO] [stderr]   Downloaded wasite v1.0.2
[INFO] [stderr]   Downloaded wasi v0.14.7+wasi-0.2.4
[INFO] [stderr]   Downloaded anyhow v1.0.103
[INFO] [stderr]   Downloaded g2poly v1.2.2
[INFO] [stderr]   Downloaded g2gen v1.2.2
[INFO] [stderr]   Downloaded dns-lookup v3.0.1
[INFO] [stderr]   Downloaded des v0.9.0
[INFO] [stderr]   Downloaded inout v0.2.2
[INFO] [stderr]   Downloaded cbc v0.2.1
[INFO] [stderr]   Downloaded defmt-macros v1.1.1
[INFO] [stderr]   Downloaded env_filter v2.0.0
[INFO] [stderr]   Downloaded clap_lex v1.1.0
[INFO] [stderr]   Downloaded bytes-utils v0.1.4
[INFO] [stderr]   Downloaded aws-smithy-runtime-api-macros v1.1.0
[INFO] [stderr]   Downloaded yoke v0.8.3
[INFO] [stderr]   Downloaded spin v0.10.1
[INFO] [stderr]   Downloaded wasm-bindgen-futures v0.4.76
[INFO] [stderr]   Downloaded whoami v2.1.2
[INFO] [stderr]   Downloaded block-padding v0.4.2
[INFO] [stderr]   Downloaded http-body v0.4.6
[INFO] [stderr]   Downloaded chacha20 v0.10.1
[INFO] [stderr]   Downloaded g2p v1.2.2
[INFO] [stderr]   Downloaded ctr v0.10.1
[INFO] [stderr]   Downloaded target-lexicon v0.13.5
[INFO] [stderr]   Downloaded hmac v0.13.0
[INFO] [stderr]   Downloaded roxmltree v0.21.1
[INFO] [stderr]   Downloaded prost v0.14.4
[INFO] [stderr]   Downloaded cipher v0.5.2
[INFO] [stderr]   Downloaded aws-smithy-async v1.3.0
[INFO] [stderr]   Downloaded futures v0.3.32
[INFO] [stderr]   Downloaded quinn-udp v0.5.15
[INFO] [stderr]   Downloaded defmt v1.1.1
[INFO] [stderr]   Downloaded http-body-util v0.1.4
[INFO] [stderr]   Downloaded cc v1.2.67
[INFO] [stderr]   Downloaded wasm-bindgen v0.2.126
[INFO] [stderr]   Downloaded arc-swap v1.9.2
[INFO] [stderr]   Downloaded prost-types v0.14.4
[INFO] [stderr]   Downloaded socket2 v0.6.5
[INFO] [stderr]   Downloaded quinn v0.11.11
[INFO] [stderr]   Downloaded tinyvec v1.12.0
[INFO] [stderr]   Downloaded libredox v0.1.18
[INFO] [stderr]   Downloaded uuid v1.24.0
[INFO] [stderr]   Downloaded portable-atomic-util v0.2.7
[INFO] [stderr]   Downloaded jiff-static v0.2.32
[INFO] [stderr]   Downloaded nom v8.0.0
[INFO] [stderr]   Downloaded http v1.4.2
[INFO] [stderr]   Downloaded js-sys v0.3.103
[INFO] [stderr]   Downloaded rand v0.10.2
[INFO] [stderr]   Downloaded atoi v3.1.0
[INFO] [stderr]   Downloaded objc2-system-configuration v0.3.2
[INFO] [stderr]   Downloaded prost-derive v0.14.4
[INFO] [stderr]   Downloaded aws-sigv4 v1.5.1
[INFO] [stderr]   Downloaded aws-smithy-http v0.64.0
[INFO] [stderr]   Downloaded aws-credential-types v1.3.0
[INFO] [stderr]   Downloaded wasm-bindgen-macro-support v0.2.126
[INFO] [stderr]   Downloaded clap_derive v4.6.1
[INFO] [stderr]   Downloaded pyo3-macros v0.29.0
[INFO] [stderr]   Downloaded mio v1.2.2
[INFO] [stderr]   Downloaded serde_json v1.0.150
[INFO] [stderr]   Downloaded hyper v1.10.1
[INFO] [stderr]   Downloaded crc-catalog v2.5.0
[INFO] [stderr]   Downloaded pyo3-build-config v0.29.0
[INFO] [stderr]   Downloaded regex v1.13.1
[INFO] [stderr]   Downloaded itertools v0.14.0
[INFO] [stderr]   Downloaded aes v0.9.1
[INFO] [stderr]   Downloaded clap v4.6.2
[INFO] [stderr]   Downloaded h2 v0.4.15
[INFO] [stderr]   Downloaded time v0.3.53
[INFO] [stderr]   Downloaded chrono v0.4.45
[INFO] [stderr]   Downloaded webpki-roots v1.0.8
[INFO] [stderr]   Downloaded tower-http v0.6.11
[INFO] [stderr]   Downloaded aws-smithy-runtime-api v1.13.0
[INFO] [stderr]   Downloaded aws-smithy-types v1.6.1
[INFO] [stderr]   Downloaded pyo3-macros-backend v0.29.0
[INFO] [stderr]   Downloaded pyo3-ffi v0.29.0
[INFO] [stderr]   Downloaded clap_builder v4.6.2
[INFO] [stderr]   Downloaded quinn-proto v0.11.16
[INFO] [stderr]   Downloaded rustls v0.23.42
[INFO] [stderr]   Downloaded regex-automata v0.4.16
[INFO] [stderr]   Downloaded s3s v0.14.1
[INFO] [stderr]   Downloaded web-sys v0.3.103
[INFO] [stderr]   Downloaded jiff v0.2.32
[INFO] [stderr]   Downloaded crc-fast v1.10.0
[INFO] [stderr]   Downloaded pyo3 v0.29.0
[INFO] running `Command { std: "docker" "create" "-v" "/var/lib/crater-agent-workspace/builds/worker-7-tc1/source:/opt/rustwide/workdir:ro,Z" "-v" "/var/lib/crater-agent-workspace/builds/worker-7-tc1/target:/opt/rustwide/target:rw,Z" "-v" "/var/lib/crater-agent-workspace/cargo-home:/opt/rustwide/cargo-home:ro,Z" "-v" "/var/lib/crater-agent-workspace/rustup-home:/opt/rustwide/rustup-home:ro,Z" "-m" "1610612736" "--network" "none" "ghcr.io/rust-lang/crates-build-env/linux@sha256:77db811e55d90add9212f6832c23229e3de5f1c1f9905e8cb07319ea15df73ac" "sleep" "infinity", kill_on_drop: false }`
[INFO] [stdout] 9709dc36e8cea743e2e139ce81665ee4a84e1652d119237b28f47642285e9569
[INFO] running `Command { std: "docker" "start" "9709dc36e8cea743e2e139ce81665ee4a84e1652d119237b28f47642285e9569", kill_on_drop: false }`
[INFO] running `Command { std: "docker" "inspect" "9709dc36e8cea743e2e139ce81665ee4a84e1652d119237b28f47642285e9569", kill_on_drop: false }`
[INFO] running `Command { std: "docker" "exec" "-e" "SOURCE_DIR=/opt/rustwide/workdir" "-e" "CARGO_HOME=/opt/rustwide/cargo-home" "-e" "RUSTUP_HOME=/opt/rustwide/rustup-home" "-e" "CARGO_TARGET_DIR=/opt/rustwide/target" "-w" "/opt/rustwide/workdir" "--user" "0:0" "9709dc36e8cea743e2e139ce81665ee4a84e1652d119237b28f47642285e9569" "/opt/rustwide/cargo-home/bin/cargo" "+1.99.0-beta.8" "metadata" "--no-deps" "--format-version=1", kill_on_drop: false }`
[INFO] running `Command { std: "docker" "inspect" "9709dc36e8cea743e2e139ce81665ee4a84e1652d119237b28f47642285e9569", kill_on_drop: false }`
[INFO] running `Command { std: "docker" "exec" "-e" "SOURCE_DIR=/opt/rustwide/workdir" "-e" "CARGO_HOME=/opt/rustwide/cargo-home" "-e" "RUSTUP_HOME=/opt/rustwide/rustup-home" "-e" "CARGO_TARGET_DIR=/opt/rustwide/target" "-e" "CARGO_INCREMENTAL=0" "-e" "RUST_BACKTRACE=full" "-e" "RUSTFLAGS=--cap-lints=warn" "-e" "RUSTDOCFLAGS=--cap-lints=warn" "-w" "/opt/rustwide/workdir" "--user" "0:0" "9709dc36e8cea743e2e139ce81665ee4a84e1652d119237b28f47642285e9569" "/opt/rustwide/cargo-home/bin/cargo" "+1.99.0-beta.8" "build" "--frozen" "--message-format=json" "--release", kill_on_drop: false }`
[INFO] [stderr]    Compiling proc-macro2 v1.0.106
[INFO] [stderr]    Compiling quote v1.0.46
[INFO] [stderr]    Compiling unicode-ident v1.0.24
[INFO] [stderr]    Compiling typenum v1.20.1
[INFO] [stderr]    Compiling libc v0.2.186
[INFO] [stderr]    Compiling cfg-if v1.0.4
[INFO] [stderr]    Compiling stable_deref_trait v1.2.1
[INFO] [stderr]    Compiling memchr v2.8.3
[INFO] [stderr]    Compiling smallvec v1.15.2
[INFO] [stderr]    Compiling bytes v1.12.1
[INFO] [stderr]    Compiling pin-project-lite v0.2.17
[INFO] [stderr]    Compiling futures-core v0.3.32
[INFO] [stderr]    Compiling serde_core v1.0.228
[INFO] [stderr]    Compiling futures-sink v0.3.32
[INFO] [stderr]    Compiling parking_lot_core v0.9.12
[INFO] [stderr]    Compiling writeable v0.6.3
[INFO] [stderr]    Compiling litemap v0.8.2
[INFO] [stderr]    Compiling hybrid-array v0.4.13
[INFO] [stderr]    Compiling itoa v1.0.18
[INFO] [stderr]    Compiling serde v1.0.228
[INFO] [stderr]    Compiling once_cell v1.21.4
[INFO] [stderr]    Compiling lock_api v0.4.14
[INFO] [stderr]    Compiling slab v0.4.12
[INFO] [stderr]    Compiling cmov v0.5.4
[INFO] [stderr]    Compiling syn v2.0.119
[INFO] [stderr]    Compiling block-buffer v0.12.1
[INFO] [stderr]    Compiling crypto-common v0.2.2
[INFO] [stderr]    Compiling anyhow v1.0.103
[INFO] [stderr]    Compiling icu_normalizer_data v2.2.0
[INFO] [stderr]    Compiling icu_properties_data v2.2.0
[INFO] [stderr]    Compiling utf8_iter v1.0.4
[INFO] [stderr]    Compiling ctutils v0.4.2
[INFO] [stderr]    Compiling block-padding v0.4.2
[INFO] [stderr]    Compiling tracing-core v0.1.36
[INFO] [stderr]    Compiling futures-channel v0.3.32
[INFO] [stderr]    Compiling hashbrown v0.17.1
[INFO] [stderr]    Compiling const-oid v0.10.2
[INFO] [stderr]    Compiling errno v0.3.14
[INFO] [stderr]    Compiling socket2 v0.6.5
[INFO] [stderr]    Compiling signal-hook-registry v1.4.8
[INFO] [stderr]    Compiling parking_lot v0.12.5
[INFO] [stderr]    Compiling mio v1.2.2
[INFO] [stderr]    Compiling version_check v0.9.5
[INFO] [stderr]    Compiling cpufeatures v0.3.0
[INFO] [stderr]    Compiling autocfg v1.5.1
[INFO] [stderr]    Compiling equivalent v1.0.2
[INFO] [stderr]    Compiling generic-array v0.14.7
[INFO] [stderr]    Compiling indexmap v2.14.0
[INFO] [stderr]    Compiling digest v0.11.3
[INFO] [stderr]    Compiling num-traits v0.2.19
[INFO] [stderr]    Compiling inout v0.2.2
[INFO] [stderr]    Compiling http v1.4.2
[INFO] [stderr]    Compiling cipher v0.5.2
[INFO] [stderr]    Compiling aho-corasick v1.1.4
[INFO] [stderr]    Compiling percent-encoding v2.3.2
[INFO] [stderr]    Compiling thiserror v2.0.18
[INFO] [stderr]    Compiling rand_core v0.10.1
[INFO] [stderr]    Compiling futures-io v0.3.32
[INFO] [stderr]    Compiling either v1.16.0
[INFO] [stderr]    Compiling futures-task v0.3.32
[INFO] [stderr]    Compiling getrandom v0.4.3
[INFO] [stderr]    Compiling regex-syntax v0.8.11
[INFO] [stderr]    Compiling httparse v1.10.1
[INFO] [stderr]    Compiling itertools v0.14.0
[INFO] [stderr]    Compiling form_urlencoded v1.2.2
[INFO] [stderr]    Compiling http-body v1.1.0
[INFO] [stderr]    Compiling utf8parse v0.2.2
[INFO] [stderr]    Compiling rustversion v1.0.23
[INFO] [stderr]    Compiling zmij v1.0.23
[INFO] [stderr]    Compiling fnv v1.0.7
[INFO] [stderr]    Compiling atomic-waker v1.1.2
[INFO] [stderr]    Compiling anstyle-parse v1.0.0
[INFO] [stderr]    Compiling crypto-common v0.1.7
[INFO] [stderr]    Compiling unicase v2.9.0
[INFO] [stderr]    Compiling httpdate v1.0.3
[INFO] [stderr]    Compiling time-core v0.1.9
[INFO] [stderr]    Compiling colorchoice v1.0.5
[INFO] [stderr]    Compiling g2poly v1.2.2
[INFO] [stderr]    Compiling serde_json v1.0.150
[INFO] [stderr]    Compiling iana-time-zone v0.1.65
[INFO] [stderr]    Compiling anstyle-query v1.1.5
[INFO] [stderr]    Compiling vsimd v0.8.0
[INFO] [stderr]    Compiling outref v0.5.2
[INFO] [stderr]    Compiling anstyle v1.0.14
[INFO] [stderr]    Compiling is_terminal_polyfill v1.70.2
[INFO] [stderr]    Compiling num-conv v0.2.2
[INFO] [stderr]    Compiling log v0.4.33
[INFO] [stderr]    Compiling synstructure v0.13.2
[INFO] [stderr]    Compiling time-macros v0.2.31
[INFO] [stderr]    Compiling anstream v1.0.0
[INFO] [stderr]    Compiling chrono v0.4.45
[INFO] [stderr]    Compiling mime_guess v2.0.5
[INFO] [stderr]    Compiling regex-automata v0.4.16
[INFO] [stderr]    Compiling digest v0.10.7
[INFO] [stderr]    Compiling chacha20 v0.10.1
[INFO] [stderr]    Compiling md-5 v0.11.0
[INFO] [stderr]    Compiling hmac v0.13.0
[INFO] [stderr]    Compiling lazy_static v1.5.0
[INFO] [stderr]    Compiling strsim v0.11.1
[INFO] [stderr]    Compiling thiserror v1.0.69
[INFO] [stderr]    Compiling crc-catalog v2.5.0
[INFO] [stderr]    Compiling toml_write v0.1.2
[INFO] [stderr]    Compiling heck v0.5.0
[INFO] [stderr]    Compiling zerofrom-derive v0.1.7
[INFO] [stderr]    Compiling yoke-derive v0.8.2
[INFO] [stderr]    Compiling zerovec-derive v0.11.3
[INFO] [stderr]    Compiling displaydoc v0.2.6
[INFO] [stderr]    Compiling zerofrom v0.1.8
[INFO] [stderr]    Compiling serde_derive v1.0.228
[INFO] [stderr]    Compiling yoke v0.8.3
[INFO] [stderr]    Compiling tokio-macros v2.7.0
[INFO] [stderr]    Compiling tracing-attributes v0.1.31
[INFO] [stderr]    Compiling zerovec v0.11.6
[INFO] [stderr]    Compiling zerotrie v0.2.4
[INFO] [stderr]    Compiling tinystr v0.8.3
[INFO] [stderr]    Compiling potential_utf v0.1.5
[INFO] [stderr]    Compiling icu_locale_core v2.2.0
[INFO] [stderr]    Compiling icu_collections v2.2.0
[INFO] [stderr]    Compiling tokio v1.52.3
[INFO] [stderr]    Compiling tracing v0.1.44
[INFO] [stderr]    Compiling futures-macro v0.3.32
[INFO] [stderr]    Compiling thiserror-impl v2.0.18
[INFO] [stderr]    Compiling prost-derive v0.14.4
[INFO] [stderr]    Compiling futures-util v0.3.32
[INFO] [stderr]    Compiling icu_provider v2.2.0
[INFO] [stderr]    Compiling icu_properties v2.2.0
[INFO] [stderr]    Compiling icu_normalizer v2.2.0
[INFO] [stderr]    Compiling toml_datetime v0.6.11
[INFO] [stderr]    Compiling serde_spanned v0.6.9
[INFO] [stderr]    Compiling prost v0.14.4
[INFO] [stderr]    Compiling g2gen v1.2.2
[INFO] [stderr]    Compiling cpubits v0.1.1
[INFO] [stderr]    Compiling clap_lex v1.1.0
[INFO] [stderr]    Compiling tower-layer v0.3.3
[INFO] [stderr]    Compiling deranged v0.5.8
[INFO] [stderr]    Compiling idna_adapter v1.2.2
[INFO] [stderr]    Compiling spin v0.10.1
[INFO] [stderr]    Compiling ryu v1.0.23
[INFO] [stderr]    Compiling idna v1.1.0
[INFO] [stderr]    Compiling powerfmt v0.2.0
[INFO] [stderr]    Compiling hdfs-native v0.14.3 (https://github.com/Kimahriman/hdfs-native?rev=e69a26ce151a4f8a0df4e08b25681edcc1e7ca25#e69a26ce)
[INFO] [stderr]    Compiling mime v0.3.17
[INFO] [stderr]    Compiling simdutf8 v0.1.5
[INFO] [stderr]    Compiling url v2.5.8
[INFO] [stderr]    Compiling tower-service v0.3.3
[INFO] [stderr]    Compiling winnow v0.7.15
[INFO] [stderr]    Compiling tower v0.5.3
[INFO] [stderr]    Compiling futures-executor v0.3.32
[INFO] [stderr]    Compiling futures v0.3.32
[INFO] [stderr]    Compiling std-next v0.1.9
[INFO] [stderr]    Compiling crc-fast v1.10.0
[INFO] [stderr]    Compiling serde_urlencoded v0.7.1
[INFO] [stderr]    Compiling time v0.3.53
[INFO] [stderr]    Compiling g2p v1.2.2
[INFO] [stderr]    Compiling prost-types v0.14.4
[INFO] [stderr]    Compiling tokio-util v0.7.18
[INFO] [stderr]    Compiling h2 v0.4.15
[INFO] [stderr]    Compiling toml_edit v0.22.27
[INFO] [stderr]    Compiling clap_builder v4.6.2
[INFO] [stderr]    Compiling aes v0.9.1
[INFO] [stderr]    Compiling quick-xml v0.41.0
[INFO] [stderr]    Compiling regex v1.13.1
[INFO] [stderr]    Compiling hyper v1.10.1
[INFO] [stderr]    Compiling matchers v0.2.0
[INFO] [stderr]    Compiling clap_derive v4.6.1
[INFO] [stderr]    Compiling async-trait v0.1.89
[INFO] [stderr]    Compiling thiserror-impl v1.0.69
[INFO] [stderr]    Compiling crc v3.4.0
[INFO] [stderr]    Compiling sharded-slab v0.1.7
[INFO] [stderr]    Compiling rand v0.10.2
[INFO] [stderr]    Compiling arc-swap v1.9.2
[INFO] [stderr]    Compiling hex-simd v0.8.0
[INFO] [stderr]    Compiling base64-simd v0.8.0
[INFO] [stderr]    Compiling tracing-log v0.2.0
[INFO] [stderr]    Compiling atoi v3.1.0
[INFO] [stderr]    Compiling uuid v1.24.0
[INFO] [stderr]    Compiling http-body-util v0.1.4
[INFO] [stderr]    Compiling des v0.9.0
[INFO] [stderr]    Compiling cbc v0.2.1
[INFO] [stderr]    Compiling ctr v0.10.1
[INFO] [stderr]    Compiling sha1 v0.11.0
[INFO] [stderr]    Compiling sha2 v0.11.0
[INFO] [stderr]    Compiling dns-lookup v3.0.1
[INFO] [stderr]    Compiling whoami v2.1.2
[INFO] [stderr]    Compiling bytestring v1.5.1
[INFO] [stderr]    Compiling nom v8.0.0
[INFO] [stderr]    Compiling roxmltree v0.21.1
[INFO] [stderr]    Compiling transform-stream v0.3.1
[INFO] [stderr]    Compiling libloading v0.9.0
[INFO] [stderr]    Compiling thread_local v1.1.10
[INFO] [stderr]    Compiling zeroize v1.9.0
[INFO] [stderr]    Compiling nu-ansi-term v0.50.3
[INFO] [stderr]    Compiling sync_wrapper v1.0.2
[INFO] [stderr]    Compiling hex v0.4.3
[INFO] [stderr]    Compiling bumpalo v3.20.3
[INFO] [stderr]    Compiling urlencoding v2.1.3
[INFO] [stderr]    Compiling bitflags v2.13.1
[INFO] [stderr]    Compiling base64 v0.22.1
[INFO] [stderr]    Compiling arrayvec v0.7.8
[INFO] [stderr]    Compiling subtle v2.6.1
[INFO] [stderr]    Compiling numeric_cast v0.3.0
[INFO] [stderr]    Compiling tracing-subscriber v0.3.23
[INFO] [stderr]    Compiling clap v4.6.2
[INFO] [stderr]    Compiling hyper-util v0.1.20
[INFO] [stderr]    Compiling toml v0.8.23
[INFO] [stderr]    Compiling s3s v0.14.1
[INFO] [stderr]    Compiling hdfs-s3-gateway v0.2.3 (/opt/rustwide/workdir)
[INFO] [stderr]     Finished `release` profile [optimized] target(s) in 6m 39s
[INFO] running `Command { std: "docker" "inspect" "9709dc36e8cea743e2e139ce81665ee4a84e1652d119237b28f47642285e9569", kill_on_drop: false }`
[INFO] running `Command { std: "docker" "exec" "-e" "SOURCE_DIR=/opt/rustwide/workdir" "-e" "CARGO_HOME=/opt/rustwide/cargo-home" "-e" "RUSTUP_HOME=/opt/rustwide/rustup-home" "-e" "CARGO_TARGET_DIR=/opt/rustwide/target" "-e" "CARGO_INCREMENTAL=0" "-e" "RUST_BACKTRACE=full" "-e" "RUSTFLAGS=--cap-lints=warn" "-e" "RUSTDOCFLAGS=--cap-lints=warn" "-w" "/opt/rustwide/workdir" "--user" "0:0" "9709dc36e8cea743e2e139ce81665ee4a84e1652d119237b28f47642285e9569" "/opt/rustwide/cargo-home/bin/cargo" "+1.99.0-beta.8" "test" "--frozen" "--no-run" "--message-format=json" "--release", kill_on_drop: false }`
[INFO] [stderr]    Compiling num-traits v0.2.19
[INFO] [stderr]    Compiling percent-encoding v2.3.2
[INFO] [stderr]    Compiling find-msvc-tools v0.1.9
[INFO] [stderr]    Compiling shlex v2.0.1
[INFO] [stderr]    Compiling try-lock v0.2.5
[INFO] [stderr]    Compiling http v0.2.12
[INFO] [stderr]    Compiling rustls-pki-types v1.15.0
[INFO] [stderr]    Compiling getrandom v0.2.17
[INFO] [stderr]    Compiling want v0.3.1
[INFO] [stderr]    Compiling form_urlencoded v1.2.2
[INFO] [stderr]    Compiling hyper v1.10.1
[INFO] [stderr]    Compiling sync_wrapper v1.0.2
[INFO] [stderr]    Compiling either v1.16.0
[INFO] [stderr]    Compiling cc v1.2.67
[INFO] [stderr]    Compiling untrusted v0.9.0
[INFO] [stderr]    Compiling url v2.5.8
[INFO] [stderr]    Compiling tower v0.5.3
[INFO] [stderr]    Compiling bytes-utils v0.1.4
[INFO] [stderr]    Compiling ipnet v2.12.0
[INFO] [stderr]    Compiling http-body v0.4.6
[INFO] [stderr]    Compiling rustls v0.23.42
[INFO] [stderr]    Compiling pin-utils v0.1.0
[INFO] [stderr]    Compiling serde_urlencoded v0.7.1
[INFO] [stderr]    Compiling aws-smithy-async v1.3.0
[INFO] [stderr]    Compiling num-integer v0.1.46
[INFO] [stderr]    Compiling chrono v0.4.45
[INFO] [stderr]    Compiling ring v0.17.14
[INFO] [stderr]    Compiling aws-smithy-runtime-api-macros v1.1.0
[INFO] [stderr]    Compiling aws-smithy-types v1.6.1
[INFO] [stderr]    Compiling atoi v3.1.0
[INFO] [stderr]    Compiling webpki-roots v1.0.8
[INFO] [stderr]    Compiling tower-http v0.6.11
[INFO] [stderr]    Compiling env_filter v2.0.0
[INFO] [stderr]    Compiling hyper-util v0.1.20
[INFO] [stderr]    Compiling aws-smithy-runtime-api v1.13.0
[INFO] [stderr]    Compiling s3s v0.14.1
[INFO] [stderr]    Compiling hdfs-native v0.14.3 (https://github.com/Kimahriman/hdfs-native?rev=e69a26ce151a4f8a0df4e08b25681edcc1e7ca25#e69a26ce)
[INFO] [stderr]    Compiling aws-credential-types v1.3.0
[INFO] [stderr]    Compiling aws-smithy-http v0.64.0
[INFO] [stderr]    Compiling jiff v0.2.32
[INFO] [stderr]    Compiling aws-sigv4 v1.5.1
[INFO] [stderr]    Compiling env_logger v0.11.11
[INFO] [stderr]    Compiling rustls-webpki v0.103.13
[INFO] [stderr]    Compiling tokio-rustls v0.26.4
[INFO] [stderr]    Compiling hdfs-s3-gateway v0.2.3 (/opt/rustwide/workdir)
[INFO] [stderr]    Compiling hyper-rustls v0.27.9
[INFO] [stderr]    Compiling reqwest v0.12.28
[INFO] [stderr]     Finished `release` profile [optimized] target(s) in 7m 26s
[INFO] running `Command { std: "docker" "inspect" "9709dc36e8cea743e2e139ce81665ee4a84e1652d119237b28f47642285e9569", kill_on_drop: false }`
[INFO] running `Command { std: "docker" "exec" "-e" "SOURCE_DIR=/opt/rustwide/workdir" "-e" "CARGO_HOME=/opt/rustwide/cargo-home" "-e" "RUSTUP_HOME=/opt/rustwide/rustup-home" "-e" "CARGO_TARGET_DIR=/opt/rustwide/target" "-e" "CARGO_INCREMENTAL=0" "-e" "RUST_BACKTRACE=full" "-e" "RUSTFLAGS=--cap-lints=warn" "-e" "RUSTDOCFLAGS=--cap-lints=warn" "-w" "/opt/rustwide/workdir" "--user" "0:0" "9709dc36e8cea743e2e139ce81665ee4a84e1652d119237b28f47642285e9569" "/opt/rustwide/cargo-home/bin/cargo" "+1.99.0-beta.8" "test" "--frozen" "--release", kill_on_drop: false }`
[INFO] [stderr]     Finished `release` profile [optimized] target(s) in 0.43s
[INFO] [stderr]      Running unittests src/lib.rs (/opt/rustwide/target/release/deps/hdfs_s3_gateway-241be15e42cb52a6)
[INFO] [stdout] 
[INFO] [stdout] running 73 tests
[INFO] [stdout] test core::listing::tests::empty_delimiter_is_no_grouping ... ok
[INFO] [stdout] test core::listing::tests::invalid_token_is_none ... ok
[INFO] [stdout] test core::listing::tests::legacy_standard_token_still_decodes ... ok
[INFO] [stdout] test core::listing::tests::paginate_empty_dir_is_a_common_prefix ... ok
[INFO] [stdout] test core::listing::tests::paginate_ignores_dirs_outside_prefix ... ok
[INFO] [stdout] test core::listing::tests::deeply_nested_collapses_to_one ... ok
[INFO] [stdout] test core::listing::tests::paginate_marker_is_strictly_greater ... ok
[INFO] [stdout] test core::listing::tests::paginate_more_prefixes_than_max_keys_terminates ... ok
[INFO] [stdout] test core::listing::tests::prefix_filter ... ok
[INFO] [stdout] test core::listing::tests::delimiter_collapses_one_level ... ok
[INFO] [stdout] test core::listing::tests::token_round_trip ... ok
[INFO] [stdout] test core::listing::tests::paginate_max_keys_zero ... ok
[INFO] [stdout] test core::listing::tests::paginate_mixed_contents_and_prefixes_page_advances ... ok
[INFO] [stdout] test core::listing::tests::prefix_with_delimiter ... ok
[INFO] [stdout] test core::metadata::tests::content_type_parquet ... ok
[INFO] [stdout] test core::metadata::tests::content_type_unknown_falls_back ... ok
[INFO] [stdout] test core::metadata::tests::etag_fallback_when_no_checksum ... ok
[INFO] [stdout] test core::metadata::tests::etag_from_checksum ... ok
[INFO] [stdout] test core::metadata::tests::fallback_etag_matches_head_and_listing ... ok
[INFO] [stdout] test core::path::tests::backslash_is_literal_filename_char ... ok
[INFO] [stdout] test core::path::tests::double_slash_prefix_normalized ... ok
[INFO] [stdout] test core::path::tests::list_start_directory_portion ... ok
[INFO] [stdout] test core::path::tests::list_start_rejects_escape_and_junk ... ok
[INFO] [stdout] test core::path::tests::list_start_root_when_no_slash ... ok
[INFO] [stdout] test core::path::tests::non_ascii_key ... ok
[INFO] [stdout] test core::path::tests::normalize_abs_absolute_forms ... ok
[INFO] [stdout] test core::path::tests::normalize_abs_relative_forms ... ok
[INFO] [stdout] test core::path::tests::path_traversal_rejected ... ok
[INFO] [stdout] test core::path::tests::root_slash_collapses_dot_components ... ok
[INFO] [stdout] test core::path::tests::root_slash_hdfs_path_to_key ... ok
[INFO] [stdout] test core::path::tests::root_slash_list_start ... ok
[INFO] [stdout] test core::path::tests::root_slash_maps_deep_key ... ok
[INFO] [stdout] test core::path::tests::root_slash_maps_with_leading_slash_key ... ok
[INFO] [stdout] test core::path::tests::root_slash_normalizes_root ... ok
[INFO] [stdout] test core::path::tests::root_slash_rejects_empty_key ... ok
[INFO] [stdout] test core::path::tests::root_slash_rejects_traversal ... ok
[INFO] [stdout] test core::path::tests::round_trip ... ok
[INFO] [stdout] test core::listing::tests::paginate_slashless_prefix_collapses ... ok
[INFO] [stdout] test core::path::tests::simple_key ... ok
[INFO] [stdout] test core::path::tests::leading_slash_normalized ... ok
[INFO] [stdout] test core::path::tests::root_slash_round_trip ... ok
[INFO] [stdout] test core::range::tests::inclusive_clamped_to_eof ... ok
[INFO] [stdout] test core::path::tests::trailing_slash_normalized ... ok
[INFO] [stdout] test core::range::tests::from_full_file ... ok
[INFO] [stdout] test core::range::tests::from_middle ... ok
[INFO] [stdout] test core::range::tests::from_past_eof_unsatisfiable ... ok
[INFO] [stdout] test core::range::tests::inclusive_exact ... ok
[INFO] [stdout] test core::range::tests::suffix_exact ... ok
[INFO] [stdout] test core::range::tests::inclusive_first_past_eof_unsatisfiable ... ok
[INFO] [stdout] test core::range::tests::suffix_longer_than_file ... ok
[INFO] [stdout] test core::range::tests::inclusive_inverted_unsatisfiable ... ok
[INFO] [stdout] test core::range::tests::suffix_on_empty_file_unsatisfiable ... ok
[INFO] [stdout] test s3::sorted_listing::tests::dir_children_all_before_cases ... ok
[INFO] [stdout] test core::path::tests::empty_key_rejected ... ok
[INFO] [stdout] test s3::sorted_listing::tests::empty_directories_yield_nothing_but_are_still_openable ... ok
[INFO] [stdout] test core::path::tests::hdfs_path_outside_root ... ok
[INFO] [stdout] test s3::sorted_listing::tests::continuation_marker_skips_keys_in_byte_order ... ok
[INFO] [stdout] test core::path::tests::hdfs_path_to_key_root ... ok
[INFO] [stdout] test s3::sorted_listing::tests::other_errors_propagate_when_reached ... ok
[INFO] [stdout] test core::range::tests::suffix_zero_unsatisfiable ... ok
[INFO] [stdout] test s3::sorted_listing::tests::emits_utf8_byte_order_not_java_string_order ... ok
[INFO] [stdout] test s3::sorted_listing::tests::marker_inside_directory_still_lists_it ... ok
[INFO] [stdout] test s3::sorted_listing::tests::merges_directories_in_global_byte_order ... ok
[INFO] [stdout] test s3::sorted_listing::tests::max_keys_zero_probes_truncation_only ... ok
[INFO] [stdout] test s3::sorted_listing::tests::marker_under_sibling_file_still_skips_directory ... ok
[INFO] [stdout] test s3::sorted_listing::tests::missing_start_directory_is_an_empty_listing ... ok
[INFO] [stdout] test s3::sorted_listing::tests::pages_concatenate_exactly_to_the_full_sorted_listing ... ok
[INFO] [stdout] test s3::sorted_listing::tests::prefix_filters_and_prunes_unmatchable_directories ... ok
[INFO] [stdout] test s3::sorted_listing::tests::unreadable_start_directory_still_propagates ... ok
[INFO] [stdout] test s3::sorted_listing::tests::unreadable_subdirectory_after_skipped_files_still_continues ... ok
[INFO] [stdout] test s3::sorted_listing::tests::unreadable_subdirectory_is_skipped_not_fatal ... ok
[INFO] [stdout] test s3::sorted_listing::tests::resume_skips_directories_entirely_before_marker ... ok
[INFO] [stdout] test s3::sorted_listing::tests::vanished_subdirectory_is_skipped_not_fatal ... ok
[INFO] [stdout] 
[INFO] [stdout] test result: ok. 73 passed; 0 failed; 0 ignored; 0 measured; 0 filtered out; finished in 0.02s
[INFO] [stdout] 
[INFO] [stderr]      Running unittests src/main.rs (/opt/rustwide/target/release/deps/hdfs_s3_gateway-f125a68dafdd56ec)
[INFO] [stdout] 
[INFO] [stdout] running 0 tests
[INFO] [stdout] 
[INFO] [stdout] test result: ok. 0 passed; 0 failed; 0 ignored; 0 measured; 0 filtered out; finished in 0.00s
[INFO] [stdout] 
[INFO] [stderr]      Running tests/backpressure_test.rs (/opt/rustwide/target/release/deps/backpressure_test-04c3d597e4a9a61a)
[INFO] [stdout] 
[INFO] [stdout] running 2 tests
[INFO] [stdout] test backpressure_503_slowdown ... FAILED
[INFO] [stdout] test backpressure_holds_permit_during_body_streaming ... FAILED
[INFO] [stderr] error: test failed, to rerun pass `--test backpressure_test`
[INFO] [stdout] 
[INFO] [stdout] failures:
[INFO] [stdout] 
[INFO] [stdout] ---- backpressure_503_slowdown stdout ----
[INFO] [stdout] 
[INFO] [stdout] thread 'backpressure_503_slowdown' (4873) panicked at tests/common/mod.rs:94:14:
[INFO] [stdout] called `Result::unwrap()` on an `Err` value: IOError(Os { code: 111, kind: ConnectionRefused, message: "Connection refused" })
[INFO] [stdout] stack backtrace:
[INFO] [stdout]    0:     0x559efc8ad531 - <<std[70759c8f55707aa4]::sys::backtrace::BacktraceLock>::print::DisplayBacktrace as core[df12db4294e9bfd3]::fmt::Display>::fmt
[INFO] [stdout]    1:     0x559efc8c71da - core[df12db4294e9bfd3]::fmt::write
[INFO] [stdout]    2:     0x559efc8b3c4c - <alloc[2182bb758b4b3781]::vec::Vec<u8> as core[df12db4294e9bfd3]::io::write::Write>::write_fmt
[INFO] [stdout]    3:     0x559efc887d46 - std[70759c8f55707aa4]::panicking::default_hook::{closure#0}
[INFO] [stdout]    4:     0x559efc8a4d29 - std[70759c8f55707aa4]::panicking::default_hook
[INFO] [stdout]    5:     0x559efc1b21b0 - test[9d35eded1c95d3be]::test_main_inner::<test[9d35eded1c95d3be]::test_main_static::{closure#0}>::{closure#0}
[INFO] [stdout]    6:     0x559efc8a5052 - std[70759c8f55707aa4]::panicking::panic_with_hook
[INFO] [stdout]    7:     0x559efc887df2 - std[70759c8f55707aa4]::panicking::panic_handler::{closure#0}
[INFO] [stdout]    8:     0x559efc880909 - std[70759c8f55707aa4]::sys::backtrace::__rust_end_short_backtrace::<std[70759c8f55707aa4]::panicking::panic_handler::{closure#0}, !>
[INFO] [stdout]    9:     0x559efc888bdd - __rustc[8fa7c3cbc660c2b3]::rust_begin_unwind
[INFO] [stdout]   10:     0x559efc8c79bc - core[df12db4294e9bfd3]::panicking::panic_fmt
[INFO] [stdout]   11:     0x559efc8c7792 - core[df12db4294e9bfd3]::result::unwrap_failed
[INFO] [stdout]   12:     0x559efc0965c4 - <backpressure_test[7e2a3ed797aca3ce]::common::TestScope>::write_file::{closure#0}
[INFO] [stdout]   13:     0x559efc092324 - backpressure_test[7e2a3ed797aca3ce]::backpressure_503_slowdown::{closure#0}
[INFO] [stdout]   14:     0x559efc156a53 - <tokio[a21b4480e064ff40]::runtime::scheduler::current_thread::Context>::enter::<core[df12db4294e9bfd3]::task::poll::Poll<()>, <tokio[a21b4480e064ff40]::runtime::scheduler::current_thread::CoreGuard>::block_on<core[df12db4294e9bfd3]::pin::Pin<&mut core[df12db4294e9bfd3]::pin::Pin<&mut dyn core[df12db4294e9bfd3]::future::future::Future<Output = ()>>>>::{closure#0}::{closure#0}>
[INFO] [stdout]   15:     0x559efc14afd9 - <std[70759c8f55707aa4]::thread::local::LocalKey<tokio[a21b4480e064ff40]::runtime::context::Context>>::with::<tokio[a21b4480e064ff40]::runtime::context::set_scheduler<(alloc[2182bb758b4b3781]::boxed::Box<tokio[a21b4480e064ff40]::runtime::scheduler::current_thread::Core>, core[df12db4294e9bfd3]::option::Option<()>), <tokio[a21b4480e064ff40]::runtime::scheduler::current_thread::CoreGuard>::enter<<tokio[a21b4480e064ff40]::runtime::scheduler::current_thread::CoreGuard>::block_on<core[df12db4294e9bfd3]::pin::Pin<&mut core[df12db4294e9bfd3]::pin::Pin<&mut dyn core[df12db4294e9bfd3]::future::future::Future<Output = ()>>>>::{closure#0}, core[df12db4294e9bfd3]::option::Option<()>>::{closure#0}>::{closure#0}, (alloc[2182bb758b4b3781]::boxed::Box<tokio[a21b4480e064ff40]::runtime::scheduler::current_thread::Core>, core[df12db4294e9bfd3]::option::Option<()>)>
[INFO] [stdout]   16:     0x559efc157b57 - <tokio[a21b4480e064ff40]::runtime::scheduler::current_thread::CoreGuard>::block_on::<core[df12db4294e9bfd3]::pin::Pin<&mut core[df12db4294e9bfd3]::pin::Pin<&mut dyn core[df12db4294e9bfd3]::future::future::Future<Output = ()>>>>
[INFO] [stdout]   17:     0x559efc153777 - tokio[a21b4480e064ff40]::runtime::context::runtime::enter_runtime::<<tokio[a21b4480e064ff40]::runtime::scheduler::current_thread::CurrentThread>::block_on<core[df12db4294e9bfd3]::pin::Pin<&mut dyn core[df12db4294e9bfd3]::future::future::Future<Output = ()>>>::{closure#0}, ()>
[INFO] [stdout]   18:     0x559efc18dd35 - <tokio[a21b4480e064ff40]::runtime::runtime::Runtime>::block_on::<core[df12db4294e9bfd3]::pin::Pin<&mut dyn core[df12db4294e9bfd3]::future::future::Future<Output = ()>>>
[INFO] [stdout]   19:     0x559efc0bb11a - <backpressure_test[7e2a3ed797aca3ce]::backpressure_503_slowdown::{closure#0} as core[df12db4294e9bfd3]::ops::function::FnOnce<()>>::call_once
[INFO] [stdout]   20:     0x559efc1a549b - test[9d35eded1c95d3be]::__rust_begin_short_backtrace::<core[df12db4294e9bfd3]::result::Result<(), alloc[2182bb758b4b3781]::string::String>, fn() -> core[df12db4294e9bfd3]::result::Result<(), alloc[2182bb758b4b3781]::string::String>>
[INFO] [stdout]   21:     0x559efc1b2b05 - test[9d35eded1c95d3be]::run_test::{closure#0}
[INFO] [stdout]   22:     0x559efc1ac3c4 - std[70759c8f55707aa4]::sys::backtrace::__rust_begin_short_backtrace::<test[9d35eded1c95d3be]::run_test::{closure#1}, ()>
[INFO] [stdout]   23:     0x559efc1b5c62 - <std[70759c8f55707aa4]::thread::lifecycle::spawn_unchecked<test[9d35eded1c95d3be]::run_test::{closure#1}, ()>::{closure#1} as core[df12db4294e9bfd3]::ops::function::FnOnce<()>>::call_once::{shim:vtable#0}
[INFO] [stdout]   24:     0x559efc8ac3c9 - <std[70759c8f55707aa4]::sys::thread::unix::Thread>::new::thread_start
[INFO] [stdout]   25:     0x7c6175cb7dfa - <unknown>
[INFO] [stdout]   26:     0x7c6175d4b3d4 - clone
[INFO] [stdout]   27:                0x0 - <unknown>
[INFO] [stdout] 
[INFO] [stdout] ---- backpressure_holds_permit_during_body_streaming stdout ----
[INFO] [stdout] 
[INFO] [stdout] thread 'backpressure_holds_permit_during_body_streaming' (4874) panicked at tests/common/mod.rs:94:14:
[INFO] [stdout] called `Result::unwrap()` on an `Err` value: IOError(Os { code: 111, kind: ConnectionRefused, message: "Connection refused" })
[INFO] [stdout] stack backtrace:
[INFO] [stdout]    0:     0x559efc8ad531 - <<std[70759c8f55707aa4]::sys::backtrace::BacktraceLock>::print::DisplayBacktrace as core[df12db4294e9bfd3]::fmt::Display>::fmt
[INFO] [stdout]    1:     0x559efc8c71da - core[df12db4294e9bfd3]::fmt::write
[INFO] [stdout]    2:     0x559efc8b3c4c - <alloc[2182bb758b4b3781]::vec::Vec<u8> as core[df12db4294e9bfd3]::io::write::Write>::write_fmt
[INFO] [stdout]    3:     0x559efc887d46 - std[70759c8f55707aa4]::panicking::default_hook::{closure#0}
[INFO] [stdout]    4:     0x559efc8a4d29 - std[70759c8f55707aa4]::panicking::default_hook
[INFO] [stdout]    5:     0x559efc1b21b0 - test[9d35eded1c95d3be]::test_main_inner::<test[9d35eded1c95d3be]::test_main_static::{closure#0}>::{closure#0}
[INFO] [stdout]    6:     0x559efc8a5052 - std[70759c8f55707aa4]::panicking::panic_with_hook
[INFO] [stdout]    7:     0x559efc887df2 - std[70759c8f55707aa4]::panicking::panic_handler::{closure#0}
[INFO] [stdout]    8:     0x559efc880909 - std[70759c8f55707aa4]::sys::backtrace::__rust_end_short_backtrace::<std[70759c8f55707aa4]::panicking::panic_handler::{closure#0}, !>
[INFO] [stdout]    9:     0x559efc888bdd - __rustc[8fa7c3cbc660c2b3]::rust_begin_unwind
[INFO] [stdout]   10:     0x559efc8c79bc - core[df12db4294e9bfd3]::panicking::panic_fmt
[INFO] [stdout]   11:     0x559efc8c7792 - core[df12db4294e9bfd3]::result::unwrap_failed
[INFO] [stdout]   12:     0x559efc0965c4 - <backpressure_test[7e2a3ed797aca3ce]::common::TestScope>::write_file::{closure#0}
[INFO] [stdout]   13:     0x559efc092dec - backpressure_test[7e2a3ed797aca3ce]::backpressure_holds_permit_during_body_streaming::{closure#0}
[INFO] [stdout]   14:     0x559efc156a53 - <tokio[a21b4480e064ff40]::runtime::scheduler::current_thread::Context>::enter::<core[df12db4294e9bfd3]::task::poll::Poll<()>, <tokio[a21b4480e064ff40]::runtime::scheduler::current_thread::CoreGuard>::block_on<core[df12db4294e9bfd3]::pin::Pin<&mut core[df12db4294e9bfd3]::pin::Pin<&mut dyn core[df12db4294e9bfd3]::future::future::Future<Output = ()>>>>::{closure#0}::{closure#0}>
[INFO] [stdout]   15:     0x559efc14afd9 - <std[70759c8f55707aa4]::thread::local::LocalKey<tokio[a21b4480e064ff40]::runtime::context::Context>>::with::<tokio[a21b4480e064ff40]::runtime::context::set_scheduler<(alloc[2182bb758b4b3781]::boxed::Box<tokio[a21b4480e064ff40]::runtime::scheduler::current_thread::Core>, core[df12db4294e9bfd3]::option::Option<()>), <tokio[a21b4480e064ff40]::runtime::scheduler::current_thread::CoreGuard>::enter<<tokio[a21b4480e064ff40]::runtime::scheduler::current_thread::CoreGuard>::block_on<core[df12db4294e9bfd3]::pin::Pin<&mut core[df12db4294e9bfd3]::pin::Pin<&mut dyn core[df12db4294e9bfd3]::future::future::Future<Output = ()>>>>::{closure#0}, core[df12db4294e9bfd3]::option::Option<()>>::{closure#0}>::{closure#0}, (alloc[2182bb758b4b3781]::boxed::Box<tokio[a21b4480e064ff40]::runtime::scheduler::current_thread::Core>, core[df12db4294e9bfd3]::option::Option<()>)>
[INFO] [stdout]   16:     0x559efc157b57 - <tokio[a21b4480e064ff40]::runtime::scheduler::current_thread::CoreGuard>::block_on::<core[df12db4294e9bfd3]::pin::Pin<&mut core[df12db4294e9bfd3]::pin::Pin<&mut dyn core[df12db4294e9bfd3]::future::future::Future<Output = ()>>>>
[INFO] [stdout]   17:     0x559efc153777 - tokio[a21b4480e064ff40]::runtime::context::runtime::enter_runtime::<<tokio[a21b4480e064ff40]::runtime::scheduler::current_thread::CurrentThread>::block_on<core[df12db4294e9bfd3]::pin::Pin<&mut dyn core[df12db4294e9bfd3]::future::future::Future<Output = ()>>>::{closure#0}, ()>
[INFO] [stdout]   18:     0x559efc18dd35 - <tokio[a21b4480e064ff40]::runtime::runtime::Runtime>::block_on::<core[df12db4294e9bfd3]::pin::Pin<&mut dyn core[df12db4294e9bfd3]::future::future::Future<Output = ()>>>
[INFO] [stdout]   19:     0x559efc0bb2aa - <backpressure_test[7e2a3ed797aca3ce]::backpressure_holds_permit_during_body_streaming::{closure#0} as core[df12db4294e9bfd3]::ops::function::FnOnce<()>>::call_once
[INFO] [stdout]   20:     0x559efc1a549b - test[9d35eded1c95d3be]::__rust_begin_short_backtrace::<core[df12db4294e9bfd3]::result::Result<(), alloc[2182bb758b4b3781]::string::String>, fn() -> core[df12db4294e9bfd3]::result::Result<(), alloc[2182bb758b4b3781]::string::String>>
[INFO] [stdout]   21:     0x559efc1b2b05 - test[9d35eded1c95d3be]::run_test::{closure#0}
[INFO] [stdout]   22:     0x559efc1ac3c4 - std[70759c8f55707aa4]::sys::backtrace::__rust_begin_short_backtrace::<test[9d35eded1c95d3be]::run_test::{closure#1}, ()>
[INFO] [stdout]   23:     0x559efc1b5c62 - <std[70759c8f55707aa4]::thread::lifecycle::spawn_unchecked<test[9d35eded1c95d3be]::run_test::{closure#1}, ()>::{closure#1} as core[df12db4294e9bfd3]::ops::function::FnOnce<()>>::call_once::{shim:vtable#0}
[INFO] [stdout]   24:     0x559efc8ac3c9 - <std[70759c8f55707aa4]::sys::thread::unix::Thread>::new::thread_start
[INFO] [stdout]   25:     0x7c6175cb7dfa - <unknown>
[INFO] [stdout]   26:     0x7c6175d4b3d4 - clone
[INFO] [stdout]   27:                0x0 - <unknown>
[INFO] [stdout] 
[INFO] [stdout] 
[INFO] [stdout] failures:
[INFO] [stdout]     backpressure_503_slowdown
[INFO] [stdout]     backpressure_holds_permit_during_body_streaming
[INFO] [stdout] 
[INFO] [stdout] test result: FAILED. 0 passed; 2 failed; 0 ignored; 0 measured; 0 filtered out; finished in 0.04s
[INFO] [stdout] 
[INFO] running `Command { std: "docker" "inspect" "9709dc36e8cea743e2e139ce81665ee4a84e1652d119237b28f47642285e9569", kill_on_drop: false }`
[INFO] running `Command { std: "docker" "rm" "-f" "9709dc36e8cea743e2e139ce81665ee4a84e1652d119237b28f47642285e9569", kill_on_drop: false }`
[INFO] [stdout] 9709dc36e8cea743e2e139ce81665ee4a84e1652d119237b28f47642285e9569
