[INFO] cloning repository https://github.com/deeray-ltd/gigaam-v3-runtime
[INFO] running `Command { std: "git" "-c" "credential.helper=" "-c" "credential.helper=/workspace/cargo-home/bin/git-credential-null" "clone" "--bare" "https://github.com/deeray-ltd/gigaam-v3-runtime" "/workspace/cache/git-repos/https%3A%2F%2Fgithub.com%2Fdeeray-ltd%2Fgigaam-v3-runtime", kill_on_drop: false }`
[INFO] [stderr] Cloning into bare repository '/workspace/cache/git-repos/https%3A%2F%2Fgithub.com%2Fdeeray-ltd%2Fgigaam-v3-runtime'...
[INFO] running `Command { std: "git" "rev-parse" "HEAD", kill_on_drop: false }`
[INFO] [stdout] 992beb38b23873b12862c48e0b31438398acea8f
[INFO] testing deeray-ltd/gigaam-v3-runtime against 1.100.0-beta.1+cargoflags=--release for beta-release-1.100-2
[INFO] running `Command { std: "git" "clone" "/workspace/cache/git-repos/https%3A%2F%2Fgithub.com%2Fdeeray-ltd%2Fgigaam-v3-runtime" "/workspace/builds/worker-4-tc2/source", kill_on_drop: false }`
[INFO] [stderr] Cloning into '/workspace/builds/worker-4-tc2/source'...
[INFO] [stderr] done.
[INFO] removed /workspace/builds/worker-4-tc2/source/rust-toolchain.toml
[INFO] started tweaking git repo https://github.com/deeray-ltd/gigaam-v3-runtime
[INFO] finished tweaking git repo https://github.com/deeray-ltd/gigaam-v3-runtime
[INFO] tweaked toml for git repo https://github.com/deeray-ltd/gigaam-v3-runtime written to /workspace/builds/worker-4-tc2/source/Cargo.toml
[INFO] validating manifest of git repo https://github.com/deeray-ltd/gigaam-v3-runtime on toolchain 1.100.0-beta.1
[INFO] running `Command { std: CARGO_HOME="/workspace/cargo-home" RUSTUP_HOME="/workspace/rustup-home" "/workspace/cargo-home/bin/cargo" "+1.100.0-beta.1" "metadata" "--manifest-path" "Cargo.toml" "--no-deps", kill_on_drop: false }`
[INFO] crate git repo https://github.com/deeray-ltd/gigaam-v3-runtime already has a lockfile, it will not be regenerated
[INFO] running `Command { std: CARGO_HOME="/workspace/cargo-home" RUSTUP_HOME="/workspace/rustup-home" "/workspace/cargo-home/bin/cargo" "+1.100.0-beta.1" "fetch" "--manifest-path" "Cargo.toml", kill_on_drop: false }`
[INFO] running `Command { std: "docker" "create" "-v" "/var/lib/crater-agent-workspace/builds/worker-4-tc2/source:/opt/rustwide/workdir:ro,Z" "-v" "/var/lib/crater-agent-workspace/builds/worker-4-tc2/target:/opt/rustwide/target:rw,Z" "-v" "/var/lib/crater-agent-workspace/cargo-home:/opt/rustwide/cargo-home:ro,Z" "-v" "/var/lib/crater-agent-workspace/rustup-home:/opt/rustwide/rustup-home:ro,Z" "-m" "1610612736" "--network" "none" "ghcr.io/rust-lang/crates-build-env/linux@sha256:77db811e55d90add9212f6832c23229e3de5f1c1f9905e8cb07319ea15df73ac" "sleep" "infinity", kill_on_drop: false }`
[INFO] [stdout] 07f3ead6f53a600918427fafd927e5ae05bdb36afc81f770b83444e2e766a58f
[INFO] running `Command { std: "docker" "start" "07f3ead6f53a600918427fafd927e5ae05bdb36afc81f770b83444e2e766a58f", kill_on_drop: false }`
[INFO] running `Command { std: "docker" "inspect" "07f3ead6f53a600918427fafd927e5ae05bdb36afc81f770b83444e2e766a58f", kill_on_drop: false }`
[INFO] running `Command { std: "docker" "exec" "-e" "SOURCE_DIR=/opt/rustwide/workdir" "-e" "CARGO_HOME=/opt/rustwide/cargo-home" "-e" "RUSTUP_HOME=/opt/rustwide/rustup-home" "-e" "CARGO_TARGET_DIR=/opt/rustwide/target" "-w" "/opt/rustwide/workdir" "--user" "0:0" "07f3ead6f53a600918427fafd927e5ae05bdb36afc81f770b83444e2e766a58f" "/opt/rustwide/cargo-home/bin/cargo" "+1.100.0-beta.1" "metadata" "--no-deps" "--format-version=1", kill_on_drop: false }`
[INFO] running `Command { std: "docker" "inspect" "07f3ead6f53a600918427fafd927e5ae05bdb36afc81f770b83444e2e766a58f", kill_on_drop: false }`
[INFO] running `Command { std: "docker" "exec" "-e" "SOURCE_DIR=/opt/rustwide/workdir" "-e" "CARGO_HOME=/opt/rustwide/cargo-home" "-e" "RUSTUP_HOME=/opt/rustwide/rustup-home" "-e" "CARGO_TARGET_DIR=/opt/rustwide/target" "-e" "CARGO_INCREMENTAL=0" "-e" "RUST_BACKTRACE=full" "-e" "RUSTFLAGS=--cap-lints=warn" "-e" "RUSTDOCFLAGS=--cap-lints=warn" "-w" "/opt/rustwide/workdir" "--user" "0:0" "07f3ead6f53a600918427fafd927e5ae05bdb36afc81f770b83444e2e766a58f" "/opt/rustwide/cargo-home/bin/cargo" "+1.100.0-beta.1" "build" "--frozen" "--message-format=json" "--release", kill_on_drop: false }`
[INFO] [stderr]    Compiling cfg-if v1.0.4
[INFO] [stderr]    Compiling log v0.4.34
[INFO] [stderr]    Compiling proc-macro2 v1.0.107
[INFO] [stderr]    Compiling unicode-ident v1.0.24
[INFO] [stderr]    Compiling quote v1.0.47
[INFO] [stderr]    Compiling libc v0.2.189
[INFO] [stderr]    Compiling bytemuck v1.25.2
[INFO] [stderr]    Compiling arrayvec v0.7.8
[INFO] [stderr]    Compiling bitflags v1.3.2
[INFO] [stderr]    Compiling lazy_static v1.5.0
[INFO] [stderr]    Compiling typenum v1.20.1
[INFO] [stderr]    Compiling encoding_rs v0.8.35
[INFO] [stderr]    Compiling itoa v1.0.18
[INFO] [stderr]    Compiling bytes v1.12.1
[INFO] [stderr]    Compiling pin-project-lite v0.2.17
[INFO] [stderr]    Compiling symphonia-core v0.5.5
[INFO] [stderr]    Compiling thiserror v2.0.20
[INFO] [stderr]    Compiling version_check v0.9.5
[INFO] [stderr]    Compiling futures-core v0.3.34
[INFO] [stderr]    Compiling getrandom v0.3.4
[INFO] [stderr]    Compiling generic-array v0.14.7
[INFO] [stderr]    Compiling zerocopy v0.8.56
[INFO] [stderr]    Compiling serde_core v1.0.229
[INFO] [stderr]    Compiling smallvec v1.15.2
[INFO] [stderr]    Compiling http v1.5.0
[INFO] [stderr]    Compiling httparse v1.10.1
[INFO] [stderr]    Compiling syn v3.0.4
[INFO] [stderr]    Compiling extended v0.1.0
[INFO] [stderr]    Compiling hybrid-array v0.4.14
[INFO] [stderr]    Compiling errno v0.3.14
[INFO] [stderr]    Compiling symphonia-metadata v0.5.5
[INFO] [stderr]    Compiling signal-hook-registry v1.4.8
[INFO] [stderr]    Compiling symphonia-utils-xiph v0.5.5
[INFO] [stderr]    Compiling socket2 v0.6.5
[INFO] [stderr]    Compiling mio v1.2.2
[INFO] [stderr]    Compiling ort-sys v2.0.0-rc.13
[INFO] [stderr]    Compiling symphonia-format-mkv v0.5.5
[INFO] [stderr]    Compiling symphonia-format-isomp4 v0.5.5
[INFO] [stderr]    Compiling symphonia-bundle-flac v0.5.5
[INFO] [stderr]    Compiling symphonia-codec-vorbis v0.5.5
[INFO] [stderr]    Compiling symphonia-format-ogg v0.5.5
[INFO] [stderr]    Compiling rand_core v0.9.5
[INFO] [stderr]    Compiling http-body v1.1.0
[INFO] [stderr]    Compiling block-buffer v0.10.4
[INFO] [stderr]    Compiling crypto-common v0.1.7
[INFO] [stderr]    Compiling symphonia-format-riff v0.5.5
[INFO] [stderr]    Compiling symphonia-bundle-mp3 v0.5.5
[INFO] [stderr]    Compiling crypto-common v0.2.2
[INFO] [stderr]    Compiling block-buffer v0.12.1
[INFO] [stderr]    Compiling symphonia-codec-aac v0.5.5
[INFO] [stderr]    Compiling symphonia-codec-pcm v0.5.5
[INFO] [stderr]    Compiling once_cell v1.21.4
[INFO] [stderr]    Compiling const-oid v0.10.2
[INFO] [stderr]    Compiling gigaam-primitives v0.1.1 (/opt/rustwide/workdir/crates/primitives)
[INFO] [stderr]    Compiling digest v0.11.3
[INFO] [stderr]    Compiling gigaam-model-package v0.1.1 (/opt/rustwide/workdir/crates/model-package)
[INFO] [stderr]    Compiling tracing-core v0.1.36
[INFO] [stderr]    Compiling symphonia v0.5.5
[INFO] [stderr]    Compiling digest v0.10.7
[INFO] [stderr]    Compiling thiserror-impl v2.0.20
[INFO] [stderr]    Compiling tokio-macros v2.7.2
[INFO] [stderr]    Compiling ppv-lite86 v0.2.21
[INFO] [stderr]    Compiling libloading v0.9.0
[INFO] [stderr]    Compiling zmij v1.0.23
[INFO] [stderr]    Compiling futures-task v0.3.34
[INFO] [stderr]    Compiling tokio v1.53.1
[INFO] [stderr]    Compiling cpufeatures v0.2.17
[INFO] [stderr]    Compiling slab v0.4.12
[INFO] [stderr]    Compiling futures-sink v0.3.34
[INFO] [stderr]    Compiling rand_chacha v0.9.0
[INFO] [stderr]    Compiling serde v1.0.229
[INFO] [stderr]    Compiling tower-service v0.3.3
[INFO] [stderr]    Compiling cpufeatures v0.3.0
[INFO] [stderr]    Compiling futures-util v0.3.34
[INFO] [stderr]    Compiling sha2 v0.11.0
[INFO] [stderr]    Compiling sha1 v0.10.7
[INFO] [stderr]    Compiling ort v2.0.0-rc.13
[INFO] [stderr]    Compiling rand v0.9.5
[INFO] [stderr]    Compiling tracing v0.1.44
[INFO] [stderr]    Compiling opus-decoder v0.1.1
[INFO] [stderr]    Compiling futures-channel v0.3.34
[INFO] [stderr]    Compiling tower-layer v0.3.3
[INFO] [stderr]    Compiling atomic-waker v1.1.2
[INFO] [stderr]    Compiling sync_wrapper v1.0.2
[INFO] [stderr]    Compiling data-encoding v2.11.1
[INFO] [stderr]    Compiling httpdate v1.0.3
[INFO] [stderr]    Compiling percent-encoding v2.3.2
[INFO] [stderr]    Compiling serde_json v1.0.151
[INFO] [stderr]    Compiling form_urlencoded v1.2.2
[INFO] [stderr]    Compiling tungstenite v0.29.0
[INFO] [stderr]    Compiling http-body-util v0.1.5
[INFO] [stderr]    Compiling ryu v1.0.23
[INFO] [stderr]    Compiling mime v0.3.17
[INFO] [stderr]    Compiling memchr v2.8.3
[INFO] [stderr]    Compiling gigaam-audio v0.1.1 (/opt/rustwide/workdir/crates/audio)
[INFO] [stderr]    Compiling axum-core v0.5.6
[INFO] [stderr]    Compiling serde_urlencoded v0.7.1
[INFO] [stderr]    Compiling gigaam-recognition v0.1.1 (/opt/rustwide/workdir/crates/recognition)
[INFO] [stderr]    Compiling serde_path_to_error v0.1.20
[INFO] [stderr]    Compiling matchit v0.8.4
[INFO] [stderr]    Compiling base64 v0.22.1
[INFO] [stderr]    Compiling gigaam-transcription v0.1.1 (/opt/rustwide/workdir/crates/transcription)
[INFO] [stderr]    Compiling hyper v1.11.0
[INFO] [stderr]    Compiling tower v0.5.3
[INFO] [stderr]    Compiling tokio-tungstenite v0.29.0
[INFO] [stderr]    Compiling gigaam-cli v0.1.1 (/opt/rustwide/workdir/crates/cli)
[INFO] [stderr]    Compiling hyper-util v0.1.20
[INFO] [stderr]    Compiling axum v0.8.9
[INFO] [stderr]    Compiling gigaam-service v0.1.1 (/opt/rustwide/workdir/crates/service)
[INFO] [stdout] warning: use of deprecated method `std::sync::atomic::Atomic::<usize>::fetch_update`: renamed to `try_update` for consistency
[INFO] [stdout]    --> crates/service/src/telemetry.rs:220:19
[INFO] [stdout]     |
[INFO] [stdout] 220 |     match counter.fetch_update(Ordering::SeqCst, Ordering::SeqCst, |current| {
[INFO] [stdout]     |                   ^^^^^^^^^^^^
[INFO] [stdout]     |
[INFO] [stdout]     = note: `#[warn(deprecated)]` on by default
[INFO] [stdout] help: replace the use of the deprecated method
[INFO] [stdout]     |
[INFO] [stdout] 220 -     match counter.fetch_update(Ordering::SeqCst, Ordering::SeqCst, |current| {
[INFO] [stdout] 220 +     match counter.try_update(Ordering::SeqCst, Ordering::SeqCst, |current| {
[INFO] [stdout]     |
[INFO] [stdout] 
[INFO] [stdout] 
[INFO] [stdout] warning: use of deprecated method `std::sync::atomic::Atomic::<usize>::fetch_update`: renamed to `try_update` for consistency
[INFO] [stdout]    --> crates/service/src/telemetry.rs:229:19
[INFO] [stdout]     |
[INFO] [stdout] 229 |     match counter.fetch_update(Ordering::SeqCst, Ordering::SeqCst, |current| {
[INFO] [stdout]     |                   ^^^^^^^^^^^^
[INFO] [stdout]     |
[INFO] [stdout] help: replace the use of the deprecated method
[INFO] [stdout]     |
[INFO] [stdout] 229 -     match counter.fetch_update(Ordering::SeqCst, Ordering::SeqCst, |current| {
[INFO] [stdout] 229 +     match counter.try_update(Ordering::SeqCst, Ordering::SeqCst, |current| {
[INFO] [stdout]     |
[INFO] [stdout] 
[INFO] [stdout] 
[INFO] [stdout] warning: use of deprecated method `std::sync::atomic::Atomic::<usize>::fetch_update`: renamed to `try_update` for consistency
[INFO] [stdout]    --> crates/service/src/telemetry.rs:238:19
[INFO] [stdout]     |
[INFO] [stdout] 238 |     match counter.fetch_update(Ordering::SeqCst, Ordering::SeqCst, |current| {
[INFO] [stdout]     |                   ^^^^^^^^^^^^
[INFO] [stdout]     |
[INFO] [stdout] help: replace the use of the deprecated method
[INFO] [stdout]     |
[INFO] [stdout] 238 -     match counter.fetch_update(Ordering::SeqCst, Ordering::SeqCst, |current| {
[INFO] [stdout] 238 +     match counter.try_update(Ordering::SeqCst, Ordering::SeqCst, |current| {
[INFO] [stdout]     |
[INFO] [stdout] 
[INFO] [stdout] 
[INFO] [stderr]     Finished `release` profile [optimized] target(s) in 3m 28s
[INFO] running `Command { std: "docker" "inspect" "07f3ead6f53a600918427fafd927e5ae05bdb36afc81f770b83444e2e766a58f", kill_on_drop: false }`
[INFO] running `Command { std: "docker" "exec" "-e" "SOURCE_DIR=/opt/rustwide/workdir" "-e" "CARGO_HOME=/opt/rustwide/cargo-home" "-e" "RUSTUP_HOME=/opt/rustwide/rustup-home" "-e" "CARGO_TARGET_DIR=/opt/rustwide/target" "-e" "CARGO_INCREMENTAL=0" "-e" "RUST_BACKTRACE=full" "-e" "RUSTFLAGS=--cap-lints=warn" "-e" "RUSTDOCFLAGS=--cap-lints=warn" "-w" "/opt/rustwide/workdir" "--user" "0:0" "07f3ead6f53a600918427fafd927e5ae05bdb36afc81f770b83444e2e766a58f" "/opt/rustwide/cargo-home/bin/cargo" "+1.100.0-beta.1" "test" "--frozen" "--no-run" "--message-format=json" "--release", kill_on_drop: false }`
[INFO] [stderr]    Compiling gigaam-cli v0.1.1 (/opt/rustwide/workdir/crates/cli)
[INFO] [stderr]    Compiling gigaam-transcription v0.1.1 (/opt/rustwide/workdir/crates/transcription)
[INFO] [stderr]    Compiling gigaam-audio v0.1.1 (/opt/rustwide/workdir/crates/audio)
[INFO] [stderr]    Compiling gigaam-recognition v0.1.1 (/opt/rustwide/workdir/crates/recognition)
[INFO] [stderr]    Compiling gigaam-service v0.1.1 (/opt/rustwide/workdir/crates/service)
[INFO] [stdout] warning: use of deprecated method `std::sync::atomic::Atomic::<usize>::fetch_update`: renamed to `try_update` for consistency
[INFO] [stdout]    --> crates/service/src/telemetry.rs:220:19
[INFO] [stdout]     |
[INFO] [stdout] 220 |     match counter.fetch_update(Ordering::SeqCst, Ordering::SeqCst, |current| {
[INFO] [stdout]     |                   ^^^^^^^^^^^^
[INFO] [stdout]     |
[INFO] [stdout]     = note: `#[warn(deprecated)]` on by default
[INFO] [stdout] help: replace the use of the deprecated method
[INFO] [stdout]     |
[INFO] [stdout] 220 -     match counter.fetch_update(Ordering::SeqCst, Ordering::SeqCst, |current| {
[INFO] [stdout] 220 +     match counter.try_update(Ordering::SeqCst, Ordering::SeqCst, |current| {
[INFO] [stdout]     |
[INFO] [stdout] 
[INFO] [stdout] 
[INFO] [stdout] warning: use of deprecated method `std::sync::atomic::Atomic::<usize>::fetch_update`: renamed to `try_update` for consistency
[INFO] [stdout]    --> crates/service/src/telemetry.rs:229:19
[INFO] [stdout]     |
[INFO] [stdout] 229 |     match counter.fetch_update(Ordering::SeqCst, Ordering::SeqCst, |current| {
[INFO] [stdout]     |                   ^^^^^^^^^^^^
[INFO] [stdout]     |
[INFO] [stdout] help: replace the use of the deprecated method
[INFO] [stdout]     |
[INFO] [stdout] 229 -     match counter.fetch_update(Ordering::SeqCst, Ordering::SeqCst, |current| {
[INFO] [stdout] 229 +     match counter.try_update(Ordering::SeqCst, Ordering::SeqCst, |current| {
[INFO] [stdout]     |
[INFO] [stdout] 
[INFO] [stdout] 
[INFO] [stdout] warning: use of deprecated method `std::sync::atomic::Atomic::<usize>::fetch_update`: renamed to `try_update` for consistency
[INFO] [stdout]    --> crates/service/src/telemetry.rs:238:19
[INFO] [stdout]     |
[INFO] [stdout] 238 |     match counter.fetch_update(Ordering::SeqCst, Ordering::SeqCst, |current| {
[INFO] [stdout]     |                   ^^^^^^^^^^^^
[INFO] [stdout]     |
[INFO] [stdout] help: replace the use of the deprecated method
[INFO] [stdout]     |
[INFO] [stdout] 238 -     match counter.fetch_update(Ordering::SeqCst, Ordering::SeqCst, |current| {
[INFO] [stdout] 238 +     match counter.try_update(Ordering::SeqCst, Ordering::SeqCst, |current| {
[INFO] [stdout]     |
[INFO] [stdout] 
[INFO] [stdout] 
[INFO] [stdout] warning: use of deprecated method `std::sync::atomic::Atomic::<usize>::fetch_update`: renamed to `try_update` for consistency
[INFO] [stdout]    --> crates/service/src/telemetry.rs:220:19
[INFO] [stdout]     |
[INFO] [stdout] 220 |     match counter.fetch_update(Ordering::SeqCst, Ordering::SeqCst, |current| {
[INFO] [stdout]     |                   ^^^^^^^^^^^^
[INFO] [stdout]     |
[INFO] [stdout]     = note: `#[warn(deprecated)]` on by default
[INFO] [stdout] help: replace the use of the deprecated method
[INFO] [stdout]     |
[INFO] [stdout] 220 -     match counter.fetch_update(Ordering::SeqCst, Ordering::SeqCst, |current| {
[INFO] [stdout] 220 +     match counter.try_update(Ordering::SeqCst, Ordering::SeqCst, |current| {
[INFO] [stdout]     |
[INFO] [stdout] 
[INFO] [stdout] 
[INFO] [stdout] warning: use of deprecated method `std::sync::atomic::Atomic::<usize>::fetch_update`: renamed to `try_update` for consistency
[INFO] [stdout]    --> crates/service/src/telemetry.rs:229:19
[INFO] [stdout]     |
[INFO] [stdout] 229 |     match counter.fetch_update(Ordering::SeqCst, Ordering::SeqCst, |current| {
[INFO] [stdout]     |                   ^^^^^^^^^^^^
[INFO] [stdout]     |
[INFO] [stdout] help: replace the use of the deprecated method
[INFO] [stdout]     |
[INFO] [stdout] 229 -     match counter.fetch_update(Ordering::SeqCst, Ordering::SeqCst, |current| {
[INFO] [stdout] 229 +     match counter.try_update(Ordering::SeqCst, Ordering::SeqCst, |current| {
[INFO] [stdout]     |
[INFO] [stdout] 
[INFO] [stdout] 
[INFO] [stdout] warning: use of deprecated method `std::sync::atomic::Atomic::<usize>::fetch_update`: renamed to `try_update` for consistency
[INFO] [stdout]    --> crates/service/src/telemetry.rs:238:19
[INFO] [stdout]     |
[INFO] [stdout] 238 |     match counter.fetch_update(Ordering::SeqCst, Ordering::SeqCst, |current| {
[INFO] [stdout]     |                   ^^^^^^^^^^^^
[INFO] [stdout]     |
[INFO] [stdout] help: replace the use of the deprecated method
[INFO] [stdout]     |
[INFO] [stdout] 238 -     match counter.fetch_update(Ordering::SeqCst, Ordering::SeqCst, |current| {
[INFO] [stdout] 238 +     match counter.try_update(Ordering::SeqCst, Ordering::SeqCst, |current| {
[INFO] [stdout]     |
[INFO] [stdout] 
[INFO] [stdout] 
[INFO] [stderr]    Compiling gigaam-model-package v0.1.1 (/opt/rustwide/workdir/crates/model-package)
[INFO] [stderr]    Compiling gigaam-primitives v0.1.1 (/opt/rustwide/workdir/crates/primitives)
[INFO] [stderr]     Finished `release` profile [optimized] target(s) in 4m 01s
[INFO] running `Command { std: "docker" "inspect" "07f3ead6f53a600918427fafd927e5ae05bdb36afc81f770b83444e2e766a58f", kill_on_drop: false }`
[INFO] running `Command { std: "docker" "exec" "-e" "SOURCE_DIR=/opt/rustwide/workdir" "-e" "CARGO_HOME=/opt/rustwide/cargo-home" "-e" "RUSTUP_HOME=/opt/rustwide/rustup-home" "-e" "CARGO_TARGET_DIR=/opt/rustwide/target" "-e" "CARGO_INCREMENTAL=0" "-e" "RUST_BACKTRACE=full" "-e" "RUSTFLAGS=--cap-lints=warn" "-e" "RUSTDOCFLAGS=--cap-lints=warn" "-w" "/opt/rustwide/workdir" "--user" "0:0" "07f3ead6f53a600918427fafd927e5ae05bdb36afc81f770b83444e2e766a58f" "/opt/rustwide/cargo-home/bin/cargo" "+1.100.0-beta.1" "test" "--frozen" "--release", kill_on_drop: false }`
[INFO] [stderr] warning: use of deprecated method `std::sync::atomic::Atomic::<usize>::fetch_update`: renamed to `try_update` for consistency
[INFO] [stderr]    --> crates/service/src/telemetry.rs:220:19
[INFO] [stderr]     |
[INFO] [stderr] 220 |     match counter.fetch_update(Ordering::SeqCst, Ordering::SeqCst, |current| {
[INFO] [stderr]     |                   ^^^^^^^^^^^^
[INFO] [stderr]     |
[INFO] [stderr]     = note: `#[warn(deprecated)]` on by default
[INFO] [stderr] help: replace the use of the deprecated method
[INFO] [stderr]     |
[INFO] [stderr] 220 -     match counter.fetch_update(Ordering::SeqCst, Ordering::SeqCst, |current| {
[INFO] [stderr] 220 +     match counter.try_update(Ordering::SeqCst, Ordering::SeqCst, |current| {
[INFO] [stderr]     |
[INFO] [stderr] 
[INFO] [stderr] warning: use of deprecated method `std::sync::atomic::Atomic::<usize>::fetch_update`: renamed to `try_update` for consistency
[INFO] [stderr]    --> crates/service/src/telemetry.rs:229:19
[INFO] [stderr]     |
[INFO] [stderr] 229 |     match counter.fetch_update(Ordering::SeqCst, Ordering::SeqCst, |current| {
[INFO] [stderr]     |                   ^^^^^^^^^^^^
[INFO] [stderr]     |
[INFO] [stderr] help: replace the use of the deprecated method
[INFO] [stderr]     |
[INFO] [stderr] 229 -     match counter.fetch_update(Ordering::SeqCst, Ordering::SeqCst, |current| {
[INFO] [stderr] 229 +     match counter.try_update(Ordering::SeqCst, Ordering::SeqCst, |current| {
[INFO] [stderr]     |
[INFO] [stderr] 
[INFO] [stderr] warning: use of deprecated method `std::sync::atomic::Atomic::<usize>::fetch_update`: renamed to `try_update` for consistency
[INFO] [stderr]    --> crates/service/src/telemetry.rs:238:19
[INFO] [stderr]     |
[INFO] [stderr] 238 |     match counter.fetch_update(Ordering::SeqCst, Ordering::SeqCst, |current| {
[INFO] [stderr]     |                   ^^^^^^^^^^^^
[INFO] [stderr]     |
[INFO] [stderr] help: replace the use of the deprecated method
[INFO] [stderr]     |
[INFO] [stderr] 238 -     match counter.fetch_update(Ordering::SeqCst, Ordering::SeqCst, |current| {
[INFO] [stderr] 238 +     match counter.try_update(Ordering::SeqCst, Ordering::SeqCst, |current| {
[INFO] [stderr]     |
[INFO] [stderr] 
[INFO] [stderr] warning: `gigaam-service` (lib) generated 3 warnings (run `cargo fix --lib -p gigaam-service` to apply 3 suggestions)
[INFO] [stderr] warning: `gigaam-service` (lib test) generated 3 warnings (3 duplicates)
[INFO] [stderr]     Finished `release` profile [optimized] target(s) in 0.15s
[INFO] [stderr]      Running unittests src/lib.rs (/opt/rustwide/target/release/build/gigaam-audio/c700ac82e10ffbf2/out/gigaam_audio-c700ac82e10ffbf2)
[INFO] [stdout] 
[INFO] [stdout] running 20 tests
[INFO] [stdout] test g711::tests::alaw_reference_points ... ok
[INFO] [stdout] test g711::tests::ulaw_reference_points ... ok
[INFO] [stdout] test interleaved::tests::every_nonempty_byte_partition_matches_one_shot_for_each_raw_format ... ok
[INFO] [stdout] test interleaved::tests::f32_decoder_accepts_closed_endpoints_and_refuses_outside_or_nonfinite_values ... ok
[INFO] [stdout] test interleaved::tests::standalone_pcm16_samples_refuse_partial_input_and_preserve_complete_input ... ok
[INFO] [stdout] test fft::tests::unsupported_or_invalid_plans_refuse ... ok
[INFO] [stdout] test codecs::tests::opus_trim_is_exact_at_48khz_before_delivery_resampling ... ok
[INFO] [stdout] test resampling::tests::identity_is_exact ... ok
[INFO] [stdout] test channel_analysis::tests::correlation_refuses_misaligned_or_empty_channels ... ok
[INFO] [stdout] test resampling::tests::invalid_rate_pairs_and_filter_configurations_refuse ... ok
[INFO] [stdout] test wav::tests::generated_wav_matches_exact_reference_samples ... ok
[INFO] [stdout] test fft::tests::real_fft_matches_naive_power ... ok
[INFO] [stdout] test tests::borrowed_audio_and_feature_views_preserve_audio_validation_and_layout ... ok
[INFO] [stdout] test tests::feature_frame_range_preserves_validated_mel_time_layout ... ok
[INFO] [stdout] test tests::typed_input_contracts_refuse_invalid_values ... ok
[INFO] [stdout] test wav::tests::strict_wav_preserves_finite_float_overshoot_and_refuses_nonfinite_samples ... ok
[INFO] [stdout] test wav::tests::strict_wav_refuses_malformed_terminal_and_zero_rate_inputs ... ok
[INFO] [stdout] test fft::tests::fft_matches_naive_dft ... ok
[INFO] [stdout] test resampling::tests::streaming_matches_offline_for_arbitrary_partitions ... ok
[INFO] [stdout] test resampling::tests::rational_resampling_preserves_reference_snr ... ok
[INFO] [stdout] 
[INFO] [stdout] test result: ok. 20 passed; 0 failed; 0 ignored; 0 measured; 0 filtered out; finished in 0.09s
[INFO] [stdout] 
[INFO] [stdout] 
[INFO] [stderr]      Running tests/frontend_contract.rs (/opt/rustwide/target/release/build/gigaam-audio/11dce19675951c53/out/frontend_contract-11dce19675951c53)
[INFO] [stdout] running 2 tests
[INFO] [stdout] test scalar_and_batched_frontends_match_and_short_clips_have_zero_frames ... ok
[INFO] [stdout] test frontend_refuses_invalid_mode_dimensions_weights_clamps_and_fft_plan ... ok
[INFO] [stdout] 
[INFO] [stdout] test result: ok. 2 passed; 0 failed; 0 ignored; 0 measured; 0 filtered out; finished in 0.01s
[INFO] [stdout] 
[INFO] [stderr]      Running unittests src/main.rs (/opt/rustwide/target/release/build/gigaam-cli/d2e55e4063f28a22/out/asr-d2e55e4063f28a22)
[INFO] [stdout] 
[INFO] [stdout] running 17 tests
[INFO] [stdout] test grammar::tests::command_grammar_refuses_unknown_duplicate_missing_and_invalid_values ... ok
[INFO] [stdout] test grammar::tests::dialog_deduplication_flag_maps_to_the_offline_selection_contract ... ok
[INFO] [stdout] test commands::transcribe::tests::cli_output_choices_exhaustively_map_to_the_typed_batch_policy ... ok
[INFO] [stdout] test grammar::tests::endpoint_source_refuses_unrecognized_values_without_changing_legal_choices ... ok
[INFO] [stdout] test grammar::tests::grammar_failure_keeps_utf8_and_syntax_classes_distinct ... ok
[INFO] [stdout] test configuration::tests::frontend_and_trace_process_values_are_parsed_at_the_cli_boundary ... ok
[INFO] [stdout] test commands::dialog::tests::zero_backchannel_limit_preserves_disabled_dialog_policy ... ok
[INFO] [stdout] test commands::bench::tests::benchmark_buffers_resample_to_the_package_rate_before_cyclic_projection ... ok
[INFO] [stdout] test numeric::tests::benchmark_plan_refuses_primary_and_alternate_overflow_before_runtime_work ... ok
[INFO] [stdout] test projection::stream::tests::append_patch_does_not_inspect_prior_client_words ... ok
[INFO] [stdout] test projection::tests::dialog_failure_projection_preserves_the_established_stage_diagnostics ... ok
[INFO] [stdout] test numeric::tests::benchmark_plan_rounds_each_duration_at_the_validated_package_rate ... ok
[INFO] [stdout] test grammar::tests::parsed_output_choices_remain_independent_and_complete ... ok
[INFO] [stdout] test projection::stream::tests::stream_patch_statistics_preserve_the_client_visible_output ... ok
[INFO] [stdout] test projection::tests::window_timing_trace_projection_preserves_the_exact_line ... ok
[INFO] [stdout] test projection::tests::precision_labels_preserve_each_supported_encoder_choice ... ok
[INFO] [stdout] test grammar::tests::command_grammar_accepts_one_complete_form_per_command ... ok
[INFO] [stdout] 
[INFO] [stdout] test result: ok. 17 passed; 0 failed; 0 ignored; 0 measured; 0 filtered out; finished in 0.01s
[INFO] [stdout] 
[INFO] [stderr]      Running tests/cli_effect_order.rs (/opt/rustwide/target/release/build/gigaam-cli/79c5f4a193a190bd/out/cli_effect_order-79c5f4a193a190bd)
[INFO] [stdout] 
[INFO] [stdout] running 8 tests
[INFO] [stdout] test default_model_path_stays_current_directory_relative ... ok
[INFO] [stdout] test vad_ignores_inapplicable_frontend_configuration ... ok
[INFO] [stdout] test transcribe_cli_effect_order ... ok
[INFO] [stdout] test benchmark_opens_the_package_and_prepares_model_rate_input_before_native_work ... ok
[INFO] [stdout] test vad_cli_effect_order ... ok
[INFO] [stdout] test frontend_configuration_fails_before_package_native_and_audio_for_each_applicable_command ... ok
[INFO] [stdout] test dialog_cli_effect_order ... ok
[INFO] [stdout] test stream_cli_effect_order_and_checked_chunk_precedence ... ok
[INFO] [stdout] 
[INFO] [stdout] test result: ok. 8 passed; 0 failed; 0 ignored; 0 measured; 0 filtered out; finished in 0.05s
[INFO] [stdout] 
[INFO] [stdout] 
[INFO] [stdout] running 12 tests
[INFO] [stderr]      Running unittests src/lib.rs (/opt/rustwide/target/release/build/gigaam-model-package/87f2bc54efe27f26/out/gigaam_model_package-87f2bc54efe27f26)
[INFO] [stdout] test tests::encoder_tensor_contract_requires_exactly_two_inputs_and_outputs_before_asset_selection ... ok
[INFO] [stdout] test tests::malformed_selected_f32_asset_refuses_after_regular_file_validation ... ok
[INFO] [stdout] test tests::malformed_duplicate_missing_and_boolean_values_refuse ... ok
[INFO] [stdout] test tests::selected_assets_are_checked_without_selecting_other_precisions_or_rnnt ... ok
[INFO] [stdout] test tests::invalid_typed_scalar_refuses_before_any_asset_selection ... ok
[INFO] [stdout] test tests::valid_v1_has_typed_immutable_projections_without_retained_metadata ... ok
[INFO] [stdout] test tests::unknown_v1_key_carries_its_real_source_line ... ok
[INFO] [stdout] test tests::version_discriminator_precedes_v1_inventory_validation ... ok
[INFO] [stdout] test tests::invalid_active_asset_path_and_zero_max_symbols_refuse ... ok
[INFO] [stdout] test tests::selected_asset_rejects_an_intermediate_symlink_escape ... ok
[INFO] [stdout] test tests::format_version_refusal_classes_are_distinct ... ok
[INFO] [stdout] test tests::retained_fields_are_optional_opaque_and_never_selected ... ok
[INFO] [stdout] 
[INFO] [stdout] test result: ok. 12 passed; 0 failed; 0 ignored; 0 measured; 0 filtered out; finished in 0.04s
[INFO] [stdout] 
[INFO] [stderr]      Running unittests src/lib.rs (/opt/rustwide/target/release/build/gigaam-primitives/647b98ea9659631a/out/gigaam_primitives-647b98ea9659631a)
[INFO] [stdout] 
[INFO] [stdout] running 5 tests
[INFO] [stdout] test tests::bit_decoded_integer_limits_preserve_signed_zero_and_minimum ... ok
[INFO] [stdout] test tests::index_truncation_refuses_invalid_values ... ok
[INFO] [stdout] test tests::direct_unsigned_to_f32_rounding_avoids_an_intermediate_f64_round ... ok
[INFO] [stderr]      Running unittests src/lib.rs (/opt/rustwide/target/release/build/gigaam-recognition/aaa07073451f8fe6/out/gigaam_recognition-aaa07073451f8fe6)
[INFO] [stdout] test tests::narrowing_keeps_representable_values_and_signs ... ok
[INFO] [stdout] test tests::integer_conversions_are_exact_at_small_boundaries ... ok
[INFO] [stdout] 
[INFO] [stdout] test result: ok. 5 passed; 0 failed; 0 ignored; 0 measured; 0 filtered out; finished in 0.00s
[INFO] [stdout] 
[INFO] [stdout] 
[INFO] [stdout] running 44 tests
[INFO] [stdout] test ctc::tests::blank_only_policy_preserves_the_exact_adapter_notice ... ok
[INFO] [stdout] test ctc::tests::finite_logits_preserve_current_silence_mask_and_tokens ... ok
[INFO] [stdout] test ctc::tests::frame_rate_and_recognition_values_refuse_invalid_state ... ok
[INFO] [stdout] test ctc::tests::greedy_refuses_invalid_matrix_contracts ... ok
[INFO] [stdout] test ctc::tests::greedy_refuses_nonfinite_logits_at_every_position ... ok
[INFO] [stdout] test ctc::tests::injected_encoder_produces_current_ctc_words ... ok
[INFO] [stdout] test ctc::tests::word_transforms_consume_valid_words_and_refuse_a_preceding_cap ... ok
[INFO] [stdout] test execution::tests::completion_never_revives_a_cancelled_request ... ok
[INFO] [stdout] test native_output::tests::native_validator_refuses_every_nonfinite_value_for_every_role ... ok
[INFO] [stdout] test native_output::tests::native_validator_refuses_invalid_shape_and_storage_cardinality ... ok
[INFO] [stdout] test ort_assignment::tests::evidence_is_order_independent_and_sensitive_to_every_assignment_field ... ok
[INFO] [stdout] test execution::tests::ordinary_request_lifecycle_completes ... ok
[INFO] [stdout] test ort_assignment::tests::evidence_refuses_empty_unknown_and_cpu_only_assignments ... ok
[INFO] [stdout] test native_output::tests::finite_native_controls_preserve_all_role_cardinalities ... ok
[INFO] [stdout] test ort_runtime::tests::runtime_rejects_a_missing_library_before_ort_initialization ... ok
[INFO] [stdout] test provider::tests::allow_unverified_is_explicit_and_conflicts_with_expected_fingerprints ... ok
[INFO] [stdout] test provider::tests::assignment_environment_requires_cuda_and_rejects_invalid_values ... ok
[INFO] [stdout] test provider::tests::direct_tensor_rt_plan_refuses_without_the_tensor_rt_feature ... ok
[INFO] [stdout] test provider::tests::intra_thread_count_environment_value_is_typed_and_validated ... ok
[INFO] [stdout] test provider::tests::provider_configuration_is_typed_and_coherent_before_session_creation ... ok
[INFO] [stdout] test provider::tests::tensor_rt_settings_require_a_tensor_rt_plan ... ok
[INFO] [stdout] test provider::tests::verified_cuda_policy_rejects_undeclared_roles_and_ignores_extra_valid_fingerprints ... ok
[INFO] [stdout] test provider::tests::verified_cuda_policy_requires_each_declared_role_before_native_work ... ok
[INFO] [stdout] test provider::tests::provider_aliases_and_empty_values_are_refused ... ok
[INFO] [stdout] test execution::tests::active_failure_and_cancellation_have_precise_terminal_outcomes ... ok
[INFO] [stdout] test ctc::tests::words_have_start_and_end ... ok
[INFO] [stdout] test rnnt::tests::greedy_refuses_nonfinite_encoder_values_before_selecting_each_frame ... ok
[INFO] [stdout] test rnnt::tests::greedy_refuses_a_selected_token_outside_the_blank_domain_before_advance ... ok
[INFO] [stdout] test scheduler::tests::finished_before_cancellation_is_terminally_acknowledged_after_consumption ... ok
[INFO] [stdout] test provider::tests::conflicting_provider_sources_are_refused ... ok
[INFO] [stdout] test provider::tests::cpu_provider_plan_is_available_in_every_build ... ok
[INFO] [stdout] test provider::tests::direct_cuda_plan_requires_the_cuda_feature_and_accepts_it_here ... ok
[INFO] [stdout] test scheduler::tests::is_stopped_reflects_the_panic_stop_transition ... ok
[INFO] [stdout] test scheduler::tests::ordinary_routing_preserves_the_decoder_frame_rate_and_result ... ok
[INFO] [stdout] test scheduler::tests::queued_cancellation_never_invokes_the_decoder ... ok
[INFO] [stdout] test rnnt::tests::greedy_transitions_emit_until_blank_and_keep_frame_order ... ok
[INFO] [stdout] test rnnt::tests::symbol_limit_prevents_an_unbounded_transition_loop ... ok
[INFO] [stdout] test vad::tests::detect_mask_propagates_invalid_probabilities ... ok
[INFO] [stdout] test vad::tests::finite_mask_preserves_current_threshold_comparison ... ok
[INFO] [stdout] test vad::tests::injected_probability_port_projects_current_silence_mask ... ok
[INFO] [stdout] test vad::tests::mask_refuses_nonfinite_thresholds_and_probabilities_at_every_position ... ok
[INFO] [stdout] test scheduler::tests::panic_stops_drains_and_resets_pending ... ok
[INFO] [stdout] test scheduler::tests::cancellation_during_a_call_discards_late_success_and_blocks_successor ... ok
[INFO] [stdout] test scheduler::tests::tick_precedes_queued_window_after_a_blocked_call ... ok
[INFO] [stdout] 
[INFO] [stdout] test result: ok. 44 passed; 0 failed; 0 ignored; 0 measured; 0 filtered out; finished in 0.02s
[INFO] [stdout] 
[INFO] [stderr]      Running unittests src/lib.rs (/opt/rustwide/target/release/build/gigaam-service/bf0fa39a79a74b1d/out/gigaam_service-bf0fa39a79a74b1d)
[INFO] [stdout] 
[INFO] [stdout] running 94 tests
[INFO] [stdout] test admission::tests::bounded_drain_wait_counts_an_admitted_upgrade_before_its_callback_runs ... ok
[INFO] [stdout] test admission::tests::committed_http_work_survives_drain_but_later_admission_refuses ... ok
[INFO] [stdout] test admission::tests::request_body_limit_refuses_zero_with_the_public_constructor_message ... ok
[INFO] [stdout] test admission::tests::exhausted_running_capacity_is_overload_but_drain_refuses ... ok
[INFO] [stdout] test admission::tests::drain_is_monotonic_and_idempotent ... ok
[INFO] [stdout] test admission::tests::reservation_loses_a_drain_race_and_releases_capacity ... ok
[INFO] [stdout] test admission::tests::draining_precedes_the_synchronous_signal_diagnostic ... ok
[INFO] [stdout] test admission::tests::websocket_reservation_is_all_or_none ... ok
[INFO] [stdout] test config::tests::limits_parse_all_independent_boundaries_with_stable_precedence ... ok
[INFO] [stdout] test config::tests::startup_rejects_duplicate_or_conflicting_configuration ... ok
[INFO] [stdout] test config::tests::startup_ort_thread_count_environment_value_is_exactly_typed ... ok
[INFO] [stdout] test config::tests::service_feature_contract_accepts_only_compiled_providers ... ok
[INFO] [stdout] test config::tests::startup_frontend_and_trace_environment_values_remain_exactly_typed ... ok
[INFO] [stdout] test config::tests::startup_defaults_to_the_compiled_provider_when_provider_is_absent ... ok
[INFO] [stdout] test config::tests::startup_rejects_unknown_options_and_empty_runtime_paths ... ok
[INFO] [stdout] test admission::tests::websocket_reservation_loses_a_drain_race_and_releases_all_channels ... ok
[INFO] [stdout] test health::tests::readiness_uses_the_same_monotonic_transition_as_admission ... ok
[INFO] [stdout] test health::tests::readiness_with_workers_names_the_typed_reason_and_draining_wins_over_a_stopped_worker ... ok
[INFO] [stdout] test config::tests::decimal_durations_round_to_model_samples_without_float_string_conversion ... ok
[INFO] [stdout] test context::tests::model_sample_rate_converts_the_package_rate_for_application_policy ... ok
[INFO] [stdout] test health::tests::liveness_remains_stable_while_readiness_drains ... ok
[INFO] [stdout] test config::tests::typed_boolean_values_preserve_the_dedup_default ... ok
[INFO] [stdout] test http::tests::http_output_choices_exhaustively_map_to_the_typed_batch_policy ... ok
[INFO] [stdout] test http::tests::multi_channel_batch_input_refusal_projects_to_bad_request ... ok
[INFO] [stdout] test http::tests::failed_multi_channel_batch_publishes_no_aggregate_stage_samples ... ok
[INFO] [stdout] test http::tests::transcribe_error_statuses_are_typed ... ok
[INFO] [stdout] test http::tests::request_identifier_is_validated_before_the_handler_returns_a_response ... ok
[INFO] [stdout] test http::tests::valid_post_drain_http_is_exactly_refused_without_starting_work ... ok
[INFO] [stdout] test health::tests::probe_triple_preserves_exact_health_liveness_and_readiness_across_drain ... ok
[INFO] [stdout] test http::tests::transcribe_query_percent_decodes_and_preserves_typed_options ... ok
[INFO] [stdout] test http::tests::transcribe_query_refuses_malformed_duplicate_unknown_and_nonfinite_values ... ok
[INFO] [stdout] test json::tests::numbers_int_vs_float ... ok
[INFO] [stdout] test json::tests::escapes_and_unicode ... ok
[INFO] [stdout] test lifecycle::tests::invalid_independent_limits_prevent_the_runtime_model_continuation ... ok
[INFO] [stdout] test http::tests::telemetry_outcomes_preserve_admitted_http_histories_and_pre_admission_silence ... ok
[INFO] [stdout] test health::tests::readyz_fails_once_a_real_recognition_worker_has_stopped_after_a_panic ... ok
[INFO] [stdout] test lifecycle::tests::invalid_bound_service_policy_prevents_native_continuation ... ok
[INFO] [stdout] test http::tests::deadline_cancellation_retains_admission_until_request_work_terminalizes ... ok
[INFO] [stdout] test log::tests::access_log_preserves_an_exact_unix_millisecond_timestamp ... ok
[INFO] [stdout] test log::tests::access_log_exposes_clock_failure_without_a_synthetic_timestamp ... ok
[INFO] [stdout] test lifecycle::tests::typed_package_open_precedes_the_production_native_continuation_boundary ... ok
[INFO] [stdout] test log::tests::rendered_access_record_preserves_json_order_and_the_stdout_newline ... ok
[INFO] [stdout] test log::tests::timestamp_refuses_milliseconds_outside_the_json_integer_range ... ok
[INFO] [stdout] test lifecycle::tests::invalid_model_bound_limit_prevents_frontend_session_continuation ... ok
[INFO] [stdout] test lifecycle::tests::model_bound_process_limit_precedes_a_simultaneous_invalid_service_policy ... ok
[INFO] [stdout] test metrics::tests::endpoint_scrapes_live_admission_capacity_without_inventing_an_rnnt_sample ... ok
[INFO] [stdout] test json::tests::object_and_array_order ... ok
[INFO] [stdout] test http::tests::production_execution_seam_keeps_the_committed_permit_after_its_timeout_response ... ok
[INFO] [stdout] test metrics::tests::finite_latency_aggregate_reports_positive_infinity_after_f64_overflow ... ok
[INFO] [stdout] test metrics::tests::histogram_sum_preserves_fractional_seconds ... ok
[INFO] [stdout] test response::tests::response_serializes_supplied_segments_and_turns_without_reconstructing_them ... ok
[INFO] [stdout] test router::tests::opaque_http_routes_enforce_the_validated_body_boundary_at_the_real_listener ... ok
[INFO] [stdout] test stream_response::tests::stream_error_and_end_projections_share_the_exact_json_envelope ... ok
[INFO] [stdout] test telemetry::tests::access_and_trace_records_have_exact_destinations_newlines_and_fifo_membership ... ok
[INFO] [stdout] test response::tests::stereo_turns_and_words ... ok
[INFO] [stdout] test metrics::tests::rejected_latency_is_explicit_and_does_not_enter_the_histogram ... ok
[INFO] [stdout] test metrics::tests::concurrent_observations_expose_only_coherent_histogram_snapshots ... ok
[INFO] [stdout] test metrics::tests::telemetry_metric_families_start_at_zero_and_keep_their_fixed_labels ... ok
[INFO] [stdout] test response::tests::http_errors_use_the_shared_json_content_type_and_error_object ... ok
[INFO] [stdout] test response::tests::mono_minimal ... ok
[INFO] [stdout] test telemetry::tests::final_application_producer_drop_does_not_join_a_blocked_writer ... ok
[INFO] [stdout] test telemetry::tests::preparation_checks_capacity_domain_and_common_assembly_tuple ... ok
[INFO] [stdout] test telemetry::tests::stderr_failure_uses_only_the_stderr_failure_label ... ok
[INFO] [stdout] test telemetry::tests::first_destination_failure_claims_u_once_then_counts_current_queued_and_later_loss ... ok
[INFO] [stdout] test telemetry::tests::receiver_disconnection_returns_the_record_without_retry_or_destination_write ... ok
[INFO] [stdout] test telemetry::tests::launcher_refusal_keeps_prepared_state_unstarted ... ok
[INFO] [stdout] test telemetry::tests::logical_capacity_accepts_c_nonwaiting_offers_and_drops_the_next_as_queue_full ... ok
[INFO] [stdout] test ws::tests::abandoned_upgrade_callback_releases_every_token_without_counting_a_session ... ok
[INFO] [stdout] test tests::facade_assembly_refuses_policy_frontend_rate_mismatch_before_routes_exist ... ok
[INFO] [stdout] {"ts_ms":1792299417266,"event":"transcribe","req_id":"caller-observer","status":200,"ms":1,"bytes":1324,"model":"ctc"}
[INFO] [stdout] test telemetry::tests::process_observation_mode_routes_real_successful_batch_windows_only_when_enabled ... ok
[INFO] [stdout] test tests::public_assembly_keeps_the_caller_observer_on_a_real_loopback_batch_request ... ok
[INFO] [stdout] test ws::tests::construction_and_warmup_finish_before_each_pre_active_drain_placement ... ok
[INFO] [stdout] test tests::common_assembly_refusals_stop_before_telemetry_start_or_route_construction ... ok
[INFO] [stdout] test ws::tests::outer_error_delivery_records_one_primary_failure_without_recursion ... ok
[INFO] [stdout] test ws::tests::committed_patch_observation_precedes_serialization_and_delivery_failure ... ok
[INFO] [stdout] test telemetry::tests::receiver_removal_releases_q_before_a_blocked_destination_write ... ok
[INFO] [stdout] test ws::tests::control_requires_the_exact_end_object ... ok
[INFO] [stdout] test ws::tests::primary_error_and_failed_error_delivery_count_one_failed_session ... ok
[INFO] [stdout] test ws::tests::active_end_and_transition_window_retain_terminal_order_and_existing_receiver ... ok
[INFO] [stdout] test ws::tests::production_capture_upgrade_holds_and_transfers_the_all_channel_token ... ok
[INFO] [stdout] test ws::tests::pre_upgrade_refusal_preserves_the_four_session_rejection_histories ... ok
[INFO] [stdout] test ws::tests::receive_error_close_frame_depends_on_the_error_kind ... ok
[INFO] [stdout] test ws::tests::generic_peer_close_and_eof_histories_close_once_without_delivery_on_success_or_failure ... ok
[INFO] [stdout] test ws::tests::refused_pre_upgrade_requests_never_register_a_callback_or_start_factory_work ... ok
[INFO] [stdout] test ws::tests::selection_observation_projects_the_exact_collapsed_source_count ... ok
[INFO] [stdout] test telemetry::tests::terminal_writer_conserves_every_actual_active_submission_cut ... ok
[INFO] [stdout] test ws::tests::websocket_refusals_preserve_exact_shared_json_envelopes_and_metric_deltas ... ok
[INFO] [stdout] test ws::tests::stream_query_percent_decodes_into_typed_configuration ... ok
[INFO] [stdout] test ws::tests::stream_query_refuses_unknown_duplicate_invalid_and_conflicting_values ... ok
[INFO] [stdout] test ws::tests::telemetry_outcomes_preserve_websocket_terminal_histories_and_pre_upgrade_silence ... ok
[INFO] [stdout] test ws::tests::peer_close_and_eof_consume_one_real_session_finish_once ... ok
[INFO] [stdout] test ws::tests::stream_serialization_preserves_stereo_order_and_mono_channel_omission ... ok
[INFO] [stdout] test ws::tests::stream_emit_queries_select_the_exact_permitted_stereo_wire_groups ... ok
[INFO] [stdout] test ws::tests::oversized_websocket_message_closes_with_code_1009_and_no_transcript ... ok
[INFO] [stdout] 
[INFO] [stdout] test result: ok. 94 passed; 0 failed; 0 ignored; 0 measured; 0 filtered out; finished in 0.44s
[INFO] [stdout] 
[INFO] [stderr]      Running unittests src/main.rs (/opt/rustwide/target/release/build/gigaam-service/316c6a74ff62d7c0/out/asr_serve-316c6a74ff62d7c0)
[INFO] [stdout] 
[INFO] [stdout] running 0 tests
[INFO] [stdout] 
[INFO] [stdout] test result: ok. 0 passed; 0 failed; 0 ignored; 0 measured; 0 filtered out; finished in 0.00s
[INFO] [stdout] 
[INFO] [stderr]      Running unittests src/lib.rs (/opt/rustwide/target/release/build/gigaam-transcription/c43ffc427e44ab81/out/gigaam_transcription-c43ffc427e44ab81)
[INFO] [stdout] 
[INFO] [stdout] running 97 tests
[INFO] [stdout] test batch::tests::bound_batch_rate_mismatch_refuses_before_decoder_capability_work ... FAILED
[INFO] [stdout] test batch::tests::observation_mode_preserves_batch_outputs_and_enabled_mode_emits_exact_window_records ... FAILED
[INFO] [stdout] test channel_selection::tests::disabled_pairwise_selection_preserves_every_identity_and_order ... ok
[INFO] [stdout] test channel_selection::tests::batch_exact_two_dual_mono_retains_original_channel_zero ... ok
[INFO] [stdout] test channel_selection::tests::batch_single_output_retains_original_channel_zero_without_dual_mono ... ok
[INFO] [stdout] test batch::tests::cancellation_before_or_during_recognition_commits_no_transcript_and_starts_no_successor ... FAILED
[INFO] [stdout] test channel_selection::tests::pairwise_strict_exceedance_rejects_the_candidate ... ok
[INFO] [stdout] test channel_selection::tests::pairwise_correlation_domain_failures_are_explicit ... ok
[INFO] [stdout] test channel_selection::tests::pairwise_selection_without_analysis_samples_preserves_every_identity ... ok
[INFO] [stdout] test channel_selection::tests::pairwise_threshold_equality_retains_the_candidate ... ok
[INFO] [stdout] test channel_selection::tests::validated_threshold_and_channel_identity_refuse_invalid_values ... ok
[INFO] [stdout] test contracts::tests::bound_temporal_configuration_refuses_zero_progress_and_preserves_nonnegative_zero ... ok
[INFO] [stdout] test contracts::tests::batch_configuration_requires_a_real_overlap_interval ... ok
[INFO] [stdout] test channel_selection::tests::pairwise_selection_is_greedy_and_preserves_the_lowest_original_identity ... ok
[INFO] [stdout] test contracts::tests::stream_configuration_carries_a_typed_vad_probability ... ok
[INFO] [stdout] test channel_selection::tests::selection_refuses_an_empty_source_channel_set ... ok
[INFO] [stdout] test contracts::tests::finite_unrepresentable_temporal_configuration_refuses_at_its_bound_owner ... ok
[INFO] [stdout] test channel_selection::tests::batch_fixed_threshold_retains_equality_and_suppresses_strict_exceedance ... ok
[INFO] [stdout] test channel_selection::tests::selection_window_requires_a_nonzero_model_rate_sample_count ... ok
[INFO] [stdout] test contracts::tests::vad_probability_is_the_closed_finite_unit_interval ... ok
[INFO] [stdout] test dialog::tests::backchannel_policy_marks_only_short_overlapped_peer_turns ... ok
[INFO] [stdout] test contracts::tests::timing_apply_reconstructs_one_fresh_bound_configuration ... FAILED
[INFO] [stdout] test dialog::tests::final_turn_remains_outside_later_patch ... ok
[INFO] [stdout] test contracts::tests::transcript_words_refuse_invalid_application_values ... ok
[INFO] [stdout] test dialog::tests::finality_advances_only_after_committed_frontier ... ok
[INFO] [stdout] test channel_selection::tests::batch_more_than_two_channels_never_evaluates_pairwise_correlation ... ok
[INFO] [stdout] test channel_selection::tests::configured_pairwise_threshold_changes_the_observable_selection ... ok
[INFO] [stdout] test dialog::tests::late_earlier_onset_revises_from_the_first_position ... ok
[INFO] [stdout] test dialog::tests::turns_order_by_start_then_original_channel_identity ... ok
[INFO] [stdout] test endpoint::tests::segmentation_preserves_speech_ranges_and_gap_boundary ... ok
[INFO] [stdout] test dialog::tests::mono_input_splits_into_final_turns ... ok
[INFO] [stdout] test multi_batch::tests::cancellation_and_failure_return_no_result_or_successor_channel ... FAILED
[INFO] [stdout] test multi_batch::tests::each_typed_channel_policy_preserves_the_same_application_result_for_same_audio ... FAILED
[INFO] [stdout] test multi_batch::tests::exact_and_padded_short_inputs_remain_distinct_batch_configurations ... FAILED
[INFO] [stdout] test endpoint::tests::endpoint_rules_distinguish_speech_and_no_speech ... ok
[INFO] [stdout] test endpoint::tests::invalid_durations_and_frame_rates_refuse ... ok
[INFO] [stdout] test dialog::tests::flag_changes_are_visible_and_invalid_snapshots_refuse ... ok
[INFO] [stdout] test multi_batch::tests::cancellation_precedes_a_simultaneous_input_rate_mismatch ... FAILED
[INFO] [stdout] test multi_batch::tests::mismatched_input_rate_refuses_before_any_decoder_call ... FAILED
[INFO] [stdout] test multi_batch::tests::one_mutable_decoder_preserves_channel_text_timing_segments_turns_and_aggregate_timings ... FAILED
[INFO] [stdout] test multi_batch::tests::timing_aggregate_counts_each_selected_channel_once_across_every_stage ... ok
[INFO] [stdout] test endpoint::tests::trailing_silence_ignores_padding_frames ... ok
[INFO] [stdout] test multi_stream::tests::deduplicate_uses_the_exact_window_and_releases_overshoot_once ... FAILED
[INFO] [stdout] test multi_stream::tests::all_channels_activates_without_correlation_or_selection_observation ... FAILED
[INFO] [stdout] test multi_batch::tests::batch_policies_preserve_original_identity_for_one_two_and_three_channels ... FAILED
[INFO] [stdout] test multi_stream::tests::first_live_error_or_cancellation_stops_later_active_channels ... FAILED
[INFO] [stdout] test multi_batch::tests::timing_aggregate_refuses_nonconsecutive_nonmonotonic_and_nonfinite_snapshots ... ok
[INFO] [stdout] test dialog::tests::frontiers_are_monotonic_and_unchanged_input_emits_no_patch ... ok
[INFO] [stdout] test multi_stream::tests::later_terminal_tail_failure_or_cancellation_is_atomic_and_stops_the_third_channel ... FAILED
[INFO] [stdout] test multi_stream::tests::multi_channel_stream_options_preserve_each_typed_product_choice ... ok
[INFO] [stdout] test multi_stream::tests::offline_failure_preserves_its_origin_raw_error_and_committed_observations ... ok
[INFO] [stdout] test multi_stream::tests::nonidentity_terminal_tail_matches_offline_selection_and_dialogue ... FAILED
[INFO] [stdout] test multi_stream::tests::offline_result_requires_matching_selection_and_stable_final_dialogue ... ok
[INFO] [stdout] test multi_stream::tests::factories_observe_bound_setup_identity_and_pre_factory_refusals_have_no_effect ... FAILED
[INFO] [stdout] test multi_stream::tests::online_session_creation_reports_a_nonempty_empty_factory_diagnostic ... ok
[INFO] [stdout] test multi_stream::tests::offline_workflow_assigns_reachable_failure_origins_without_losing_raw_errors ... FAILED
[INFO] [stdout] test multi_stream::tests::emission_groups_preserve_channel_order_and_dialogue_tail_position ... ok
[INFO] [stdout] test multi_stream::tests::patch_observations_are_constructed_without_client_event_state ... ok
[INFO] [stdout] test multi_stream::tests::emission_modes_preserve_event_order_patch_observations_and_dialogue_state ... FAILED
[INFO] [stdout] test multi_stream::tests::later_live_failure_or_cancellation_is_atomic_and_stops_the_third_channel ... FAILED
[INFO] [stdout] test multi_stream::tests::online_session_creation_keeps_shared_factory_construction_and_warmup_errors_exact ... FAILED
[INFO] [stdout] test multi_stream::tests::step_and_failure_expose_only_valid_committed_observations ... ok
[INFO] [stdout] test multi_stream::tests::stream_setup_validates_the_shared_rate_adapter_before_session_creation ... ok
[INFO] [stdout] test multi_stream::tests::terminal_partial_frame_refuses_before_tail_or_session_work ... FAILED
[INFO] [stdout] test multi_stream::tests::three_channel_stream_keeps_original_construction_and_drive_order ... FAILED
[INFO] [stdout] test multi_stream::tests::online_session_creation_reports_a_nonempty_empty_warmup_diagnostic ... FAILED
[INFO] [stdout] test padding::tests::padding_noise_is_deterministic_and_bounded ... ok
[INFO] [stdout] test padding::tests::padding_noise_respects_requested_empty_length ... ok
[INFO] [stdout] test stitch::tests::invalid_window_geometry_refuses ... ok
[INFO] [stdout] test multi_stream::tests::empty_upstream_error_becomes_an_explicit_typed_failure ... FAILED
[INFO] [stdout] test multi_stream::tests::offline_empty_upstream_error_returns_a_typed_nonempty_failure ... FAILED
[INFO] [stdout] test multi_stream::tests::selection_observation_survives_a_failed_pending_release ... FAILED
[INFO] [stdout] test multi_stream::tests::terminal_tail_error_stops_before_the_later_active_channel ... FAILED
[INFO] [stdout] test stream::tests::bound_stream_rate_mismatch_refuses_before_decoder_capability_work ... FAILED
[INFO] [stdout] test multi_stream::tests::raw_formats_and_arbitrary_partitions_preserve_incremental_semantics ... FAILED
[INFO] [stdout] test stream::tests::detector_cancellation_commits_no_stream_candidate_or_successor ... FAILED
[INFO] [stdout] test text::tests::edit_distance_is_symmetric ... ok
[INFO] [stdout] test text::tests::edits_ignore_case_and_punctuation ... ok
[INFO] [stdout] test text::tests::normalization_preserves_lexical_equivalence ... ok
[INFO] [stdout] test stream::tests::retained_silence_overflow_refuses_before_session_continuation_and_no_endpoint_keeps_it_unused ... FAILED
[INFO] [stdout] test stream::tests::stream_refuses_nonfinite_vad_probabilities_before_committing_a_candidate ... FAILED
[INFO] [stdout] test turns::tests::merge_orders_by_time_then_original_channel_identity ... ok
[INFO] [stdout] test text::tests::word_count_excludes_punctuation_only_tokens ... ok
[INFO] [stdout] test turns::tests::invalid_channel_inputs_refuse_before_turn_construction ... ok
[INFO] [stdout] test turns::tests::mono_transcript_splits_into_utterance_turns ... ok
[INFO] [stdout] test turns::tests::overlapping_channels_remain_independent_turns ... ok
[INFO] [stdout] test stitch::tests::matching_overlap_word_selects_nearest_seam ... ok
[INFO] [stdout] test stitch::tests::seam_falls_back_to_overlap_midpoint_without_matching_word ... ok
[INFO] [stdout] test turns::tests::turn_end_is_the_maximum_end_of_nonmonotonic_words ... ok
[INFO] [stdout] test turns::tests::turns_split_on_intra_channel_gap_and_preserve_cross_channel_order ... ok
[INFO] [stdout] test vad_policy::tests::neighboring_segments_share_an_insufficient_gap_without_overlap ... ok
[INFO] [stdout] test vad_policy::tests::invalid_policy_and_detector_values_refuse ... ok
[INFO] [stdout] test vad_policy::tests::fixed_vad_temporal_policy_refuses_finite_overflow_before_detector_execution ... ok
[INFO] [stdout] test stitch::tests::windows_cover_the_input_and_preserve_overlap ... ok
[INFO] [stdout] test vad_policy::tests::injected_probabilities_preserve_threshold_hysteresis_and_padding ... ok
[INFO] [stdout] test vad_policy::tests::vad_overflow_refusals_precede_injected_effects_and_one_segment_preserves_padding_branch_absence ... ok
[INFO] [stdout] test vad_policy::tests::minimum_speech_duration_discards_short_detection ... ok
[INFO] [stdout] 
[INFO] [stdout] failures:
[INFO] [stdout] 
[INFO] [stdout] ---- batch::tests::bound_batch_rate_mismatch_refuses_before_decoder_capability_work stdout ----
[INFO] [stdout] 
[INFO] [stdout] thread 'batch::tests::bound_batch_rate_mismatch_refuses_before_decoder_capability_work' (4337) panicked at crates/transcription/src/test_support.rs:85:44:
[INFO] [stdout] test frontend package creation must succeed: "create temporary model package: No such file or directory (os error 2)"
[INFO] [stdout] stack backtrace:
[INFO] [stdout]    0:     0x5e6e716a3106 - <<std[617be2ca0a6fd877]::sys::backtrace::BacktraceLock>::print::DisplayBacktrace as core[a373ad73a504971]::fmt::Display>::fmt
[INFO] [stdout]    1:     0x5e6e715b86fa - core[a373ad73a504971]::fmt::write
[INFO] [stdout]    2:     0x5e6e716a889c - <alloc[2e1b2a31b91974c5]::vec::Vec<u8> as core[a373ad73a504971]::io::write::Write>::write_fmt
[INFO] [stdout]    3:     0x5e6e7167ec12 - std[617be2ca0a6fd877]::panicking::default_hook::{closure#0}
[INFO] [stdout]    4:     0x5e6e7169aad1 - std[617be2ca0a6fd877]::panicking::default_hook
[INFO] [stdout]    5:     0x5e6e7169acb2 - std[617be2ca0a6fd877]::panicking::panic_with_hook
[INFO] [stdout]    6:     0x5e6e7167ecc2 - std[617be2ca0a6fd877]::panicking::panic_handler::{closure#0}
[INFO] [stdout]    7:     0x5e6e71677889 - std[617be2ca0a6fd877]::sys::backtrace::__rust_end_short_backtrace::<std[617be2ca0a6fd877]::panicking::panic_handler::{closure#0}, !>
[INFO] [stdout]    8:     0x5e6e7167f8dd - __rustc[ea4f61d10b84890b]::rust_begin_unwind
[INFO] [stdout]    9:     0x5e6e715b8dec - core[a373ad73a504971]::panicking::panic_fmt
[INFO] [stdout]   10:     0x5e6e715b8bc2 - core[a373ad73a504971]::result::unwrap_failed
[INFO] [stdout]   11:     0x5e6e7164af51 - gigaam_transcription[bb3358f8dffd6c64]::test_support::frontend_at_sample_rate
[INFO] [stdout]   12:     0x5e6e7162fdce - <gigaam_transcription[bb3358f8dffd6c64]::batch::tests::bound_batch_rate_mismatch_refuses_before_decoder_capability_work::{closure#0} as core[a373ad73a504971]::ops::function::FnOnce<()>>::call_once
[INFO] [stdout]   13:     0x5e6e716aa01b - test[aada8e7e76ba119b]::__rust_begin_short_backtrace::<core[a373ad73a504971]::result::Result<(), alloc[2e1b2a31b91974c5]::string::String>, fn() -> core[a373ad73a504971]::result::Result<(), alloc[2e1b2a31b91974c5]::string::String>>
[INFO] [stdout]   14:     0x5e6e716b7ec4 - test[aada8e7e76ba119b]::run_test::{closure#0}
[INFO] [stdout]   15:     0x5e6e716b15f4 - std[617be2ca0a6fd877]::sys::backtrace::__rust_begin_short_backtrace::<test[aada8e7e76ba119b]::run_test::{closure#1}, ()>
[INFO] [stdout]   16:     0x5e6e716bbc82 - <std[617be2ca0a6fd877]::thread::lifecycle::spawn_unchecked<test[aada8e7e76ba119b]::run_test::{closure#1}, ()>::{closure#1} as core[a373ad73a504971]::ops::function::FnOnce<()>>::call_once::{shim:vtable#0}
[INFO] [stdout]   17:     0x5e6e716a1fb4 - <std[617be2ca0a6fd877]::sys::thread::unix::Thread>::new::thread_start
[INFO] [stdout]   18:     0x771f1460fdfa - <unknown>
[INFO] [stdout]   19:     0x771f146a33d4 - clone
[INFO] [stdout]   20:                0x0 - <unknown>
[INFO] [stdout] 
[INFO] [stdout] ---- batch::tests::observation_mode_preserves_batch_outputs_and_enabled_mode_emits_exact_window_records stdout ----
[INFO] [stdout] 
[INFO] [stdout] thread 'batch::tests::observation_mode_preserves_batch_outputs_and_enabled_mode_emits_exact_window_records' (4339) panicked at crates/transcription/src/test_support.rs:85:44:
[INFO] [stdout] test frontend package creation must succeed: "create temporary model package: No such file or directory (os error 2)"
[INFO] [stdout] stack backtrace:
[INFO] [stdout]    0:     0x5e6e716a3106 - <<std[617be2ca0a6fd877]::sys::backtrace::BacktraceLock>::print::DisplayBacktrace as core[a373ad73a504971]::fmt::Display>::fmt
[INFO] [stdout]    1:     0x5e6e715b86fa - core[a373ad73a504971]::fmt::write
[INFO] [stdout]    2:     0x5e6e716a889c - <alloc[2e1b2a31b91974c5]::vec::Vec<u8> as core[a373ad73a504971]::io::write::Write>::write_fmt
[INFO] [stdout]    3:     0x5e6e7167ec12 - std[617be2ca0a6fd877]::panicking::default_hook::{closure#0}
[INFO] [stdout]    4:     0x5e6e7169aad1 - std[617be2ca0a6fd877]::panicking::default_hook
[INFO] [stdout]    5:     0x5e6e7169acb2 - std[617be2ca0a6fd877]::panicking::panic_with_hook
[INFO] [stdout]    6:     0x5e6e7167ecc2 - std[617be2ca0a6fd877]::panicking::panic_handler::{closure#0}
[INFO] [stdout]    7:     0x5e6e71677889 - std[617be2ca0a6fd877]::sys::backtrace::__rust_end_short_backtrace::<std[617be2ca0a6fd877]::panicking::panic_handler::{closure#0}, !>
[INFO] [stdout]    8:     0x5e6e7167f8dd - __rustc[ea4f61d10b84890b]::rust_begin_unwind
[INFO] [stdout]    9:     0x5e6e715b8dec - core[a373ad73a504971]::panicking::panic_fmt
[INFO] [stdout]   10:     0x5e6e715b8bc2 - core[a373ad73a504971]::result::unwrap_failed
[INFO] [stdout]   11:     0x5e6e7164af51 - gigaam_transcription[bb3358f8dffd6c64]::test_support::frontend_at_sample_rate
[INFO] [stdout]   12:     0x5e6e716306a1 - <gigaam_transcription[bb3358f8dffd6c64]::batch::tests::observation_mode_preserves_batch_outputs_and_enabled_mode_emits_exact_window_records::{closure#0} as core[a373ad73a504971]::ops::function::FnOnce<()>>::call_once
[INFO] [stdout]   13:     0x5e6e716aa01b - test[aada8e7e76ba119b]::__rust_begin_short_backtrace::<core[a373ad73a504971]::result::Result<(), alloc[2e1b2a31b91974c5]::string::String>, fn() -> core[a373ad73a504971]::result::Result<(), alloc[2e1b2a31b91974c5]::string::String>>
[INFO] [stdout]   14:     0x5e6e716b7ec4 - test[aada8e7e76ba119b]::run_test::{closure#0}
[INFO] [stdout]   15:     0x5e6e716b15f4 - std[617be2ca0a6fd877]::sys::backtrace::__rust_begin_short_backtrace::<test[aada8e7e76ba119b]::run_test::{closure#1}, ()>
[INFO] [stdout]   16:     0x5e6e716bbc82 - <std[617be2ca0a6fd877]::thread::lifecycle::spawn_unchecked<test[aada8e7e76ba119b]::run_test::{closure#1}, ()>::{closure#1} as core[a373ad73a504971]::ops::function::FnOnce<()>>::call_once::{shim:vtable#0}
[INFO] [stdout]   17:     0x5e6e716a1fb4 - <std[617be2ca0a6fd877]::sys::thread::unix::Thread>::new::thread_start
[INFO] [stdout]   18:     0x771f1460fdfa - <unknown>
[INFO] [stdout]   19:     0x771f146a33d4 - clone
[INFO] [stdout]   20:                0x0 - <unknown>
[INFO] [stdout] 
[INFO] [stdout] ---- batch::tests::cancellation_before_or_during_recognition_commits_no_transcript_and_starts_no_successor stdout ----
[INFO] [stdout] 
[INFO] [stdout] thread 'batch::tests::cancellation_before_or_during_recognition_commits_no_transcript_and_starts_no_successor' (4338) panicked at crates/transcription/src/test_support.rs:85:44:
[INFO] [stdout] test frontend package creation must succeed: "create temporary model package: No such file or directory (os error 2)"
[INFO] [stdout] stack backtrace:
[INFO] [stdout]    0:     0x5e6e716a3106 - <<std[617be2ca0a6fd877]::sys::backtrace::BacktraceLock>::print::DisplayBacktrace as core[a373ad73a504971]::fmt::Display>::fmt
[INFO] [stdout]    1:     0x5e6e715b86fa - core[a373ad73a504971]::fmt::write
[INFO] [stdout]    2:     0x5e6e716a889c - <alloc[2e1b2a31b91974c5]::vec::Vec<u8> as core[a373ad73a504971]::io::write::Write>::write_fmt
[INFO] [stdout]    3:     0x5e6e7167ec12 - std[617be2ca0a6fd877]::panicking::default_hook::{closure#0}
[INFO] [stdout]    4:     0x5e6e7169aad1 - std[617be2ca0a6fd877]::panicking::default_hook
[INFO] [stdout]    5:     0x5e6e7169acb2 - std[617be2ca0a6fd877]::panicking::panic_with_hook
[INFO] [stdout]    6:     0x5e6e7167ecc2 - std[617be2ca0a6fd877]::panicking::panic_handler::{closure#0}
[INFO] [stdout]    7:     0x5e6e71677889 - std[617be2ca0a6fd877]::sys::backtrace::__rust_end_short_backtrace::<std[617be2ca0a6fd877]::panicking::panic_handler::{closure#0}, !>
[INFO] [stdout]    8:     0x5e6e7167f8dd - __rustc[ea4f61d10b84890b]::rust_begin_unwind
[INFO] [stdout]    9:     0x5e6e715b8dec - core[a373ad73a504971]::panicking::panic_fmt
[INFO] [stdout]   10:     0x5e6e715b8bc2 - core[a373ad73a504971]::result::unwrap_failed
[INFO] [stdout]   11:     0x5e6e7164af51 - gigaam_transcription[bb3358f8dffd6c64]::test_support::frontend_at_sample_rate
[INFO] [stdout]   12:     0x5e6e71631881 - <gigaam_transcription[bb3358f8dffd6c64]::batch::tests::cancellation_before_or_during_recognition_commits_no_transcript_and_starts_no_successor::{closure#0} as core[a373ad73a504971]::ops::function::FnOnce<()>>::call_once
[INFO] [stdout]   13:     0x5e6e716aa01b - test[aada8e7e76ba119b]::__rust_begin_short_backtrace::<core[a373ad73a504971]::result::Result<(), alloc[2e1b2a31b91974c5]::string::String>, fn() -> core[a373ad73a504971]::result::Result<(), alloc[2e1b2a31b91974c5]::string::String>>
[INFO] [stdout]   14:     0x5e6e716b7ec4 - test[aada8e7e76ba119b]::run_test::{closure#0}
[INFO] [stdout]   15:     0x5e6e716b15f4 - std[617be2ca0a6fd877]::sys::backtrace::__rust_begin_short_backtrace::<test[aada8e7e76ba119b]::run_test::{closure#1}, ()>
[INFO] [stdout]   16:     0x5e6e716bbc82 - <std[617be2ca0a6fd877]::thread::lifecycle::spawn_unchecked<test[aada8e7e76ba119b]::run_test::{closure#1}, ()>::{closure#1} as core[a373ad73a504971]::ops::function::FnOnce<()>>::call_once::{shim:vtable#0}
[INFO] [stdout]   17:     0x5e6e716a1fb4 - <std[617be2ca0a6fd877]::sys::thread::unix::Thread>::new::thread_start
[INFO] [stdout]   18:     0x771f1460fdfa - <unknown>
[INFO] [stdout]   19:     0x771f146a33d4 - clone
[INFO] [stdout]   20:                0x0 - <unknown>
[INFO] [stdout] 
[INFO] [stdout] ---- contracts::tests::timing_apply_reconstructs_one_fresh_bound_configuration stdout ----
[INFO] [stdout] 
[INFO] [stdout] thread 'contracts::tests::timing_apply_reconstructs_one_fresh_bound_configuration' (4358) panicked at crates/transcription/src/test_support.rs:85:44:
[INFO] [stdout] test frontend package creation must succeed: "create temporary model package: No such file or directory (os error 2)"
[INFO] [stdout] stack backtrace:
[INFO] [stdout]    0:     0x5e6e716a3106 - <<std[617be2ca0a6fd877]::sys::backtrace::BacktraceLock>::print::DisplayBacktrace as core[a373ad73a504971]::fmt::Display>::fmt
[INFO] [stdout]    1:     0x5e6e715b86fa - core[a373ad73a504971]::fmt::write
[INFO] [stdout]    2:     0x5e6e716a889c - <alloc[2e1b2a31b91974c5]::vec::Vec<u8> as core[a373ad73a504971]::io::write::Write>::write_fmt
[INFO] [stdout]    3:     0x5e6e7167ec12 - std[617be2ca0a6fd877]::panicking::default_hook::{closure#0}
[INFO] [stdout]    4:     0x5e6e7169aad1 - std[617be2ca0a6fd877]::panicking::default_hook
[INFO] [stdout]    5:     0x5e6e7169acb2 - std[617be2ca0a6fd877]::panicking::panic_with_hook
[INFO] [stdout]    6:     0x5e6e7167ecc2 - std[617be2ca0a6fd877]::panicking::panic_handler::{closure#0}
[INFO] [stdout]    7:     0x5e6e71677889 - std[617be2ca0a6fd877]::sys::backtrace::__rust_end_short_backtrace::<std[617be2ca0a6fd877]::panicking::panic_handler::{closure#0}, !>
[INFO] [stdout]    8:     0x5e6e7167f8dd - __rustc[ea4f61d10b84890b]::rust_begin_unwind
[INFO] [stdout]    9:     0x5e6e715b8dec - core[a373ad73a504971]::panicking::panic_fmt
[INFO] [stdout]   10:     0x5e6e715b8bc2 - core[a373ad73a504971]::result::unwrap_failed
[INFO] [stdout]   11:     0x5e6e7164af51 - gigaam_transcription[bb3358f8dffd6c64]::test_support::frontend_at_sample_rate
[INFO] [stdout]   12:     0x5e6e71651f6f - gigaam_transcription[bb3358f8dffd6c64]::contracts::tests::emitted_stream_history
[INFO] [stdout]   13:     0x5e6e71655e9e - <gigaam_transcription[bb3358f8dffd6c64]::contracts::tests::timing_apply_reconstructs_one_fresh_bound_configuration::{closure#0} as core[a373ad73a504971]::ops::function::FnOnce<()>>::call_once
[INFO] [stdout]   14:     0x5e6e716aa01b - test[aada8e7e76ba119b]::__rust_begin_short_backtrace::<core[a373ad73a504971]::result::Result<(), alloc[2e1b2a31b91974c5]::string::String>, fn() -> core[a373ad73a504971]::result::Result<(), alloc[2e1b2a31b91974c5]::string::String>>
[INFO] [stdout]   15:     0x5e6e716b7ec4 - test[aada8e7e76ba119b]::run_test::{closure#0}
[INFO] [stdout]   16:     0x5e6e716b15f4 - std[617be2ca0a6fd877]::sys::backtrace::__rust_begin_short_backtrace::<test[aada8e7e76ba119b]::run_test::{closure#1}, ()>
[INFO] [stdout]   17:     0x5e6e716bbc82 - <std[617be2ca0a6fd877]::thread::lifecycle::spawn_unchecked<test[aada8e7e76ba119b]::run_test::{closure#1}, ()>::{closure#1} as core[a373ad73a504971]::ops::function::FnOnce<()>>::call_once::{shim:vtable#0}
[INFO] [stdout]   18:     0x5e6e716a1fb4 - <std[617be2ca0a6fd877]::sys::thread::unix::Thread>::new::thread_start
[INFO] [stdout]   19:     0x771f1460fdfa - <unknown>
[INFO] [stdout]   20:     0x771f146a33d4 - clone
[INFO] [stdout]   21:                0x0 - <unknown>
[INFO] [stdout] 
[INFO] [stdout] ---- multi_batch::tests::cancellation_and_failure_return_no_result_or_successor_channel stdout ----
[INFO] [stdout] 
[INFO] [stdout] thread 'multi_batch::tests::cancellation_and_failure_return_no_result_or_successor_channel' (4374) panicked at crates/transcription/src/test_support.rs:85:44:
[INFO] [stdout] test frontend package creation must succeed: "create temporary model package: No such file or directory (os error 2)"
[INFO] [stdout] stack backtrace:
[INFO] [stdout]    0:     0x5e6e716a3106 - <<std[617be2ca0a6fd877]::sys::backtrace::BacktraceLock>::print::DisplayBacktrace as core[a373ad73a504971]::fmt::Display>::fmt
[INFO] [stdout]    1:     0x5e6e715b86fa - core[a373ad73a504971]::fmt::write
[INFO] [stdout]    2:     0x5e6e716a889c - <alloc[2e1b2a31b91974c5]::vec::Vec<u8> as core[a373ad73a504971]::io::write::Write>::write_fmt
[INFO] [stdout]    3:     0x5e6e7167ec12 - std[617be2ca0a6fd877]::panicking::default_hook::{closure#0}
[INFO] [stdout]    4:     0x5e6e7169aad1 - std[617be2ca0a6fd877]::panicking::default_hook
[INFO] [stdout]    5:     0x5e6e7169acb2 - std[617be2ca0a6fd877]::panicking::panic_with_hook
[INFO] [stdout]    6:     0x5e6e7167ecc2 - std[617be2ca0a6fd877]::panicking::panic_handler::{closure#0}
[INFO] [stdout]    7:     0x5e6e71677889 - std[617be2ca0a6fd877]::sys::backtrace::__rust_end_short_backtrace::<std[617be2ca0a6fd877]::panicking::panic_handler::{closure#0}, !>
[INFO] [stdout]    8:     0x5e6e7167f8dd - __rustc[ea4f61d10b84890b]::rust_begin_unwind
[INFO] [stdout]    9:     0x5e6e715b8dec - core[a373ad73a504971]::panicking::panic_fmt
[INFO] [stdout]   10:     0x5e6e715b8bc2 - core[a373ad73a504971]::result::unwrap_failed
[INFO] [stdout]   11:     0x5e6e7164af51 - gigaam_transcription[bb3358f8dffd6c64]::test_support::frontend_at_sample_rate
[INFO] [stdout]   12:     0x5e6e716139fe - gigaam_transcription[bb3358f8dffd6c64]::multi_batch::tests::batch
[INFO] [stdout]   13:     0x5e6e71616985 - <gigaam_transcription[bb3358f8dffd6c64]::multi_batch::tests::cancellation_and_failure_return_no_result_or_successor_channel::{closure#0} as core[a373ad73a504971]::ops::function::FnOnce<()>>::call_once
[INFO] [stdout]   14:     0x5e6e716aa01b - test[aada8e7e76ba119b]::__rust_begin_short_backtrace::<core[a373ad73a504971]::result::Result<(), alloc[2e1b2a31b91974c5]::string::String>, fn() -> core[a373ad73a504971]::result::Result<(), alloc[2e1b2a31b91974c5]::string::String>>
[INFO] [stdout]   15:     0x5e6e716b7ec4 - test[aada8e7e76ba119b]::run_test::{closure#0}
[INFO] [stdout]   16:     0x5e6e716b15f4 - std[617be2ca0a6fd877]::sys::backtrace::__rust_begin_short_backtrace::<test[aada8e7e76ba119b]::run_test::{closure#1}, ()>
[INFO] [stdout]   17:     0x5e6e716bbc82 - <std[617be2ca0a6fd877]::thread::lifecycle::spawn_unchecked<test[aada8e7e76ba119b]::run_test::{closure#1}, ()>::{closure#1} as core[a373ad73a504971]::ops::function::FnOnce<()>>::call_once::{shim:vtable#0}
[INFO] [stdout]   18:     0x5e6e716a1fb4 - <std[617be2ca0a6fd877]::sys::thread::unix::Thread>::new::thread_start
[INFO] [stdout]   19:     0x771f1460fdfa - <unknown>
[INFO] [stdout]   20:     0x771f146a33d4 - clone
[INFO] [stdout]   21:                0x0 - <unknown>
[INFO] [stdout] 
[INFO] [stdout] ---- multi_batch::tests::each_typed_channel_policy_preserves_the_same_application_result_for_same_audio stdout ----
[INFO] [stdout] 
[INFO] [stdout] thread 'multi_batch::tests::each_typed_channel_policy_preserves_the_same_application_result_for_same_audio' (4376) panicked at crates/transcription/src/test_support.rs:85:44:
[INFO] [stdout] test frontend package creation must succeed: "create temporary model package: No such file or directory (os error 2)"
[INFO] [stdout] stack backtrace:
[INFO] [stdout]    0:     0x5e6e716a3106 - <<std[617be2ca0a6fd877]::sys::backtrace::BacktraceLock>::print::DisplayBacktrace as core[a373ad73a504971]::fmt::Display>::fmt
[INFO] [stdout]    1:     0x5e6e715b86fa - core[a373ad73a504971]::fmt::write
[INFO] [stdout]    2:     0x5e6e716a889c - <alloc[2e1b2a31b91974c5]::vec::Vec<u8> as core[a373ad73a504971]::io::write::Write>::write_fmt
[INFO] [stdout]    3:     0x5e6e7167ec12 - std[617be2ca0a6fd877]::panicking::default_hook::{closure#0}
[INFO] [stdout]    4:     0x5e6e7169aad1 - std[617be2ca0a6fd877]::panicking::default_hook
[INFO] [stdout]    5:     0x5e6e7169acb2 - std[617be2ca0a6fd877]::panicking::panic_with_hook
[INFO] [stdout]    6:     0x5e6e7167ecc2 - std[617be2ca0a6fd877]::panicking::panic_handler::{closure#0}
[INFO] [stdout]    7:     0x5e6e71677889 - std[617be2ca0a6fd877]::sys::backtrace::__rust_end_short_backtrace::<std[617be2ca0a6fd877]::panicking::panic_handler::{closure#0}, !>
[INFO] [stdout]    8:     0x5e6e7167f8dd - __rustc[ea4f61d10b84890b]::rust_begin_unwind
[INFO] [stdout]    9:     0x5e6e715b8dec - core[a373ad73a504971]::panicking::panic_fmt
[INFO] [stdout]   10:     0x5e6e715b8bc2 - core[a373ad73a504971]::result::unwrap_failed
[INFO] [stdout]   11:     0x5e6e7164af51 - gigaam_transcription[bb3358f8dffd6c64]::test_support::frontend_at_sample_rate
[INFO] [stdout]   12:     0x5e6e716139fe - gigaam_transcription[bb3358f8dffd6c64]::multi_batch::tests::batch
[INFO] [stdout]   13:     0x5e6e7161aea7 - <gigaam_transcription[bb3358f8dffd6c64]::multi_batch::tests::each_typed_channel_policy_preserves_the_same_application_result_for_same_audio::{closure#0} as core[a373ad73a504971]::ops::function::FnOnce<()>>::call_once
[INFO] [stdout]   14:     0x5e6e716aa01b - test[aada8e7e76ba119b]::__rust_begin_short_backtrace::<core[a373ad73a504971]::result::Result<(), alloc[2e1b2a31b91974c5]::string::String>, fn() -> core[a373ad73a504971]::result::Result<(), alloc[2e1b2a31b91974c5]::string::String>>
[INFO] [stdout]   15:     0x5e6e716b7ec4 - test[aada8e7e76ba119b]::run_test::{closure#0}
[INFO] [stdout]   16:     0x5e6e716b15f4 - std[617be2ca0a6fd877]::sys::backtrace::__rust_begin_short_backtrace::<test[aada8e7e76ba119b]::run_test::{closure#1}, ()>
[INFO] [stdout]   17:     0x5e6e716bbc82 - <std[617be2ca0a6fd877]::thread::lifecycle::spawn_unchecked<test[aada8e7e76ba119b]::run_test::{closure#1}, ()>::{closure#1} as core[a373ad73a504971]::ops::function::FnOnce<()>>::call_once::{shim:vtable#0}
[INFO] [stdout]   18:     0x5e6e716a1fb4 - <std[617be2ca0a6fd877]::sys::thread::unix::Thread>::new::thread_start
[INFO] [stdout]   19:     0x771f1460fdfa - <unknown>
[INFO] [stdout]   20:     0x771f146a33d4 - clone
[INFO] [stdout]   21:                0x0 - <unknown>
[INFO] [stdout] 
[INFO] [stdout] ---- multi_batch::tests::exact_and_padded_short_inputs_remain_distinct_batch_configurations stdout ----
[INFO] [stdout] 
[INFO] [stdout] thread 'multi_batch::tests::exact_and_padded_short_inputs_remain_distinct_batch_configurations' (4377) panicked at crates/transcription/src/test_support.rs:85:44:
[INFO] [stdout] test frontend package creation must succeed: "create temporary model package: No such file or directory (os error 2)"
[INFO] [stdout] stack backtrace:
[INFO] [stdout]    0:     0x5e6e716a3106 - <<std[617be2ca0a6fd877]::sys::backtrace::BacktraceLock>::print::DisplayBacktrace as core[a373ad73a504971]::fmt::Display>::fmt
[INFO] [stdout]    1:     0x5e6e715b86fa - core[a373ad73a504971]::fmt::write
[INFO] [stdout]    2:     0x5e6e716a889c - <alloc[2e1b2a31b91974c5]::vec::Vec<u8> as core[a373ad73a504971]::io::write::Write>::write_fmt
[INFO] [stdout]    3:     0x5e6e7167ec12 - std[617be2ca0a6fd877]::panicking::default_hook::{closure#0}
[INFO] [stdout]    4:     0x5e6e7169aad1 - std[617be2ca0a6fd877]::panicking::default_hook
[INFO] [stdout]    5:     0x5e6e7169acb2 - std[617be2ca0a6fd877]::panicking::panic_with_hook
[INFO] [stdout]    6:     0x5e6e7167ecc2 - std[617be2ca0a6fd877]::panicking::panic_handler::{closure#0}
[INFO] [stdout]    7:     0x5e6e71677889 - std[617be2ca0a6fd877]::sys::backtrace::__rust_end_short_backtrace::<std[617be2ca0a6fd877]::panicking::panic_handler::{closure#0}, !>
[INFO] [stdout]    8:     0x5e6e7167f8dd - __rustc[ea4f61d10b84890b]::rust_begin_unwind
[INFO] [stdout]    9:     0x5e6e715b8dec - core[a373ad73a504971]::panicking::panic_fmt
[INFO] [stdout]   10:     0x5e6e715b8bc2 - core[a373ad73a504971]::result::unwrap_failed
[INFO] [stdout]   11:     0x5e6e7164af51 - gigaam_transcription[bb3358f8dffd6c64]::test_support::frontend_at_sample_rate
[INFO] [stdout]   12:     0x5e6e716139fe - gigaam_transcription[bb3358f8dffd6c64]::multi_batch::tests::batch
[INFO] [stdout]   13:     0x5e6e7161756d - <gigaam_transcription[bb3358f8dffd6c64]::multi_batch::tests::exact_and_padded_short_inputs_remain_distinct_batch_configurations::{closure#0} as core[a373ad73a504971]::ops::function::FnOnce<()>>::call_once
[INFO] [stdout]   14:     0x5e6e716aa01b - test[aada8e7e76ba119b]::__rust_begin_short_backtrace::<core[a373ad73a504971]::result::Result<(), alloc[2e1b2a31b91974c5]::string::String>, fn() -> core[a373ad73a504971]::result::Result<(), alloc[2e1b2a31b91974c5]::string::String>>
[INFO] [stdout]   15:     0x5e6e716b7ec4 - test[aada8e7e76ba119b]::run_test::{closure#0}
[INFO] [stdout]   16:     0x5e6e716b15f4 - std[617be2ca0a6fd877]::sys::backtrace::__rust_begin_short_backtrace::<test[aada8e7e76ba119b]::run_test::{closure#1}, ()>
[INFO] [stdout]   17:     0x5e6e716bbc82 - <std[617be2ca0a6fd877]::thread::lifecycle::spawn_unchecked<test[aada8e7e76ba119b]::run_test::{closure#1}, ()>::{closure#1} as core[a373ad73a504971]::ops::function::FnOnce<()>>::call_once::{shim:vtable#0}
[INFO] [stdout]   18:     0x5e6e716a1fb4 - <std[617be2ca0a6fd877]::sys::thread::unix::Thread>::new::thread_start
[INFO] [stdout]   19:     0x771f1460fdfa - <unknown>
[INFO] [stdout]   20:     0x771f146a33d4 - clone
[INFO] [stdout]   21:                0x0 - <unknown>
[INFO] [stdout] 
[INFO] [stdout] ---- multi_batch::tests::cancellation_precedes_a_simultaneous_input_rate_mismatch stdout ----
[INFO] [stdout] 
[INFO] [stdout] thread 'multi_batch::tests::cancellation_precedes_a_simultaneous_input_rate_mismatch' (4375) panicked at crates/transcription/src/test_support.rs:85:44:
[INFO] [stdout] test frontend package creation must succeed: "create temporary model package: No such file or directory (os error 2)"
[INFO] [stdout] stack backtrace:
[INFO] [stdout]    0:     0x5e6e716a3106 - <<std[617be2ca0a6fd877]::sys::backtrace::BacktraceLock>::print::DisplayBacktrace as core[a373ad73a504971]::fmt::Display>::fmt
[INFO] [stdout]    1:     0x5e6e715b86fa - core[a373ad73a504971]::fmt::write
[INFO] [stdout]    2:     0x5e6e716a889c - <alloc[2e1b2a31b91974c5]::vec::Vec<u8> as core[a373ad73a504971]::io::write::Write>::write_fmt
[INFO] [stdout]    3:     0x5e6e7167ec12 - std[617be2ca0a6fd877]::panicking::default_hook::{closure#0}
[INFO] [stdout]    4:     0x5e6e7169aad1 - std[617be2ca0a6fd877]::panicking::default_hook
[INFO] [stdout]    5:     0x5e6e7169acb2 - std[617be2ca0a6fd877]::panicking::panic_with_hook
[INFO] [stdout]    6:     0x5e6e7167ecc2 - std[617be2ca0a6fd877]::panicking::panic_handler::{closure#0}
[INFO] [stdout]    7:     0x5e6e71677889 - std[617be2ca0a6fd877]::sys::backtrace::__rust_end_short_backtrace::<std[617be2ca0a6fd877]::panicking::panic_handler::{closure#0}, !>
[INFO] [stdout]    8:     0x5e6e7167f8dd - __rustc[ea4f61d10b84890b]::rust_begin_unwind
[INFO] [stdout]    9:     0x5e6e715b8dec - core[a373ad73a504971]::panicking::panic_fmt
[INFO] [stdout]   10:     0x5e6e715b8bc2 - core[a373ad73a504971]::result::unwrap_failed
[INFO] [stdout]   11:     0x5e6e7164af51 - gigaam_transcription[bb3358f8dffd6c64]::test_support::frontend_at_sample_rate
[INFO] [stdout]   12:     0x5e6e716139fe - gigaam_transcription[bb3358f8dffd6c64]::multi_batch::tests::batch
[INFO] [stdout]   13:     0x5e6e71615988 - <gigaam_transcription[bb3358f8dffd6c64]::multi_batch::tests::cancellation_precedes_a_simultaneous_input_rate_mismatch::{closure#0} as core[a373ad73a504971]::ops::function::FnOnce<()>>::call_once
[INFO] [stdout]   14:     0x5e6e716aa01b - test[aada8e7e76ba119b]::__rust_begin_short_backtrace::<core[a373ad73a504971]::result::Result<(), alloc[2e1b2a31b91974c5]::string::String>, fn() -> core[a373ad73a504971]::result::Result<(), alloc[2e1b2a31b91974c5]::string::String>>
[INFO] [stdout]   15:     0x5e6e716b7ec4 - test[aada8e7e76ba119b]::run_test::{closure#0}
[INFO] [stdout]   16:     0x5e6e716b15f4 - std[617be2ca0a6fd877]::sys::backtrace::__rust_begin_short_backtrace::<test[aada8e7e76ba119b]::run_test::{closure#1}, ()>
[INFO] [stdout]   17:     0x5e6e716bbc82 - <std[617be2ca0a6fd877]::thread::lifecycle::spawn_unchecked<test[aada8e7e76ba119b]::run_test::{closure#1}, ()>::{closure#1} as core[a373ad73a504971]::ops::function::FnOnce<()>>::call_once::{shim:vtable#0}
[INFO] [stdout]   18:     0x5e6e716a1fb4 - <std[617be2ca0a6fd877]::sys::thread::unix::Thread>::new::thread_start
[INFO] [stdout]   19:     0x771f1460fdfa - <unknown>
[INFO] [stdout]   20:     0x771f146a33d4 - clone
[INFO] [stdout]   21:                0x0 - <unknown>
[INFO] [stdout] 
[INFO] [stdout] ---- multi_batch::tests::mismatched_input_rate_refuses_before_any_decoder_call stdout ----
[INFO] [stdout] 
[INFO] [stdout] thread 'multi_batch::tests::mismatched_input_rate_refuses_before_any_decoder_call' (4378) panicked at crates/transcription/src/test_support.rs:85:44:
[INFO] [stdout] test frontend package creation must succeed: "create temporary model package: No such file or directory (os error 2)"
[INFO] [stdout] stack backtrace:
[INFO] [stdout]    0:     0x5e6e716a3106 - <<std[617be2ca0a6fd877]::sys::backtrace::BacktraceLock>::print::DisplayBacktrace as core[a373ad73a504971]::fmt::Display>::fmt
[INFO] [stdout]    1:     0x5e6e715b86fa - core[a373ad73a504971]::fmt::write
[INFO] [stdout]    2:     0x5e6e716a889c - <alloc[2e1b2a31b91974c5]::vec::Vec<u8> as core[a373ad73a504971]::io::write::Write>::write_fmt
[INFO] [stdout]    3:     0x5e6e7167ec12 - std[617be2ca0a6fd877]::panicking::default_hook::{closure#0}
[INFO] [stdout]    4:     0x5e6e7169aad1 - std[617be2ca0a6fd877]::panicking::default_hook
[INFO] [stdout]    5:     0x5e6e7169acb2 - std[617be2ca0a6fd877]::panicking::panic_with_hook
[INFO] [stdout]    6:     0x5e6e7167ecc2 - std[617be2ca0a6fd877]::panicking::panic_handler::{closure#0}
[INFO] [stdout]    7:     0x5e6e71677889 - std[617be2ca0a6fd877]::sys::backtrace::__rust_end_short_backtrace::<std[617be2ca0a6fd877]::panicking::panic_handler::{closure#0}, !>
[INFO] [stdout]    8:     0x5e6e7167f8dd - __rustc[ea4f61d10b84890b]::rust_begin_unwind
[INFO] [stdout]    9:     0x5e6e715b8dec - core[a373ad73a504971]::panicking::panic_fmt
[INFO] [stdout]   10:     0x5e6e715b8bc2 - core[a373ad73a504971]::result::unwrap_failed
[INFO] [stdout]   11:     0x5e6e7164af51 - gigaam_transcription[bb3358f8dffd6c64]::test_support::frontend_at_sample_rate
[INFO] [stdout]   12:     0x5e6e716139fe - gigaam_transcription[bb3358f8dffd6c64]::multi_batch::tests::batch
[INFO] [stdout]   13:     0x5e6e71614a1b - <gigaam_transcription[bb3358f8dffd6c64]::multi_batch::tests::mismatched_input_rate_refuses_before_any_decoder_call::{closure#0} as core[a373ad73a504971]::ops::function::FnOnce<()>>::call_once
[INFO] [stdout]   14:     0x5e6e716aa01b - test[aada8e7e76ba119b]::__rust_begin_short_backtrace::<core[a373ad73a504971]::result::Result<(), alloc[2e1b2a31b91974c5]::string::String>, fn() -> core[a373ad73a504971]::result::Result<(), alloc[2e1b2a31b91974c5]::string::String>>
[INFO] [stdout]   15:     0x5e6e716b7ec4 - test[aada8e7e76ba119b]::run_test::{closure#0}
[INFO] [stdout]   16:     0x5e6e716b15f4 - std[617be2ca0a6fd877]::sys::backtrace::__rust_begin_short_backtrace::<test[aada8e7e76ba119b]::run_test::{closure#1}, ()>
[INFO] [stdout]   17:     0x5e6e716bbc82 - <std[617be2ca0a6fd877]::thread::lifecycle::spawn_unchecked<test[aada8e7e76ba119b]::run_test::{closure#1}, ()>::{closure#1} as core[a373ad73a504971]::ops::function::FnOnce<()>>::call_once::{shim:vtable#0}
[INFO] [stdout]   18:     0x5e6e716a1fb4 - <std[617be2ca0a6fd877]::sys::thread::unix::Thread>::new::thread_start
[INFO] [stdout]   19:     0x771f1460fdfa - <unknown>
[INFO] [stdout]   20:     0x771f146a33d4 - clone
[INFO] [stdout]   21:                0x0 - <unknown>
[INFO] [stdout] 
[INFO] [stdout] ---- multi_batch::tests::one_mutable_decoder_preserves_channel_text_timing_segments_turns_and_aggregate_timings stdout ----
[INFO] [stdout] 
[INFO] [stdout] thread 'multi_batch::tests::one_mutable_decoder_preserves_channel_text_timing_segments_turns_and_aggregate_timings' (4379) panicked at crates/transcription/src/test_support.rs:85:44:
[INFO] [stdout] test frontend package creation must succeed: "create temporary model package: No such file or directory (os error 2)"
[INFO] [stdout] stack backtrace:
[INFO] [stdout]    0:     0x5e6e716a3106 - <<std[617be2ca0a6fd877]::sys::backtrace::BacktraceLock>::print::DisplayBacktrace as core[a373ad73a504971]::fmt::Display>::fmt
[INFO] [stdout]    1:     0x5e6e715b86fa - core[a373ad73a504971]::fmt::write
[INFO] [stdout]    2:     0x5e6e716a889c - <alloc[2e1b2a31b91974c5]::vec::Vec<u8> as core[a373ad73a504971]::io::write::Write>::write_fmt
[INFO] [stdout]    3:     0x5e6e7167ec12 - std[617be2ca0a6fd877]::panicking::default_hook::{closure#0}
[INFO] [stdout]    4:     0x5e6e7169aad1 - std[617be2ca0a6fd877]::panicking::default_hook
[INFO] [stdout]    5:     0x5e6e7169acb2 - std[617be2ca0a6fd877]::panicking::panic_with_hook
[INFO] [stdout]    6:     0x5e6e7167ecc2 - std[617be2ca0a6fd877]::panicking::panic_handler::{closure#0}
[INFO] [stdout]    7:     0x5e6e71677889 - std[617be2ca0a6fd877]::sys::backtrace::__rust_end_short_backtrace::<std[617be2ca0a6fd877]::panicking::panic_handler::{closure#0}, !>
[INFO] [stdout]    8:     0x5e6e7167f8dd - __rustc[ea4f61d10b84890b]::rust_begin_unwind
[INFO] [stdout]    9:     0x5e6e715b8dec - core[a373ad73a504971]::panicking::panic_fmt
[INFO] [stdout]   10:     0x5e6e715b8bc2 - core[a373ad73a504971]::result::unwrap_failed
[INFO] [stdout]   11:     0x5e6e7164af51 - gigaam_transcription[bb3358f8dffd6c64]::test_support::frontend_at_sample_rate
[INFO] [stdout]   12:     0x5e6e716139fe - gigaam_transcription[bb3358f8dffd6c64]::multi_batch::tests::batch
[INFO] [stdout]   13:     0x5e6e7161b9e8 - <gigaam_transcription[bb3358f8dffd6c64]::multi_batch::tests::one_mutable_decoder_preserves_channel_text_timing_segments_turns_and_aggregate_timings::{closure#0} as core[a373ad73a504971]::ops::function::FnOnce<()>>::call_once
[INFO] [stdout]   14:     0x5e6e716aa01b - test[aada8e7e76ba119b]::__rust_begin_short_backtrace::<core[a373ad73a504971]::result::Result<(), alloc[2e1b2a31b91974c5]::string::String>, fn() -> core[a373ad73a504971]::result::Result<(), alloc[2e1b2a31b91974c5]::string::String>>
[INFO] [stdout]   15:     0x5e6e716b7ec4 - test[aada8e7e76ba119b]::run_test::{closure#0}
[INFO] [stdout]   16:     0x5e6e716b15f4 - std[617be2ca0a6fd877]::sys::backtrace::__rust_begin_short_backtrace::<test[aada8e7e76ba119b]::run_test::{closure#1}, ()>
[INFO] [stdout]   17:     0x5e6e716bbc82 - <std[617be2ca0a6fd877]::thread::lifecycle::spawn_unchecked<test[aada8e7e76ba119b]::run_test::{closure#1}, ()>::{closure#1} as core[a373ad73a504971]::ops::function::FnOnce<()>>::call_once::{shim:vtable#0}
[INFO] [stdout]   18:     0x5e6e716a1fb4 - <std[617be2ca0a6fd877]::sys::thread::unix::Thread>::new::thread_start
[INFO] [stdout]   19:     0x771f1460fdfa - <unknown>
[INFO] [stdout]   20:     0x771f146a33d4 - clone
[INFO] [stdout]   21:                0x0 - <unknown>
[INFO] [stdout] 
[INFO] [stdout] ---- multi_stream::tests::deduplicate_uses_the_exact_window_and_releases_overshoot_once stdout ----
[INFO] [stdout] 
[INFO] [stdout] thread 'multi_stream::tests::deduplicate_uses_the_exact_window_and_releases_overshoot_once' (4383) panicked at crates/transcription/src/test_support.rs:85:44:
[INFO] [stdout] test frontend package creation must succeed: "create temporary model package: No such file or directory (os error 2)"
[INFO] [stdout] stack backtrace:
[INFO] [stdout]    0:     0x5e6e716a3106 - <<std[617be2ca0a6fd877]::sys::backtrace::BacktraceLock>::print::DisplayBacktrace as core[a373ad73a504971]::fmt::Display>::fmt
[INFO] [stdout]    1:     0x5e6e715b86fa - core[a373ad73a504971]::fmt::write
[INFO] [stdout]    2:     0x5e6e716a889c - <alloc[2e1b2a31b91974c5]::vec::Vec<u8> as core[a373ad73a504971]::io::write::Write>::write_fmt
[INFO] [stdout]    3:     0x5e6e7167ec12 - std[617be2ca0a6fd877]::panicking::default_hook::{closure#0}
[INFO] [stdout]    4:     0x5e6e7169aad1 - std[617be2ca0a6fd877]::panicking::default_hook
[INFO] [stdout]    5:     0x5e6e7169acb2 - std[617be2ca0a6fd877]::panicking::panic_with_hook
[INFO] [stdout]    6:     0x5e6e7167ecc2 - std[617be2ca0a6fd877]::panicking::panic_handler::{closure#0}
[INFO] [stdout]    7:     0x5e6e71677889 - std[617be2ca0a6fd877]::sys::backtrace::__rust_end_short_backtrace::<std[617be2ca0a6fd877]::panicking::panic_handler::{closure#0}, !>
[INFO] [stdout]    8:     0x5e6e7167f8dd - __rustc[ea4f61d10b84890b]::rust_begin_unwind
[INFO] [stdout]    9:     0x5e6e715b8dec - core[a373ad73a504971]::panicking::panic_fmt
[INFO] [stdout]   10:     0x5e6e715b8bc2 - core[a373ad73a504971]::result::unwrap_failed
[INFO] [stdout]   11:     0x5e6e7164af51 - gigaam_transcription[bb3358f8dffd6c64]::test_support::frontend_at_sample_rate
[INFO] [stdout]   12:     0x5e6e715e2f70 - <gigaam_transcription[bb3358f8dffd6c64]::multi_stream::tests::RecordingFactory>::new
[INFO] [stdout]   13:     0x5e6e715ea5bb - <gigaam_transcription[bb3358f8dffd6c64]::multi_stream::tests::deduplicate_uses_the_exact_window_and_releases_overshoot_once::{closure#0} as core[a373ad73a504971]::ops::function::FnOnce<()>>::call_once
[INFO] [stdout]   14:     0x5e6e716aa01b - test[aada8e7e76ba119b]::__rust_begin_short_backtrace::<core[a373ad73a504971]::result::Result<(), alloc[2e1b2a31b91974c5]::string::String>, fn() -> core[a373ad73a504971]::result::Result<(), alloc[2e1b2a31b91974c5]::string::String>>
[INFO] [stdout]   15:     0x5e6e716b7ec4 - test[aada8e7e76ba119b]::run_test::{closure#0}
[INFO] [stdout]   16:     0x5e6e716b15f4 - std[617be2ca0a6fd877]::sys::backtrace::__rust_begin_short_backtrace::<test[aada8e7e76ba119b]::run_test::{closure#1}, ()>
[INFO] [stdout]   17:     0x5e6e716bbc82 - <std[617be2ca0a6fd877]::thread::lifecycle::spawn_unchecked<test[aada8e7e76ba119b]::run_test::{closure#1}, ()>::{closure#1} as core[a373ad73a504971]::ops::function::FnOnce<()>>::call_once::{shim:vtable#0}
[INFO] [stdout]   18:     0x5e6e716a1fb4 - <std[617be2ca0a6fd877]::sys::thread::unix::Thread>::new::thread_start
[INFO] [stdout]   19:     0x771f1460fdfa - <unknown>
[INFO] [stdout]   20:     0x771f146a33d4 - clone
[INFO] [stdout]   21:                0x0 - <unknown>
[INFO] [stdout] 
[INFO] [stdout] ---- multi_stream::tests::all_channels_activates_without_correlation_or_selection_observation stdout ----
[INFO] [stdout] 
[INFO] [stdout] thread 'multi_stream::tests::all_channels_activates_without_correlation_or_selection_observation' (4382) panicked at crates/transcription/src/test_support.rs:85:44:
[INFO] [stdout] test frontend package creation must succeed: "create temporary model package: No such file or directory (os error 2)"
[INFO] [stdout] stack backtrace:
[INFO] [stdout]    0:     0x5e6e716a3106 - <<std[617be2ca0a6fd877]::sys::backtrace::BacktraceLock>::print::DisplayBacktrace as core[a373ad73a504971]::fmt::Display>::fmt
[INFO] [stdout]    1:     0x5e6e715b86fa - core[a373ad73a504971]::fmt::write
[INFO] [stdout]    2:     0x5e6e716a889c - <alloc[2e1b2a31b91974c5]::vec::Vec<u8> as core[a373ad73a504971]::io::write::Write>::write_fmt
[INFO] [stdout]    3:     0x5e6e7167ec12 - std[617be2ca0a6fd877]::panicking::default_hook::{closure#0}
[INFO] [stdout]    4:     0x5e6e7169aad1 - std[617be2ca0a6fd877]::panicking::default_hook
[INFO] [stdout]    5:     0x5e6e7169acb2 - std[617be2ca0a6fd877]::panicking::panic_with_hook
[INFO] [stdout]    6:     0x5e6e7167ecc2 - std[617be2ca0a6fd877]::panicking::panic_handler::{closure#0}
[INFO] [stdout]    7:     0x5e6e71677889 - std[617be2ca0a6fd877]::sys::backtrace::__rust_end_short_backtrace::<std[617be2ca0a6fd877]::panicking::panic_handler::{closure#0}, !>
[INFO] [stdout]    8:     0x5e6e7167f8dd - __rustc[ea4f61d10b84890b]::rust_begin_unwind
[INFO] [stdout]    9:     0x5e6e715b8dec - core[a373ad73a504971]::panicking::panic_fmt
[INFO] [stdout]   10:     0x5e6e715b8bc2 - core[a373ad73a504971]::result::unwrap_failed
[INFO] [stdout]   11:     0x5e6e7164af51 - gigaam_transcription[bb3358f8dffd6c64]::test_support::frontend_at_sample_rate
[INFO] [stdout]   12:     0x5e6e715e2f70 - <gigaam_transcription[bb3358f8dffd6c64]::multi_stream::tests::RecordingFactory>::new
[INFO] [stdout]   13:     0x5e6e715ef5d1 - <gigaam_transcription[bb3358f8dffd6c64]::multi_stream::tests::all_channels_activates_without_correlation_or_selection_observation::{closure#0} as core[a373ad73a504971]::ops::function::FnOnce<()>>::call_once
[INFO] [stdout]   14:     0x5e6e716aa01b - test[aada8e7e76ba119b]::__rust_begin_short_backtrace::<core[a373ad73a504971]::result::Result<(), alloc[2e1b2a31b91974c5]::string::String>, fn() -> core[a373ad73a504971]::result::Result<(), alloc[2e1b2a31b91974c5]::string::String>>
[INFO] [stdout]   15:     0x5e6e716b7ec4 - test[aada8e7e76ba119b]::run_test::{closure#0}
[INFO] [stdout]   16:     0x5e6e716b15f4 - std[617be2ca0a6fd877]::sys::backtrace::__rust_begin_short_backtrace::<test[aada8e7e76ba119b]::run_test::{closure#1}, ()>
[INFO] [stdout]   17:     0x5e6e716bbc82 - <std[617be2ca0a6fd877]::thread::lifecycle::spawn_unchecked<test[aada8e7e76ba119b]::run_test::{closure#1}, ()>::{closure#1} as core[a373ad73a504971]::ops::function::FnOnce<()>>::call_once::{shim:vtable#0}
[INFO] [stdout]   18:     0x5e6e716a1fb4 - <std[617be2ca0a6fd877]::sys::thread::unix::Thread>::new::thread_start
[INFO] [stdout]   19:     0x771f1460fdfa - <unknown>
[INFO] [stdout]   20:     0x771f146a33d4 - clone
[INFO] [stdout]   21:                0x0 - <unknown>
[INFO] [stdout] 
[INFO] [stdout] ---- multi_batch::tests::batch_policies_preserve_original_identity_for_one_two_and_three_channels stdout ----
[INFO] [stdout] 
[INFO] [stdout] thread 'multi_batch::tests::batch_policies_preserve_original_identity_for_one_two_and_three_channels' (4373) panicked at crates/transcription/src/test_support.rs:85:44:
[INFO] [stdout] test frontend package creation must succeed: "create temporary model package: No such file or directory (os error 2)"
[INFO] [stdout] stack backtrace:
[INFO] [stdout]    0:     0x5e6e716a3106 - <<std[617be2ca0a6fd877]::sys::backtrace::BacktraceLock>::print::DisplayBacktrace as core[a373ad73a504971]::fmt::Display>::fmt
[INFO] [stdout]    1:     0x5e6e715b86fa - core[a373ad73a504971]::fmt::write
[INFO] [stdout]    2:     0x5e6e716a889c - <alloc[2e1b2a31b91974c5]::vec::Vec<u8> as core[a373ad73a504971]::io::write::Write>::write_fmt
[INFO] [stdout]    3:     0x5e6e7167ec12 - std[617be2ca0a6fd877]::panicking::default_hook::{closure#0}
[INFO] [stdout]    4:     0x5e6e7169aad1 - std[617be2ca0a6fd877]::panicking::default_hook
[INFO] [stdout]    5:     0x5e6e7169acb2 - std[617be2ca0a6fd877]::panicking::panic_with_hook
[INFO] [stdout]    6:     0x5e6e7167ecc2 - std[617be2ca0a6fd877]::panicking::panic_handler::{closure#0}
[INFO] [stdout]    7:     0x5e6e71677889 - std[617be2ca0a6fd877]::sys::backtrace::__rust_end_short_backtrace::<std[617be2ca0a6fd877]::panicking::panic_handler::{closure#0}, !>
[INFO] [stdout]    8:     0x5e6e7167f8dd - __rustc[ea4f61d10b84890b]::rust_begin_unwind
[INFO] [stdout]    9:     0x5e6e715b8dec - core[a373ad73a504971]::panicking::panic_fmt
[INFO] [stdout]   10:     0x5e6e715b8bc2 - core[a373ad73a504971]::result::unwrap_failed
[INFO] [stdout]   11:     0x5e6e7164af51 - gigaam_transcription[bb3358f8dffd6c64]::test_support::frontend_at_sample_rate
[INFO] [stdout]   12:     0x5e6e716139fe - gigaam_transcription[bb3358f8dffd6c64]::multi_batch::tests::batch
[INFO] [stdout]   13:     0x5e6e71618143 - <gigaam_transcription[bb3358f8dffd6c64]::multi_batch::tests::batch_policies_preserve_original_identity_for_one_two_and_three_channels::{closure#0} as core[a373ad73a504971]::ops::function::FnOnce<()>>::call_once
[INFO] [stdout]   14:     0x5e6e716aa01b - test[aada8e7e76ba119b]::__rust_begin_short_backtrace::<core[a373ad73a504971]::result::Result<(), alloc[2e1b2a31b91974c5]::string::String>, fn() -> core[a373ad73a504971]::result::Result<(), alloc[2e1b2a31b91974c5]::string::String>>
[INFO] [stdout]   15:     0x5e6e716b7ec4 - test[aada8e7e76ba119b]::run_test::{closure#0}
[INFO] [stdout]   16:     0x5e6e716b15f4 - std[617be2ca0a6fd877]::sys::backtrace::__rust_begin_short_backtrace::<test[aada8e7e76ba119b]::run_test::{closure#1}, ()>
[INFO] [stdout]   17:     0x5e6e716bbc82 - <std[617be2ca0a6fd877]::thread::lifecycle::spawn_unchecked<test[aada8e7e76ba119b]::run_test::{closure#1}, ()>::{closure#1} as core[a373ad73a504971]::ops::function::FnOnce<()>>::call_once::{shim:vtable#0}
[INFO] [stdout]   18:     0x5e6e716a1fb4 - <std[617be2ca0a6fd877]::sys::thread::unix::Thread>::new::thread_start
[INFO] [stdout]   19:     0x771f1460fdfa - <unknown>
[INFO] [stdout]   20:     0x771f146a33d4 - clone
[INFO] [stdout]   21:                0x0 - <unknown>
[INFO] [stdout] 
[INFO] [stdout] ---- multi_stream::tests::first_live_error_or_cancellation_stops_later_active_channels stdout ----
[INFO] [stdout] 
[INFO] [stdout] thread 'multi_stream::tests::first_live_error_or_cancellation_stops_later_active_channels' (4388) panicked at crates/transcription/src/test_support.rs:85:44:
[INFO] [stdout] test frontend package creation must succeed: "create temporary model package: No such file or directory (os error 2)"
[INFO] [stdout] stack backtrace:
[INFO] [stdout]    0:     0x5e6e716a3106 - <<std[617be2ca0a6fd877]::sys::backtrace::BacktraceLock>::print::DisplayBacktrace as core[a373ad73a504971]::fmt::Display>::fmt
[INFO] [stdout]    1:     0x5e6e715b86fa - core[a373ad73a504971]::fmt::write
[INFO] [stdout]    2:     0x5e6e716a889c - <alloc[2e1b2a31b91974c5]::vec::Vec<u8> as core[a373ad73a504971]::io::write::Write>::write_fmt
[INFO] [stdout]    3:     0x5e6e7167ec12 - std[617be2ca0a6fd877]::panicking::default_hook::{closure#0}
[INFO] [stdout]    4:     0x5e6e7169aad1 - std[617be2ca0a6fd877]::panicking::default_hook
[INFO] [stdout]    5:     0x5e6e7169acb2 - std[617be2ca0a6fd877]::panicking::panic_with_hook
[INFO] [stdout]    6:     0x5e6e7167ecc2 - std[617be2ca0a6fd877]::panicking::panic_handler::{closure#0}
[INFO] [stdout]    7:     0x5e6e71677889 - std[617be2ca0a6fd877]::sys::backtrace::__rust_end_short_backtrace::<std[617be2ca0a6fd877]::panicking::panic_handler::{closure#0}, !>
[INFO] [stdout]    8:     0x5e6e7167f8dd - __rustc[ea4f61d10b84890b]::rust_begin_unwind
[INFO] [stdout]    9:     0x5e6e715b8dec - core[a373ad73a504971]::panicking::panic_fmt
[INFO] [stdout]   10:     0x5e6e715b8bc2 - core[a373ad73a504971]::result::unwrap_failed
[INFO] [stdout]   11:     0x5e6e7164af51 - gigaam_transcription[bb3358f8dffd6c64]::test_support::frontend_at_sample_rate
[INFO] [stdout]   12:     0x5e6e715e2f70 - <gigaam_transcription[bb3358f8dffd6c64]::multi_stream::tests::RecordingFactory>::new
[INFO] [stdout]   13:     0x5e6e715e9c5b - <gigaam_transcription[bb3358f8dffd6c64]::multi_stream::tests::first_live_error_or_cancellation_stops_later_active_channels::{closure#0} as core[a373ad73a504971]::ops::function::FnOnce<()>>::call_once
[INFO] [stdout]   14:     0x5e6e716aa01b - test[aada8e7e76ba119b]::__rust_begin_short_backtrace::<core[a373ad73a504971]::result::Result<(), alloc[2e1b2a31b91974c5]::string::String>, fn() -> core[a373ad73a504971]::result::Result<(), alloc[2e1b2a31b91974c5]::string::String>>
[INFO] [stdout]   15:     0x5e6e716b7ec4 - test[aada8e7e76ba119b]::run_test::{closure#0}
[INFO] [stdout]   16:     0x5e6e716b15f4 - std[617be2ca0a6fd877]::sys::backtrace::__rust_begin_short_backtrace::<test[aada8e7e76ba119b]::run_test::{closure#1}, ()>
[INFO] [stdout]   17:     0x5e6e716bbc82 - <std[617be2ca0a6fd877]::thread::lifecycle::spawn_unchecked<test[aada8e7e76ba119b]::run_test::{closure#1}, ()>::{closure#1} as core[a373ad73a504971]::ops::function::FnOnce<()>>::call_once::{shim:vtable#0}
[INFO] [stdout]   18:     0x5e6e716a1fb4 - <std[617be2ca0a6fd877]::sys::thread::unix::Thread>::new::thread_start
[INFO] [stdout]   19:     0x771f1460fdfa - <unknown>
[INFO] [stdout]   20:     0x771f146a33d4 - clone
[INFO] [stdout]   21:                0x0 - <unknown>
[INFO] [stdout] 
[INFO] [stdout] ---- multi_stream::tests::later_terminal_tail_failure_or_cancellation_is_atomic_and_stops_the_third_channel stdout ----
[INFO] [stdout] 
[INFO] [stdout] thread 'multi_stream::tests::later_terminal_tail_failure_or_cancellation_is_atomic_and_stops_the_third_channel' (4390) panicked at crates/transcription/src/test_support.rs:85:44:
[INFO] [stdout] test frontend package creation must succeed: "create temporary model package: No such file or directory (os error 2)"
[INFO] [stdout] stack backtrace:
[INFO] [stdout]    0:     0x5e6e716a3106 - <<std[617be2ca0a6fd877]::sys::backtrace::BacktraceLock>::print::DisplayBacktrace as core[a373ad73a504971]::fmt::Display>::fmt
[INFO] [stdout]    1:     0x5e6e715b86fa - core[a373ad73a504971]::fmt::write
[INFO] [stdout]    2:     0x5e6e716a889c - <alloc[2e1b2a31b91974c5]::vec::Vec<u8> as core[a373ad73a504971]::io::write::Write>::write_fmt
[INFO] [stdout]    3:     0x5e6e7167ec12 - std[617be2ca0a6fd877]::panicking::default_hook::{closure#0}
[INFO] [stdout]    4:     0x5e6e7169aad1 - std[617be2ca0a6fd877]::panicking::default_hook
[INFO] [stdout]    5:     0x5e6e7169acb2 - std[617be2ca0a6fd877]::panicking::panic_with_hook
[INFO] [stdout]    6:     0x5e6e7167ecc2 - std[617be2ca0a6fd877]::panicking::panic_handler::{closure#0}
[INFO] [stdout]    7:     0x5e6e71677889 - std[617be2ca0a6fd877]::sys::backtrace::__rust_end_short_backtrace::<std[617be2ca0a6fd877]::panicking::panic_handler::{closure#0}, !>
[INFO] [stdout]    8:     0x5e6e7167f8dd - __rustc[ea4f61d10b84890b]::rust_begin_unwind
[INFO] [stdout]    9:     0x5e6e715b8dec - core[a373ad73a504971]::panicking::panic_fmt
[INFO] [stdout]   10:     0x5e6e715b8bc2 - core[a373ad73a504971]::result::unwrap_failed
[INFO] [stdout]   11:     0x5e6e7164af51 - gigaam_transcription[bb3358f8dffd6c64]::test_support::frontend_at_sample_rate
[INFO] [stdout]   12:     0x5e6e715e2f70 - <gigaam_transcription[bb3358f8dffd6c64]::multi_stream::tests::RecordingFactory>::new
[INFO] [stdout]   13:     0x5e6e715f76d0 - <gigaam_transcription[bb3358f8dffd6c64]::multi_stream::tests::later_terminal_tail_failure_or_cancellation_is_atomic_and_stops_the_third_channel::{closure#0} as core[a373ad73a504971]::ops::function::FnOnce<()>>::call_once
[INFO] [stdout]   14:     0x5e6e716aa01b - test[aada8e7e76ba119b]::__rust_begin_short_backtrace::<core[a373ad73a504971]::result::Result<(), alloc[2e1b2a31b91974c5]::string::String>, fn() -> core[a373ad73a504971]::result::Result<(), alloc[2e1b2a31b91974c5]::string::String>>
[INFO] [stdout]   15:     0x5e6e716b7ec4 - test[aada8e7e76ba119b]::run_test::{closure#0}
[INFO] [stdout]   16:     0x5e6e716b15f4 - std[617be2ca0a6fd877]::sys::backtrace::__rust_begin_short_backtrace::<test[aada8e7e76ba119b]::run_test::{closure#1}, ()>
[INFO] [stdout]   17:     0x5e6e716bbc82 - <std[617be2ca0a6fd877]::thread::lifecycle::spawn_unchecked<test[aada8e7e76ba119b]::run_test::{closure#1}, ()>::{closure#1} as core[a373ad73a504971]::ops::function::FnOnce<()>>::call_once::{shim:vtable#0}
[INFO] [stdout]   18:     0x5e6e716a1fb4 - <std[617be2ca0a6fd877]::sys::thread::unix::Thread>::new::thread_start
[INFO] [stdout]   19:     0x771f1460fdfa - <unknown>
[INFO] [stdout]   20:     0x771f146a33d4 - clone
[INFO] [stdout]   21:                0x0 - <unknown>
[INFO] [stdout] 
[INFO] [stdout] ---- multi_stream::tests::nonidentity_terminal_tail_matches_offline_selection_and_dialogue stdout ----
[INFO] [stdout] 
[INFO] [stdout] thread 'multi_stream::tests::nonidentity_terminal_tail_matches_offline_selection_and_dialogue' (4392) panicked at crates/transcription/src/test_support.rs:85:44:
[INFO] [stdout] test frontend package creation must succeed: "create temporary model package: No such file or directory (os error 2)"
[INFO] [stdout] stack backtrace:
[INFO] [stdout]    0:     0x5e6e716a3106 - <<std[617be2ca0a6fd877]::sys::backtrace::BacktraceLock>::print::DisplayBacktrace as core[a373ad73a504971]::fmt::Display>::fmt
[INFO] [stdout]    1:     0x5e6e715b86fa - core[a373ad73a504971]::fmt::write
[INFO] [stdout]    2:     0x5e6e716a889c - <alloc[2e1b2a31b91974c5]::vec::Vec<u8> as core[a373ad73a504971]::io::write::Write>::write_fmt
[INFO] [stdout]    3:     0x5e6e7167ec12 - std[617be2ca0a6fd877]::panicking::default_hook::{closure#0}
[INFO] [stdout]    4:     0x5e6e7169aad1 - std[617be2ca0a6fd877]::panicking::default_hook
[INFO] [stdout]    5:     0x5e6e7169acb2 - std[617be2ca0a6fd877]::panicking::panic_with_hook
[INFO] [stdout]    6:     0x5e6e7167ecc2 - std[617be2ca0a6fd877]::panicking::panic_handler::{closure#0}
[INFO] [stdout]    7:     0x5e6e71677889 - std[617be2ca0a6fd877]::sys::backtrace::__rust_end_short_backtrace::<std[617be2ca0a6fd877]::panicking::panic_handler::{closure#0}, !>
[INFO] [stdout]    8:     0x5e6e7167f8dd - __rustc[ea4f61d10b84890b]::rust_begin_unwind
[INFO] [stdout]    9:     0x5e6e715b8dec - core[a373ad73a504971]::panicking::panic_fmt
[INFO] [stdout]   10:     0x5e6e715b8bc2 - core[a373ad73a504971]::result::unwrap_failed
[INFO] [stdout]   11:     0x5e6e7164af51 - gigaam_transcription[bb3358f8dffd6c64]::test_support::frontend_at_sample_rate
[INFO] [stdout]   12:     0x5e6e715e2f70 - <gigaam_transcription[bb3358f8dffd6c64]::multi_stream::tests::RecordingFactory>::new
[INFO] [stdout]   13:     0x5e6e715ec9f6 - <gigaam_transcription[bb3358f8dffd6c64]::multi_stream::tests::nonidentity_terminal_tail_matches_offline_selection_and_dialogue::{closure#0} as core[a373ad73a504971]::ops::function::FnOnce<()>>::call_once
[INFO] [stdout]   14:     0x5e6e716aa01b - test[aada8e7e76ba119b]::__rust_begin_short_backtrace::<core[a373ad73a504971]::result::Result<(), alloc[2e1b2a31b91974c5]::string::String>, fn() -> core[a373ad73a504971]::result::Result<(), alloc[2e1b2a31b91974c5]::string::String>>
[INFO] [stdout]   15:     0x5e6e716b7ec4 - test[aada8e7e76ba119b]::run_test::{closure#0}
[INFO] [stdout]   16:     0x5e6e716b15f4 - std[617be2ca0a6fd877]::sys::backtrace::__rust_begin_short_backtrace::<test[aada8e7e76ba119b]::run_test::{closure#1}, ()>
[INFO] [stdout]   17:     0x5e6e716bbc82 - <std[617be2ca0a6fd877]::thread::lifecycle::spawn_unchecked<test[aada8e7e76ba119b]::run_test::{closure#1}, ()>::{closure#1} as core[a373ad73a504971]::ops::function::FnOnce<()>>::call_once::{shim:vtable#0}
[INFO] [stdout]   18:     0x5e6e716a1fb4 - <std[617be2ca0a6fd877]::sys::thread::unix::Thread>::new::thread_start
[INFO] [stdout]   19:     0x771f1460fdfa - <unknown>
[INFO] [stdout]   20:     0x771f146a33d4 - clone
[INFO] [stdout]   21:                0x0 - <unknown>
[INFO] [stdout] 
[INFO] [stdout] ---- multi_stream::tests::factories_observe_bound_setup_identity_and_pre_factory_refusals_have_no_effect stdout ----
[INFO] [stdout] 
[INFO] [stdout] thread 'multi_stream::tests::factories_observe_bound_setup_identity_and_pre_factory_refusals_have_no_effect' (4387) panicked at crates/transcription/src/test_support.rs:85:44:
[INFO] [stdout] test frontend package creation must succeed: "create temporary model package: No such file or directory (os error 2)"
[INFO] [stdout] stack backtrace:
[INFO] [stdout]    0:     0x5e6e716a3106 - <<std[617be2ca0a6fd877]::sys::backtrace::BacktraceLock>::print::DisplayBacktrace as core[a373ad73a504971]::fmt::Display>::fmt
[INFO] [stdout]    1:     0x5e6e715b86fa - core[a373ad73a504971]::fmt::write
[INFO] [stdout]    2:     0x5e6e716a889c - <alloc[2e1b2a31b91974c5]::vec::Vec<u8> as core[a373ad73a504971]::io::write::Write>::write_fmt
[INFO] [stdout]    3:     0x5e6e7167ec12 - std[617be2ca0a6fd877]::panicking::default_hook::{closure#0}
[INFO] [stdout]    4:     0x5e6e7169aad1 - std[617be2ca0a6fd877]::panicking::default_hook
[INFO] [stdout]    5:     0x5e6e7169acb2 - std[617be2ca0a6fd877]::panicking::panic_with_hook
[INFO] [stdout]    6:     0x5e6e7167ecc2 - std[617be2ca0a6fd877]::panicking::panic_handler::{closure#0}
[INFO] [stdout]    7:     0x5e6e71677889 - std[617be2ca0a6fd877]::sys::backtrace::__rust_end_short_backtrace::<std[617be2ca0a6fd877]::panicking::panic_handler::{closure#0}, !>
[INFO] [stdout]    8:     0x5e6e7167f8dd - __rustc[ea4f61d10b84890b]::rust_begin_unwind
[INFO] [stdout]    9:     0x5e6e715b8dec - core[a373ad73a504971]::panicking::panic_fmt
[INFO] [stdout]   10:     0x5e6e715b8bc2 - core[a373ad73a504971]::result::unwrap_failed
[INFO] [stdout]   11:     0x5e6e7164af51 - gigaam_transcription[bb3358f8dffd6c64]::test_support::frontend_at_sample_rate
[INFO] [stdout]   12:     0x5e6e715e2f70 - <gigaam_transcription[bb3358f8dffd6c64]::multi_stream::tests::RecordingFactory>::new
[INFO] [stdout]   13:     0x5e6e715f613b - <gigaam_transcription[bb3358f8dffd6c64]::multi_stream::tests::factories_observe_bound_setup_identity_and_pre_factory_refusals_have_no_effect::{closure#0} as core[a373ad73a504971]::ops::function::FnOnce<()>>::call_once
[INFO] [stdout]   14:     0x5e6e716aa01b - test[aada8e7e76ba119b]::__rust_begin_short_backtrace::<core[a373ad73a504971]::result::Result<(), alloc[2e1b2a31b91974c5]::string::String>, fn() -> core[a373ad73a504971]::result::Result<(), alloc[2e1b2a31b91974c5]::string::String>>
[INFO] [stdout]   15:     0x5e6e716b7ec4 - test[aada8e7e76ba119b]::run_test::{closure#0}
[INFO] [stdout]   16:     0x5e6e716b15f4 - std[617be2ca0a6fd877]::sys::backtrace::__rust_begin_short_backtrace::<test[aada8e7e76ba119b]::run_test::{closure#1}, ()>
[INFO] [stdout]   17:     0x5e6e716bbc82 - <std[617be2ca0a6fd877]::thread::lifecycle::spawn_unchecked<test[aada8e7e76ba119b]::run_test::{closure#1}, ()>::{closure#1} as core[a373ad73a504971]::ops::function::FnOnce<()>>::call_once::{shim:vtable#0}
[INFO] [stdout]   18:     0x5e6e716a1fb4 - <std[617be2ca0a6fd877]::sys::thread::unix::Thread>::new::thread_start
[INFO] [stdout]   19:     0x771f1460fdfa - <unknown>
[INFO] [stdout]   20:     0x771f146a33d4 - clone
[INFO] [stdout]   21:                0x0 - <unknown>
[INFO] [stdout] 
[INFO] [stdout] ---- multi_stream::tests::offline_workflow_assigns_reachable_failure_origins_without_losing_raw_errors stdout ----
[INFO] [stdout] 
[INFO] [stdout] thread 'multi_stream::tests::offline_workflow_assigns_reachable_failure_origins_without_losing_raw_errors' (4396) panicked at crates/transcription/src/test_support.rs:85:44:
[INFO] [stdout] test frontend package creation must succeed: "create temporary model package: No such file or directory (os error 2)"
[INFO] [stdout] stack backtrace:
[INFO] [stdout]    0:     0x5e6e716a3106 - <<std[617be2ca0a6fd877]::sys::backtrace::BacktraceLock>::print::DisplayBacktrace as core[a373ad73a504971]::fmt::Display>::fmt
[INFO] [stdout]    1:     0x5e6e715b86fa - core[a373ad73a504971]::fmt::write
[INFO] [stdout]    2:     0x5e6e716a889c - <alloc[2e1b2a31b91974c5]::vec::Vec<u8> as core[a373ad73a504971]::io::write::Write>::write_fmt
[INFO] [stdout]    3:     0x5e6e7167ec12 - std[617be2ca0a6fd877]::panicking::default_hook::{closure#0}
[INFO] [stdout]    4:     0x5e6e7169aad1 - std[617be2ca0a6fd877]::panicking::default_hook
[INFO] [stdout]    5:     0x5e6e7169acb2 - std[617be2ca0a6fd877]::panicking::panic_with_hook
[INFO] [stdout]    6:     0x5e6e7167ecc2 - std[617be2ca0a6fd877]::panicking::panic_handler::{closure#0}
[INFO] [stdout]    7:     0x5e6e71677889 - std[617be2ca0a6fd877]::sys::backtrace::__rust_end_short_backtrace::<std[617be2ca0a6fd877]::panicking::panic_handler::{closure#0}, !>
[INFO] [stdout]    8:     0x5e6e7167f8dd - __rustc[ea4f61d10b84890b]::rust_begin_unwind
[INFO] [stdout]    9:     0x5e6e715b8dec - core[a373ad73a504971]::panicking::panic_fmt
[INFO] [stdout]   10:     0x5e6e715b8bc2 - core[a373ad73a504971]::result::unwrap_failed
[INFO] [stdout]   11:     0x5e6e7164af51 - gigaam_transcription[bb3358f8dffd6c64]::test_support::frontend_at_sample_rate
[INFO] [stdout]   12:     0x5e6e715e2f70 - <gigaam_transcription[bb3358f8dffd6c64]::multi_stream::tests::RecordingFactory>::new
[INFO] [stdout]   13:     0x5e6e715f4272 - <gigaam_transcription[bb3358f8dffd6c64]::multi_stream::tests::offline_workflow_assigns_reachable_failure_origins_without_losing_raw_errors::{closure#0} as core[a373ad73a504971]::ops::function::FnOnce<()>>::call_once
[INFO] [stdout]   14:     0x5e6e716aa01b - test[aada8e7e76ba119b]::__rust_begin_short_backtrace::<core[a373ad73a504971]::result::Result<(), alloc[2e1b2a31b91974c5]::string::String>, fn() -> core[a373ad73a504971]::result::Result<(), alloc[2e1b2a31b91974c5]::string::String>>
[INFO] [stdout]   15:     0x5e6e716b7ec4 - test[aada8e7e76ba119b]::run_test::{closure#0}
[INFO] [stdout]   16:     0x5e6e716b15f4 - std[617be2ca0a6fd877]::sys::backtrace::__rust_begin_short_backtrace::<test[aada8e7e76ba119b]::run_test::{closure#1}, ()>
[INFO] [stdout]   17:     0x5e6e716bbc82 - <std[617be2ca0a6fd877]::thread::lifecycle::spawn_unchecked<test[aada8e7e76ba119b]::run_test::{closure#1}, ()>::{closure#1} as core[a373ad73a504971]::ops::function::FnOnce<()>>::call_once::{shim:vtable#0}
[INFO] [stdout]   18:     0x5e6e716a1fb4 - <std[617be2ca0a6fd877]::sys::thread::unix::Thread>::new::thread_start
[INFO] [stdout]   19:     0x771f1460fdfa - <unknown>
[INFO] [stdout]   20:     0x771f146a33d4 - clone
[INFO] [stdout]   21:                0x0 - <unknown>
[INFO] [stdout] 
[INFO] [stdout] ---- multi_stream::tests::emission_modes_preserve_event_order_patch_observations_and_dialogue_state stdout ----
[INFO] [stdout] 
[INFO] [stdout] thread 'multi_stream::tests::emission_modes_preserve_event_order_patch_observations_and_dialogue_state' (4385) panicked at crates/transcription/src/test_support.rs:85:44:
[INFO] [stdout] test frontend package creation must succeed: "create temporary model package: No such file or directory (os error 2)"
[INFO] [stdout] stack backtrace:
[INFO] [stdout]    0:     0x5e6e716a3106 - <<std[617be2ca0a6fd877]::sys::backtrace::BacktraceLock>::print::DisplayBacktrace as core[a373ad73a504971]::fmt::Display>::fmt
[INFO] [stdout]    1:     0x5e6e715b86fa - core[a373ad73a504971]::fmt::write
[INFO] [stdout]    2:     0x5e6e716a889c - <alloc[2e1b2a31b91974c5]::vec::Vec<u8> as core[a373ad73a504971]::io::write::Write>::write_fmt
[INFO] [stdout]    3:     0x5e6e7167ec12 - std[617be2ca0a6fd877]::panicking::default_hook::{closure#0}
[INFO] [stdout]    4:     0x5e6e7169aad1 - std[617be2ca0a6fd877]::panicking::default_hook
[INFO] [stdout]    5:     0x5e6e7169acb2 - std[617be2ca0a6fd877]::panicking::panic_with_hook
[INFO] [stdout]    6:     0x5e6e7167ecc2 - std[617be2ca0a6fd877]::panicking::panic_handler::{closure#0}
[INFO] [stdout]    7:     0x5e6e71677889 - std[617be2ca0a6fd877]::sys::backtrace::__rust_end_short_backtrace::<std[617be2ca0a6fd877]::panicking::panic_handler::{closure#0}, !>
[INFO] [stdout]    8:     0x5e6e7167f8dd - __rustc[ea4f61d10b84890b]::rust_begin_unwind
[INFO] [stdout]    9:     0x5e6e715b8dec - core[a373ad73a504971]::panicking::panic_fmt
[INFO] [stdout]   10:     0x5e6e715b8bc2 - core[a373ad73a504971]::result::unwrap_failed
[INFO] [stdout]   11:     0x5e6e7164af51 - gigaam_transcription[bb3358f8dffd6c64]::test_support::frontend_at_sample_rate
[INFO] [stdout]   12:     0x5e6e715e2f70 - <gigaam_transcription[bb3358f8dffd6c64]::multi_stream::tests::RecordingFactory>::new
[INFO] [stdout]   13:     0x5e6e715f31c8 - <gigaam_transcription[bb3358f8dffd6c64]::multi_stream::tests::emission_modes_preserve_event_order_patch_observations_and_dialogue_state::{closure#0} as core[a373ad73a504971]::ops::function::FnOnce<()>>::call_once
[INFO] [stdout]   14:     0x5e6e716aa01b - test[aada8e7e76ba119b]::__rust_begin_short_backtrace::<core[a373ad73a504971]::result::Result<(), alloc[2e1b2a31b91974c5]::string::String>, fn() -> core[a373ad73a504971]::result::Result<(), alloc[2e1b2a31b91974c5]::string::String>>
[INFO] [stdout]   15:     0x5e6e716b7ec4 - test[aada8e7e76ba119b]::run_test::{closure#0}
[INFO] [stdout]   16:     0x5e6e716b15f4 - std[617be2ca0a6fd877]::sys::backtrace::__rust_begin_short_backtrace::<test[aada8e7e76ba119b]::run_test::{closure#1}, ()>
[INFO] [stdout]   17:     0x5e6e716bbc82 - <std[617be2ca0a6fd877]::thread::lifecycle::spawn_unchecked<test[aada8e7e76ba119b]::run_test::{closure#1}, ()>::{closure#1} as core[a373ad73a504971]::ops::function::FnOnce<()>>::call_once::{shim:vtable#0}
[INFO] [stdout]   18:     0x5e6e716a1fb4 - <std[617be2ca0a6fd877]::sys::thread::unix::Thread>::new::thread_start
[INFO] [stdout]   19:     0x771f1460fdfa - <unknown>
[INFO] [stdout]   20:     0x771f146a33d4 - clone
[INFO] [stdout]   21:                0x0 - <unknown>
[INFO] [stdout] 
[INFO] [stdout] ---- multi_stream::tests::later_live_failure_or_cancellation_is_atomic_and_stops_the_third_channel stdout ----
[INFO] [stdout] 
[INFO] [stdout] thread 'multi_stream::tests::later_live_failure_or_cancellation_is_atomic_and_stops_the_third_channel' (4389) panicked at crates/transcription/src/test_support.rs:85:44:
[INFO] [stdout] test frontend package creation must succeed: "create temporary model package: No such file or directory (os error 2)"
[INFO] [stdout] stack backtrace:
[INFO] [stdout]    0:     0x5e6e716a3106 - <<std[617be2ca0a6fd877]::sys::backtrace::BacktraceLock>::print::DisplayBacktrace as core[a373ad73a504971]::fmt::Display>::fmt
[INFO] [stdout]    1:     0x5e6e715b86fa - core[a373ad73a504971]::fmt::write
[INFO] [stdout]    2:     0x5e6e716a889c - <alloc[2e1b2a31b91974c5]::vec::Vec<u8> as core[a373ad73a504971]::io::write::Write>::write_fmt
[INFO] [stdout]    3:     0x5e6e7167ec12 - std[617be2ca0a6fd877]::panicking::default_hook::{closure#0}
[INFO] [stdout]    4:     0x5e6e7169aad1 - std[617be2ca0a6fd877]::panicking::default_hook
[INFO] [stdout]    5:     0x5e6e7169acb2 - std[617be2ca0a6fd877]::panicking::panic_with_hook
[INFO] [stdout]    6:     0x5e6e7167ecc2 - std[617be2ca0a6fd877]::panicking::panic_handler::{closure#0}
[INFO] [stdout]    7:     0x5e6e71677889 - std[617be2ca0a6fd877]::sys::backtrace::__rust_end_short_backtrace::<std[617be2ca0a6fd877]::panicking::panic_handler::{closure#0}, !>
[INFO] [stdout]    8:     0x5e6e7167f8dd - __rustc[ea4f61d10b84890b]::rust_begin_unwind
[INFO] [stdout]    9:     0x5e6e715b8dec - core[a373ad73a504971]::panicking::panic_fmt
[INFO] [stdout]   10:     0x5e6e715b8bc2 - core[a373ad73a504971]::result::unwrap_failed
[INFO] [stdout]   11:     0x5e6e7164af51 - gigaam_transcription[bb3358f8dffd6c64]::test_support::frontend_at_sample_rate
[INFO] [stdout]   12:     0x5e6e715e2f70 - <gigaam_transcription[bb3358f8dffd6c64]::multi_stream::tests::RecordingFactory>::new
[INFO] [stdout]   13:     0x5e6e715f2454 - <gigaam_transcription[bb3358f8dffd6c64]::multi_stream::tests::later_live_failure_or_cancellation_is_atomic_and_stops_the_third_channel::{closure#0} as core[a373ad73a504971]::ops::function::FnOnce<()>>::call_once
[INFO] [stdout]   14:     0x5e6e716aa01b - test[aada8e7e76ba119b]::__rust_begin_short_backtrace::<core[a373ad73a504971]::result::Result<(), alloc[2e1b2a31b91974c5]::string::String>, fn() -> core[a373ad73a504971]::result::Result<(), alloc[2e1b2a31b91974c5]::string::String>>
[INFO] [stdout]   15:     0x5e6e716b7ec4 - test[aada8e7e76ba119b]::run_test::{closure#0}
[INFO] [stdout]   16:     0x5e6e716b15f4 - std[617be2ca0a6fd877]::sys::backtrace::__rust_begin_short_backtrace::<test[aada8e7e76ba119b]::run_test::{closure#1}, ()>
[INFO] [stdout]   17:     0x5e6e716bbc82 - <std[617be2ca0a6fd877]::thread::lifecycle::spawn_unchecked<test[aada8e7e76ba119b]::run_test::{closure#1}, ()>::{closure#1} as core[a373ad73a504971]::ops::function::FnOnce<()>>::call_once::{shim:vtable#0}
[INFO] [stdout]   18:     0x5e6e716a1fb4 - <std[617be2ca0a6fd877]::sys::thread::unix::Thread>::new::thread_start
[INFO] [stdout]   19:     0x771f1460fdfa - <unknown>
[INFO] [stdout]   20:     0x771f146a33d4 - clone
[INFO] [stdout]   21:                0x0 - <unknown>
[INFO] [stdout] 
[INFO] [stdout] ---- multi_stream::tests::online_session_creation_keeps_shared_factory_construction_and_warmup_errors_exact stdout ----
[INFO] [stdout] 
[INFO] [stdout] thread 'multi_stream::tests::online_session_creation_keeps_shared_factory_construction_and_warmup_errors_exact' (4397) panicked at crates/transcription/src/test_support.rs:85:44:
[INFO] [stdout] test frontend package creation must succeed: "create temporary model package: No such file or directory (os error 2)"
[INFO] [stdout] stack backtrace:
[INFO] [stdout]    0:     0x5e6e716a3106 - <<std[617be2ca0a6fd877]::sys::backtrace::BacktraceLock>::print::DisplayBacktrace as core[a373ad73a504971]::fmt::Display>::fmt
[INFO] [stdout]    1:     0x5e6e715b86fa - core[a373ad73a504971]::fmt::write
[INFO] [stdout]    2:     0x5e6e716a889c - <alloc[2e1b2a31b91974c5]::vec::Vec<u8> as core[a373ad73a504971]::io::write::Write>::write_fmt
[INFO] [stdout]    3:     0x5e6e7167ec12 - std[617be2ca0a6fd877]::panicking::default_hook::{closure#0}
[INFO] [stdout]    4:     0x5e6e7169aad1 - std[617be2ca0a6fd877]::panicking::default_hook
[INFO] [stdout]    5:     0x5e6e7169acb2 - std[617be2ca0a6fd877]::panicking::panic_with_hook
[INFO] [stdout]    6:     0x5e6e7167ecc2 - std[617be2ca0a6fd877]::panicking::panic_handler::{closure#0}
[INFO] [stdout]    7:     0x5e6e71677889 - std[617be2ca0a6fd877]::sys::backtrace::__rust_end_short_backtrace::<std[617be2ca0a6fd877]::panicking::panic_handler::{closure#0}, !>
[INFO] [stdout]    8:     0x5e6e7167f8dd - __rustc[ea4f61d10b84890b]::rust_begin_unwind
[INFO] [stdout]    9:     0x5e6e715b8dec - core[a373ad73a504971]::panicking::panic_fmt
[INFO] [stdout]   10:     0x5e6e715b8bc2 - core[a373ad73a504971]::result::unwrap_failed
[INFO] [stdout]   11:     0x5e6e7164af51 - gigaam_transcription[bb3358f8dffd6c64]::test_support::frontend_at_sample_rate
[INFO] [stdout]   12:     0x5e6e715e2f70 - <gigaam_transcription[bb3358f8dffd6c64]::multi_stream::tests::RecordingFactory>::new
[INFO] [stdout]   13:     0x5e6e715f7ff5 - <gigaam_transcription[bb3358f8dffd6c64]::multi_stream::tests::online_session_creation_keeps_shared_factory_construction_and_warmup_errors_exact::{closure#0} as core[a373ad73a504971]::ops::function::FnOnce<()>>::call_once
[INFO] [stdout]   14:     0x5e6e716aa01b - test[aada8e7e76ba119b]::__rust_begin_short_backtrace::<core[a373ad73a504971]::result::Result<(), alloc[2e1b2a31b91974c5]::string::String>, fn() -> core[a373ad73a504971]::result::Result<(), alloc[2e1b2a31b91974c5]::string::String>>
[INFO] [stdout]   15:     0x5e6e716b7ec4 - test[aada8e7e76ba119b]::run_test::{closure#0}
[INFO] [stdout]   16:     0x5e6e716b15f4 - std[617be2ca0a6fd877]::sys::backtrace::__rust_begin_short_backtrace::<test[aada8e7e76ba119b]::run_test::{closure#1}, ()>
[INFO] [stdout]   17:     0x5e6e716bbc82 - <std[617be2ca0a6fd877]::thread::lifecycle::spawn_unchecked<test[aada8e7e76ba119b]::run_test::{closure#1}, ()>::{closure#1} as core[a373ad73a504971]::ops::function::FnOnce<()>>::call_once::{shim:vtable#0}
[INFO] [stdout]   18:     0x5e6e716a1fb4 - <std[617be2ca0a6fd877]::sys::thread::unix::Thread>::new::thread_start
[INFO] [stdout]   19:     0x771f1460fdfa - <unknown>
[INFO] [stdout]   20:     0x771f146a33d4 - clone
[INFO] [stdout]   21:                0x0 - <unknown>
[INFO] [stdout] 
[INFO] [stdout] ---- multi_stream::tests::terminal_partial_frame_refuses_before_tail_or_session_work stdout ----
[INFO] [stdout] 
[INFO] [stdout] thread 'multi_stream::tests::terminal_partial_frame_refuses_before_tail_or_session_work' (4405) panicked at crates/transcription/src/test_support.rs:85:44:
[INFO] [stdout] test frontend package creation must succeed: "create temporary model package: No such file or directory (os error 2)"
[INFO] [stdout] stack backtrace:
[INFO] [stdout]    0:     0x5e6e716a3106 - <<std[617be2ca0a6fd877]::sys::backtrace::BacktraceLock>::print::DisplayBacktrace as core[a373ad73a504971]::fmt::Display>::fmt
[INFO] [stdout]    1:     0x5e6e715b86fa - core[a373ad73a504971]::fmt::write
[INFO] [stdout]    2:     0x5e6e716a889c - <alloc[2e1b2a31b91974c5]::vec::Vec<u8> as core[a373ad73a504971]::io::write::Write>::write_fmt
[INFO] [stdout]    3:     0x5e6e7167ec12 - std[617be2ca0a6fd877]::panicking::default_hook::{closure#0}
[INFO] [stdout]    4:     0x5e6e7169aad1 - std[617be2ca0a6fd877]::panicking::default_hook
[INFO] [stdout]    5:     0x5e6e7169acb2 - std[617be2ca0a6fd877]::panicking::panic_with_hook
[INFO] [stdout]    6:     0x5e6e7167ecc2 - std[617be2ca0a6fd877]::panicking::panic_handler::{closure#0}
[INFO] [stdout]    7:     0x5e6e71677889 - std[617be2ca0a6fd877]::sys::backtrace::__rust_end_short_backtrace::<std[617be2ca0a6fd877]::panicking::panic_handler::{closure#0}, !>
[INFO] [stdout]    8:     0x5e6e7167f8dd - __rustc[ea4f61d10b84890b]::rust_begin_unwind
[INFO] [stdout]    9:     0x5e6e715b8dec - core[a373ad73a504971]::panicking::panic_fmt
[INFO] [stdout]   10:     0x5e6e715b8bc2 - core[a373ad73a504971]::result::unwrap_failed
[INFO] [stdout]   11:     0x5e6e7164af51 - gigaam_transcription[bb3358f8dffd6c64]::test_support::frontend_at_sample_rate
[INFO] [stdout]   12:     0x5e6e715e2f70 - <gigaam_transcription[bb3358f8dffd6c64]::multi_stream::tests::RecordingFactory>::new
[INFO] [stdout]   13:     0x5e6e715e948c - <gigaam_transcription[bb3358f8dffd6c64]::multi_stream::tests::terminal_partial_frame_refuses_before_tail_or_session_work::{closure#0} as core[a373ad73a504971]::ops::function::FnOnce<()>>::call_once
[INFO] [stdout]   14:     0x5e6e716aa01b - test[aada8e7e76ba119b]::__rust_begin_short_backtrace::<core[a373ad73a504971]::result::Result<(), alloc[2e1b2a31b91974c5]::string::String>, fn() -> core[a373ad73a504971]::result::Result<(), alloc[2e1b2a31b91974c5]::string::String>>
[INFO] [stdout]   15:     0x5e6e716b7ec4 - test[aada8e7e76ba119b]::run_test::{closure#0}
[INFO] [stdout]   16:     0x5e6e716b15f4 - std[617be2ca0a6fd877]::sys::backtrace::__rust_begin_short_backtrace::<test[aada8e7e76ba119b]::run_test::{closure#1}, ()>
[INFO] [stdout]   17:     0x5e6e716bbc82 - <std[617be2ca0a6fd877]::thread::lifecycle::spawn_unchecked<test[aada8e7e76ba119b]::run_test::{closure#1}, ()>::{closure#1} as core[a373ad73a504971]::ops::function::FnOnce<()>>::call_once::{shim:vtable#0}
[INFO] [stdout]   18:     0x5e6e716a1fb4 - <std[617be2ca0a6fd877]::sys::thread::unix::Thread>::new::thread_start
[INFO] [stdout]   19:     0x771f1460fdfa - <unknown>
[INFO] [stdout]   20:     0x771f146a33d4 - clone
[INFO] [stdout]   21:                0x0 - <unknown>
[INFO] [stdout] 
[INFO] [stdout] ---- multi_stream::tests::three_channel_stream_keeps_original_construction_and_drive_order stdout ----
[INFO] [stdout] 
[INFO] [stdout] thread 'multi_stream::tests::three_channel_stream_keeps_original_construction_and_drive_order' (4407) panicked at crates/transcription/src/test_support.rs:85:44:
[INFO] [stdout] test frontend package creation must succeed: "create temporary model package: No such file or directory (os error 2)"
[INFO] [stdout] stack backtrace:
[INFO] [stdout]    0:     0x5e6e716a3106 - <<std[617be2ca0a6fd877]::sys::backtrace::BacktraceLock>::print::DisplayBacktrace as core[a373ad73a504971]::fmt::Display>::fmt
[INFO] [stdout]    1:     0x5e6e715b86fa - core[a373ad73a504971]::fmt::write
[INFO] [stdout]    2:     0x5e6e716a889c - <alloc[2e1b2a31b91974c5]::vec::Vec<u8> as core[a373ad73a504971]::io::write::Write>::write_fmt
[INFO] [stdout]    3:     0x5e6e7167ec12 - std[617be2ca0a6fd877]::panicking::default_hook::{closure#0}
[INFO] [stdout]    4:     0x5e6e7169aad1 - std[617be2ca0a6fd877]::panicking::default_hook
[INFO] [stdout]    5:     0x5e6e7169acb2 - std[617be2ca0a6fd877]::panicking::panic_with_hook
[INFO] [stdout]    6:     0x5e6e7167ecc2 - std[617be2ca0a6fd877]::panicking::panic_handler::{closure#0}
[INFO] [stdout]    7:     0x5e6e71677889 - std[617be2ca0a6fd877]::sys::backtrace::__rust_end_short_backtrace::<std[617be2ca0a6fd877]::panicking::panic_handler::{closure#0}, !>
[INFO] [stdout]    8:     0x5e6e7167f8dd - __rustc[ea4f61d10b84890b]::rust_begin_unwind
[INFO] [stdout]    9:     0x5e6e715b8dec - core[a373ad73a504971]::panicking::panic_fmt
[INFO] [stdout]   10:     0x5e6e715b8bc2 - core[a373ad73a504971]::result::unwrap_failed
[INFO] [stdout]   11:     0x5e6e7164af51 - gigaam_transcription[bb3358f8dffd6c64]::test_support::frontend_at_sample_rate
[INFO] [stdout]   12:     0x5e6e715e2f70 - <gigaam_transcription[bb3358f8dffd6c64]::multi_stream::tests::RecordingFactory>::new
[INFO] [stdout]   13:     0x5e6e715ee401 - <gigaam_transcription[bb3358f8dffd6c64]::multi_stream::tests::three_channel_stream_keeps_original_construction_and_drive_order::{closure#0} as core[a373ad73a504971]::ops::function::FnOnce<()>>::call_once
[INFO] [stdout]   14:     0x5e6e716aa01b - test[aada8e7e76ba119b]::__rust_begin_short_backtrace::<core[a373ad73a504971]::result::Result<(), alloc[2e1b2a31b91974c5]::string::String>, fn() -> core[a373ad73a504971]::result::Result<(), alloc[2e1b2a31b91974c5]::string::String>>
[INFO] [stdout]   15:     0x5e6e716b7ec4 - test[aada8e7e76ba119b]::run_test::{closure#0}
[INFO] [stdout]   16:     0x5e6e716b15f4 - std[617be2ca0a6fd877]::sys::backtrace::__rust_begin_short_backtrace::<test[aada8e7e76ba119b]::run_test::{closure#1}, ()>
[INFO] [stdout]   17:     0x5e6e716bbc82 - <std[617be2ca0a6fd877]::thread::lifecycle::spawn_unchecked<test[aada8e7e76ba119b]::run_test::{closure#1}, ()>::{closure#1} as core[a373ad73a504971]::ops::function::FnOnce<()>>::call_once::{shim:vtable#0}
[INFO] [stdout]   18:     0x5e6e716a1fb4 - <std[617be2ca0a6fd877]::sys::thread::unix::Thread>::new::thread_start
[INFO] [stdout]   19:     0x771f1460fdfa - <unknown>
[INFO] [stdout]   20:     0x771f146a33d4 - clone
[INFO] [stdout]   21:                0x0 - <unknown>
[INFO] [stdout] 
[INFO] [stdout] ---- multi_stream::tests::online_session_creation_reports_a_nonempty_empty_warmup_diagnostic stdout ----
[INFO] [stdout] 
[INFO] [stdout] thread 'multi_stream::tests::online_session_creation_reports_a_nonempty_empty_warmup_diagnostic' (4399) panicked at crates/transcription/src/test_support.rs:85:44:
[INFO] [stdout] test frontend package creation must succeed: "create temporary model package: No such file or directory (os error 2)"
[INFO] [stdout] stack backtrace:
[INFO] [stdout]    0:     0x5e6e716a3106 - <<std[617be2ca0a6fd877]::sys::backtrace::BacktraceLock>::print::DisplayBacktrace as core[a373ad73a504971]::fmt::Display>::fmt
[INFO] [stdout]    1:     0x5e6e715b86fa - core[a373ad73a504971]::fmt::write
[INFO] [stdout]    2:     0x5e6e716a889c - <alloc[2e1b2a31b91974c5]::vec::Vec<u8> as core[a373ad73a504971]::io::write::Write>::write_fmt
[INFO] [stdout]    3:     0x5e6e7167ec12 - std[617be2ca0a6fd877]::panicking::default_hook::{closure#0}
[INFO] [stdout]    4:     0x5e6e7169aad1 - std[617be2ca0a6fd877]::panicking::default_hook
[INFO] [stdout]    5:     0x5e6e7169acb2 - std[617be2ca0a6fd877]::panicking::panic_with_hook
[INFO] [stdout]    6:     0x5e6e7167ecc2 - std[617be2ca0a6fd877]::panicking::panic_handler::{closure#0}
[INFO] [stdout]    7:     0x5e6e71677889 - std[617be2ca0a6fd877]::sys::backtrace::__rust_end_short_backtrace::<std[617be2ca0a6fd877]::panicking::panic_handler::{closure#0}, !>
[INFO] [stdout]    8:     0x5e6e7167f8dd - __rustc[ea4f61d10b84890b]::rust_begin_unwind
[INFO] [stdout]    9:     0x5e6e715b8dec - core[a373ad73a504971]::panicking::panic_fmt
[INFO] [stdout]   10:     0x5e6e715b8bc2 - core[a373ad73a504971]::result::unwrap_failed
[INFO] [stdout]   11:     0x5e6e7164af51 - gigaam_transcription[bb3358f8dffd6c64]::test_support::frontend_at_sample_rate
[INFO] [stdout]   12:     0x5e6e715e2f70 - <gigaam_transcription[bb3358f8dffd6c64]::multi_stream::tests::RecordingFactory>::new
[INFO] [stdout]   13:     0x5e6e715ef15f - <gigaam_transcription[bb3358f8dffd6c64]::multi_stream::tests::online_session_creation_reports_a_nonempty_empty_warmup_diagnostic::{closure#0} as core[a373ad73a504971]::ops::function::FnOnce<()>>::call_once
[INFO] [stdout]   14:     0x5e6e716aa01b - test[aada8e7e76ba119b]::__rust_begin_short_backtrace::<core[a373ad73a504971]::result::Result<(), alloc[2e1b2a31b91974c5]::string::String>, fn() -> core[a373ad73a504971]::result::Result<(), alloc[2e1b2a31b91974c5]::string::String>>
[INFO] [stdout]   15:     0x5e6e716b7ec4 - test[aada8e7e76ba119b]::run_test::{closure#0}
[INFO] [stdout]   16:     0x5e6e716b15f4 - std[617be2ca0a6fd877]::sys::backtrace::__rust_begin_short_backtrace::<test[aada8e7e76ba119b]::run_test::{closure#1}, ()>
[INFO] [stdout]   17:     0x5e6e716bbc82 - <std[617be2ca0a6fd877]::thread::lifecycle::spawn_unchecked<test[aada8e7e76ba119b]::run_test::{closure#1}, ()>::{closure#1} as core[a373ad73a504971]::ops::function::FnOnce<()>>::call_once::{shim:vtable#0}
[INFO] [stdout]   18:     0x5e6e716a1fb4 - <std[617be2ca0a6fd877]::sys::thread::unix::Thread>::new::thread_start
[INFO] [stdout]   19:     0x771f1460fdfa - <unknown>
[INFO] [stdout]   20:     0x771f146a33d4 - clone
[INFO] [stdout]   21:                0x0 - <unknown>
[INFO] [stdout] 
[INFO] [stdout] ---- multi_stream::tests::empty_upstream_error_becomes_an_explicit_typed_failure stdout ----
[INFO] [stdout] 
[INFO] [stdout] thread 'multi_stream::tests::empty_upstream_error_becomes_an_explicit_typed_failure' (4386) panicked at crates/transcription/src/test_support.rs:85:44:
[INFO] [stdout] test frontend package creation must succeed: "create temporary model package: No such file or directory (os error 2)"
[INFO] [stdout] stack backtrace:
[INFO] [stdout]    0:     0x5e6e716a3106 - <<std[617be2ca0a6fd877]::sys::backtrace::BacktraceLock>::print::DisplayBacktrace as core[a373ad73a504971]::fmt::Display>::fmt
[INFO] [stdout]    1:     0x5e6e715b86fa - core[a373ad73a504971]::fmt::write
[INFO] [stdout]    2:     0x5e6e716a889c - <alloc[2e1b2a31b91974c5]::vec::Vec<u8> as core[a373ad73a504971]::io::write::Write>::write_fmt
[INFO] [stdout]    3:     0x5e6e7167ec12 - std[617be2ca0a6fd877]::panicking::default_hook::{closure#0}
[INFO] [stdout]    4:     0x5e6e7169aad1 - std[617be2ca0a6fd877]::panicking::default_hook
[INFO] [stdout]    5:     0x5e6e7169acb2 - std[617be2ca0a6fd877]::panicking::panic_with_hook
[INFO] [stdout]    6:     0x5e6e7167ecc2 - std[617be2ca0a6fd877]::panicking::panic_handler::{closure#0}
[INFO] [stdout]    7:     0x5e6e71677889 - std[617be2ca0a6fd877]::sys::backtrace::__rust_end_short_backtrace::<std[617be2ca0a6fd877]::panicking::panic_handler::{closure#0}, !>
[INFO] [stdout]    8:     0x5e6e7167f8dd - __rustc[ea4f61d10b84890b]::rust_begin_unwind
[INFO] [stdout]    9:     0x5e6e715b8dec - core[a373ad73a504971]::panicking::panic_fmt
[INFO] [stdout]   10:     0x5e6e715b8bc2 - core[a373ad73a504971]::result::unwrap_failed
[INFO] [stdout]   11:     0x5e6e7164af51 - gigaam_transcription[bb3358f8dffd6c64]::test_support::frontend_at_sample_rate
[INFO] [stdout]   12:     0x5e6e715e2f70 - <gigaam_transcription[bb3358f8dffd6c64]::multi_stream::tests::RecordingFactory>::new
[INFO] [stdout]   13:     0x5e6e715e785d - <gigaam_transcription[bb3358f8dffd6c64]::multi_stream::tests::empty_upstream_error_becomes_an_explicit_typed_failure::{closure#0} as core[a373ad73a504971]::ops::function::FnOnce<()>>::call_once
[INFO] [stdout]   14:     0x5e6e716aa01b - test[aada8e7e76ba119b]::__rust_begin_short_backtrace::<core[a373ad73a504971]::result::Result<(), alloc[2e1b2a31b91974c5]::string::String>, fn() -> core[a373ad73a504971]::result::Result<(), alloc[2e1b2a31b91974c5]::string::String>>
[INFO] [stdout]   15:     0x5e6e716b7ec4 - test[aada8e7e76ba119b]::run_test::{closure#0}
[INFO] [stdout]   16:     0x5e6e716b15f4 - std[617be2ca0a6fd877]::sys::backtrace::__rust_begin_short_backtrace::<test[aada8e7e76ba119b]::run_test::{closure#1}, ()>
[INFO] [stdout]   17:     0x5e6e716bbc82 - <std[617be2ca0a6fd877]::thread::lifecycle::spawn_unchecked<test[aada8e7e76ba119b]::run_test::{closure#1}, ()>::{closure#1} as core[a373ad73a504971]::ops::function::FnOnce<()>>::call_once::{shim:vtable#0}
[INFO] [stdout]   18:     0x5e6e716a1fb4 - <std[617be2ca0a6fd877]::sys::thread::unix::Thread>::new::thread_start
[INFO] [stdout]   19:     0x771f1460fdfa - <unknown>
[INFO] [stdout]   20:     0x771f146a33d4 - clone
[INFO] [stdout]   21:                0x0 - <unknown>
[INFO] [stdout] 
[INFO] [stdout] ---- multi_stream::tests::offline_empty_upstream_error_returns_a_typed_nonempty_failure stdout ----
[INFO] [stdout] 
[INFO] [stdout] thread 'multi_stream::tests::offline_empty_upstream_error_returns_a_typed_nonempty_failure' (4393) panicked at crates/transcription/src/test_support.rs:85:44:
[INFO] [stdout] test frontend package creation must succeed: "create temporary model package: No such file or directory (os error 2)"
[INFO] [stdout] stack backtrace:
[INFO] [stdout]    0:     0x5e6e716a3106 - <<std[617be2ca0a6fd877]::sys::backtrace::BacktraceLock>::print::DisplayBacktrace as core[a373ad73a504971]::fmt::Display>::fmt
[INFO] [stdout]    1:     0x5e6e715b86fa - core[a373ad73a504971]::fmt::write
[INFO] [stdout]    2:     0x5e6e716a889c - <alloc[2e1b2a31b91974c5]::vec::Vec<u8> as core[a373ad73a504971]::io::write::Write>::write_fmt
[INFO] [stdout]    3:     0x5e6e7167ec12 - std[617be2ca0a6fd877]::panicking::default_hook::{closure#0}
[INFO] [stdout]    4:     0x5e6e7169aad1 - std[617be2ca0a6fd877]::panicking::default_hook
[INFO] [stdout]    5:     0x5e6e7169acb2 - std[617be2ca0a6fd877]::panicking::panic_with_hook
[INFO] [stdout]    6:     0x5e6e7167ecc2 - std[617be2ca0a6fd877]::panicking::panic_handler::{closure#0}
[INFO] [stdout]    7:     0x5e6e71677889 - std[617be2ca0a6fd877]::sys::backtrace::__rust_end_short_backtrace::<std[617be2ca0a6fd877]::panicking::panic_handler::{closure#0}, !>
[INFO] [stdout]    8:     0x5e6e7167f8dd - __rustc[ea4f61d10b84890b]::rust_begin_unwind
[INFO] [stdout]    9:     0x5e6e715b8dec - core[a373ad73a504971]::panicking::panic_fmt
[INFO] [stdout]   10:     0x5e6e715b8bc2 - core[a373ad73a504971]::result::unwrap_failed
[INFO] [stdout]   11:     0x5e6e7164af51 - gigaam_transcription[bb3358f8dffd6c64]::test_support::frontend_at_sample_rate
[INFO] [stdout]   12:     0x5e6e715e2f70 - <gigaam_transcription[bb3358f8dffd6c64]::multi_stream::tests::RecordingFactory>::new
[INFO] [stdout]   13:     0x5e6e715ec08d - <gigaam_transcription[bb3358f8dffd6c64]::multi_stream::tests::offline_empty_upstream_error_returns_a_typed_nonempty_failure::{closure#0} as core[a373ad73a504971]::ops::function::FnOnce<()>>::call_once
[INFO] [stdout]   14:     0x5e6e716aa01b - test[aada8e7e76ba119b]::__rust_begin_short_backtrace::<core[a373ad73a504971]::result::Result<(), alloc[2e1b2a31b91974c5]::string::String>, fn() -> core[a373ad73a504971]::result::Result<(), alloc[2e1b2a31b91974c5]::string::String>>
[INFO] [stdout]   15:     0x5e6e716b7ec4 - test[aada8e7e76ba119b]::run_test::{closure#0}
[INFO] [stdout]   16:     0x5e6e716b15f4 - std[617be2ca0a6fd877]::sys::backtrace::__rust_begin_short_backtrace::<test[aada8e7e76ba119b]::run_test::{closure#1}, ()>
[INFO] [stdout]   17:     0x5e6e716bbc82 - <std[617be2ca0a6fd877]::thread::lifecycle::spawn_unchecked<test[aada8e7e76ba119b]::run_test::{closure#1}, ()>::{closure#1} as core[a373ad73a504971]::ops::function::FnOnce<()>>::call_once::{shim:vtable#0}
[INFO] [stdout]   18:     0x5e6e716a1fb4 - <std[617be2ca0a6fd877]::sys::thread::unix::Thread>::new::thread_start
[INFO] [stdout]   19:     0x771f1460fdfa - <unknown>
[INFO] [stdout]   20:     0x771f146a33d4 - clone
[INFO] [stdout]   21:                0x0 - <unknown>
[INFO] [stdout] 
[INFO] [stdout] ---- multi_stream::tests::selection_observation_survives_a_failed_pending_release stdout ----
[INFO] [stdout] 
[INFO] [stdout] thread 'multi_stream::tests::selection_observation_survives_a_failed_pending_release' (4402) panicked at crates/transcription/src/test_support.rs:85:44:
[INFO] [stdout] test frontend package creation must succeed: "create temporary model package: No such file or directory (os error 2)"
[INFO] [stdout] stack backtrace:
[INFO] [stdout]    0:     0x5e6e716a3106 - <<std[617be2ca0a6fd877]::sys::backtrace::BacktraceLock>::print::DisplayBacktrace as core[a373ad73a504971]::fmt::Display>::fmt
[INFO] [stdout]    1:     0x5e6e715b86fa - core[a373ad73a504971]::fmt::write
[INFO] [stdout]    2:     0x5e6e716a889c - <alloc[2e1b2a31b91974c5]::vec::Vec<u8> as core[a373ad73a504971]::io::write::Write>::write_fmt
[INFO] [stdout]    3:     0x5e6e7167ec12 - std[617be2ca0a6fd877]::panicking::default_hook::{closure#0}
[INFO] [stdout]    4:     0x5e6e7169aad1 - std[617be2ca0a6fd877]::panicking::default_hook
[INFO] [stdout]    5:     0x5e6e7169acb2 - std[617be2ca0a6fd877]::panicking::panic_with_hook
[INFO] [stdout]    6:     0x5e6e7167ecc2 - std[617be2ca0a6fd877]::panicking::panic_handler::{closure#0}
[INFO] [stdout]    7:     0x5e6e71677889 - std[617be2ca0a6fd877]::sys::backtrace::__rust_end_short_backtrace::<std[617be2ca0a6fd877]::panicking::panic_handler::{closure#0}, !>
[INFO] [stdout]    8:     0x5e6e7167f8dd - __rustc[ea4f61d10b84890b]::rust_begin_unwind
[INFO] [stdout]    9:     0x5e6e715b8dec - core[a373ad73a504971]::panicking::panic_fmt
[INFO] [stdout]   10:     0x5e6e715b8bc2 - core[a373ad73a504971]::result::unwrap_failed
[INFO] [stdout]   11:     0x5e6e7164af51 - gigaam_transcription[bb3358f8dffd6c64]::test_support::frontend_at_sample_rate
[INFO] [stdout]   12:     0x5e6e715e2f70 - <gigaam_transcription[bb3358f8dffd6c64]::multi_stream::tests::RecordingFactory>::new
[INFO] [stdout]   13:     0x5e6e715e7f15 - <gigaam_transcription[bb3358f8dffd6c64]::multi_stream::tests::selection_observation_survives_a_failed_pending_release::{closure#0} as core[a373ad73a504971]::ops::function::FnOnce<()>>::call_once
[INFO] [stdout]   14:     0x5e6e716aa01b - test[aada8e7e76ba119b]::__rust_begin_short_backtrace::<core[a373ad73a504971]::result::Result<(), alloc[2e1b2a31b91974c5]::string::String>, fn() -> core[a373ad73a504971]::result::Result<(), alloc[2e1b2a31b91974c5]::string::String>>
[INFO] [stdout]   15:     0x5e6e716b7ec4 - test[aada8e7e76ba119b]::run_test::{closure#0}
[INFO] [stdout]   16:     0x5e6e716b15f4 - std[617be2ca0a6fd877]::sys::backtrace::__rust_begin_short_backtrace::<test[aada8e7e76ba119b]::run_test::{closure#1}, ()>
[INFO] [stdout]   17:     0x5e6e716bbc82 - <std[617be2ca0a6fd877]::thread::lifecycle::spawn_unchecked<test[aada8e7e76ba119b]::run_test::{closure#1}, ()>::{closure#1} as core[a373ad73a504971]::ops::function::FnOnce<()>>::call_once::{shim:vtable#0}
[INFO] [stdout]   18:     0x5e6e716a1fb4 - <std[617be2ca0a6fd877]::sys::thread::unix::Thread>::new::thread_start
[INFO] [stdout]   19:     0x771f1460fdfa - <unknown>
[INFO] [stdout]   20:     0x771f146a33d4 - clone
[INFO] [stdout]   21:                0x0 - <unknown>
[INFO] [stdout] 
[INFO] [stdout] ---- multi_stream::tests::terminal_tail_error_stops_before_the_later_active_channel stdout ----
[INFO] [stdout] 
[INFO] [stdout] thread 'multi_stream::tests::terminal_tail_error_stops_before_the_later_active_channel' (4406) panicked at crates/transcription/src/test_support.rs:85:44:
[INFO] [stdout] test frontend package creation must succeed: "create temporary model package: No such file or directory (os error 2)"
[INFO] [stdout] stack backtrace:
[INFO] [stdout]    0:     0x5e6e716a3106 - <<std[617be2ca0a6fd877]::sys::backtrace::BacktraceLock>::print::DisplayBacktrace as core[a373ad73a504971]::fmt::Display>::fmt
[INFO] [stdout]    1:     0x5e6e715b86fa - core[a373ad73a504971]::fmt::write
[INFO] [stdout]    2:     0x5e6e716a889c - <alloc[2e1b2a31b91974c5]::vec::Vec<u8> as core[a373ad73a504971]::io::write::Write>::write_fmt
[INFO] [stdout]    3:     0x5e6e7167ec12 - std[617be2ca0a6fd877]::panicking::default_hook::{closure#0}
[INFO] [stdout]    4:     0x5e6e7169aad1 - std[617be2ca0a6fd877]::panicking::default_hook
[INFO] [stdout]    5:     0x5e6e7169acb2 - std[617be2ca0a6fd877]::panicking::panic_with_hook
[INFO] [stdout]    6:     0x5e6e7167ecc2 - std[617be2ca0a6fd877]::panicking::panic_handler::{closure#0}
[INFO] [stdout]    7:     0x5e6e71677889 - std[617be2ca0a6fd877]::sys::backtrace::__rust_end_short_backtrace::<std[617be2ca0a6fd877]::panicking::panic_handler::{closure#0}, !>
[INFO] [stdout]    8:     0x5e6e7167f8dd - __rustc[ea4f61d10b84890b]::rust_begin_unwind
[INFO] [stdout]    9:     0x5e6e715b8dec - core[a373ad73a504971]::panicking::panic_fmt
[INFO] [stdout]   10:     0x5e6e715b8bc2 - core[a373ad73a504971]::result::unwrap_failed
[INFO] [stdout]   11:     0x5e6e7164af51 - gigaam_transcription[bb3358f8dffd6c64]::test_support::frontend_at_sample_rate
[INFO] [stdout]   12:     0x5e6e715e2f70 - <gigaam_transcription[bb3358f8dffd6c64]::multi_stream::tests::RecordingFactory>::new
[INFO] [stdout]   13:     0x5e6e715e8e10 - <gigaam_transcription[bb3358f8dffd6c64]::multi_stream::tests::terminal_tail_error_stops_before_the_later_active_channel::{closure#0} as core[a373ad73a504971]::ops::function::FnOnce<()>>::call_once
[INFO] [stdout]   14:     0x5e6e716aa01b - test[aada8e7e76ba119b]::__rust_begin_short_backtrace::<core[a373ad73a504971]::result::Result<(), alloc[2e1b2a31b91974c5]::string::String>, fn() -> core[a373ad73a504971]::result::Result<(), alloc[2e1b2a31b91974c5]::string::String>>
[INFO] [stdout]   15:     0x5e6e716b7ec4 - test[aada8e7e76ba119b]::run_test::{closure#0}
[INFO] [stdout]   16:     0x5e6e716b15f4 - std[617be2ca0a6fd877]::sys::backtrace::__rust_begin_short_backtrace::<test[aada8e7e76ba119b]::run_test::{closure#1}, ()>
[INFO] [stdout]   17:     0x5e6e716bbc82 - <std[617be2ca0a6fd877]::thread::lifecycle::spawn_unchecked<test[aada8e7e76ba119b]::run_test::{closure#1}, ()>::{closure#1} as core[a373ad73a504971]::ops::function::FnOnce<()>>::call_once::{shim:vtable#0}
[INFO] [stdout]   18:     0x5e6e716a1fb4 - <std[617be2ca0a6fd877]::sys::thread::unix::Thread>::new::thread_start
[INFO] [stdout]   19:     0x771f1460fdfa - <unknown>
[INFO] [stdout]   20:     0x771f146a33d4 - clone
[INFO] [stdout]   21:                0x0 - <unknown>
[INFO] [stdout] 
[INFO] [stdout] ---- stream::tests::bound_stream_rate_mismatch_refuses_before_decoder_capability_work stdout ----
[INFO] [stdout] 
[INFO] [stdout] thread 'stream::tests::bound_stream_rate_mismatch_refuses_before_decoder_capability_work' (4414) panicked at crates/transcription/src/test_support.rs:85:44:
[INFO] [stdout] test frontend package creation must succeed: "create temporary model package: No such file or directory (os error 2)"
[INFO] [stdout] stack backtrace:
[INFO] [stdout]    0:     0x5e6e716a3106 - <<std[617be2ca0a6fd877]::sys::backtrace::BacktraceLock>::print::DisplayBacktrace as core[a373ad73a504971]::fmt::Display>::fmt
[INFO] [stdout]    1:     0x5e6e715b86fa - core[a373ad73a504971]::fmt::write
[INFO] [stdout]    2:     0x5e6e716a889c - <alloc[2e1b2a31b91974c5]::vec::Vec<u8> as core[a373ad73a504971]::io::write::Write>::write_fmt
[INFO] [stdout]    3:     0x5e6e7167ec12 - std[617be2ca0a6fd877]::panicking::default_hook::{closure#0}
[INFO] [stdout]    4:     0x5e6e7169aad1 - std[617be2ca0a6fd877]::panicking::default_hook
[INFO] [stdout]    5:     0x5e6e7169acb2 - std[617be2ca0a6fd877]::panicking::panic_with_hook
[INFO] [stdout]    6:     0x5e6e7167ecc2 - std[617be2ca0a6fd877]::panicking::panic_handler::{closure#0}
[INFO] [stdout]    7:     0x5e6e71677889 - std[617be2ca0a6fd877]::sys::backtrace::__rust_end_short_backtrace::<std[617be2ca0a6fd877]::panicking::panic_handler::{closure#0}, !>
[INFO] [stdout]    8:     0x5e6e7167f8dd - __rustc[ea4f61d10b84890b]::rust_begin_unwind
[INFO] [stdout]    9:     0x5e6e715b8dec - core[a373ad73a504971]::panicking::panic_fmt
[INFO] [stdout]   10:     0x5e6e715b8bc2 - core[a373ad73a504971]::result::unwrap_failed
[INFO] [stdout]   11:     0x5e6e7164af51 - gigaam_transcription[bb3358f8dffd6c64]::test_support::frontend_at_sample_rate
[INFO] [stdout]   12:     0x5e6e71621c09 - <gigaam_transcription[bb3358f8dffd6c64]::stream::tests::bound_stream_rate_mismatch_refuses_before_decoder_capability_work::{closure#0} as core[a373ad73a504971]::ops::function::FnOnce<()>>::call_once
[INFO] [stdout]   13:     0x5e6e716aa01b - test[aada8e7e76ba119b]::__rust_begin_short_backtrace::<core[a373ad73a504971]::result::Result<(), alloc[2e1b2a31b91974c5]::string::String>, fn() -> core[a373ad73a504971]::result::Result<(), alloc[2e1b2a31b91974c5]::string::String>>
[INFO] [stdout]   14:     0x5e6e716b7ec4 - test[aada8e7e76ba119b]::run_test::{closure#0}
[INFO] [stdout]   15:     0x5e6e716b15f4 - std[617be2ca0a6fd877]::sys::backtrace::__rust_begin_short_backtrace::<test[aada8e7e76ba119b]::run_test::{closure#1}, ()>
[INFO] [stdout]   16:     0x5e6e716bbc82 - <std[617be2ca0a6fd877]::thread::lifecycle::spawn_unchecked<test[aada8e7e76ba119b]::run_test::{closure#1}, ()>::{closure#1} as core[a373ad73a504971]::ops::function::FnOnce<()>>::call_once::{shim:vtable#0}
[INFO] [stdout]   17:     0x5e6e716a1fb4 - <std[617be2ca0a6fd877]::sys::thread::unix::Thread>::new::thread_start
[INFO] [stdout]   18:     0x771f1460fdfa - <unknown>
[INFO] [stdout]   19:     0x771f146a33d4 - clone
[INFO] [stdout]   20:                0x0 - <unknown>
[INFO] [stdout] 
[INFO] [stdout] ---- multi_stream::tests::raw_formats_and_arbitrary_partitions_preserve_incremental_semantics stdout ----
[INFO] [stdout] 
[INFO] [stdout] thread 'multi_stream::tests::raw_formats_and_arbitrary_partitions_preserve_incremental_semantics' (4401) panicked at crates/transcription/src/test_support.rs:85:44:
[INFO] [stdout] test frontend package creation must succeed: "create temporary model package: No such file or directory (os error 2)"
[INFO] [stdout] stack backtrace:
[INFO] [stdout]    0:     0x5e6e716a3106 - <<std[617be2ca0a6fd877]::sys::backtrace::BacktraceLock>::print::DisplayBacktrace as core[a373ad73a504971]::fmt::Display>::fmt
[INFO] [stdout]    1:     0x5e6e715b86fa - core[a373ad73a504971]::fmt::write
[INFO] [stdout]    2:     0x5e6e716a889c - <alloc[2e1b2a31b91974c5]::vec::Vec<u8> as core[a373ad73a504971]::io::write::Write>::write_fmt
[INFO] [stdout]    3:     0x5e6e7167ec12 - std[617be2ca0a6fd877]::panicking::default_hook::{closure#0}
[INFO] [stdout]    4:     0x5e6e7169aad1 - std[617be2ca0a6fd877]::panicking::default_hook
[INFO] [stdout]    5:     0x5e6e7169acb2 - std[617be2ca0a6fd877]::panicking::panic_with_hook
[INFO] [stdout]    6:     0x5e6e7167ecc2 - std[617be2ca0a6fd877]::panicking::panic_handler::{closure#0}
[INFO] [stdout]    7:     0x5e6e71677889 - std[617be2ca0a6fd877]::sys::backtrace::__rust_end_short_backtrace::<std[617be2ca0a6fd877]::panicking::panic_handler::{closure#0}, !>
[INFO] [stdout]    8:     0x5e6e7167f8dd - __rustc[ea4f61d10b84890b]::rust_begin_unwind
[INFO] [stdout]    9:     0x5e6e715b8dec - core[a373ad73a504971]::panicking::panic_fmt
[INFO] [stdout]   10:     0x5e6e715b8bc2 - core[a373ad73a504971]::result::unwrap_failed
[INFO] [stdout]   11:     0x5e6e7164af51 - gigaam_transcription[bb3358f8dffd6c64]::test_support::frontend_at_sample_rate
[INFO] [stdout]   12:     0x5e6e715e2f70 - <gigaam_transcription[bb3358f8dffd6c64]::multi_stream::tests::RecordingFactory>::new
[INFO] [stdout]   13:     0x5e6e715eff3d - <gigaam_transcription[bb3358f8dffd6c64]::multi_stream::tests::raw_formats_and_arbitrary_partitions_preserve_incremental_semantics::{closure#0} as core[a373ad73a504971]::ops::function::FnOnce<()>>::call_once
[INFO] [stdout]   14:     0x5e6e716aa01b - test[aada8e7e76ba119b]::__rust_begin_short_backtrace::<core[a373ad73a504971]::result::Result<(), alloc[2e1b2a31b91974c5]::string::String>, fn() -> core[a373ad73a504971]::result::Result<(), alloc[2e1b2a31b91974c5]::string::String>>
[INFO] [stdout]   15:     0x5e6e716b7ec4 - test[aada8e7e76ba119b]::run_test::{closure#0}
[INFO] [stdout]   16:     0x5e6e716b15f4 - std[617be2ca0a6fd877]::sys::backtrace::__rust_begin_short_backtrace::<test[aada8e7e76ba119b]::run_test::{closure#1}, ()>
[INFO] [stdout]   17:     0x5e6e716bbc82 - <std[617be2ca0a6fd877]::thread::lifecycle::spawn_unchecked<test[aada8e7e76ba119b]::run_test::{closure#1}, ()>::{closure#1} as core[a373ad73a504971]::ops::function::FnOnce<()>>::call_once::{shim:vtable#0}
[INFO] [stdout]   18:     0x5e6e716a1fb4 - <std[617be2ca0a6fd877]::sys::thread::unix::Thread>::new::thread_start
[INFO] [stdout]   19:     0x771f1460fdfa - <unknown>
[INFO] [stdout]   20:     0x771f146a33d4 - clone
[INFO] [stdout]   21:                0x0 - <unknown>
[INFO] [stdout] 
[INFO] [stdout] ---- stream::tests::detector_cancellation_commits_no_stream_candidate_or_successor stdout ----
[INFO] [stdout] 
[INFO] [stdout] thread 'stream::tests::detector_cancellation_commits_no_stream_candidate_or_successor' (4415) panicked at crates/transcription/src/test_support.rs:85:44:
[INFO] [stdout] test frontend package creation must succeed: "create temporary model package: No such file or directory (os error 2)"
[INFO] [stdout] stack backtrace:
[INFO] [stdout]    0:     0x5e6e716a3106 - <<std[617be2ca0a6fd877]::sys::backtrace::BacktraceLock>::print::DisplayBacktrace as core[a373ad73a504971]::fmt::Display>::fmt
[INFO] [stdout]    1:     0x5e6e715b86fa - core[a373ad73a504971]::fmt::write
[INFO] [stdout]    2:     0x5e6e716a889c - <alloc[2e1b2a31b91974c5]::vec::Vec<u8> as core[a373ad73a504971]::io::write::Write>::write_fmt
[INFO] [stdout]    3:     0x5e6e7167ec12 - std[617be2ca0a6fd877]::panicking::default_hook::{closure#0}
[INFO] [stdout]    4:     0x5e6e7169aad1 - std[617be2ca0a6fd877]::panicking::default_hook
[INFO] [stdout]    5:     0x5e6e7169acb2 - std[617be2ca0a6fd877]::panicking::panic_with_hook
[INFO] [stdout]    6:     0x5e6e7167ecc2 - std[617be2ca0a6fd877]::panicking::panic_handler::{closure#0}
[INFO] [stdout]    7:     0x5e6e71677889 - std[617be2ca0a6fd877]::sys::backtrace::__rust_end_short_backtrace::<std[617be2ca0a6fd877]::panicking::panic_handler::{closure#0}, !>
[INFO] [stdout]    8:     0x5e6e7167f8dd - __rustc[ea4f61d10b84890b]::rust_begin_unwind
[INFO] [stdout]    9:     0x5e6e715b8dec - core[a373ad73a504971]::panicking::panic_fmt
[INFO] [stdout]   10:     0x5e6e715b8bc2 - core[a373ad73a504971]::result::unwrap_failed
[INFO] [stdout]   11:     0x5e6e7164af51 - gigaam_transcription[bb3358f8dffd6c64]::test_support::frontend_at_sample_rate
[INFO] [stdout]   12:     0x5e6e716215b7 - <gigaam_transcription[bb3358f8dffd6c64]::stream::tests::detector_cancellation_commits_no_stream_candidate_or_successor::{closure#0} as core[a373ad73a504971]::ops::function::FnOnce<()>>::call_once
[INFO] [stdout]   13:     0x5e6e716aa01b - test[aada8e7e76ba119b]::__rust_begin_short_backtrace::<core[a373ad73a504971]::result::Result<(), alloc[2e1b2a31b91974c5]::string::String>, fn() -> core[a373ad73a504971]::result::Result<(), alloc[2e1b2a31b91974c5]::string::String>>
[INFO] [stdout]   14:     0x5e6e716b7ec4 - test[aada8e7e76ba119b]::run_test::{closure#0}
[INFO] [stdout]   15:     0x5e6e716b15f4 - std[617be2ca0a6fd877]::sys::backtrace::__rust_begin_short_backtrace::<test[aada8e7e76ba119b]::run_test::{closure#1}, ()>
[INFO] [stdout]   16:     0x5e6e716bbc82 - <std[617be2ca0a6fd877]::thread::lifecycle::spawn_unchecked<test[aada8e7e76ba119b]::run_test::{closure#1}, ()>::{closure#1} as core[a373ad73a504971]::ops::function::FnOnce<()>>::call_once::{shim:vtable#0}
[INFO] [stdout]   17:     0x5e6e716a1fb4 - <std[617be2ca0a6fd877]::sys::thread::unix::Thread>::new::thread_start
[INFO] [stdout]   18:     0x771f1460fdfa - <unknown>
[INFO] [stdout]   19:     0x771f146a33d4 - clone
[INFO] [stdout]   20:                0x0 - <unknown>
[INFO] [stdout] 
[INFO] [stdout] ---- stream::tests::retained_silence_overflow_refuses_before_session_continuation_and_no_endpoint_keeps_it_unused stdout ----
[INFO] [stdout] 
[INFO] [stdout] thread 'stream::tests::retained_silence_overflow_refuses_before_session_continuation_and_no_endpoint_keeps_it_unused' (4416) panicked at crates/transcription/src/test_support.rs:85:44:
[INFO] [stdout] test frontend package creation must succeed: "create temporary model package: No such file or directory (os error 2)"
[INFO] [stdout] stack backtrace:
[INFO] [stdout]    0:     0x5e6e716a3106 - <<std[617be2ca0a6fd877]::sys::backtrace::BacktraceLock>::print::DisplayBacktrace as core[a373ad73a504971]::fmt::Display>::fmt
[INFO] [stdout]    1:     0x5e6e715b86fa - core[a373ad73a504971]::fmt::write
[INFO] [stdout]    2:     0x5e6e716a889c - <alloc[2e1b2a31b91974c5]::vec::Vec<u8> as core[a373ad73a504971]::io::write::Write>::write_fmt
[INFO] [stdout]    3:     0x5e6e7167ec12 - std[617be2ca0a6fd877]::panicking::default_hook::{closure#0}
[INFO] [stdout]    4:     0x5e6e7169aad1 - std[617be2ca0a6fd877]::panicking::default_hook
[INFO] [stdout]    5:     0x5e6e7169acb2 - std[617be2ca0a6fd877]::panicking::panic_with_hook
[INFO] [stdout]    6:     0x5e6e7167ecc2 - std[617be2ca0a6fd877]::panicking::panic_handler::{closure#0}
[INFO] [stdout]    7:     0x5e6e71677889 - std[617be2ca0a6fd877]::sys::backtrace::__rust_end_short_backtrace::<std[617be2ca0a6fd877]::panicking::panic_handler::{closure#0}, !>
[INFO] [stdout]    8:     0x5e6e7167f8dd - __rustc[ea4f61d10b84890b]::rust_begin_unwind
[INFO] [stdout]    9:     0x5e6e715b8dec - core[a373ad73a504971]::panicking::panic_fmt
[INFO] [stdout]   10:     0x5e6e715b8bc2 - core[a373ad73a504971]::result::unwrap_failed
[INFO] [stdout]   11:     0x5e6e7164af51 - gigaam_transcription[bb3358f8dffd6c64]::test_support::frontend_at_sample_rate
[INFO] [stdout]   12:     0x5e6e71622b6d - <gigaam_transcription[bb3358f8dffd6c64]::stream::tests::retained_silence_overflow_refuses_before_session_continuation_and_no_endpoint_keeps_it_unused::{closure#0} as core[a373ad73a504971]::ops::function::FnOnce<()>>::call_once
[INFO] [stdout]   13:     0x5e6e716aa01b - test[aada8e7e76ba119b]::__rust_begin_short_backtrace::<core[a373ad73a504971]::result::Result<(), alloc[2e1b2a31b91974c5]::string::String>, fn() -> core[a373ad73a504971]::result::Result<(), alloc[2e1b2a31b91974c5]::string::String>>
[INFO] [stdout]   14:     0x5e6e716b7ec4 - test[aada8e7e76ba119b]::run_test::{closure#0}
[INFO] [stdout]   15:     0x5e6e716b15f4 - std[617be2ca0a6fd877]::sys::backtrace::__rust_begin_short_backtrace::<test[aada8e7e76ba119b]::run_test::{closure#1}, ()>
[INFO] [stdout]   16:     0x5e6e716bbc82 - <std[617be2ca0a6fd877]::thread::lifecycle::spawn_unchecked<test[aada8e7e76ba119b]::run_test::{closure#1}, ()>::{closure#1} as core[a373ad73a504971]::ops::function::FnOnce<()>>::call_once::{shim:vtable#0}
[INFO] [stdout]   17:     0x5e6e716a1fb4 - <std[617be2ca0a6fd877]::sys::thread::unix::Thread>::new::thread_start
[INFO] [stdout]   18:     0x771f1460fdfa - <unknown>
[INFO] [stdout]   19:     0x771f146a33d4 - clone
[INFO] [stdout]   20:                0x0 - <unknown>
[INFO] [stdout] 
[INFO] [stdout] ---- stream::tests::stream_refuses_nonfinite_vad_probabilities_before_committing_a_candidate stdout ----
[INFO] [stdout] 
[INFO] [stdout] thread 'stream::tests::stream_refuses_nonfinite_vad_probabilities_before_committing_a_candidate' (4417) panicked at crates/transcription/src/test_support.rs:85:44:
[INFO] [stdout] test frontend package creation must succeed: "create temporary model package: No such file or directory (os error 2)"
[INFO] [stdout] stack backtrace:
[INFO] [stdout]    0:     0x5e6e716a3106 - <<std[617be2ca0a6fd877]::sys::backtrace::BacktraceLock>::print::DisplayBacktrace as core[a373ad73a504971]::fmt::Display>::fmt
[INFO] [stdout]    1:     0x5e6e715b86fa - core[a373ad73a504971]::fmt::write
[INFO] [stdout]    2:     0x5e6e716a889c - <alloc[2e1b2a31b91974c5]::vec::Vec<u8> as core[a373ad73a504971]::io::write::Write>::write_fmt
[INFO] [stdout]    3:     0x5e6e7167ec12 - std[617be2ca0a6fd877]::panicking::default_hook::{closure#0}
[INFO] [stdout]    4:     0x5e6e7169aad1 - std[617be2ca0a6fd877]::panicking::default_hook
[INFO] [stdout]    5:     0x5e6e7169acb2 - std[617be2ca0a6fd877]::panicking::panic_with_hook
[INFO] [stdout]    6:     0x5e6e7167ecc2 - std[617be2ca0a6fd877]::panicking::panic_handler::{closure#0}
[INFO] [stdout]    7:     0x5e6e71677889 - std[617be2ca0a6fd877]::sys::backtrace::__rust_end_short_backtrace::<std[617be2ca0a6fd877]::panicking::panic_handler::{closure#0}, !>
[INFO] [stdout]    8:     0x5e6e7167f8dd - __rustc[ea4f61d10b84890b]::rust_begin_unwind
[INFO] [stdout]    9:     0x5e6e715b8dec - core[a373ad73a504971]::panicking::panic_fmt
[INFO] [stderr] error: test failed, to rerun pass `-p gigaam-transcription --lib`
[INFO] [stdout]   10:     0x5e6e715b8bc2 - core[a373ad73a504971]::result::unwrap_failed
[INFO] [stdout]   11:     0x5e6e7164af51 - gigaam_transcription[bb3358f8dffd6c64]::test_support::frontend_at_sample_rate
[INFO] [stdout]   12:     0x5e6e716220e3 - <gigaam_transcription[bb3358f8dffd6c64]::stream::tests::stream_refuses_nonfinite_vad_probabilities_before_committing_a_candidate::{closure#0} as core[a373ad73a504971]::ops::function::FnOnce<()>>::call_once
[INFO] [stdout]   13:     0x5e6e716aa01b - test[aada8e7e76ba119b]::__rust_begin_short_backtrace::<core[a373ad73a504971]::result::Result<(), alloc[2e1b2a31b91974c5]::string::String>, fn() -> core[a373ad73a504971]::result::Result<(), alloc[2e1b2a31b91974c5]::string::String>>
[INFO] [stdout]   14:     0x5e6e716b7ec4 - test[aada8e7e76ba119b]::run_test::{closure#0}
[INFO] [stdout]   15:     0x5e6e716b15f4 - std[617be2ca0a6fd877]::sys::backtrace::__rust_begin_short_backtrace::<test[aada8e7e76ba119b]::run_test::{closure#1}, ()>
[INFO] [stdout]   16:     0x5e6e716bbc82 - <std[617be2ca0a6fd877]::thread::lifecycle::spawn_unchecked<test[aada8e7e76ba119b]::run_test::{closure#1}, ()>::{closure#1} as core[a373ad73a504971]::ops::function::FnOnce<()>>::call_once::{shim:vtable#0}
[INFO] [stdout]   17:     0x5e6e716a1fb4 - <std[617be2ca0a6fd877]::sys::thread::unix::Thread>::new::thread_start
[INFO] [stdout]   18:     0x771f1460fdfa - <unknown>
[INFO] [stdout]   19:     0x771f146a33d4 - clone
[INFO] [stdout]   20:                0x0 - <unknown>
[INFO] [stdout] 
[INFO] [stdout] 
[INFO] [stdout] failures:
[INFO] [stdout]     batch::tests::bound_batch_rate_mismatch_refuses_before_decoder_capability_work
[INFO] [stdout]     batch::tests::cancellation_before_or_during_recognition_commits_no_transcript_and_starts_no_successor
[INFO] [stdout]     batch::tests::observation_mode_preserves_batch_outputs_and_enabled_mode_emits_exact_window_records
[INFO] [stdout]     contracts::tests::timing_apply_reconstructs_one_fresh_bound_configuration
[INFO] [stdout]     multi_batch::tests::batch_policies_preserve_original_identity_for_one_two_and_three_channels
[INFO] [stdout]     multi_batch::tests::cancellation_and_failure_return_no_result_or_successor_channel
[INFO] [stdout]     multi_batch::tests::cancellation_precedes_a_simultaneous_input_rate_mismatch
[INFO] [stdout]     multi_batch::tests::each_typed_channel_policy_preserves_the_same_application_result_for_same_audio
[INFO] [stdout]     multi_batch::tests::exact_and_padded_short_inputs_remain_distinct_batch_configurations
[INFO] [stdout]     multi_batch::tests::mismatched_input_rate_refuses_before_any_decoder_call
[INFO] [stdout]     multi_batch::tests::one_mutable_decoder_preserves_channel_text_timing_segments_turns_and_aggregate_timings
[INFO] [stdout]     multi_stream::tests::all_channels_activates_without_correlation_or_selection_observation
[INFO] [stdout]     multi_stream::tests::deduplicate_uses_the_exact_window_and_releases_overshoot_once
[INFO] [stdout]     multi_stream::tests::emission_modes_preserve_event_order_patch_observations_and_dialogue_state
[INFO] [stdout]     multi_stream::tests::empty_upstream_error_becomes_an_explicit_typed_failure
[INFO] [stdout]     multi_stream::tests::factories_observe_bound_setup_identity_and_pre_factory_refusals_have_no_effect
[INFO] [stdout]     multi_stream::tests::first_live_error_or_cancellation_stops_later_active_channels
[INFO] [stdout]     multi_stream::tests::later_live_failure_or_cancellation_is_atomic_and_stops_the_third_channel
[INFO] [stdout]     multi_stream::tests::later_terminal_tail_failure_or_cancellation_is_atomic_and_stops_the_third_channel
[INFO] [stdout]     multi_stream::tests::nonidentity_terminal_tail_matches_offline_selection_and_dialogue
[INFO] [stdout]     multi_stream::tests::offline_empty_upstream_error_returns_a_typed_nonempty_failure
[INFO] [stdout]     multi_stream::tests::offline_workflow_assigns_reachable_failure_origins_without_losing_raw_errors
[INFO] [stdout]     multi_stream::tests::online_session_creation_keeps_shared_factory_construction_and_warmup_errors_exact
[INFO] [stdout]     multi_stream::tests::online_session_creation_reports_a_nonempty_empty_warmup_diagnostic
[INFO] [stdout]     multi_stream::tests::raw_formats_and_arbitrary_partitions_preserve_incremental_semantics
[INFO] [stdout]     multi_stream::tests::selection_observation_survives_a_failed_pending_release
[INFO] [stdout]     multi_stream::tests::terminal_partial_frame_refuses_before_tail_or_session_work
[INFO] [stdout]     multi_stream::tests::terminal_tail_error_stops_before_the_later_active_channel
[INFO] [stdout]     multi_stream::tests::three_channel_stream_keeps_original_construction_and_drive_order
[INFO] [stdout]     stream::tests::bound_stream_rate_mismatch_refuses_before_decoder_capability_work
[INFO] [stdout]     stream::tests::detector_cancellation_commits_no_stream_candidate_or_successor
[INFO] [stdout]     stream::tests::retained_silence_overflow_refuses_before_session_continuation_and_no_endpoint_keeps_it_unused
[INFO] [stdout]     stream::tests::stream_refuses_nonfinite_vad_probabilities_before_committing_a_candidate
[INFO] [stdout] 
[INFO] [stdout] test result: FAILED. 64 passed; 33 failed; 0 ignored; 0 measured; 0 filtered out; finished in 0.02s
[INFO] [stdout] 
[INFO] running `Command { std: "docker" "inspect" "07f3ead6f53a600918427fafd927e5ae05bdb36afc81f770b83444e2e766a58f", kill_on_drop: false }`
[INFO] running `Command { std: "docker" "rm" "-f" "07f3ead6f53a600918427fafd927e5ae05bdb36afc81f770b83444e2e766a58f", kill_on_drop: false }`
[INFO] [stdout] 07f3ead6f53a600918427fafd927e5ae05bdb36afc81f770b83444e2e766a58f
