[INFO] cloning repository https://github.com/danvoulez/fractal-byte
[INFO] running `Command { std: "git" "-c" "credential.helper=" "-c" "credential.helper=/workspace/cargo-home/bin/git-credential-null" "clone" "--bare" "https://github.com/danvoulez/fractal-byte" "/workspace/cache/git-repos/https%3A%2F%2Fgithub.com%2Fdanvoulez%2Ffractal-byte", kill_on_drop: false }`
[INFO] [stderr] Cloning into bare repository '/workspace/cache/git-repos/https%3A%2F%2Fgithub.com%2Fdanvoulez%2Ffractal-byte'...
[INFO] running `Command { std: "git" "rev-parse" "HEAD", kill_on_drop: false }`
[INFO] [stdout] d882b42e36bbeb7ac35ddb0a147ca15e8d6fe164
[INFO] testing danvoulez/fractal-byte/d882b42e36bbeb7ac35ddb0a147ca15e8d6fe164 against 1.100.0-beta.1+cargoflags=--release for beta-release-1.100-2
[INFO] running `Command { std: "git" "clone" "/workspace/cache/git-repos/https%3A%2F%2Fgithub.com%2Fdanvoulez%2Ffractal-byte" "/workspace/builds/worker-5-tc2/source", kill_on_drop: false }`
[INFO] [stderr] Cloning into '/workspace/builds/worker-5-tc2/source'...
[INFO] [stderr] done.
[INFO] started tweaking git repo https://github.com/danvoulez/fractal-byte
[INFO] finished tweaking git repo https://github.com/danvoulez/fractal-byte
[INFO] tweaked toml for git repo https://github.com/danvoulez/fractal-byte written to /workspace/builds/worker-5-tc2/source/Cargo.toml
[INFO] validating manifest of git repo https://github.com/danvoulez/fractal-byte on toolchain 1.100.0-beta.1
[INFO] running `Command { std: CARGO_HOME="/workspace/cargo-home" RUSTUP_HOME="/workspace/rustup-home" "/workspace/cargo-home/bin/cargo" "+1.100.0-beta.1" "metadata" "--manifest-path" "Cargo.toml" "--no-deps", kill_on_drop: false }`
[INFO] crate git repo https://github.com/danvoulez/fractal-byte already has a lockfile, it will not be regenerated
[INFO] running `Command { std: CARGO_HOME="/workspace/cargo-home" RUSTUP_HOME="/workspace/rustup-home" "/workspace/cargo-home/bin/cargo" "+1.100.0-beta.1" "fetch" "--manifest-path" "Cargo.toml", kill_on_drop: false }`
[INFO] running `Command { std: "docker" "create" "-v" "/var/lib/crater-agent-workspace/builds/worker-5-tc2/source:/opt/rustwide/workdir:ro,Z" "-v" "/var/lib/crater-agent-workspace/builds/worker-5-tc2/target:/opt/rustwide/target:rw,Z" "-v" "/var/lib/crater-agent-workspace/cargo-home:/opt/rustwide/cargo-home:ro,Z" "-v" "/var/lib/crater-agent-workspace/rustup-home:/opt/rustwide/rustup-home:ro,Z" "-m" "1610612736" "--network" "none" "ghcr.io/rust-lang/crates-build-env/linux@sha256:77db811e55d90add9212f6832c23229e3de5f1c1f9905e8cb07319ea15df73ac" "sleep" "infinity", kill_on_drop: false }`
[INFO] [stdout] cc3ef75025e7f73bcf2bb2363ca0ac0be65d86dad9533fa1e217a4282b9b6437
[INFO] running `Command { std: "docker" "start" "cc3ef75025e7f73bcf2bb2363ca0ac0be65d86dad9533fa1e217a4282b9b6437", kill_on_drop: false }`
[INFO] running `Command { std: "docker" "inspect" "cc3ef75025e7f73bcf2bb2363ca0ac0be65d86dad9533fa1e217a4282b9b6437", kill_on_drop: false }`
[INFO] running `Command { std: "docker" "exec" "-e" "SOURCE_DIR=/opt/rustwide/workdir" "-e" "CARGO_HOME=/opt/rustwide/cargo-home" "-e" "RUSTUP_HOME=/opt/rustwide/rustup-home" "-e" "CARGO_TARGET_DIR=/opt/rustwide/target" "-w" "/opt/rustwide/workdir" "--user" "0:0" "cc3ef75025e7f73bcf2bb2363ca0ac0be65d86dad9533fa1e217a4282b9b6437" "/opt/rustwide/cargo-home/bin/cargo" "+1.100.0-beta.1" "metadata" "--no-deps" "--format-version=1", kill_on_drop: false }`
[INFO] running `Command { std: "docker" "inspect" "cc3ef75025e7f73bcf2bb2363ca0ac0be65d86dad9533fa1e217a4282b9b6437", kill_on_drop: false }`
[INFO] running `Command { std: "docker" "exec" "-e" "SOURCE_DIR=/opt/rustwide/workdir" "-e" "CARGO_HOME=/opt/rustwide/cargo-home" "-e" "RUSTUP_HOME=/opt/rustwide/rustup-home" "-e" "CARGO_TARGET_DIR=/opt/rustwide/target" "-e" "CARGO_INCREMENTAL=0" "-e" "RUST_BACKTRACE=full" "-e" "RUSTFLAGS=--cap-lints=warn" "-e" "RUSTDOCFLAGS=--cap-lints=warn" "-w" "/opt/rustwide/workdir" "--user" "0:0" "cc3ef75025e7f73bcf2bb2363ca0ac0be65d86dad9533fa1e217a4282b9b6437" "/opt/rustwide/cargo-home/bin/cargo" "+1.100.0-beta.1" "build" "--frozen" "--message-format=json" "--release", kill_on_drop: false }`
[INFO] [stderr]    Compiling proc-macro2 v1.0.106
[INFO] [stderr]    Compiling unicode-ident v1.0.23
[INFO] [stderr]    Compiling libc v0.2.182
[INFO] [stderr]    Compiling smallvec v1.15.1
[INFO] [stderr]    Compiling memchr v2.8.0
[INFO] [stderr]    Compiling bytes v1.11.1
[INFO] [stderr]    Compiling log v0.4.29
[INFO] [stderr]    Compiling zeroize v1.8.2
[INFO] [stderr]    Compiling typenum v1.19.0
[INFO] [stderr]    Compiling tracing-core v0.1.36
[INFO] [stderr]    Compiling zerocopy v0.8.39
[INFO] [stderr]    Compiling serde_json v1.0.149
[INFO] [stderr]    Compiling futures-io v0.3.31
[INFO] [stderr]    Compiling data-encoding v2.10.0
[INFO] [stderr]    Compiling unsigned-varint v0.8.0
[INFO] [stderr]    Compiling rustls-pki-types v1.14.0
[INFO] [stderr]    Compiling futures-channel v0.3.31
[INFO] [stderr]    Compiling hashbrown v0.16.1
[INFO] [stderr]    Compiling aws-lc-rs v1.15.4
[INFO] [stderr]    Compiling const-str v0.4.3
[INFO] [stderr]    Compiling winnow v0.7.14
[INFO] [stderr]    Compiling curve25519-dalek v4.1.3
[INFO] [stderr]    Compiling litemap v0.8.1
[INFO] [stderr]    Compiling anyhow v1.0.101
[INFO] [stderr]    Compiling writeable v0.6.2
[INFO] [stderr]    Compiling toml_datetime v0.7.5+spec-1.1.0
[INFO] [stderr]    Compiling base-x v0.2.11
[INFO] [stderr]    Compiling futures-util v0.3.31
[INFO] [stderr]    Compiling http v1.4.0
[INFO] [stderr]    Compiling core2 v0.4.0
[INFO] [stderr]    Compiling indexmap v2.13.0
[INFO] [stderr]    Compiling ipnet v2.11.0
[INFO] [stderr]    Compiling errno v0.3.14
[INFO] [stderr]    Compiling jobserver v0.1.34
[INFO] [stderr]    Compiling parking_lot_core v0.9.12
[INFO] [stderr]    Compiling socket2 v0.6.2
[INFO] [stderr]    Compiling signal-hook-registry v1.4.8
[INFO] [stderr]    Compiling quote v1.0.44
[INFO] [stderr]    Compiling mio v1.1.1
[INFO] [stderr]    Compiling generic-array v0.14.7
[INFO] [stderr]    Compiling cc v1.2.56
[INFO] [stderr]    Compiling parking_lot v0.12.5
[INFO] [stderr]    Compiling syn v2.0.115
[INFO] [stderr]    Compiling getrandom v0.2.17
[INFO] [stderr]    Compiling num-traits v0.2.19
[INFO] [stderr]    Compiling block-buffer v0.10.4
[INFO] [stderr]    Compiling crypto-common v0.1.7
[INFO] [stderr]    Compiling rand_core v0.6.4
[INFO] [stderr]    Compiling serde_bytes v0.11.19
[INFO] [stderr]    Compiling sync_wrapper v1.0.2
[INFO] [stderr]    Compiling digest v0.10.7
[INFO] [stderr]    Compiling signature v2.2.0
[INFO] [stderr]    Compiling icu_normalizer_data v2.1.1
[INFO] [stderr]    Compiling icu_properties_data v2.1.2
[INFO] [stderr]    Compiling openssl v0.10.75
[INFO] [stderr]    Compiling arrayvec v0.7.6
[INFO] [stderr]    Compiling constant_time_eq v0.4.2
[INFO] [stderr]    Compiling arrayref v0.3.9
[INFO] [stderr]    Compiling rustls v0.23.36
[INFO] [stderr]    Compiling sha2 v0.10.9
[INFO] [stderr]    Compiling native-tls v0.2.15
[INFO] [stderr]    Compiling http-body v1.0.1
[INFO] [stderr]    Compiling iana-time-zone v0.1.65
[INFO] [stderr]    Compiling raw-cpuid v11.6.0
[INFO] [stderr]    Compiling http-body-util v0.1.3
[INFO] [stderr]    Compiling cmake v0.1.57
[INFO] [stderr]    Compiling rustls-native-certs v0.8.3
[INFO] [stderr]    Compiling num_cpus v1.17.0
[INFO] [stderr]    Compiling leb128 v0.2.5
[INFO] [stderr]    Compiling sketches-ddsketch v0.2.2
[INFO] [stderr]    Compiling bs58 v0.5.1
[INFO] [stderr]    Compiling openssl-sys v0.9.111
[INFO] [stderr]    Compiling blake3 v1.8.3
[INFO] [stderr]    Compiling aws-lc-sys v0.37.1
[INFO] [stderr]    Compiling tracing-log v0.2.0
[INFO] [stderr]    Compiling serde_path_to_error v0.1.20
[INFO] [stderr]    Compiling clap_lex v1.0.0
[INFO] [stderr]    Compiling toml_parser v1.0.8+spec-1.1.0
[INFO] [stderr]    Compiling matchit v0.7.3
[INFO] [stderr]    Compiling iri-string v0.7.10
[INFO] [stderr]    Compiling tracing-subscriber v0.3.22
[INFO] [stderr]    Compiling clap_builder v4.5.58
[INFO] [stderr]    Compiling toml_edit v0.23.10+spec-1.0.0
[INFO] [stderr]    Compiling ubl_config v0.1.0 (/opt/rustwide/workdir/crates/ubl_config)
[INFO] [stderr]    Compiling urlencoding v2.1.3
[INFO] [stderr]    Compiling colored v2.2.0
[INFO] [stderr]    Compiling proc-macro-crate v3.4.0
[INFO] [stderr]    Compiling quanta v0.12.6
[INFO] [stderr]    Compiling synstructure v0.13.2
[INFO] [stderr]    Compiling ppv-lite86 v0.2.21
[INFO] [stderr]    Compiling ahash v0.8.12
[INFO] [stderr]    Compiling serde_derive v1.0.228
[INFO] [stderr]    Compiling tokio-macros v2.6.0
[INFO] [stderr]    Compiling zerofrom-derive v0.1.6
[INFO] [stderr]    Compiling yoke-derive v0.8.1
[INFO] [stderr]    Compiling tracing-attributes v0.1.31
[INFO] [stderr]    Compiling zerovec-derive v0.11.2
[INFO] [stderr]    Compiling displaydoc v0.2.5
[INFO] [stderr]    Compiling match-lookup v0.1.2
[INFO] [stderr]    Compiling data-encoding-macro-internal v0.1.17
[INFO] [stderr]    Compiling curve25519-dalek-derive v0.1.1
[INFO] [stderr]    Compiling thiserror-impl v1.0.69
[INFO] [stderr]    Compiling tokio v1.49.0
[INFO] [stderr]    Compiling base256emoji v1.0.2
[INFO] [stderr]    Compiling data-encoding-macro v0.1.19
[INFO] [stderr]    Compiling rand_chacha v0.3.1
[INFO] [stderr]    Compiling openssl-macros v0.1.1
[INFO] [stderr]    Compiling multibase v0.9.2
[INFO] [stderr]    Compiling multihash-derive-impl v0.1.2
[INFO] [stderr]    Compiling hashbrown v0.14.5
[INFO] [stderr]    Compiling rand v0.8.5
[INFO] [stderr]    Compiling metrics v0.23.1
[INFO] [stderr]    Compiling zerofrom v0.1.6
[INFO] [stderr]    Compiling yoke v0.8.1
[INFO] [stderr]    Compiling thiserror-impl v2.0.18
[INFO] [stderr]    Compiling tracing v0.1.44
[INFO] [stderr]    Compiling async-trait v0.1.89
[INFO] [stderr]    Compiling axum-macros v0.4.2
[INFO] [stderr]    Compiling clap_derive v4.5.55
[INFO] [stderr]    Compiling thiserror v1.0.69
[INFO] [stderr]    Compiling zerovec v0.11.5
[INFO] [stderr]    Compiling zerotrie v0.2.3
[INFO] [stderr]    Compiling metrics-util v0.17.0
[INFO] [stderr]    Compiling axum-core v0.4.5
[INFO] [stderr]    Compiling tinystr v0.8.2
[INFO] [stderr]    Compiling potential_utf v0.1.4
[INFO] [stderr]    Compiling icu_collections v2.1.1
[INFO] [stderr]    Compiling icu_locale_core v2.1.1
[INFO] [stderr]    Compiling thiserror v2.0.18
[INFO] [stderr]    Compiling serde v1.0.228
[INFO] [stderr]    Compiling clap v4.5.58
[INFO] [stderr]    Compiling icu_provider v2.1.1
[INFO] [stderr]    Compiling multihash v0.19.3
[INFO] [stderr]    Compiling ed25519 v2.2.3
[INFO] [stderr]    Compiling cid v0.11.1
[INFO] [stderr]    Compiling ed25519-dalek v2.2.0
[INFO] [stderr]    Compiling multihash-derive v0.9.1
[INFO] [stderr]    Compiling chrono v0.4.43
[INFO] [stderr]    Compiling serde_urlencoded v0.7.1
[INFO] [stderr]    Compiling icu_properties v2.1.2
[INFO] [stderr]    Compiling icu_normalizer v2.1.1
[INFO] [stderr]    Compiling multihash-codetable v0.1.1
[INFO] [stderr]    Compiling ubl_ai_nrf1 v0.1.0 (/opt/rustwide/workdir/crates/ubl_ai_nrf1)
[INFO] [stderr]    Compiling rb_vm v0.1.0 (/opt/rustwide/workdir/crates/rb_vm)
[INFO] [stderr]    Compiling serde_yaml v0.9.34+deprecated
[INFO] [stderr]    Compiling ubl_adapter v0.1.0 (/opt/rustwide/workdir/crates/ubl_adapter)
[INFO] [stderr]    Compiling ubl_runtime v0.1.0 (/opt/rustwide/workdir/crates/ubl_runtime)
[INFO] [stderr]    Compiling idna_adapter v1.2.1
[INFO] [stderr]    Compiling idna v1.1.0
[INFO] [stderr]    Compiling url v2.5.8
[INFO] [stderr]    Compiling ubl v0.1.0 (/opt/rustwide/workdir/crates/ubl)
[INFO] [stderr]    Compiling tokio-util v0.7.18
[INFO] [stderr]    Compiling tower v0.5.3
[INFO] [stderr]    Compiling ubl_ledger v0.1.0 (/opt/rustwide/workdir/crates/ubl_ledger)
[INFO] [stderr]    Compiling tokio-native-tls v0.3.1
[INFO] [stderr]    Compiling tower-http v0.5.2
[INFO] [stderr]    Compiling ubl_receipt v0.1.0 (/opt/rustwide/workdir/crates/ubl_receipt)
[INFO] [stderr]    Compiling h2 v0.4.13
[INFO] [stderr]    Compiling tower-http v0.6.8
[INFO] [stderr]    Compiling ubl_did v0.1.0 (/opt/rustwide/workdir/crates/ubl_did)
[INFO] [stderr]    Compiling hyper v1.8.1
[INFO] [stderr]    Compiling hyper-util v0.1.20
[INFO] [stderr]    Compiling hyper-tls v0.6.0
[INFO] [stderr]    Compiling axum v0.7.9
[INFO] [stderr]    Compiling reqwest v0.12.28
[INFO] [stderr]    Compiling ublx v0.1.0 (/opt/rustwide/workdir/crates/ublx)
[INFO] [stderr]    Compiling rustls-webpki v0.103.9
[INFO] [stderr]    Compiling tokio-rustls v0.26.4
[INFO] [stderr]    Compiling hyper-rustls v0.27.7
[INFO] [stderr]    Compiling metrics-exporter-prometheus v0.15.3
[INFO] [stderr]    Compiling ubl_gate v0.1.0 (/opt/rustwide/workdir/services/ubl_gate)
[INFO] [stderr] warning: unused dependency `base64`
[INFO] [stderr]   --> crates/rb_vm/Cargo.toml:16:1
[INFO] [stderr]    |
[INFO] [stderr] 16 | base64 = { version = "0.22", default-features = false, features = ["alloc"] }
[INFO] [stderr]    | ^^^^^^^^^^^^^^^^^^^^^^^^^^^^^^^^^^^^^^^^^^^^^^^^^^^^^^^^^^^^^^^^^^^^^^^^^^^^^
[INFO] [stderr]    |
[INFO] [stderr]    = note: `cargo::unused_dependencies` is set to `warn` by default
[INFO] [stderr] help: consider removing the dependency on `base64`
[INFO] [stderr] warning: `rb_vm` (manifest) generated 1 warning
[INFO] [stderr] warning: unused dependency `base64`
[INFO] [stderr]  --> crates/ubl/Cargo.toml:9:1
[INFO] [stderr]   |
[INFO] [stderr] 9 | base64 = "0.22"
[INFO] [stderr]   | ^^^^^^^^^^^^^^^
[INFO] [stderr]   |
[INFO] [stderr]   = note: `cargo::unused_dependencies` is set to `warn` by default
[INFO] [stderr] help: consider removing the dependency on `base64`
[INFO] [stderr] warning: `ubl` (manifest) generated 1 warning
[INFO] [stderr] warning: unused dependency `hex`
[INFO] [stderr]   --> crates/ubl_ai_nrf1/Cargo.toml:14:1
[INFO] [stderr]    |
[INFO] [stderr] 14 | hex = "0.4"
[INFO] [stderr]    | ^^^^^^^^^^^
[INFO] [stderr]    |
[INFO] [stderr]    = note: `cargo::unused_dependencies` is set to `warn` by default
[INFO] [stderr] help: consider removing the dependency on `hex`
[INFO] [stderr] warning: unused dependency `leb128`
[INFO] [stderr]   --> crates/ubl_ai_nrf1/Cargo.toml:11:1
[INFO] [stderr]    |
[INFO] [stderr] 11 | leb128 = "0.2"
[INFO] [stderr]    | ^^^^^^^^^^^^^^
[INFO] [stderr]    |
[INFO] [stderr] help: consider removing the dependency on `leb128`
[INFO] [stderr] warning: `ubl_ai_nrf1` (manifest) generated 2 warnings
[INFO] [stderr] warning: unused dependency `rand`
[INFO] [stderr]   --> crates/ubl_receipt/Cargo.toml:13:1
[INFO] [stderr]    |
[INFO] [stderr] 13 | rand = "0.8"
[INFO] [stderr]    | ^^^^^^^^^^^^
[INFO] [stderr]    |
[INFO] [stderr]    = note: `cargo::unused_dependencies` is set to `warn` by default
[INFO] [stderr] help: consider removing the dependency on `rand`
[INFO] [stderr] warning: `ubl_receipt` (manifest) generated 1 warning
[INFO] [stderr] warning: unused dependency `ubl_ai_nrf1`
[INFO] [stderr]   --> crates/ubl_runtime/Cargo.toml:12:1
[INFO] [stderr]    |
[INFO] [stderr] 12 | ubl_ai_nrf1 = { path = "../ubl_ai_nrf1" }
[INFO] [stderr]    | ^^^^^^^^^^^^^^^^^^^^^^^^^^^^^^^^^^^^^^^^^
[INFO] [stderr]    |
[INFO] [stderr]    = note: `cargo::unused_dependencies` is set to `warn` by default
[INFO] [stderr] help: consider removing the dependency on `ubl_ai_nrf1`
[INFO] [stderr] warning: `ubl_runtime` (manifest) generated 1 warning
[INFO] [stderr]     Finished `release` profile [optimized] target(s) in 3m 06s
[INFO] running `Command { std: "docker" "inspect" "cc3ef75025e7f73bcf2bb2363ca0ac0be65d86dad9533fa1e217a4282b9b6437", kill_on_drop: false }`
[INFO] running `Command { std: "docker" "exec" "-e" "SOURCE_DIR=/opt/rustwide/workdir" "-e" "CARGO_HOME=/opt/rustwide/cargo-home" "-e" "RUSTUP_HOME=/opt/rustwide/rustup-home" "-e" "CARGO_TARGET_DIR=/opt/rustwide/target" "-e" "CARGO_INCREMENTAL=0" "-e" "RUST_BACKTRACE=full" "-e" "RUSTFLAGS=--cap-lints=warn" "-e" "RUSTDOCFLAGS=--cap-lints=warn" "-w" "/opt/rustwide/workdir" "--user" "0:0" "cc3ef75025e7f73bcf2bb2363ca0ac0be65d86dad9533fa1e217a4282b9b6437" "/opt/rustwide/cargo-home/bin/cargo" "+1.100.0-beta.1" "test" "--frozen" "--no-run" "--message-format=json" "--release", kill_on_drop: false }`
[INFO] [stderr]    Compiling tokio v1.49.0
[INFO] [stderr]    Compiling hex-literal v0.4.1
[INFO] [stderr]    Compiling ubl_runtime v0.1.0 (/opt/rustwide/workdir/crates/ubl_runtime)
[INFO] [stderr]    Compiling rb_vm v0.1.0 (/opt/rustwide/workdir/crates/rb_vm)
[INFO] [stderr]    Compiling ubl v0.1.0 (/opt/rustwide/workdir/crates/ubl)
[INFO] [stderr]    Compiling ubl_config v0.1.0 (/opt/rustwide/workdir/crates/ubl_config)
[INFO] [stderr]    Compiling ubl_ai_nrf1 v0.1.0 (/opt/rustwide/workdir/crates/ubl_ai_nrf1)
[INFO] [stderr]    Compiling tokio-util v0.7.18
[INFO] [stderr]    Compiling ubl_ledger v0.1.0 (/opt/rustwide/workdir/crates/ubl_ledger)
[INFO] [stderr]    Compiling tower v0.5.3
[INFO] [stderr]    Compiling tokio-rustls v0.26.4
[INFO] [stderr]    Compiling tokio-native-tls v0.3.1
[INFO] [stderr]    Compiling tower-http v0.5.2
[INFO] [stderr]    Compiling ubl_receipt v0.1.0 (/opt/rustwide/workdir/crates/ubl_receipt)
[INFO] [stderr]    Compiling tower-http v0.6.8
[INFO] [stderr]    Compiling h2 v0.4.13
[INFO] [stderr]    Compiling ubl_did v0.1.0 (/opt/rustwide/workdir/crates/ubl_did)
[INFO] [stderr]    Compiling ubl_adapter v0.1.0 (/opt/rustwide/workdir/crates/ubl_adapter)
[INFO] [stderr]    Compiling hyper v1.8.1
[INFO] [stderr]    Compiling hyper-util v0.1.20
[INFO] [stderr]    Compiling hyper-rustls v0.27.7
[INFO] [stderr]    Compiling hyper-tls v0.6.0
[INFO] [stderr]    Compiling axum v0.7.9
[INFO] [stderr]    Compiling reqwest v0.12.28
[INFO] [stderr]    Compiling metrics-exporter-prometheus v0.15.3
[INFO] [stderr]    Compiling ublx v0.1.0 (/opt/rustwide/workdir/crates/ublx)
[INFO] [stderr]    Compiling ubl_gate v0.1.0 (/opt/rustwide/workdir/services/ubl_gate)
[INFO] [stderr] warning: unused dependency `base64`
[INFO] [stderr]   --> crates/rb_vm/Cargo.toml:16:1
[INFO] [stderr]    |
[INFO] [stderr] 16 | base64 = { version = "0.22", default-features = false, features = ["alloc"] }
[INFO] [stderr]    | ^^^^^^^^^^^^^^^^^^^^^^^^^^^^^^^^^^^^^^^^^^^^^^^^^^^^^^^^^^^^^^^^^^^^^^^^^^^^^
[INFO] [stderr]    |
[INFO] [stderr]    = note: `cargo::unused_dependencies` is set to `warn` by default
[INFO] [stderr] help: consider removing the dependency on `base64`
[INFO] [stderr] warning: `rb_vm` (manifest) generated 1 warning
[INFO] [stderr] warning: unused dependency `base64`
[INFO] [stderr]  --> crates/ubl/Cargo.toml:9:1
[INFO] [stderr]   |
[INFO] [stderr] 9 | base64 = "0.22"
[INFO] [stderr]   | ^^^^^^^^^^^^^^^
[INFO] [stderr]   |
[INFO] [stderr]   = note: `cargo::unused_dependencies` is set to `warn` by default
[INFO] [stderr] help: consider removing the dependency on `base64`
[INFO] [stderr] warning: `ubl` (manifest) generated 1 warning
[INFO] [stderr] warning: unused dependency `hex`
[INFO] [stderr]   --> crates/ubl_ai_nrf1/Cargo.toml:14:1
[INFO] [stderr]    |
[INFO] [stderr] 14 | hex = "0.4"
[INFO] [stderr]    | ^^^^^^^^^^^
[INFO] [stderr]    |
[INFO] [stderr]    = note: `cargo::unused_dependencies` is set to `warn` by default
[INFO] [stderr] help: consider removing the dependency on `hex`
[INFO] [stderr] warning: unused dependency `leb128`
[INFO] [stderr]   --> crates/ubl_ai_nrf1/Cargo.toml:11:1
[INFO] [stderr]    |
[INFO] [stderr] 11 | leb128 = "0.2"
[INFO] [stderr]    | ^^^^^^^^^^^^^^
[INFO] [stderr]    |
[INFO] [stderr] help: consider removing the dependency on `leb128`
[INFO] [stderr] warning: `ubl_ai_nrf1` (manifest) generated 2 warnings
[INFO] [stderr] warning: unused dependency `rand`
[INFO] [stderr]   --> crates/ubl_receipt/Cargo.toml:13:1
[INFO] [stderr]    |
[INFO] [stderr] 13 | rand = "0.8"
[INFO] [stderr]    | ^^^^^^^^^^^^
[INFO] [stderr]    |
[INFO] [stderr]    = note: `cargo::unused_dependencies` is set to `warn` by default
[INFO] [stderr] help: consider removing the dependency on `rand`
[INFO] [stderr] warning: `ubl_receipt` (manifest) generated 1 warning
[INFO] [stderr] warning: unused dependency `ubl_ai_nrf1`
[INFO] [stderr]   --> crates/ubl_runtime/Cargo.toml:12:1
[INFO] [stderr]    |
[INFO] [stderr] 12 | ubl_ai_nrf1 = { path = "../ubl_ai_nrf1" }
[INFO] [stderr]    | ^^^^^^^^^^^^^^^^^^^^^^^^^^^^^^^^^^^^^^^^^
[INFO] [stderr]    |
[INFO] [stderr]    = note: `cargo::unused_dependencies` is set to `warn` by default
[INFO] [stderr] help: consider removing the dependency on `ubl_ai_nrf1`
[INFO] [stderr] warning: `ubl_runtime` (manifest) generated 1 warning
[INFO] [stderr]     Finished `release` profile [optimized] target(s) in 1m 38s
[INFO] running `Command { std: "docker" "inspect" "cc3ef75025e7f73bcf2bb2363ca0ac0be65d86dad9533fa1e217a4282b9b6437", kill_on_drop: false }`
[INFO] running `Command { std: "docker" "exec" "-e" "SOURCE_DIR=/opt/rustwide/workdir" "-e" "CARGO_HOME=/opt/rustwide/cargo-home" "-e" "RUSTUP_HOME=/opt/rustwide/rustup-home" "-e" "CARGO_TARGET_DIR=/opt/rustwide/target" "-e" "CARGO_INCREMENTAL=0" "-e" "RUST_BACKTRACE=full" "-e" "RUSTFLAGS=--cap-lints=warn" "-e" "RUSTDOCFLAGS=--cap-lints=warn" "-w" "/opt/rustwide/workdir" "--user" "0:0" "cc3ef75025e7f73bcf2bb2363ca0ac0be65d86dad9533fa1e217a4282b9b6437" "/opt/rustwide/cargo-home/bin/cargo" "+1.100.0-beta.1" "test" "--frozen" "--release", kill_on_drop: false }`
[INFO] [stderr] warning: unused dependency `base64`
[INFO] [stderr]   --> crates/rb_vm/Cargo.toml:16:1
[INFO] [stderr]    |
[INFO] [stderr] 16 | base64 = { version = "0.22", default-features = false, features = ["alloc"] }
[INFO] [stderr]    | ^^^^^^^^^^^^^^^^^^^^^^^^^^^^^^^^^^^^^^^^^^^^^^^^^^^^^^^^^^^^^^^^^^^^^^^^^^^^^
[INFO] [stderr]    |
[INFO] [stderr]    = note: `cargo::unused_dependencies` is set to `warn` by default
[INFO] [stderr] help: consider removing the dependency on `base64`
[INFO] [stderr] warning: `rb_vm` (manifest) generated 1 warning
[INFO] [stderr] warning: unused dependency `base64`
[INFO] [stderr]  --> crates/ubl/Cargo.toml:9:1
[INFO] [stderr]   |
[INFO] [stderr] 9 | base64 = "0.22"
[INFO] [stderr]   | ^^^^^^^^^^^^^^^
[INFO] [stderr]   |
[INFO] [stderr]   = note: `cargo::unused_dependencies` is set to `warn` by default
[INFO] [stderr] help: consider removing the dependency on `base64`
[INFO] [stderr] warning: `ubl` (manifest) generated 1 warning
[INFO] [stderr] warning: unused dependency `hex`
[INFO] [stderr]   --> crates/ubl_ai_nrf1/Cargo.toml:14:1
[INFO] [stderr]    |
[INFO] [stderr] 14 | hex = "0.4"
[INFO] [stderr]    | ^^^^^^^^^^^
[INFO] [stderr]    |
[INFO] [stderr]    = note: `cargo::unused_dependencies` is set to `warn` by default
[INFO] [stderr] help: consider removing the dependency on `hex`
[INFO] [stderr] warning: unused dependency `leb128`
[INFO] [stderr]   --> crates/ubl_ai_nrf1/Cargo.toml:11:1
[INFO] [stderr]    |
[INFO] [stderr] 11 | leb128 = "0.2"
[INFO] [stderr]    | ^^^^^^^^^^^^^^
[INFO] [stderr]    |
[INFO] [stderr] help: consider removing the dependency on `leb128`
[INFO] [stderr] warning: `ubl_ai_nrf1` (manifest) generated 2 warnings
[INFO] [stderr] warning: unused dependency `rand`
[INFO] [stderr]   --> crates/ubl_receipt/Cargo.toml:13:1
[INFO] [stderr]    |
[INFO] [stderr] 13 | rand = "0.8"
[INFO] [stderr]    | ^^^^^^^^^^^^
[INFO] [stderr]    |
[INFO] [stderr]    = note: `cargo::unused_dependencies` is set to `warn` by default
[INFO] [stderr] help: consider removing the dependency on `rand`
[INFO] [stderr] warning: `ubl_receipt` (manifest) generated 1 warning
[INFO] [stderr] warning: unused dependency `ubl_ai_nrf1`
[INFO] [stderr]   --> crates/ubl_runtime/Cargo.toml:12:1
[INFO] [stderr]    |
[INFO] [stderr] 12 | ubl_ai_nrf1 = { path = "../ubl_ai_nrf1" }
[INFO] [stderr]    | ^^^^^^^^^^^^^^^^^^^^^^^^^^^^^^^^^^^^^^^^^
[INFO] [stderr]    |
[INFO] [stderr]    = note: `cargo::unused_dependencies` is set to `warn` by default
[INFO] [stderr] help: consider removing the dependency on `ubl_ai_nrf1`
[INFO] [stderr] warning: `ubl_runtime` (manifest) generated 1 warning
[INFO] [stderr]     Finished `release` profile [optimized] target(s) in 0.46s
[INFO] [stderr]      Running unittests src/lib.rs (/opt/rustwide/target/release/build/rb_vm/bf668b80ad2a3adf/out/rb_vm-bf668b80ad2a3adf)
[INFO] [stdout] 
[INFO] [stdout] running 0 tests
[INFO] [stdout] 
[INFO] [stdout] test result: ok. 0 passed; 0 failed; 0 ignored; 0 measured; 0 filtered out; finished in 0.00s
[INFO] [stdout] 
[INFO] [stderr]      Running tests/laws.rs (/opt/rustwide/target/release/build/rb_vm/4506751aaa904d4e/out/laws-4506751aaa904d4e)
[INFO] [stdout] 
[INFO] [stdout] running 27 tests
[INFO] [stdout] test law2_tlv_decode_rejects_truncated ... ok
[INFO] [stdout] test law2_tlv_decode_rejects_unknown_opcode ... ok
[INFO] [stdout] test law5_invalid_payload_const_i64 ... ok
[INFO] [stdout] test law4_fuel_deterministic_count ... ok
[INFO] [stdout] test golden_deny_age_allow_cid_stable ... ok
[INFO] [stdout] test law4_fuel_exhaustion ... ok
[INFO] [stdout] test law5_type_mismatch_assert_on_i64 ... ok
[INFO] [stdout] test law7_cas_put_get_roundtrip ... ok
[INFO] [stdout] test law6_ghost_mode_produces_rc ... ok
[INFO] [stdout] test law5_stack_underflow ... ok
[INFO] [stdout] test law6_ghost_deterministic ... ok
[INFO] [stdout] test law1_different_input_different_cid ... ok
[INFO] [stdout] test law1_determinism_same_input_same_cid ... ok
[INFO] [stdout] test law1_determinism_10x ... ok
[INFO] [stdout] test law8_canon_rejects_invalid_json ... ok
[INFO] [stdout] test law4_fuel_exact_boundary ... ok
[INFO] [stdout] test law3_no_io_cas_get_missing_is_deny ... ok
[INFO] [stdout] test law10_deny_has_reason ... ok
[INFO] [stdout] test law5_type_mismatch_add_on_bytes ... ok
[INFO] [stdout] test law10_deny_age_17_is_deterministic ... ok
[INFO] [stdout] test law2_tlv_roundtrip_all_opcodes ... ok
[INFO] [stdout] test law3_no_io_no_external_calls ... ok
[INFO] [stdout] test law10_deny_missing_key ... ok
[INFO] [stdout] test law8_canon_sorts_keys ... ok
[INFO] [stdout] test law7_hash_blake3_deterministic ... ok
[INFO] [stdout] test law9_sign_produces_rc_with_cid ... ok
[INFO] [stdout] test law9_kid_is_did ... ok
[INFO] [stdout] 
[INFO] [stdout] test result: ok. 27 passed; 0 failed; 0 ignored; 0 measured; 0 filtered out; finished in 0.02s
[INFO] [stdout] 
[INFO] [stderr]      Running unittests src/main.rs (/opt/rustwide/target/release/build/ubl/b1476f1a902187d5/out/ubl-b1476f1a902187d5)
[INFO] [stdout] 
[INFO] [stdout] running 0 tests
[INFO] [stdout] 
[INFO] [stderr]      Running unittests src/lib.rs (/opt/rustwide/target/release/build/ubl_adapter/4c46b31157a30410/out/ubl_adapter-4c46b31157a30410)
[INFO] [stdout] test result: ok. 0 passed; 0 failed; 0 ignored; 0 measured; 0 filtered out; finished in 0.00s
[INFO] [stdout] 
[INFO] [stdout] 
[INFO] [stdout] running 12 tests
[INFO] [stdout] test http::tests::policy_allows_exact_match ... ok
[INFO] [stdout] test http::tests::policy_empty_allows_all ... ok
[INFO] [stdout] test types::tests::pinned_blob_verify ... ok
[INFO] [stdout] test types::tests::pinned_blob_tamper_detected ... ok
[INFO] [stdout] test http::tests::policy_allows_prefix_glob ... ok
[INFO] [stdout] test http::tests::policy_allows_wildcard ... ok
[INFO] [stdout] test http::tests::policy_timeout_cap ... ok
[INFO] [stdout] test http::tests::verify_pinned_ok ... ok
[INFO] [stdout] test http::tests::verify_pinned_tampered ... ok
[INFO] [stdout] test types::tests::adapter_request_serde_roundtrip ... ok
[INFO] [stderr]      Running unittests src/lib.rs (/opt/rustwide/target/release/build/ubl_ai_nrf1/837c339cb2fb11af/out/ubl_ai_nrf1-837c339cb2fb11af)
[INFO] [stdout] test types::tests::http_params_cid_changes_with_url ... ok
[INFO] [stdout] test types::tests::http_params_cid_deterministic ... ok
[INFO] [stdout] 
[INFO] [stdout] test result: ok. 12 passed; 0 failed; 0 ignored; 0 measured; 0 filtered out; finished in 0.00s
[INFO] [stdout] 
[INFO] [stdout] 
[INFO] [stdout] running 32 tests
[INFO] [stdout] test nrf::tests::decode_rejects_bom_in_string ... ok
[INFO] [stdout] test nrf::tests::cid_different_for_different_bytes ... ok
[INFO] [stdout] test nrf::tests::json_to_nrf_null_array_nested ... ok
[INFO] [stdout] test nrf::tests::json_to_nrf_accepts_nfc_string ... ok
[INFO] [stdout] test nrf::tests::json_to_nrf_sorts_keys ... ok
[INFO] [stdout] test nrf::tests::cid_deterministic_for_same_bytes ... ok
[INFO] [stdout] test nrf::tests::decode_rejects_bad_magic ... ok
[INFO] [stdout] test nrf::tests::decode_rejects_truncated_int ... ok
[INFO] [stdout] test nrf::tests::decode_rejects_unknown_tag ... ok
[INFO] [stdout] test nrf::tests::json_to_nrf_rejects_float ... ok
[INFO] [stdout] test nrf::tests::json_to_nrf_rejects_bom_in_value ... ok
[INFO] [stdout] test nrf::tests::golden_vector_hello_world ... ok
[INFO] [stdout] test nrf::tests::roundtrip_array_empty ... ok
[INFO] [stdout] test nrf::tests::roundtrip_bool_false ... ok
[INFO] [stdout] test nrf::tests::decode_rejects_trailing_data ... ok
[INFO] [stdout] test nrf::tests::map_encoding_is_sorted ... ok
[INFO] [stdout] test nrf::tests::json_to_nrf_rejects_bom_in_key ... ok
[INFO] [stdout] test nrf::tests::json_to_nrf_rejects_non_nfc_value ... ok
[INFO] [stdout] test nrf::tests::roundtrip_int_negative ... ok
[INFO] [stdout] test nrf::tests::roundtrip_null ... ok
[INFO] [stdout] test nrf::tests::roundtrip_int_positive ... ok
[INFO] [stdout] test nrf::tests::roundtrip_int_zero ... ok
[INFO] [stdout] test nrf::tests::roundtrip_map ... ok
[INFO] [stdout] test nrf::tests::roundtrip_nested ... ok
[INFO] [stdout] test nrf::tests::golden_vector_cid_stability ... ok
[INFO] [stdout] test nrf::tests::roundtrip_array ... ok
[INFO] [stdout] test nrf::tests::roundtrip_string ... ok
[INFO] [stdout] test nrf::tests::roundtrip_string_empty ... ok
[INFO] [stdout] test nrf::tests::roundtrip_string_unicode ... ok
[INFO] [stderr]      Running unittests src/lib.rs (/opt/rustwide/target/release/build/ubl_config/ef480b3a682542ff/out/ubl_config-ef480b3a682542ff)
[INFO] [stdout] test nrf::tests::roundtrip_bytes ... ok
[INFO] [stdout] test nrf::tests::roundtrip_bool_true ... ok
[INFO] [stdout] test nrf::tests::roundtrip_bytes_empty ... ok
[INFO] [stdout] 
[INFO] [stdout] test result: ok. 32 passed; 0 failed; 0 ignored; 0 measured; 0 filtered out; finished in 0.01s
[INFO] [stdout] 
[INFO] [stdout] 
[INFO] [stdout] running 0 tests
[INFO] [stdout] 
[INFO] [stdout] test result: ok. 0 passed; 0 failed; 0 ignored; 0 measured; 0 filtered out; finished in 0.00s
[INFO] [stdout] 
[INFO] [stderr]      Running unittests src/lib.rs (/opt/rustwide/target/release/build/ubl_did/02120f8487f4a352/out/ubl_did-02120f8487f4a352)
[INFO] [stdout] 
[INFO] [stdout] running 0 tests
[INFO] [stdout] 
[INFO] [stdout] test result: ok. 0 passed; 0 failed; 0 ignored; 0 measured; 0 filtered out; finished in 0.00s
[INFO] [stdout] 
[INFO] [stderr]      Running unittests src/lib.rs (/opt/rustwide/target/release/build/ubl_gate/5ffad874cfa50dbc/out/ubl_gate-5ffad874cfa50dbc)
[INFO] [stdout] 
[INFO] [stdout] running 42 tests
[INFO] [stdout] test audit::tests::report_integrity_all_valid ... ok
[INFO] [stdout] test chip_store::tests::parent_chaining ... ok
[INFO] [stdout] test audit::tests::report_by_type ... ok
[INFO] [stdout] test chip_store::tests::create_and_get_chip ... ok
[INFO] [stdout] test audit::tests::report_summary ... ok
[INFO] [stdout] test chip_store::tests::dedup_by_logical_id ... ok
[INFO] [stdout] test audit::tests::empty_chain_report ... ok
[INFO] [stdout] test audit::tests::report_serializes ... ok
[INFO] [stdout] test audit::tests::report_by_decision ... ok
[INFO] [stdout] test audit::tests::report_timeline_has_entries ... ok
[INFO] [stdout] test cors_tests::empty_config ... ok
[INFO] [stdout] test audit::tests::report_integrity_detects_tamper ... ok
[INFO] [stdout] test cors_tests::global_origin_allowed ... ok
[INFO] [stdout] test chip_store::tests::find_by_logical_id ... ok
[INFO] [stdout] test cors_tests::parse_scope_from_path_works ... ok
[INFO] [stdout] test cors_tests::scoped_origin_allowed ... ok
[INFO] [stdout] test error::tests::error_body_serializes_without_optional_fields ... ok
[INFO] [stdout] test error::tests::rate_limit_error_includes_retry_after ... ok
[INFO] [stdout] test cors_tests::app_level_origin_fallback ... ok
[INFO] [stdout] test idempotency::tests::different_scopes_are_independent ... ok
[INFO] [stdout] test idempotency::tests::lru_eviction_is_deterministic ... ok
[INFO] [stdout] test idempotency::tests::same_key_different_body_returns_conflict ... ok
[INFO] [stdout] test idempotency::tests::same_key_same_body_returns_replay ... ok
[INFO] [stdout] test keyring_store::tests::app_level_override ... ok
[INFO] [stdout] test chip_store::tests::query_by_type ... ok
[INFO] [stdout] test cors_tests::allowed_origins_for_merges ... ok
[INFO] [stdout] test ratelimit_tests::global_default_quota ... ok
[INFO] [stdout] test ratelimit_tests::tenant_level_override ... ok
[INFO] [stdout] test scope::tests::scope_display ... ok
[INFO] [stdout] test keyring_store::tests::global_fallback ... ok
[INFO] [stdout] test keyring_store::tests::resolve_for_scope ... ok
[INFO] [stdout] test ratelimit_tests::different_clients_independent_buckets ... ok
[INFO] [stdout] test scope::tests::scope_key_prefix ... ok
[INFO] [stdout] test scope::tests::auth_ctx_kid_allowed ... ok
[INFO] [stdout] test ratelimit_tests::hierarchical_check_respects_burst ... ok
[INFO] [stdout] test scope::tests::legacy_scope ... ok
[INFO] [stdout] test ratelimit_tests::legacy_check_works ... ok
[INFO] [stdout] test ratelimit_tests::route_level_override ... ok
[INFO] [stdout] test idempotency::tests::new_key_returns_new ... ok
[INFO] [stdout] test keyring_store::tests::scoped_override ... ok
[INFO] [stdout] test ratelimit_tests::app_level_override ... ok
[INFO] [stderr]      Running unittests src/main.rs (/opt/rustwide/target/release/build/ubl_gate/a32232ea98a8fa71/out/ubl_gate-a32232ea98a8fa71)
[INFO] [stdout] test idempotency::tests::ttl_eviction ... ok
[INFO] [stdout] 
[INFO] [stdout] test result: ok. 42 passed; 0 failed; 0 ignored; 0 measured; 0 filtered out; finished in 0.01s
[INFO] [stdout] 
[INFO] [stderr]      Running tests/hardened.rs (/opt/rustwide/target/release/build/ubl_gate/7ead1d7f69c58305/out/hardened-7ead1d7f69c58305)
[INFO] [stdout] 
[INFO] [stdout] running 0 tests
[INFO] [stdout] 
[INFO] [stdout] test result: ok. 0 passed; 0 failed; 0 ignored; 0 measured; 0 filtered out; finished in 0.00s
[INFO] [stdout] 
[INFO] [stdout] 
[INFO] [stdout] running 37 tests
[INFO] [stdout] test auth_kid_scope_allowed_returns_200 ... ok
[INFO] [stdout] test body_too_large_returns_413 ... ok
[INFO] [stdout] test certify_rejects_missing_cid ... ok
[INFO] [stdout] test get_cid_json_returns_400_for_invalid_cid ... ok
[INFO] [stdout] test auth_accepts_dev_token ... FAILED
[INFO] [stdout] test auth_rejects_invalid_token ... ok
[INFO] [stdout] test auth_public_paths_skip_auth ... ok
[INFO] [stdout] test execute_policy_deny_returns_deny_receipt ... ok
[INFO] [stdout] test execute_determinism_and_idempotency ... ok
[INFO] [stdout] test auth_kid_scope_denied_returns_403 ... ok
[INFO] [stdout] test auth_rejects_missing_token ... ok
[INFO] [stdout] test certify_rejects_invalid_cid ... ok
[INFO] [stdout] test execute_bad_codec_returns_deny_receipt ... ok
[INFO] [stdout] test execute_happy_path ... ok
[INFO] [stdout] test did_document_has_required_fields ... ok
[INFO] [stdout] test ingest_rejects_bom_in_string ... ok
[INFO] [stdout] test get_cid_returns_400_for_invalid_cid ... ok
[INFO] [stdout] test full_lifecycle_separate_certify ... FAILED
[INFO] [stdout] test ingest_rejects_float_payload ... ok
[INFO] [stdout] test get_cid_returns_404_for_missing_content ... ok
[INFO] [stdout] test ingest_rejects_empty_body ... ok
[INFO] [stdout] test rate_limit_429_on_burst_exceeded ... FAILED
[INFO] [stdout] test healthz_returns_ok ... ok
[INFO] [stdout] test tenant_ingest_returns_tenant_id ... FAILED
[INFO] [stdout] test resolve_did_cid ... FAILED
[INFO] [stdout] test jws_receipt_has_valid_structure ... FAILED
[INFO] [stdout] test rate_limit_healthz_exempt ... FAILED
[INFO] [stdout] test replay_returns_409_with_first_chain_intact ... ok
[INFO] [stdout] test tenant_isolation_same_payload_different_tenants ... FAILED
[INFO] [stdout] test rate_limit_allows_within_burst ... FAILED
[INFO] [stdout] test receipt_returns_400_for_invalid_cid ... ok
[INFO] [stdout] test unknown_route_returns_404 ... ok
[INFO] [stdout] test ingest_without_certify_has_no_receipt ... FAILED
[INFO] [stdout] test ingest_rejects_malformed_json ... ok
[INFO] [stdout] test missing_content_type_returns_415 ... ok
[INFO] [stdout] test policy_deny_produces_deny_receipt_with_chain ... ok
[INFO] [stdout] test wrong_content_type_returns_415 ... ok
[INFO] [stdout] 
[INFO] [stdout] failures:
[INFO] [stdout] 
[INFO] [stdout] ---- auth_accepts_dev_token stdout ----
[INFO] [stdout] 
[INFO] [stdout] thread 'auth_accepts_dev_token' (5673) panicked at services/ubl_gate/tests/hardened.rs:593:5:
[INFO] [stdout] assertion `left == right` failed: dev token must be accepted
[INFO] [stdout]   left: 500
[INFO] [stdout]  right: 200
[INFO] [stdout] stack backtrace:
[INFO] [stdout]    0:     0x57dad8331431 - <<std[617be2ca0a6fd877]::sys::backtrace::BacktraceLock>::print::DisplayBacktrace as core[a373ad73a504971]::fmt::Display>::fmt
[INFO] [stdout]    1:     0x57dad834983a - core[a373ad73a504971]::fmt::write
[INFO] [stdout]    2:     0x57dad833689c - <alloc[2e1b2a31b91974c5]::vec::Vec<u8> as core[a373ad73a504971]::io::write::Write>::write_fmt
[INFO] [stdout]    3:     0x57dad830b166 - std[617be2ca0a6fd877]::panicking::default_hook::{closure#0}
[INFO] [stdout]    4:     0x57dad8328e19 - std[617be2ca0a6fd877]::panicking::default_hook
[INFO] [stdout]    5:     0x57dad813a810 - test[aada8e7e76ba119b]::test_main_inner::{closure#0}
[INFO] [stdout]    6:     0x57dad8329142 - std[617be2ca0a6fd877]::panicking::panic_with_hook
[INFO] [stdout]    7:     0x57dad830b212 - std[617be2ca0a6fd877]::panicking::panic_handler::{closure#0}
[INFO] [stdout]    8:     0x57dad8303609 - std[617be2ca0a6fd877]::sys::backtrace::__rust_end_short_backtrace::<std[617be2ca0a6fd877]::panicking::panic_handler::{closure#0}, !>
[INFO] [stdout]    9:     0x57dad830c11d - __rustc[ea4f61d10b84890b]::rust_begin_unwind
[INFO] [stdout]   10:     0x57dad8349f9c - core[a373ad73a504971]::panicking::panic_fmt
[INFO] [stdout]   11:     0x57dad8349f13 - core[a373ad73a504971]::panicking::assert_failed_inner
[INFO] [stdout]   12:     0x57dad7fc2f77 - core[a373ad73a504971]::panicking::assert_failed::<http[34ba62ac82db563f]::status::StatusCode, u16>
[INFO] [stdout]   13:     0x57dad7f4346f - hardened[68c13f0080092e0c]::auth_accepts_dev_token::{closure#0}
[INFO] [stdout]   14:     0x57dad7f99af3 - <tokio[2610976b047978df]::runtime::scheduler::current_thread::Context>::enter::<core[a373ad73a504971]::task::poll::Poll<()>, <tokio[2610976b047978df]::runtime::scheduler::current_thread::CoreGuard>::block_on<core[a373ad73a504971]::pin::Pin<&mut core[a373ad73a504971]::pin::Pin<&mut dyn core[a373ad73a504971]::future::future::Future<Output = ()>>>>::{closure#0}::{closure#0}>
[INFO] [stdout]   15:     0x57dad7f7379c - <tokio[2610976b047978df]::runtime::context::scoped::Scoped<tokio[2610976b047978df]::runtime::scheduler::Context>>::set::<<tokio[2610976b047978df]::runtime::scheduler::current_thread::CoreGuard>::enter<<tokio[2610976b047978df]::runtime::scheduler::current_thread::CoreGuard>::block_on<core[a373ad73a504971]::pin::Pin<&mut core[a373ad73a504971]::pin::Pin<&mut dyn core[a373ad73a504971]::future::future::Future<Output = ()>>>>::{closure#0}, core[a373ad73a504971]::option::Option<()>>::{closure#0}, (alloc[2e1b2a31b91974c5]::boxed::Box<tokio[2610976b047978df]::runtime::scheduler::current_thread::Core>, core[a373ad73a504971]::option::Option<()>)>
[INFO] [stdout]   16:     0x57dad7f9a647 - <tokio[2610976b047978df]::runtime::scheduler::current_thread::CoreGuard>::block_on::<core[a373ad73a504971]::pin::Pin<&mut core[a373ad73a504971]::pin::Pin<&mut dyn core[a373ad73a504971]::future::future::Future<Output = ()>>>>
[INFO] [stdout]   17:     0x57dad7fa6acd - tokio[2610976b047978df]::runtime::context::runtime::enter_runtime::<<tokio[2610976b047978df]::runtime::scheduler::current_thread::CurrentThread>::block_on<core[a373ad73a504971]::pin::Pin<&mut dyn core[a373ad73a504971]::future::future::Future<Output = ()>>>::{closure#0}, ()>
[INFO] [stdout]   18:     0x57dad7f99915 - <tokio[2610976b047978df]::runtime::runtime::Runtime>::block_on::<core[a373ad73a504971]::pin::Pin<&mut dyn core[a373ad73a504971]::future::future::Future<Output = ()>>>
[INFO] [stdout]   19:     0x57dad7f5fd7e - <hardened[68c13f0080092e0c]::auth_accepts_dev_token::{closure#0} as core[a373ad73a504971]::ops::function::FnOnce<()>>::call_once
[INFO] [stdout]   20:     0x57dad812dc5b - test[aada8e7e76ba119b]::__rust_begin_short_backtrace::<core[a373ad73a504971]::result::Result<(), alloc[2e1b2a31b91974c5]::string::String>, fn() -> core[a373ad73a504971]::result::Result<(), alloc[2e1b2a31b91974c5]::string::String>>
[INFO] [stdout]   21:     0x57dad813ae35 - test[aada8e7e76ba119b]::run_test::{closure#0}
[INFO] [stdout]   22:     0x57dad8134724 - std[617be2ca0a6fd877]::sys::backtrace::__rust_begin_short_backtrace::<test[aada8e7e76ba119b]::run_test::{closure#1}, ()>
[INFO] [stdout]   23:     0x57dad813dec2 - <std[617be2ca0a6fd877]::thread::lifecycle::spawn_unchecked<test[aada8e7e76ba119b]::run_test::{closure#1}, ()>::{closure#1} as core[a373ad73a504971]::ops::function::FnOnce<()>>::call_once::{shim:vtable#0}
[INFO] [stdout]   24:     0x57dad83303ef - <std[617be2ca0a6fd877]::sys::thread::unix::Thread>::new::thread_start
[INFO] [stdout]   25:     0x7b9c92f95dfa - <unknown>
[INFO] [stdout]   26:     0x7b9c930293d4 - clone
[INFO] [stdout]   27:                0x0 - <unknown>
[INFO] [stdout] 
[INFO] [stdout] ---- full_lifecycle_separate_certify stdout ----
[INFO] [stdout] 
[INFO] [stdout] thread 'full_lifecycle_separate_certify' (5687) panicked at services/ubl_gate/tests/hardened.rs:419:10:
[INFO] [stdout] called `Result::unwrap()` on an `Err` value: reqwest::Error { kind: Decode, source: Error("expected value", line: 1, column: 1) }
[INFO] [stdout] stack backtrace:
[INFO] [stdout]    0:     0x57dad8331431 - <<std[617be2ca0a6fd877]::sys::backtrace::BacktraceLock>::print::DisplayBacktrace as core[a373ad73a504971]::fmt::Display>::fmt
[INFO] [stdout]    1:     0x57dad834983a - core[a373ad73a504971]::fmt::write
[INFO] [stdout]    2:     0x57dad833689c - <alloc[2e1b2a31b91974c5]::vec::Vec<u8> as core[a373ad73a504971]::io::write::Write>::write_fmt
[INFO] [stdout]    3:     0x57dad830b166 - std[617be2ca0a6fd877]::panicking::default_hook::{closure#0}
[INFO] [stdout]    4:     0x57dad8328e19 - std[617be2ca0a6fd877]::panicking::default_hook
[INFO] [stdout]    5:     0x57dad813a810 - test[aada8e7e76ba119b]::test_main_inner::{closure#0}
[INFO] [stdout]    6:     0x57dad8329142 - std[617be2ca0a6fd877]::panicking::panic_with_hook
[INFO] [stdout]    7:     0x57dad830b212 - std[617be2ca0a6fd877]::panicking::panic_handler::{closure#0}
[INFO] [stdout]    8:     0x57dad8303609 - std[617be2ca0a6fd877]::sys::backtrace::__rust_end_short_backtrace::<std[617be2ca0a6fd877]::panicking::panic_handler::{closure#0}, !>
[INFO] [stdout]    9:     0x57dad830c11d - __rustc[ea4f61d10b84890b]::rust_begin_unwind
[INFO] [stdout]   10:     0x57dad8349f9c - core[a373ad73a504971]::panicking::panic_fmt
[INFO] [stdout]   11:     0x57dad8349d72 - core[a373ad73a504971]::result::unwrap_failed
[INFO] [stdout]   12:     0x57dad7f4a022 - hardened[68c13f0080092e0c]::full_lifecycle_separate_certify::{closure#0}
[INFO] [stdout]   13:     0x57dad7f99af3 - <tokio[2610976b047978df]::runtime::scheduler::current_thread::Context>::enter::<core[a373ad73a504971]::task::poll::Poll<()>, <tokio[2610976b047978df]::runtime::scheduler::current_thread::CoreGuard>::block_on<core[a373ad73a504971]::pin::Pin<&mut core[a373ad73a504971]::pin::Pin<&mut dyn core[a373ad73a504971]::future::future::Future<Output = ()>>>>::{closure#0}::{closure#0}>
[INFO] [stdout]   14:     0x57dad7f7379c - <tokio[2610976b047978df]::runtime::context::scoped::Scoped<tokio[2610976b047978df]::runtime::scheduler::Context>>::set::<<tokio[2610976b047978df]::runtime::scheduler::current_thread::CoreGuard>::enter<<tokio[2610976b047978df]::runtime::scheduler::current_thread::CoreGuard>::block_on<core[a373ad73a504971]::pin::Pin<&mut core[a373ad73a504971]::pin::Pin<&mut dyn core[a373ad73a504971]::future::future::Future<Output = ()>>>>::{closure#0}, core[a373ad73a504971]::option::Option<()>>::{closure#0}, (alloc[2e1b2a31b91974c5]::boxed::Box<tokio[2610976b047978df]::runtime::scheduler::current_thread::Core>, core[a373ad73a504971]::option::Option<()>)>
[INFO] [stdout]   15:     0x57dad7f9a647 - <tokio[2610976b047978df]::runtime::scheduler::current_thread::CoreGuard>::block_on::<core[a373ad73a504971]::pin::Pin<&mut core[a373ad73a504971]::pin::Pin<&mut dyn core[a373ad73a504971]::future::future::Future<Output = ()>>>>
[INFO] [stdout]   16:     0x57dad7fa6acd - tokio[2610976b047978df]::runtime::context::runtime::enter_runtime::<<tokio[2610976b047978df]::runtime::scheduler::current_thread::CurrentThread>::block_on<core[a373ad73a504971]::pin::Pin<&mut dyn core[a373ad73a504971]::future::future::Future<Output = ()>>>::{closure#0}, ()>
[INFO] [stdout]   17:     0x57dad7f99915 - <tokio[2610976b047978df]::runtime::runtime::Runtime>::block_on::<core[a373ad73a504971]::pin::Pin<&mut dyn core[a373ad73a504971]::future::future::Future<Output = ()>>>
[INFO] [stdout]   18:     0x57dad7f6121e - <hardened[68c13f0080092e0c]::full_lifecycle_separate_certify::{closure#0} as core[a373ad73a504971]::ops::function::FnOnce<()>>::call_once
[INFO] [stdout]   19:     0x57dad812dc5b - test[aada8e7e76ba119b]::__rust_begin_short_backtrace::<core[a373ad73a504971]::result::Result<(), alloc[2e1b2a31b91974c5]::string::String>, fn() -> core[a373ad73a504971]::result::Result<(), alloc[2e1b2a31b91974c5]::string::String>>
[INFO] [stdout]   20:     0x57dad813ae35 - test[aada8e7e76ba119b]::run_test::{closure#0}
[INFO] [stdout]   21:     0x57dad8134724 - std[617be2ca0a6fd877]::sys::backtrace::__rust_begin_short_backtrace::<test[aada8e7e76ba119b]::run_test::{closure#1}, ()>
[INFO] [stdout]   22:     0x57dad813dec2 - <std[617be2ca0a6fd877]::thread::lifecycle::spawn_unchecked<test[aada8e7e76ba119b]::run_test::{closure#1}, ()>::{closure#1} as core[a373ad73a504971]::ops::function::FnOnce<()>>::call_once::{shim:vtable#0}
[INFO] [stdout]   23:     0x57dad83303ef - <std[617be2ca0a6fd877]::sys::thread::unix::Thread>::new::thread_start
[INFO] [stdout]   24:     0x7b9c92f95dfa - <unknown>
[INFO] [stdout]   25:     0x7b9c930293d4 - clone
[INFO] [stdout]   26:                0x0 - <unknown>
[INFO] [stdout] 
[INFO] [stdout] ---- rate_limit_429_on_burst_exceeded stdout ----
[INFO] [stdout] 
[INFO] [stdout] thread 'rate_limit_429_on_burst_exceeded' (5702) panicked at services/ubl_gate/tests/hardened.rs:867:9:
[INFO] [stdout] assertion `left == right` failed: request 0 within burst
[INFO] [stdout]   left: 500
[INFO] [stdout]  right: 200
[INFO] [stdout] stack backtrace:
[INFO] [stdout]    0:     0x57dad8331431 - <<std[617be2ca0a6fd877]::sys::backtrace::BacktraceLock>::print::DisplayBacktrace as core[a373ad73a504971]::fmt::Display>::fmt
[INFO] [stdout]    1:     0x57dad834983a - core[a373ad73a504971]::fmt::write
[INFO] [stdout]    2:     0x57dad833689c - <alloc[2e1b2a31b91974c5]::vec::Vec<u8> as core[a373ad73a504971]::io::write::Write>::write_fmt
[INFO] [stdout]    3:     0x57dad830b166 - std[617be2ca0a6fd877]::panicking::default_hook::{closure#0}
[INFO] [stdout]    4:     0x57dad8328e19 - std[617be2ca0a6fd877]::panicking::default_hook
[INFO] [stdout]    5:     0x57dad813a810 - test[aada8e7e76ba119b]::test_main_inner::{closure#0}
[INFO] [stdout]    6:     0x57dad8329142 - std[617be2ca0a6fd877]::panicking::panic_with_hook
[INFO] [stdout]    7:     0x57dad830b212 - std[617be2ca0a6fd877]::panicking::panic_handler::{closure#0}
[INFO] [stdout]    8:     0x57dad8303609 - std[617be2ca0a6fd877]::sys::backtrace::__rust_end_short_backtrace::<std[617be2ca0a6fd877]::panicking::panic_handler::{closure#0}, !>
[INFO] [stdout]    9:     0x57dad830c11d - __rustc[ea4f61d10b84890b]::rust_begin_unwind
[INFO] [stdout]   10:     0x57dad8349f9c - core[a373ad73a504971]::panicking::panic_fmt
[INFO] [stdout]   11:     0x57dad8349f13 - core[a373ad73a504971]::panicking::assert_failed_inner
[INFO] [stdout]   12:     0x57dad7fc2f77 - core[a373ad73a504971]::panicking::assert_failed::<http[34ba62ac82db563f]::status::StatusCode, u16>
[INFO] [stdout]   13:     0x57dad7f4e941 - hardened[68c13f0080092e0c]::rate_limit_429_on_burst_exceeded::{closure#0}
[INFO] [stdout]   14:     0x57dad7f99af3 - <tokio[2610976b047978df]::runtime::scheduler::current_thread::Context>::enter::<core[a373ad73a504971]::task::poll::Poll<()>, <tokio[2610976b047978df]::runtime::scheduler::current_thread::CoreGuard>::block_on<core[a373ad73a504971]::pin::Pin<&mut core[a373ad73a504971]::pin::Pin<&mut dyn core[a373ad73a504971]::future::future::Future<Output = ()>>>>::{closure#0}::{closure#0}>
[INFO] [stdout]   15:     0x57dad7f7379c - <tokio[2610976b047978df]::runtime::context::scoped::Scoped<tokio[2610976b047978df]::runtime::scheduler::Context>>::set::<<tokio[2610976b047978df]::runtime::scheduler::current_thread::CoreGuard>::enter<<tokio[2610976b047978df]::runtime::scheduler::current_thread::CoreGuard>::block_on<core[a373ad73a504971]::pin::Pin<&mut core[a373ad73a504971]::pin::Pin<&mut dyn core[a373ad73a504971]::future::future::Future<Output = ()>>>>::{closure#0}, core[a373ad73a504971]::option::Option<()>>::{closure#0}, (alloc[2e1b2a31b91974c5]::boxed::Box<tokio[2610976b047978df]::runtime::scheduler::current_thread::Core>, core[a373ad73a504971]::option::Option<()>)>
[INFO] [stdout]   16:     0x57dad7f9a647 - <tokio[2610976b047978df]::runtime::scheduler::current_thread::CoreGuard>::block_on::<core[a373ad73a504971]::pin::Pin<&mut core[a373ad73a504971]::pin::Pin<&mut dyn core[a373ad73a504971]::future::future::Future<Output = ()>>>>
[INFO] [stdout]   17:     0x57dad7fa6acd - tokio[2610976b047978df]::runtime::context::runtime::enter_runtime::<<tokio[2610976b047978df]::runtime::scheduler::current_thread::CurrentThread>::block_on<core[a373ad73a504971]::pin::Pin<&mut dyn core[a373ad73a504971]::future::future::Future<Output = ()>>>::{closure#0}, ()>
[INFO] [stdout]   18:     0x57dad7f99915 - <tokio[2610976b047978df]::runtime::runtime::Runtime>::block_on::<core[a373ad73a504971]::pin::Pin<&mut dyn core[a373ad73a504971]::future::future::Future<Output = ()>>>
[INFO] [stdout]   19:     0x57dad7f618fe - <hardened[68c13f0080092e0c]::rate_limit_429_on_burst_exceeded::{closure#0} as core[a373ad73a504971]::ops::function::FnOnce<()>>::call_once
[INFO] [stdout]   20:     0x57dad812dc5b - test[aada8e7e76ba119b]::__rust_begin_short_backtrace::<core[a373ad73a504971]::result::Result<(), alloc[2e1b2a31b91974c5]::string::String>, fn() -> core[a373ad73a504971]::result::Result<(), alloc[2e1b2a31b91974c5]::string::String>>
[INFO] [stdout]   21:     0x57dad813ae35 - test[aada8e7e76ba119b]::run_test::{closure#0}
[INFO] [stdout]   22:     0x57dad8134724 - std[617be2ca0a6fd877]::sys::backtrace::__rust_begin_short_backtrace::<test[aada8e7e76ba119b]::run_test::{closure#1}, ()>
[INFO] [stdout]   23:     0x57dad813dec2 - <std[617be2ca0a6fd877]::thread::lifecycle::spawn_unchecked<test[aada8e7e76ba119b]::run_test::{closure#1}, ()>::{closure#1} as core[a373ad73a504971]::ops::function::FnOnce<()>>::call_once::{shim:vtable#0}
[INFO] [stdout]   24:     0x57dad83303ef - <std[617be2ca0a6fd877]::sys::thread::unix::Thread>::new::thread_start
[INFO] [stdout]   25:     0x7b9c92f95dfa - <unknown>
[INFO] [stdout]   26:     0x7b9c930293d4 - clone
[INFO] [stdout]   27:                0x0 - <unknown>
[INFO] [stdout] 
[INFO] [stdout] ---- tenant_ingest_returns_tenant_id stdout ----
[INFO] [stdout] 
[INFO] [stdout] thread 'tenant_ingest_returns_tenant_id' (5709) panicked at services/ubl_gate/tests/hardened.rs:1013:5:
[INFO] [stdout] assertion `left == right` failed
[INFO] [stdout]   left: 500
[INFO] [stdout]  right: 200
[INFO] [stdout] stack backtrace:
[INFO] [stdout]    0:     0x57dad8331431 - <<std[617be2ca0a6fd877]::sys::backtrace::BacktraceLock>::print::DisplayBacktrace as core[a373ad73a504971]::fmt::Display>::fmt
[INFO] [stdout]    1:     0x57dad834983a - core[a373ad73a504971]::fmt::write
[INFO] [stdout]    2:     0x57dad833689c - <alloc[2e1b2a31b91974c5]::vec::Vec<u8> as core[a373ad73a504971]::io::write::Write>::write_fmt
[INFO] [stdout]    3:     0x57dad830b166 - std[617be2ca0a6fd877]::panicking::default_hook::{closure#0}
[INFO] [stdout]    4:     0x57dad8328e19 - std[617be2ca0a6fd877]::panicking::default_hook
[INFO] [stdout]    5:     0x57dad813a810 - test[aada8e7e76ba119b]::test_main_inner::{closure#0}
[INFO] [stdout]    6:     0x57dad8329142 - std[617be2ca0a6fd877]::panicking::panic_with_hook
[INFO] [stdout]    7:     0x57dad830b212 - std[617be2ca0a6fd877]::panicking::panic_handler::{closure#0}
[INFO] [stdout]    8:     0x57dad8303609 - std[617be2ca0a6fd877]::sys::backtrace::__rust_end_short_backtrace::<std[617be2ca0a6fd877]::panicking::panic_handler::{closure#0}, !>
[INFO] [stdout]    9:     0x57dad830c11d - __rustc[ea4f61d10b84890b]::rust_begin_unwind
[INFO] [stdout]   10:     0x57dad8349f9c - core[a373ad73a504971]::panicking::panic_fmt
[INFO] [stdout]   11:     0x57dad8349eb3 - core[a373ad73a504971]::panicking::assert_failed_inner
[INFO] [stdout]   12:     0x57dad7fc2f77 - core[a373ad73a504971]::panicking::assert_failed::<http[34ba62ac82db563f]::status::StatusCode, u16>
[INFO] [stdout]   13:     0x57dad7f4c84d - hardened[68c13f0080092e0c]::tenant_ingest_returns_tenant_id::{closure#0}
[INFO] [stdout]   14:     0x57dad7f99af3 - <tokio[2610976b047978df]::runtime::scheduler::current_thread::Context>::enter::<core[a373ad73a504971]::task::poll::Poll<()>, <tokio[2610976b047978df]::runtime::scheduler::current_thread::CoreGuard>::block_on<core[a373ad73a504971]::pin::Pin<&mut core[a373ad73a504971]::pin::Pin<&mut dyn core[a373ad73a504971]::future::future::Future<Output = ()>>>>::{closure#0}::{closure#0}>
[INFO] [stdout]   15:     0x57dad7f7379c - <tokio[2610976b047978df]::runtime::context::scoped::Scoped<tokio[2610976b047978df]::runtime::scheduler::Context>>::set::<<tokio[2610976b047978df]::runtime::scheduler::current_thread::CoreGuard>::enter<<tokio[2610976b047978df]::runtime::scheduler::current_thread::CoreGuard>::block_on<core[a373ad73a504971]::pin::Pin<&mut core[a373ad73a504971]::pin::Pin<&mut dyn core[a373ad73a504971]::future::future::Future<Output = ()>>>>::{closure#0}, core[a373ad73a504971]::option::Option<()>>::{closure#0}, (alloc[2e1b2a31b91974c5]::boxed::Box<tokio[2610976b047978df]::runtime::scheduler::current_thread::Core>, core[a373ad73a504971]::option::Option<()>)>
[INFO] [stdout]   16:     0x57dad7f9a647 - <tokio[2610976b047978df]::runtime::scheduler::current_thread::CoreGuard>::block_on::<core[a373ad73a504971]::pin::Pin<&mut core[a373ad73a504971]::pin::Pin<&mut dyn core[a373ad73a504971]::future::future::Future<Output = ()>>>>
[INFO] [stdout]   17:     0x57dad7fa6acd - tokio[2610976b047978df]::runtime::context::runtime::enter_runtime::<<tokio[2610976b047978df]::runtime::scheduler::current_thread::CurrentThread>::block_on<core[a373ad73a504971]::pin::Pin<&mut dyn core[a373ad73a504971]::future::future::Future<Output = ()>>>::{closure#0}, ()>
[INFO] [stdout]   18:     0x57dad7f99915 - <tokio[2610976b047978df]::runtime::runtime::Runtime>::block_on::<core[a373ad73a504971]::pin::Pin<&mut dyn core[a373ad73a504971]::future::future::Future<Output = ()>>>
[INFO] [stdout]   19:     0x57dad7f614de - <hardened[68c13f0080092e0c]::tenant_ingest_returns_tenant_id::{closure#0} as core[a373ad73a504971]::ops::function::FnOnce<()>>::call_once
[INFO] [stdout]   20:     0x57dad812dc5b - test[aada8e7e76ba119b]::__rust_begin_short_backtrace::<core[a373ad73a504971]::result::Result<(), alloc[2e1b2a31b91974c5]::string::String>, fn() -> core[a373ad73a504971]::result::Result<(), alloc[2e1b2a31b91974c5]::string::String>>
[INFO] [stdout]   21:     0x57dad813ae35 - test[aada8e7e76ba119b]::run_test::{closure#0}
[INFO] [stdout]   22:     0x57dad8134724 - std[617be2ca0a6fd877]::sys::backtrace::__rust_begin_short_backtrace::<test[aada8e7e76ba119b]::run_test::{closure#1}, ()>
[INFO] [stdout]   23:     0x57dad813dec2 - <std[617be2ca0a6fd877]::thread::lifecycle::spawn_unchecked<test[aada8e7e76ba119b]::run_test::{closure#1}, ()>::{closure#1} as core[a373ad73a504971]::ops::function::FnOnce<()>>::call_once::{shim:vtable#0}
[INFO] [stdout]   24:     0x57dad83303ef - <std[617be2ca0a6fd877]::sys::thread::unix::Thread>::new::thread_start
[INFO] [stdout]   25:     0x7b9c92f95dfa - <unknown>
[INFO] [stdout]   26:     0x7b9c930293d4 - clone
[INFO] [stdout]   27:                0x0 - <unknown>
[INFO] [stdout] 
[INFO] [stdout] ---- resolve_did_cid stdout ----
[INFO] [stdout] 
[INFO] [stdout] thread 'resolve_did_cid' (5708) panicked at services/ubl_gate/tests/hardened.rs:382:10:
[INFO] [stdout] called `Result::unwrap()` on an `Err` value: reqwest::Error { kind: Decode, source: Error("expected value", line: 1, column: 1) }
[INFO] [stdout] stack backtrace:
[INFO] [stdout]    0:     0x57dad8331431 - <<std[617be2ca0a6fd877]::sys::backtrace::BacktraceLock>::print::DisplayBacktrace as core[a373ad73a504971]::fmt::Display>::fmt
[INFO] [stdout]    1:     0x57dad834983a - core[a373ad73a504971]::fmt::write
[INFO] [stdout]    2:     0x57dad833689c - <alloc[2e1b2a31b91974c5]::vec::Vec<u8> as core[a373ad73a504971]::io::write::Write>::write_fmt
[INFO] [stdout]    3:     0x57dad830b166 - std[617be2ca0a6fd877]::panicking::default_hook::{closure#0}
[INFO] [stdout]    4:     0x57dad8328e19 - std[617be2ca0a6fd877]::panicking::default_hook
[INFO] [stdout]    5:     0x57dad813a810 - test[aada8e7e76ba119b]::test_main_inner::{closure#0}
[INFO] [stdout]    6:     0x57dad8329142 - std[617be2ca0a6fd877]::panicking::panic_with_hook
[INFO] [stdout]    7:     0x57dad830b212 - std[617be2ca0a6fd877]::panicking::panic_handler::{closure#0}
[INFO] [stdout]    8:     0x57dad8303609 - std[617be2ca0a6fd877]::sys::backtrace::__rust_end_short_backtrace::<std[617be2ca0a6fd877]::panicking::panic_handler::{closure#0}, !>
[INFO] [stdout]    9:     0x57dad830c11d - __rustc[ea4f61d10b84890b]::rust_begin_unwind
[INFO] [stdout]   10:     0x57dad8349f9c - core[a373ad73a504971]::panicking::panic_fmt
[INFO] [stdout]   11:     0x57dad8349d72 - core[a373ad73a504971]::result::unwrap_failed
[INFO] [stdout]   12:     0x57dad7f4077e - hardened[68c13f0080092e0c]::resolve_did_cid::{closure#0}
[INFO] [stdout]   13:     0x57dad7f99af3 - <tokio[2610976b047978df]::runtime::scheduler::current_thread::Context>::enter::<core[a373ad73a504971]::task::poll::Poll<()>, <tokio[2610976b047978df]::runtime::scheduler::current_thread::CoreGuard>::block_on<core[a373ad73a504971]::pin::Pin<&mut core[a373ad73a504971]::pin::Pin<&mut dyn core[a373ad73a504971]::future::future::Future<Output = ()>>>>::{closure#0}::{closure#0}>
[INFO] [stdout]   14:     0x57dad7f7379c - <tokio[2610976b047978df]::runtime::context::scoped::Scoped<tokio[2610976b047978df]::runtime::scheduler::Context>>::set::<<tokio[2610976b047978df]::runtime::scheduler::current_thread::CoreGuard>::enter<<tokio[2610976b047978df]::runtime::scheduler::current_thread::CoreGuard>::block_on<core[a373ad73a504971]::pin::Pin<&mut core[a373ad73a504971]::pin::Pin<&mut dyn core[a373ad73a504971]::future::future::Future<Output = ()>>>>::{closure#0}, core[a373ad73a504971]::option::Option<()>>::{closure#0}, (alloc[2e1b2a31b91974c5]::boxed::Box<tokio[2610976b047978df]::runtime::scheduler::current_thread::Core>, core[a373ad73a504971]::option::Option<()>)>
[INFO] [stdout]   15:     0x57dad7f9a647 - <tokio[2610976b047978df]::runtime::scheduler::current_thread::CoreGuard>::block_on::<core[a373ad73a504971]::pin::Pin<&mut core[a373ad73a504971]::pin::Pin<&mut dyn core[a373ad73a504971]::future::future::Future<Output = ()>>>>
[INFO] [stdout]   16:     0x57dad7fa6acd - tokio[2610976b047978df]::runtime::context::runtime::enter_runtime::<<tokio[2610976b047978df]::runtime::scheduler::current_thread::CurrentThread>::block_on<core[a373ad73a504971]::pin::Pin<&mut dyn core[a373ad73a504971]::future::future::Future<Output = ()>>>::{closure#0}, ()>
[INFO] [stdout]   17:     0x57dad7f99915 - <tokio[2610976b047978df]::runtime::runtime::Runtime>::block_on::<core[a373ad73a504971]::pin::Pin<&mut dyn core[a373ad73a504971]::future::future::Future<Output = ()>>>
[INFO] [stdout]   18:     0x57dad7f5f95e - <hardened[68c13f0080092e0c]::resolve_did_cid::{closure#0} as core[a373ad73a504971]::ops::function::FnOnce<()>>::call_once
[INFO] [stdout]   19:     0x57dad812dc5b - test[aada8e7e76ba119b]::__rust_begin_short_backtrace::<core[a373ad73a504971]::result::Result<(), alloc[2e1b2a31b91974c5]::string::String>, fn() -> core[a373ad73a504971]::result::Result<(), alloc[2e1b2a31b91974c5]::string::String>>
[INFO] [stdout]   20:     0x57dad813ae35 - test[aada8e7e76ba119b]::run_test::{closure#0}
[INFO] [stdout]   21:     0x57dad8134724 - std[617be2ca0a6fd877]::sys::backtrace::__rust_begin_short_backtrace::<test[aada8e7e76ba119b]::run_test::{closure#1}, ()>
[INFO] [stdout]   22:     0x57dad813dec2 - <std[617be2ca0a6fd877]::thread::lifecycle::spawn_unchecked<test[aada8e7e76ba119b]::run_test::{closure#1}, ()>::{closure#1} as core[a373ad73a504971]::ops::function::FnOnce<()>>::call_once::{shim:vtable#0}
[INFO] [stdout]   23:     0x57dad83303ef - <std[617be2ca0a6fd877]::sys::thread::unix::Thread>::new::thread_start
[INFO] [stdout]   24:     0x7b9c92f95dfa - <unknown>
[INFO] [stdout]   25:     0x7b9c930293d4 - clone
[INFO] [stdout]   26:                0x0 - <unknown>
[INFO] [stdout] 
[INFO] [stdout] ---- jws_receipt_has_valid_structure stdout ----
[INFO] [stdout] 
[INFO] [stdout] thread 'jws_receipt_has_valid_structure' (5699) panicked at services/ubl_gate/tests/hardened.rs:483:10:
[INFO] [stdout] called `Result::unwrap()` on an `Err` value: reqwest::Error { kind: Decode, source: Error("expected value", line: 1, column: 1) }
[INFO] [stdout] stack backtrace:
[INFO] [stdout]    0:     0x57dad8331431 - <<std[617be2ca0a6fd877]::sys::backtrace::BacktraceLock>::print::DisplayBacktrace as core[a373ad73a504971]::fmt::Display>::fmt
[INFO] [stdout]    1:     0x57dad834983a - core[a373ad73a504971]::fmt::write
[INFO] [stdout]    2:     0x57dad833689c - <alloc[2e1b2a31b91974c5]::vec::Vec<u8> as core[a373ad73a504971]::io::write::Write>::write_fmt
[INFO] [stdout]    3:     0x57dad830b166 - std[617be2ca0a6fd877]::panicking::default_hook::{closure#0}
[INFO] [stdout]    4:     0x57dad8328e19 - std[617be2ca0a6fd877]::panicking::default_hook
[INFO] [stdout]    5:     0x57dad813a810 - test[aada8e7e76ba119b]::test_main_inner::{closure#0}
[INFO] [stdout]    6:     0x57dad8329142 - std[617be2ca0a6fd877]::panicking::panic_with_hook
[INFO] [stdout]    7:     0x57dad830b212 - std[617be2ca0a6fd877]::panicking::panic_handler::{closure#0}
[INFO] [stdout]    8:     0x57dad8303609 - std[617be2ca0a6fd877]::sys::backtrace::__rust_end_short_backtrace::<std[617be2ca0a6fd877]::panicking::panic_handler::{closure#0}, !>
[INFO] [stdout]    9:     0x57dad830c11d - __rustc[ea4f61d10b84890b]::rust_begin_unwind
[INFO] [stdout]   10:     0x57dad8349f9c - core[a373ad73a504971]::panicking::panic_fmt
[INFO] [stdout]   11:     0x57dad8349d72 - core[a373ad73a504971]::result::unwrap_failed
[INFO] [stdout]   12:     0x57dad7f4b8ed - hardened[68c13f0080092e0c]::jws_receipt_has_valid_structure::{closure#0}
[INFO] [stdout]   13:     0x57dad7f99af3 - <tokio[2610976b047978df]::runtime::scheduler::current_thread::Context>::enter::<core[a373ad73a504971]::task::poll::Poll<()>, <tokio[2610976b047978df]::runtime::scheduler::current_thread::CoreGuard>::block_on<core[a373ad73a504971]::pin::Pin<&mut core[a373ad73a504971]::pin::Pin<&mut dyn core[a373ad73a504971]::future::future::Future<Output = ()>>>>::{closure#0}::{closure#0}>
[INFO] [stdout]   14:     0x57dad7f7379c - <tokio[2610976b047978df]::runtime::context::scoped::Scoped<tokio[2610976b047978df]::runtime::scheduler::Context>>::set::<<tokio[2610976b047978df]::runtime::scheduler::current_thread::CoreGuard>::enter<<tokio[2610976b047978df]::runtime::scheduler::current_thread::CoreGuard>::block_on<core[a373ad73a504971]::pin::Pin<&mut core[a373ad73a504971]::pin::Pin<&mut dyn core[a373ad73a504971]::future::future::Future<Output = ()>>>>::{closure#0}, core[a373ad73a504971]::option::Option<()>>::{closure#0}, (alloc[2e1b2a31b91974c5]::boxed::Box<tokio[2610976b047978df]::runtime::scheduler::current_thread::Core>, core[a373ad73a504971]::option::Option<()>)>
[INFO] [stdout]   15:     0x57dad7f9a647 - <tokio[2610976b047978df]::runtime::scheduler::current_thread::CoreGuard>::block_on::<core[a373ad73a504971]::pin::Pin<&mut core[a373ad73a504971]::pin::Pin<&mut dyn core[a373ad73a504971]::future::future::Future<Output = ()>>>>
[INFO] [stdout]   16:     0x57dad7fa6acd - tokio[2610976b047978df]::runtime::context::runtime::enter_runtime::<<tokio[2610976b047978df]::runtime::scheduler::current_thread::CurrentThread>::block_on<core[a373ad73a504971]::pin::Pin<&mut dyn core[a373ad73a504971]::future::future::Future<Output = ()>>>::{closure#0}, ()>
[INFO] [stdout]   17:     0x57dad7f99915 - <tokio[2610976b047978df]::runtime::runtime::Runtime>::block_on::<core[a373ad73a504971]::pin::Pin<&mut dyn core[a373ad73a504971]::future::future::Future<Output = ()>>>
[INFO] [stdout]   18:     0x57dad7f6137e - <hardened[68c13f0080092e0c]::jws_receipt_has_valid_structure::{closure#0} as core[a373ad73a504971]::ops::function::FnOnce<()>>::call_once
[INFO] [stdout]   19:     0x57dad812dc5b - test[aada8e7e76ba119b]::__rust_begin_short_backtrace::<core[a373ad73a504971]::result::Result<(), alloc[2e1b2a31b91974c5]::string::String>, fn() -> core[a373ad73a504971]::result::Result<(), alloc[2e1b2a31b91974c5]::string::String>>
[INFO] [stdout]   20:     0x57dad813ae35 - test[aada8e7e76ba119b]::run_test::{closure#0}
[INFO] [stdout]   21:     0x57dad8134724 - std[617be2ca0a6fd877]::sys::backtrace::__rust_begin_short_backtrace::<test[aada8e7e76ba119b]::run_test::{closure#1}, ()>
[INFO] [stdout]   22:     0x57dad813dec2 - <std[617be2ca0a6fd877]::thread::lifecycle::spawn_unchecked<test[aada8e7e76ba119b]::run_test::{closure#1}, ()>::{closure#1} as core[a373ad73a504971]::ops::function::FnOnce<()>>::call_once::{shim:vtable#0}
[INFO] [stdout]   23:     0x57dad83303ef - <std[617be2ca0a6fd877]::sys::thread::unix::Thread>::new::thread_start
[INFO] [stdout]   24:     0x7b9c92f95dfa - <unknown>
[INFO] [stdout]   25:     0x7b9c930293d4 - clone
[INFO] [stdout]   26:                0x0 - <unknown>
[INFO] [stdout] 
[INFO] [stdout] ---- rate_limit_healthz_exempt stdout ----
[INFO] [stdout] 
[INFO] [stdout] thread 'rate_limit_healthz_exempt' (5704) panicked at services/ubl_gate/tests/hardened.rs:903:5:
[INFO] [stdout] assertion `left == right` failed
[INFO] [stdout]   left: 500
[INFO] [stdout]  right: 200
[INFO] [stdout] stack backtrace:
[INFO] [stdout]    0:     0x57dad8331431 - <<std[617be2ca0a6fd877]::sys::backtrace::BacktraceLock>::print::DisplayBacktrace as core[a373ad73a504971]::fmt::Display>::fmt
[INFO] [stdout]    1:     0x57dad834983a - core[a373ad73a504971]::fmt::write
[INFO] [stdout]    2:     0x57dad833689c - <alloc[2e1b2a31b91974c5]::vec::Vec<u8> as core[a373ad73a504971]::io::write::Write>::write_fmt
[INFO] [stdout]    3:     0x57dad830b166 - std[617be2ca0a6fd877]::panicking::default_hook::{closure#0}
[INFO] [stdout]    4:     0x57dad8328e19 - std[617be2ca0a6fd877]::panicking::default_hook
[INFO] [stdout]    5:     0x57dad813a810 - test[aada8e7e76ba119b]::test_main_inner::{closure#0}
[INFO] [stdout]    6:     0x57dad8329142 - std[617be2ca0a6fd877]::panicking::panic_with_hook
[INFO] [stdout]    7:     0x57dad830b212 - std[617be2ca0a6fd877]::panicking::panic_handler::{closure#0}
[INFO] [stdout]    8:     0x57dad8303609 - std[617be2ca0a6fd877]::sys::backtrace::__rust_end_short_backtrace::<std[617be2ca0a6fd877]::panicking::panic_handler::{closure#0}, !>
[INFO] [stdout]    9:     0x57dad830c11d - __rustc[ea4f61d10b84890b]::rust_begin_unwind
[INFO] [stdout]   10:     0x57dad8349f9c - core[a373ad73a504971]::panicking::panic_fmt
[INFO] [stdout]   11:     0x57dad8349eb3 - core[a373ad73a504971]::panicking::assert_failed_inner
[INFO] [stdout]   12:     0x57dad7fc2f77 - core[a373ad73a504971]::panicking::assert_failed::<http[34ba62ac82db563f]::status::StatusCode, u16>
[INFO] [stdout]   13:     0x57dad7f44109 - hardened[68c13f0080092e0c]::rate_limit_healthz_exempt::{closure#0}
[INFO] [stdout]   14:     0x57dad7f99af3 - <tokio[2610976b047978df]::runtime::scheduler::current_thread::Context>::enter::<core[a373ad73a504971]::task::poll::Poll<()>, <tokio[2610976b047978df]::runtime::scheduler::current_thread::CoreGuard>::block_on<core[a373ad73a504971]::pin::Pin<&mut core[a373ad73a504971]::pin::Pin<&mut dyn core[a373ad73a504971]::future::future::Future<Output = ()>>>>::{closure#0}::{closure#0}>
[INFO] [stdout]   15:     0x57dad7f7379c - <tokio[2610976b047978df]::runtime::context::scoped::Scoped<tokio[2610976b047978df]::runtime::scheduler::Context>>::set::<<tokio[2610976b047978df]::runtime::scheduler::current_thread::CoreGuard>::enter<<tokio[2610976b047978df]::runtime::scheduler::current_thread::CoreGuard>::block_on<core[a373ad73a504971]::pin::Pin<&mut core[a373ad73a504971]::pin::Pin<&mut dyn core[a373ad73a504971]::future::future::Future<Output = ()>>>>::{closure#0}, core[a373ad73a504971]::option::Option<()>>::{closure#0}, (alloc[2e1b2a31b91974c5]::boxed::Box<tokio[2610976b047978df]::runtime::scheduler::current_thread::Core>, core[a373ad73a504971]::option::Option<()>)>
[INFO] [stdout]   16:     0x57dad7f9a647 - <tokio[2610976b047978df]::runtime::scheduler::current_thread::CoreGuard>::block_on::<core[a373ad73a504971]::pin::Pin<&mut core[a373ad73a504971]::pin::Pin<&mut dyn core[a373ad73a504971]::future::future::Future<Output = ()>>>>
[INFO] [stdout]   17:     0x57dad7fa6acd - tokio[2610976b047978df]::runtime::context::runtime::enter_runtime::<<tokio[2610976b047978df]::runtime::scheduler::current_thread::CurrentThread>::block_on<core[a373ad73a504971]::pin::Pin<&mut dyn core[a373ad73a504971]::future::future::Future<Output = ()>>>::{closure#0}, ()>
[INFO] [stdout]   18:     0x57dad7f99915 - <tokio[2610976b047978df]::runtime::runtime::Runtime>::block_on::<core[a373ad73a504971]::pin::Pin<&mut dyn core[a373ad73a504971]::future::future::Future<Output = ()>>>
[INFO] [stdout]   19:     0x57dad7f6003e - <hardened[68c13f0080092e0c]::rate_limit_healthz_exempt::{closure#0} as core[a373ad73a504971]::ops::function::FnOnce<()>>::call_once
[INFO] [stdout]   20:     0x57dad812dc5b - test[aada8e7e76ba119b]::__rust_begin_short_backtrace::<core[a373ad73a504971]::result::Result<(), alloc[2e1b2a31b91974c5]::string::String>, fn() -> core[a373ad73a504971]::result::Result<(), alloc[2e1b2a31b91974c5]::string::String>>
[INFO] [stdout]   21:     0x57dad813ae35 - test[aada8e7e76ba119b]::run_test::{closure#0}
[INFO] [stdout]   22:     0x57dad8134724 - std[617be2ca0a6fd877]::sys::backtrace::__rust_begin_short_backtrace::<test[aada8e7e76ba119b]::run_test::{closure#1}, ()>
[INFO] [stdout]   23:     0x57dad813dec2 - <std[617be2ca0a6fd877]::thread::lifecycle::spawn_unchecked<test[aada8e7e76ba119b]::run_test::{closure#1}, ()>::{closure#1} as core[a373ad73a504971]::ops::function::FnOnce<()>>::call_once::{shim:vtable#0}
[INFO] [stdout]   24:     0x57dad83303ef - <std[617be2ca0a6fd877]::sys::thread::unix::Thread>::new::thread_start
[INFO] [stdout]   25:     0x7b9c92f95dfa - <unknown>
[INFO] [stdout]   26:     0x7b9c930293d4 - clone
[INFO] [stdout]   27:                0x0 - <unknown>
[INFO] [stdout] 
[INFO] [stdout] ---- tenant_isolation_same_payload_different_tenants stdout ----
[INFO] [stdout] 
[INFO] [stdout] thread 'tenant_isolation_same_payload_different_tenants' (5710) panicked at services/ubl_gate/tests/hardened.rs:962:5:
[INFO] [stdout] assertion `left == right` failed
[INFO] [stdout]   left: 500
[INFO] [stdout]  right: 200
[INFO] [stdout] stack backtrace:
[INFO] [stdout]    0:     0x57dad8331431 - <<std[617be2ca0a6fd877]::sys::backtrace::BacktraceLock>::print::DisplayBacktrace as core[a373ad73a504971]::fmt::Display>::fmt
[INFO] [stdout]    1:     0x57dad834983a - core[a373ad73a504971]::fmt::write
[INFO] [stdout]    2:     0x57dad833689c - <alloc[2e1b2a31b91974c5]::vec::Vec<u8> as core[a373ad73a504971]::io::write::Write>::write_fmt
[INFO] [stdout]    3:     0x57dad830b166 - std[617be2ca0a6fd877]::panicking::default_hook::{closure#0}
[INFO] [stdout]    4:     0x57dad8328e19 - std[617be2ca0a6fd877]::panicking::default_hook
[INFO] [stdout]    5:     0x57dad813a810 - test[aada8e7e76ba119b]::test_main_inner::{closure#0}
[INFO] [stdout]    6:     0x57dad8329142 - std[617be2ca0a6fd877]::panicking::panic_with_hook
[INFO] [stdout]    7:     0x57dad830b212 - std[617be2ca0a6fd877]::panicking::panic_handler::{closure#0}
[INFO] [stdout]    8:     0x57dad8303609 - std[617be2ca0a6fd877]::sys::backtrace::__rust_end_short_backtrace::<std[617be2ca0a6fd877]::panicking::panic_handler::{closure#0}, !>
[INFO] [stdout]    9:     0x57dad830c11d - __rustc[ea4f61d10b84890b]::rust_begin_unwind
[INFO] [stdout]   10:     0x57dad8349f9c - core[a373ad73a504971]::panicking::panic_fmt
[INFO] [stdout]   11:     0x57dad8349eb3 - core[a373ad73a504971]::panicking::assert_failed_inner
[INFO] [stdout]   12:     0x57dad7fc2f77 - core[a373ad73a504971]::panicking::assert_failed::<http[34ba62ac82db563f]::status::StatusCode, u16>
[INFO] [stdout]   13:     0x57dad7f5e37a - hardened[68c13f0080092e0c]::tenant_isolation_same_payload_different_tenants::{closure#0}
[INFO] [stdout]   14:     0x57dad7f99af3 - <tokio[2610976b047978df]::runtime::scheduler::current_thread::Context>::enter::<core[a373ad73a504971]::task::poll::Poll<()>, <tokio[2610976b047978df]::runtime::scheduler::current_thread::CoreGuard>::block_on<core[a373ad73a504971]::pin::Pin<&mut core[a373ad73a504971]::pin::Pin<&mut dyn core[a373ad73a504971]::future::future::Future<Output = ()>>>>::{closure#0}::{closure#0}>
[INFO] [stdout]   15:     0x57dad7f7379c - <tokio[2610976b047978df]::runtime::context::scoped::Scoped<tokio[2610976b047978df]::runtime::scheduler::Context>>::set::<<tokio[2610976b047978df]::runtime::scheduler::current_thread::CoreGuard>::enter<<tokio[2610976b047978df]::runtime::scheduler::current_thread::CoreGuard>::block_on<core[a373ad73a504971]::pin::Pin<&mut core[a373ad73a504971]::pin::Pin<&mut dyn core[a373ad73a504971]::future::future::Future<Output = ()>>>>::{closure#0}, core[a373ad73a504971]::option::Option<()>>::{closure#0}, (alloc[2e1b2a31b91974c5]::boxed::Box<tokio[2610976b047978df]::runtime::scheduler::current_thread::Core>, core[a373ad73a504971]::option::Option<()>)>
[INFO] [stdout]   16:     0x57dad7f9a647 - <tokio[2610976b047978df]::runtime::scheduler::current_thread::CoreGuard>::block_on::<core[a373ad73a504971]::pin::Pin<&mut core[a373ad73a504971]::pin::Pin<&mut dyn core[a373ad73a504971]::future::future::Future<Output = ()>>>>
[INFO] [stdout]   17:     0x57dad7fa6acd - tokio[2610976b047978df]::runtime::context::runtime::enter_runtime::<<tokio[2610976b047978df]::runtime::scheduler::current_thread::CurrentThread>::block_on<core[a373ad73a504971]::pin::Pin<&mut dyn core[a373ad73a504971]::future::future::Future<Output = ()>>>::{closure#0}, ()>
[INFO] [stdout]   18:     0x57dad7f99915 - <tokio[2610976b047978df]::runtime::runtime::Runtime>::block_on::<core[a373ad73a504971]::pin::Pin<&mut dyn core[a373ad73a504971]::future::future::Future<Output = ()>>>
[INFO] [stdout]   19:     0x57dad7f62ade - <hardened[68c13f0080092e0c]::tenant_isolation_same_payload_different_tenants::{closure#0} as core[a373ad73a504971]::ops::function::FnOnce<()>>::call_once
[INFO] [stdout]   20:     0x57dad812dc5b - test[aada8e7e76ba119b]::__rust_begin_short_backtrace::<core[a373ad73a504971]::result::Result<(), alloc[2e1b2a31b91974c5]::string::String>, fn() -> core[a373ad73a504971]::result::Result<(), alloc[2e1b2a31b91974c5]::string::String>>
[INFO] [stdout]   21:     0x57dad813ae35 - test[aada8e7e76ba119b]::run_test::{closure#0}
[INFO] [stdout]   22:     0x57dad8134724 - std[617be2ca0a6fd877]::sys::backtrace::__rust_begin_short_backtrace::<test[aada8e7e76ba119b]::run_test::{closure#1}, ()>
[INFO] [stdout]   23:     0x57dad813dec2 - <std[617be2ca0a6fd877]::thread::lifecycle::spawn_unchecked<test[aada8e7e76ba119b]::run_test::{closure#1}, ()>::{closure#1} as core[a373ad73a504971]::ops::function::FnOnce<()>>::call_once::{shim:vtable#0}
[INFO] [stdout]   24:     0x57dad83303ef - <std[617be2ca0a6fd877]::sys::thread::unix::Thread>::new::thread_start
[INFO] [stdout]   25:     0x7b9c92f95dfa - <unknown>
[INFO] [stdout]   26:     0x7b9c930293d4 - clone
[INFO] [stdout]   27:                0x0 - <unknown>
[INFO] [stdout] 
[INFO] [stdout] ---- rate_limit_allows_within_burst stdout ----
[INFO] [stdout] 
[INFO] [stdout] thread 'rate_limit_allows_within_burst' (5703) panicked at services/ubl_gate/tests/hardened.rs:850:9:
[INFO] [stdout] assertion `left == right` failed: request 0 within burst must succeed
[INFO] [stdout]   left: 500
[INFO] [stdout]  right: 200
[INFO] [stdout] stack backtrace:
[INFO] [stdout]    0:     0x57dad8331431 - <<std[617be2ca0a6fd877]::sys::backtrace::BacktraceLock>::print::DisplayBacktrace as core[a373ad73a504971]::fmt::Display>::fmt
[INFO] [stdout]    1:     0x57dad834983a - core[a373ad73a504971]::fmt::write
[INFO] [stdout]    2:     0x57dad833689c - <alloc[2e1b2a31b91974c5]::vec::Vec<u8> as core[a373ad73a504971]::io::write::Write>::write_fmt
[INFO] [stdout]    3:     0x57dad830b166 - std[617be2ca0a6fd877]::panicking::default_hook::{closure#0}
[INFO] [stdout]    4:     0x57dad8328e19 - std[617be2ca0a6fd877]::panicking::default_hook
[INFO] [stdout]    5:     0x57dad813a810 - test[aada8e7e76ba119b]::test_main_inner::{closure#0}
[INFO] [stdout]    6:     0x57dad8329142 - std[617be2ca0a6fd877]::panicking::panic_with_hook
[INFO] [stdout]    7:     0x57dad830b212 - std[617be2ca0a6fd877]::panicking::panic_handler::{closure#0}
[INFO] [stdout]    8:     0x57dad8303609 - std[617be2ca0a6fd877]::sys::backtrace::__rust_end_short_backtrace::<std[617be2ca0a6fd877]::panicking::panic_handler::{closure#0}, !>
[INFO] [stdout]    9:     0x57dad830c11d - __rustc[ea4f61d10b84890b]::rust_begin_unwind
[INFO] [stdout]   10:     0x57dad8349f9c - core[a373ad73a504971]::panicking::panic_fmt
[INFO] [stdout]   11:     0x57dad8349f13 - core[a373ad73a504971]::panicking::assert_failed_inner
[INFO] [stdout]   12:     0x57dad7fc2f77 - core[a373ad73a504971]::panicking::assert_failed::<http[34ba62ac82db563f]::status::StatusCode, u16>
[INFO] [stdout]   13:     0x57dad7f48407 - hardened[68c13f0080092e0c]::rate_limit_allows_within_burst::{closure#0}
[INFO] [stdout]   14:     0x57dad7f99af3 - <tokio[2610976b047978df]::runtime::scheduler::current_thread::Context>::enter::<core[a373ad73a504971]::task::poll::Poll<()>, <tokio[2610976b047978df]::runtime::scheduler::current_thread::CoreGuard>::block_on<core[a373ad73a504971]::pin::Pin<&mut core[a373ad73a504971]::pin::Pin<&mut dyn core[a373ad73a504971]::future::future::Future<Output = ()>>>>::{closure#0}::{closure#0}>
[INFO] [stdout]   15:     0x57dad7f7379c - <tokio[2610976b047978df]::runtime::context::scoped::Scoped<tokio[2610976b047978df]::runtime::scheduler::Context>>::set::<<tokio[2610976b047978df]::runtime::scheduler::current_thread::CoreGuard>::enter<<tokio[2610976b047978df]::runtime::scheduler::current_thread::CoreGuard>::block_on<core[a373ad73a504971]::pin::Pin<&mut core[a373ad73a504971]::pin::Pin<&mut dyn core[a373ad73a504971]::future::future::Future<Output = ()>>>>::{closure#0}, core[a373ad73a504971]::option::Option<()>>::{closure#0}, (alloc[2e1b2a31b91974c5]::boxed::Box<tokio[2610976b047978df]::runtime::scheduler::current_thread::Core>, core[a373ad73a504971]::option::Option<()>)>
[INFO] [stdout]   16:     0x57dad7f9a647 - <tokio[2610976b047978df]::runtime::scheduler::current_thread::CoreGuard>::block_on::<core[a373ad73a504971]::pin::Pin<&mut core[a373ad73a504971]::pin::Pin<&mut dyn core[a373ad73a504971]::future::future::Future<Output = ()>>>>
[INFO] [stdout]   17:     0x57dad7fa6acd - tokio[2610976b047978df]::runtime::context::runtime::enter_runtime::<<tokio[2610976b047978df]::runtime::scheduler::current_thread::CurrentThread>::block_on<core[a373ad73a504971]::pin::Pin<&mut dyn core[a373ad73a504971]::future::future::Future<Output = ()>>>::{closure#0}, ()>
[INFO] [stdout]   18:     0x57dad7f99915 - <tokio[2610976b047978df]::runtime::runtime::Runtime>::block_on::<core[a373ad73a504971]::pin::Pin<&mut dyn core[a373ad73a504971]::future::future::Future<Output = ()>>>
[INFO] [stdout]   19:     0x57dad7f60f5e - <hardened[68c13f0080092e0c]::rate_limit_allows_within_burst::{closure#0} as core[a373ad73a504971]::ops::function::FnOnce<()>>::call_once
[INFO] [stdout]   20:     0x57dad812dc5b - test[aada8e7e76ba119b]::__rust_begin_short_backtrace::<core[a373ad73a504971]::result::Result<(), alloc[2e1b2a31b91974c5]::string::String>, fn() -> core[a373ad73a504971]::result::Result<(), alloc[2e1b2a31b91974c5]::string::String>>
[INFO] [stdout]   21:     0x57dad813ae35 - test[aada8e7e76ba119b]::run_test::{closure#0}
[INFO] [stdout]   22:     0x57dad8134724 - std[617be2ca0a6fd877]::sys::backtrace::__rust_begin_short_backtrace::<test[aada8e7e76ba119b]::run_test::{closure#1}, ()>
[INFO] [stdout]   23:     0x57dad813dec2 - <std[617be2ca0a6fd877]::thread::lifecycle::spawn_unchecked<test[aada8e7e76ba119b]::run_test::{closure#1}, ()>::{closure#1} as core[a373ad73a504971]::ops::function::FnOnce<()>>::call_once::{shim:vtable#0}
[INFO] [stdout]   24:     0x57dad83303ef - <std[617be2ca0a6fd877]::sys::thread::unix::Thread>::new::thread_start
[INFO] [stdout]   25:     0x7b9c92f95dfa - <unknown>
[INFO] [stdout]   26:     0x7b9c930293d4 - clone
[INFO] [stdout]   27:                0x0 - <unknown>
[INFO] [stdout] 
[INFO] [stdout] ---- ingest_without_certify_has_no_receipt stdout ----
[INFO] [stdout] 
[INFO] [stdout] thread 'ingest_without_certify_has_no_receipt' (5698) panicked at services/ubl_gate/tests/hardened.rs:80:10:
[INFO] [stdout] called `Result::unwrap()` on an `Err` value: reqwest::Error { kind: Decode, source: Error("expected value", line: 1, column: 1) }
[INFO] [stdout] stack backtrace:
[INFO] [stdout]    0:     0x57dad8331431 - <<std[617be2ca0a6fd877]::sys::backtrace::BacktraceLock>::print::DisplayBacktrace as core[a373ad73a504971]::fmt::Display>::fmt
[INFO] [stdout]    1:     0x57dad834983a - core[a373ad73a504971]::fmt::write
[INFO] [stdout]    2:     0x57dad833689c - <alloc[2e1b2a31b91974c5]::vec::Vec<u8> as core[a373ad73a504971]::io::write::Write>::write_fmt
[INFO] [stdout]    3:     0x57dad830b166 - std[617be2ca0a6fd877]::panicking::default_hook::{closure#0}
[INFO] [stdout]    4:     0x57dad8328e19 - std[617be2ca0a6fd877]::panicking::default_hook
[INFO] [stdout]    5:     0x57dad813a810 - test[aada8e7e76ba119b]::test_main_inner::{closure#0}
[INFO] [stdout]    6:     0x57dad8329142 - std[617be2ca0a6fd877]::panicking::panic_with_hook
[INFO] [stdout]    7:     0x57dad830b212 - std[617be2ca0a6fd877]::panicking::panic_handler::{closure#0}
[INFO] [stdout]    8:     0x57dad8303609 - std[617be2ca0a6fd877]::sys::backtrace::__rust_end_short_backtrace::<std[617be2ca0a6fd877]::panicking::panic_handler::{closure#0}, !>
[INFO] [stdout]    9:     0x57dad830c11d - __rustc[ea4f61d10b84890b]::rust_begin_unwind
[INFO] [stdout]   10:     0x57dad8349f9c - core[a373ad73a504971]::panicking::panic_fmt
[INFO] [stdout]   11:     0x57dad8349d72 - core[a373ad73a504971]::result::unwrap_failed
[INFO] [stdout]   12:     0x57dad7f5534c - hardened[68c13f0080092e0c]::ingest_without_certify_has_no_receipt::{closure#0}
[INFO] [stdout]   13:     0x57dad7f99af3 - <tokio[2610976b047978df]::runtime::scheduler::current_thread::Context>::enter::<core[a373ad73a504971]::task::poll::Poll<()>, <tokio[2610976b047978df]::runtime::scheduler::current_thread::CoreGuard>::block_on<core[a373ad73a504971]::pin::Pin<&mut core[a373ad73a504971]::pin::Pin<&mut dyn core[a373ad73a504971]::future::future::Future<Output = ()>>>>::{closure#0}::{closure#0}>
[INFO] [stdout]   14:     0x57dad7f7379c - <tokio[2610976b047978df]::runtime::context::scoped::Scoped<tokio[2610976b047978df]::runtime::scheduler::Context>>::set::<<tokio[2610976b047978df]::runtime::scheduler::current_thread::CoreGuard>::enter<<tokio[2610976b047978df]::runtime::scheduler::current_thread::CoreGuard>::block_on<core[a373ad73a504971]::pin::Pin<&mut core[a373ad73a504971]::pin::Pin<&mut dyn core[a373ad73a504971]::future::future::Future<Output = ()>>>>::{closure#0}, core[a373ad73a504971]::option::Option<()>>::{closure#0}, (alloc[2e1b2a31b91974c5]::boxed::Box<tokio[2610976b047978df]::runtime::scheduler::current_thread::Core>, core[a373ad73a504971]::option::Option<()>)>
[INFO] [stdout]   15:     0x57dad7f9a647 - <tokio[2610976b047978df]::runtime::scheduler::current_thread::CoreGuard>::block_on::<core[a373ad73a504971]::pin::Pin<&mut core[a373ad73a504971]::pin::Pin<&mut dyn core[a373ad73a504971]::future::future::Future<Output = ()>>>>
[INFO] [stdout]   16:     0x57dad7fa6acd - tokio[2610976b047978df]::runtime::context::runtime::enter_runtime::<<tokio[2610976b047978df]::runtime::scheduler::current_thread::CurrentThread>::block_on<core[a373ad73a504971]::pin::Pin<&mut dyn core[a373ad73a504971]::future::future::Future<Output = ()>>>::{closure#0}, ()>
[INFO] [stdout]   17:     0x57dad7f99915 - <tokio[2610976b047978df]::runtime::runtime::Runtime>::block_on::<core[a373ad73a504971]::pin::Pin<&mut dyn core[a373ad73a504971]::future::future::Future<Output = ()>>>
[INFO] [stdout]   18:     0x57dad7f6213e - <hardened[68c13f0080092e0c]::ingest_without_certify_has_no_receipt::{closure#0} as core[a373ad73a504971]::ops::function::FnOnce<()>>::call_once
[INFO] [stdout]   19:     0x57dad812dc5b - test[aada8e7e76ba119b]::__rust_begin_short_backtrace::<core[a373ad73a504971]::result::Result<(), alloc[2e1b2a31b91974c5]::string::String>, fn() -> core[a373ad73a504971]::result::Result<(), alloc[2e1b2a31b91974c5]::string::String>>
[INFO] [stdout]   20:     0x57dad813ae35 - test[aada8e7e76ba119b]::run_test::{closure#0}
[INFO] [stdout]   21:     0x57dad8134724 - std[617be2ca0a6fd877]::sys::backtrace::__rust_begin_short_backtrace::<test[aada8e7e76ba119b]::run_test::{closure#1}, ()>
[INFO] [stdout]   22:     0x57dad813dec2 - <std[617be2ca0a6fd877]::thread::lifecycle::spawn_unchecked<test[aada8e7e76ba119b]::run_test::{closure#1}, ()>::{closure#1} as core[a373ad73a504971]::ops::function::FnOnce<()>>::call_once::{shim:vtable#0}
[INFO] [stdout]   23:     0x57dad83303ef - <std[617be2ca0a6fd877]::sys::thread::unix::Thread>::new::thread_start
[INFO] [stdout]   24:     0x7b9c92f95dfa - <unknown>
[INFO] [stdout]   25:     0x7b9c930293d4 - clone
[INFO] [stdout]   26:                0x0 - <unknown>
[INFO] [stdout] 
[INFO] [stdout] 
[INFO] [stdout] failures:
[INFO] [stdout]     auth_accepts_dev_token
[INFO] [stdout]     full_lifecycle_separate_certify
[INFO] [stdout]     ingest_without_certify_has_no_receipt
[INFO] [stdout]     jws_receipt_has_valid_structure
[INFO] [stdout]     rate_limit_429_on_burst_exceeded
[INFO] [stdout]     rate_limit_allows_within_burst
[INFO] [stdout]     rate_limit_healthz_exempt
[INFO] [stdout]     resolve_did_cid
[INFO] [stdout]     tenant_ingest_returns_tenant_id
[INFO] [stdout]     tenant_isolation_same_payload_different_tenants
[INFO] [stdout] 
[INFO] [stdout] test result: FAILED. 27 passed; 10 failed; 0 ignored; 0 measured; 0 filtered out; finished in 0.45s
[INFO] [stdout] 
[INFO] [stderr] error: test failed, to rerun pass `-p ubl_gate --test hardened`
[INFO] running `Command { std: "docker" "inspect" "cc3ef75025e7f73bcf2bb2363ca0ac0be65d86dad9533fa1e217a4282b9b6437", kill_on_drop: false }`
[INFO] running `Command { std: "docker" "rm" "-f" "cc3ef75025e7f73bcf2bb2363ca0ac0be65d86dad9533fa1e217a4282b9b6437", kill_on_drop: false }`
[INFO] [stdout] cc3ef75025e7f73bcf2bb2363ca0ac0be65d86dad9533fa1e217a4282b9b6437
