[INFO] cloning repository https://github.com/danish9661/STM32-Bluepill-emu
[INFO] running `Command { std: "git" "-c" "credential.helper=" "-c" "credential.helper=/workspace/cargo-home/bin/git-credential-null" "clone" "--bare" "https://github.com/danish9661/STM32-Bluepill-emu" "/workspace/cache/git-repos/https%3A%2F%2Fgithub.com%2Fdanish9661%2FSTM32-Bluepill-emu", kill_on_drop: false }`
[INFO] [stderr] Cloning into bare repository '/workspace/cache/git-repos/https%3A%2F%2Fgithub.com%2Fdanish9661%2FSTM32-Bluepill-emu'...
[INFO] running `Command { std: "git" "rev-parse" "HEAD", kill_on_drop: false }`
[INFO] [stdout] 737f2d2d0addae561bb93bab3a476601fd1157b9
[INFO] testing danish9661/STM32-Bluepill-emu against 1.100.0-beta.1+cargoflags=--release for beta-release-1.100-2
[INFO] running `Command { std: "git" "clone" "/workspace/cache/git-repos/https%3A%2F%2Fgithub.com%2Fdanish9661%2FSTM32-Bluepill-emu" "/workspace/builds/worker-4-tc2/source", kill_on_drop: false }`
[INFO] [stderr] Cloning into '/workspace/builds/worker-4-tc2/source'...
[INFO] [stderr] done.
[INFO] started tweaking git repo https://github.com/danish9661/STM32-Bluepill-emu
[INFO] finished tweaking git repo https://github.com/danish9661/STM32-Bluepill-emu
[INFO] tweaked toml for git repo https://github.com/danish9661/STM32-Bluepill-emu written to /workspace/builds/worker-4-tc2/source/Cargo.toml
[INFO] validating manifest of git repo https://github.com/danish9661/STM32-Bluepill-emu on toolchain 1.100.0-beta.1
[INFO] running `Command { std: CARGO_HOME="/workspace/cargo-home" RUSTUP_HOME="/workspace/rustup-home" "/workspace/cargo-home/bin/cargo" "+1.100.0-beta.1" "metadata" "--manifest-path" "Cargo.toml" "--no-deps", kill_on_drop: false }`
[INFO] crate git repo https://github.com/danish9661/STM32-Bluepill-emu already has a lockfile, it will not be regenerated
[INFO] running `Command { std: CARGO_HOME="/workspace/cargo-home" RUSTUP_HOME="/workspace/rustup-home" "/workspace/cargo-home/bin/cargo" "+1.100.0-beta.1" "fetch" "--manifest-path" "Cargo.toml", kill_on_drop: false }`
[INFO] running `Command { std: "docker" "create" "-v" "/var/lib/crater-agent-workspace/builds/worker-4-tc2/source:/opt/rustwide/workdir:ro,Z" "-v" "/var/lib/crater-agent-workspace/builds/worker-4-tc2/target:/opt/rustwide/target:rw,Z" "-v" "/var/lib/crater-agent-workspace/cargo-home:/opt/rustwide/cargo-home:ro,Z" "-v" "/var/lib/crater-agent-workspace/rustup-home:/opt/rustwide/rustup-home:ro,Z" "-m" "1610612736" "--network" "none" "ghcr.io/rust-lang/crates-build-env/linux@sha256:77db811e55d90add9212f6832c23229e3de5f1c1f9905e8cb07319ea15df73ac" "sleep" "infinity", kill_on_drop: false }`
[INFO] [stdout] 78676cc1ff0c34594955960d7a7c08df786aebccc2167e2b411d7745b2776649
[INFO] running `Command { std: "docker" "start" "78676cc1ff0c34594955960d7a7c08df786aebccc2167e2b411d7745b2776649", kill_on_drop: false }`
[INFO] running `Command { std: "docker" "inspect" "78676cc1ff0c34594955960d7a7c08df786aebccc2167e2b411d7745b2776649", kill_on_drop: false }`
[INFO] running `Command { std: "docker" "exec" "-e" "SOURCE_DIR=/opt/rustwide/workdir" "-e" "CARGO_HOME=/opt/rustwide/cargo-home" "-e" "RUSTUP_HOME=/opt/rustwide/rustup-home" "-e" "CARGO_TARGET_DIR=/opt/rustwide/target" "-w" "/opt/rustwide/workdir" "--user" "0:0" "78676cc1ff0c34594955960d7a7c08df786aebccc2167e2b411d7745b2776649" "/opt/rustwide/cargo-home/bin/cargo" "+1.100.0-beta.1" "metadata" "--no-deps" "--format-version=1", kill_on_drop: false }`
[INFO] running `Command { std: "docker" "inspect" "78676cc1ff0c34594955960d7a7c08df786aebccc2167e2b411d7745b2776649", kill_on_drop: false }`
[INFO] running `Command { std: "docker" "exec" "-e" "SOURCE_DIR=/opt/rustwide/workdir" "-e" "CARGO_HOME=/opt/rustwide/cargo-home" "-e" "RUSTUP_HOME=/opt/rustwide/rustup-home" "-e" "CARGO_TARGET_DIR=/opt/rustwide/target" "-e" "CARGO_INCREMENTAL=0" "-e" "RUST_BACKTRACE=full" "-e" "RUSTFLAGS=--cap-lints=warn" "-e" "RUSTDOCFLAGS=--cap-lints=warn" "-w" "/opt/rustwide/workdir" "--user" "0:0" "78676cc1ff0c34594955960d7a7c08df786aebccc2167e2b411d7745b2776649" "/opt/rustwide/cargo-home/bin/cargo" "+1.100.0-beta.1" "build" "--frozen" "--message-format=json" "--release", kill_on_drop: false }`
[INFO] [stderr]    Compiling wasm-bindgen-shared v0.2.126
[INFO] [stderr]    Compiling rustversion v1.0.23
[INFO] [stderr]    Compiling once_cell v1.21.4
[INFO] [stderr]    Compiling memchr v2.8.3
[INFO] [stderr]    Compiling bumpalo v3.20.3
[INFO] [stderr]    Compiling thiserror v1.0.69
[INFO] [stderr]    Compiling regex-syntax v0.8.11
[INFO] [stderr]    Compiling unicode-ident v1.0.24
[INFO] [stderr]    Compiling anyhow v1.0.103
[INFO] [stderr]    Compiling cfg-if v1.0.4
[INFO] [stderr]    Compiling futures-core v0.3.34
[INFO] [stderr]    Compiling pin-project-lite v0.2.17
[INFO] [stderr]    Compiling futures-task v0.3.34
[INFO] [stderr]    Compiling xmlparser v0.13.6
[INFO] [stderr]    Compiling slab v0.4.12
[INFO] [stderr]    Compiling syn v2.0.118
[INFO] [stderr]    Compiling log v0.4.33
[INFO] [stderr]    Compiling futures-util v0.3.34
[INFO] [stderr]    Compiling roxmltree v0.14.1
[INFO] [stderr]    Compiling wasm-bindgen v0.2.126
[INFO] [stderr]    Compiling aho-corasick v1.1.4
[INFO] [stderr]    Compiling regex-automata v0.4.15
[INFO] [stderr]    Compiling wasm-bindgen-macro-support v0.2.126
[INFO] [stderr]    Compiling thiserror-impl v1.0.69
[INFO] [stderr]    Compiling regex v1.13.0
[INFO] [stderr]    Compiling svd-rs v0.13.2
[INFO] [stderr]    Compiling svd-parser v0.13.4
[INFO] [stderr]    Compiling wasm-bindgen-macro v0.2.126
[INFO] [stderr]    Compiling js-sys v0.3.103
[INFO] [stderr]    Compiling console_error_panic_hook v0.1.7
[INFO] [stderr]    Compiling stm32-bluepill-wasm v0.1.0 (/opt/rustwide/workdir)
[INFO] [stdout] warning: function `hoist_off` is never used
[INFO] [stdout]    --> src/cpu/thumb.rs:285:15
[INFO] [stdout]     |
[INFO] [stdout] 285 | pub(crate) fn hoist_off(on: bool) {
[INFO] [stdout]     |               ^^^^^^^^^
[INFO] [stdout]     |
[INFO] [stdout]     = note: `#[warn(dead_code)]` (part of `#[warn(unused)]`) on by default
[INFO] [stdout] 
[INFO] [stdout] 
[INFO] [stdout] warning: function `bulk_off` is never used
[INFO] [stdout]    --> src/cpu/thumb.rs:294:15
[INFO] [stdout]     |
[INFO] [stdout] 294 | pub(crate) fn bulk_off(on: bool) {
[INFO] [stdout]     |               ^^^^^^^^
[INFO] [stdout] 
[INFO] [stdout] 
[INFO] [stdout] warning: function `fusion_off` is never used
[INFO] [stdout]    --> src/cpu/thumb.rs:320:15
[INFO] [stdout]     |
[INFO] [stdout] 320 | pub(crate) fn fusion_off(on: bool) {
[INFO] [stdout]     |               ^^^^^^^^^^
[INFO] [stdout] 
[INFO] [stdout] 
[INFO] [stderr]     Finished `release` profile [optimized] target(s) in 43.34s
[INFO] running `Command { std: "docker" "inspect" "78676cc1ff0c34594955960d7a7c08df786aebccc2167e2b411d7745b2776649", kill_on_drop: false }`
[INFO] running `Command { std: "docker" "exec" "-e" "SOURCE_DIR=/opt/rustwide/workdir" "-e" "CARGO_HOME=/opt/rustwide/cargo-home" "-e" "RUSTUP_HOME=/opt/rustwide/rustup-home" "-e" "CARGO_TARGET_DIR=/opt/rustwide/target" "-e" "CARGO_INCREMENTAL=0" "-e" "RUST_BACKTRACE=full" "-e" "RUSTFLAGS=--cap-lints=warn" "-e" "RUSTDOCFLAGS=--cap-lints=warn" "-w" "/opt/rustwide/workdir" "--user" "0:0" "78676cc1ff0c34594955960d7a7c08df786aebccc2167e2b411d7745b2776649" "/opt/rustwide/cargo-home/bin/cargo" "+1.100.0-beta.1" "test" "--frozen" "--no-run" "--message-format=json" "--release", kill_on_drop: false }`
[INFO] [stderr]    Compiling once_cell v1.21.4
[INFO] [stderr]    Compiling memchr v2.8.3
[INFO] [stderr]    Compiling regex-syntax v0.8.11
[INFO] [stderr]    Compiling unicode-ident v1.0.24
[INFO] [stderr]    Compiling cfg-if v1.0.4
[INFO] [stderr]    Compiling pin-project-lite v0.2.17
[INFO] [stderr]    Compiling slab v0.4.12
[INFO] [stderr]    Compiling futures-task v0.3.34
[INFO] [stderr]    Compiling xmlparser v0.13.6
[INFO] [stderr]    Compiling futures-core v0.3.34
[INFO] [stderr]    Compiling log v0.4.33
[INFO] [stderr]    Compiling thiserror v1.0.69
[INFO] [stderr]    Compiling anyhow v1.0.103
[INFO] [stderr]    Compiling wasm-bindgen-shared v0.2.126
[INFO] [stderr]    Compiling futures-util v0.3.34
[INFO] [stderr]    Compiling wasm-bindgen v0.2.126
[INFO] [stderr]    Compiling roxmltree v0.14.1
[INFO] [stderr]    Compiling aho-corasick v1.1.4
[INFO] [stderr]    Compiling console_error_panic_hook v0.1.7
[INFO] [stderr]    Compiling regex-automata v0.4.15
[INFO] [stderr]    Compiling js-sys v0.3.103
[INFO] [stderr]    Compiling regex v1.13.0
[INFO] [stderr]    Compiling svd-rs v0.13.2
[INFO] [stderr]    Compiling svd-parser v0.13.4
[INFO] [stderr]    Compiling stm32-bluepill-wasm v0.1.0 (/opt/rustwide/workdir)
[INFO] [stdout] warning: function `hoist_off` is never used
[INFO] [stdout]    --> src/cpu/thumb.rs:285:15
[INFO] [stdout]     |
[INFO] [stdout] 285 | pub(crate) fn hoist_off(on: bool) {
[INFO] [stdout]     |               ^^^^^^^^^
[INFO] [stdout]     |
[INFO] [stdout]     = note: `#[warn(dead_code)]` (part of `#[warn(unused)]`) on by default
[INFO] [stdout] 
[INFO] [stdout] 
[INFO] [stdout] warning: function `bulk_off` is never used
[INFO] [stdout]    --> src/cpu/thumb.rs:294:15
[INFO] [stdout]     |
[INFO] [stdout] 294 | pub(crate) fn bulk_off(on: bool) {
[INFO] [stdout]     |               ^^^^^^^^
[INFO] [stdout] 
[INFO] [stdout] 
[INFO] [stdout] warning: function `fusion_off` is never used
[INFO] [stdout]    --> src/cpu/thumb.rs:320:15
[INFO] [stdout]     |
[INFO] [stdout] 320 | pub(crate) fn fusion_off(on: bool) {
[INFO] [stdout]     |               ^^^^^^^^^^
[INFO] [stdout] 
[INFO] [stdout] 
[INFO] [stderr]     Finished `release` profile [optimized] target(s) in 50.40s
[INFO] running `Command { std: "docker" "inspect" "78676cc1ff0c34594955960d7a7c08df786aebccc2167e2b411d7745b2776649", kill_on_drop: false }`
[INFO] running `Command { std: "docker" "exec" "-e" "SOURCE_DIR=/opt/rustwide/workdir" "-e" "CARGO_HOME=/opt/rustwide/cargo-home" "-e" "RUSTUP_HOME=/opt/rustwide/rustup-home" "-e" "CARGO_TARGET_DIR=/opt/rustwide/target" "-e" "CARGO_INCREMENTAL=0" "-e" "RUST_BACKTRACE=full" "-e" "RUSTFLAGS=--cap-lints=warn" "-e" "RUSTDOCFLAGS=--cap-lints=warn" "-w" "/opt/rustwide/workdir" "--user" "0:0" "78676cc1ff0c34594955960d7a7c08df786aebccc2167e2b411d7745b2776649" "/opt/rustwide/cargo-home/bin/cargo" "+1.100.0-beta.1" "test" "--frozen" "--release", kill_on_drop: false }`
[INFO] [stderr] warning: function `hoist_off` is never used
[INFO] [stderr]    --> src/cpu/thumb.rs:285:15
[INFO] [stderr]     |
[INFO] [stderr] 285 | pub(crate) fn hoist_off(on: bool) {
[INFO] [stderr]     |               ^^^^^^^^^
[INFO] [stderr]     |
[INFO] [stderr]     = note: `#[warn(dead_code)]` (part of `#[warn(unused)]`) on by default
[INFO] [stderr] 
[INFO] [stderr] warning: function `bulk_off` is never used
[INFO] [stderr]    --> src/cpu/thumb.rs:294:15
[INFO] [stderr]     |
[INFO] [stderr] 294 | pub(crate) fn bulk_off(on: bool) {
[INFO] [stderr]     |               ^^^^^^^^
[INFO] [stderr] 
[INFO] [stderr] warning: function `fusion_off` is never used
[INFO] [stderr]    --> src/cpu/thumb.rs:320:15
[INFO] [stderr]     |
[INFO] [stderr] 320 | pub(crate) fn fusion_off(on: bool) {
[INFO] [stderr]     |               ^^^^^^^^^^
[INFO] [stderr] 
[INFO] [stderr] warning: `stm32-bluepill-wasm` (lib) generated 3 warnings
[INFO] [stderr]     Finished `release` profile [optimized] target(s) in 0.21s
[INFO] [stderr]      Running unittests src/lib.rs (/opt/rustwide/target/release/build/stm32-bluepill-wasm/af25c78c14b2b7a0/out/stm32_bluepill_wasm-af25c78c14b2b7a0)
[INFO] [stdout] 
[INFO] [stdout] running 131 tests
[INFO] [stdout] test bus::tests::last_registration_wins_on_overlap ... ok
[INFO] [stdout] test bus::tests::decodes_range_as_half_open ... ok
[INFO] [stdout] test bus::tests::adjacent_slots_do_not_bleed ... ok
[INFO] [stdout] test cpu::diffuzz::diffuzz_exec ... ok
[INFO] [stdout] test cpu::census::census_dump_16 ... ok
[INFO] [stdout] test cpu::core_tests::mpu_register_file_and_enforcement ... ok
[INFO] [stdout] test cpu::census::census_dump_32 ... ok
[INFO] [stdout] test cpu::core_tests::deep_nesting_canaries_unwind_exactly ... ok
[INFO] [stdout] test cpu::core_tests::same_priority_no_nesting ... ok
[INFO] [stdout] test cpu::isa_tests::bl_link_and_land ... ok
[INFO] [stdout] test cpu::core_tests::bad_exc_return_faults ... ok
[INFO] [stdout] test cpu::core_tests::stop_wake_falls_back_to_hsi ... ok
[INFO] [stdout] test cpu::core_tests::wfi_sleeps_and_wakes_on_dispatch ... ok
[INFO] [stdout] test cpu::isa_tests::addw_subw_plain_imm ... ok
[INFO] [stdout] test cpu::core_tests::svc_in_handler_balances_active ... ok
[INFO] [stdout] test cpu::core_tests::systick_debt_repends_once_per_return ... ok
[INFO] [stdout] test cpu::isa_tests::fused2_ldri_cbz_matches_legacy ... ok
[INFO] [stdout] test cpu::isa_tests::bcc_w_backward_s1 ... ok
[INFO] [stdout] test cpu::core_tests::nested_irq_preempts_mid_handler ... ok
[INFO] [stdout] test cpu::core_tests::psp_task_switch_roundtrip ... ok
[INFO] [stdout] test cpu::isa_tests::bcc_w_forward_s0 ... ok
[INFO] [stdout] test cpu::isa_tests::bitfield_forms ... ok
[INFO] [stdout] test cpu::isa_tests::fused2_lsl_mov_matches_legacy ... ok
[INFO] [stdout] test cpu::isa_tests::bulk_push16_matches_legacy ... ok
[INFO] [stdout] test cpu::isa_tests::fast_tag_matches_classify ... ok
[INFO] [stdout] test cpu::isa_tests::exception_svc_roundtrip ... ok
[INFO] [stdout] test cpu::isa_tests::fused2_ldri_bcc_matches_legacy ... ok
[INFO] [stdout] test cpu::isa_tests::bulk_pop16_matches_legacy ... ok
[INFO] [stdout] test cpu::isa_tests::fused2_ldri_cmp_matches_legacy ... ok
[INFO] [stdout] test cpu::isa_tests::fused2_str_mov_matches_legacy ... ok
[INFO] [stdout] test cpu::isa_tests::fused2_ldri_ldri_matches_legacy ... ok
[INFO] [stdout] test cpu::isa_tests::fused2_ldri_lsl_matches_legacy ... ok
[INFO] [stdout] test cpu::isa_tests::fused2_lit_lit_matches_legacy ... ok
[INFO] [stdout] test cpu::isa_tests::bl_boundary_and_dbg ... ok
[INFO] [stdout] test cpu::isa_tests::fused2_mov_ldri_matches_legacy ... ok
[INFO] [stdout] test cpu::isa_tests::fused3_hiadd_bcc_matches_legacy ... ok
[INFO] [stdout] test cpu::isa_tests::fused2_mov_b_matches_legacy ... ok
[INFO] [stdout] test cpu::isa_tests::fused2_lit_str_matches_legacy ... ok
[INFO] [stdout] test cpu::isa_tests::fused2_mov_lit_matches_legacy ... ok
[INFO] [stdout] test cpu::isa_tests::fused2_mov_str_matches_legacy ... ok
[INFO] [stdout] test cpu::isa_tests::fused2_mov_mov_matches_legacy ... ok
[INFO] [stdout] test cpu::isa_tests::fused2_str_b_matches_legacy ... ok
[INFO] [stdout] test cpu::isa_tests::fused2_str_ldri_matches_legacy ... ok
[INFO] [stdout] test cpu::isa_tests::fused2_str_lit_matches_legacy ... ok
[INFO] [stdout] test cpu::core_tests::priority_orders_dispatch ... ok
[INFO] [stdout] test cpu::isa_tests::fused2_subsi_cmp_matches_legacy ... ok
[INFO] [stdout] test cpu::isa_tests::fused3_adds_cbz_matches_legacy ... ok
[INFO] [stdout] test cpu::isa_tests::fused3_cmpr_bcc_matches_legacy ... ok
[INFO] [stdout] test cpu::isa_tests::fused3_ext_bcc_matches_legacy ... ok
[INFO] [stdout] test cpu::isa_tests::fused2_lsl_lsl_matches_legacy ... ok
[INFO] [stdout] test cpu::isa_tests::fused3_himov_adds_matches_legacy ... ok
[INFO] [stdout] test cpu::isa_tests::fused3_ldrb_himov_matches_legacy ... ok
[INFO] [stdout] test cpu::isa_tests::fused3_himov_himov_matches_legacy ... ok
[INFO] [stdout] test cpu::isa_tests::fused3_ldri_bx_matches_legacy ... ok
[INFO] [stdout] test cpu::isa_tests::fused3_lit_cbz_matches_legacy ... ok
[INFO] [stdout] test cpu::isa_tests::fused3_pop_lsl_matches_legacy ... ok
[INFO] [stdout] test cpu::isa_tests::fused3_push_lit_matches_legacy ... ok
[INFO] [stdout] test cpu::isa_tests::fused3_str_himov_matches_legacy ... ok
[INFO] [stdout] test cpu::isa_tests::fused4_ldri_str_matches_legacy ... ok
[INFO] [stdout] test cpu::isa_tests::fused4_push_ldri_matches_legacy ... ok
[INFO] [stdout] test cpu::isa_tests::fused4_push_himov_matches_legacy ... ok
[INFO] [stdout] test cpu::isa_tests::fused4_strsp_ldrsp_matches_legacy ... ok
[INFO] [stdout] test cpu::isa_tests::fused_cmp_bcc_matches_legacy ... ok
[INFO] [stdout] test cpu::isa_tests::movw_movt_pc_fault ... ok
[INFO] [stdout] test cpu::isa_tests::mrs_full_sysm ... ok
[INFO] [stdout] test cpu::isa_tests::fused_it_fallback_matches_legacy ... ok
[INFO] [stdout] test cpu::isa_tests::fused_ldr_ldr_matches_legacy ... ok
[INFO] [stdout] test cpu::isa_tests::fused_lsl_bcc_matches_legacy ... ok
[INFO] [stdout] test cpu::isa_tests::fused_sub_cmp_matches_legacy ... ok
[INFO] [stdout] test cpu::isa_tests::hoist_bccw_matches_legacy ... ok
[INFO] [stdout] test cpu::isa_tests::hoist_bl_matches_legacy ... ok
[INFO] [stdout] test cpu::isa_tests::hoist_bw_matches_legacy ... ok
[INFO] [stdout] test cpu::isa_tests::hoist_f8word_matches_legacy ... ok
[INFO] [stdout] test cpu::isa_tests::hoist_popw_matches_legacy ... ok
[INFO] [stdout] test cpu::isa_tests::hoist_pushw_matches_legacy ... ok
[INFO] [stdout] test cpu::isa_tests::ldmdb_forms ... ok
[INFO] [stdout] test cpu::isa_tests::ldrd_strd_roundtrip ... ok
[INFO] [stdout] test cpu::isa_tests::ldrex_strex_pair ... ok
[INFO] [stdout] test cpu::isa_tests::ldrexb_strexb_pair ... ok
[INFO] [stdout] test cpu::isa_tests::movs_imm_preserves_cv ... ok
[INFO] [stdout] test cpu::isa_tests::rbit_clz_present ... ok
[INFO] [stdout] test cpu::isa_tests::mrs_msr_forms ... ok
[INFO] [stdout] test cpu::isa_tests::pld_hints_vs_ldr_pc_literal ... ok
[INFO] [stdout] test cpu::isa_tests::t3_s_bit_forms ... ok
[INFO] [stdout] test cpu::isa_tests::tbb_index_by_value ... ok
[INFO] [stdout] test cpu::isa_tests::sat16_forms ... ok
[INFO] [stdout] test cpu::isa_tests::smlal_umlal_forms ... ok
[INFO] [stdout] test cpu::isa_tests::stm_rn_in_list_stores_original ... ok
[INFO] [stdout] test cpu::isa_tests::triple_lit_cbz_lit_matches_legacy ... ok
[INFO] [stdout] test cpu::isa_tests::strd_post_indexed ... ok
[INFO] [stdout] test cpu::isa_tests::t3_ibit_immediate ... ok
[INFO] [stdout] test ext_devices::sd_card::tests::block_rw_round_trip ... ok
[INFO] [stdout] test cpu::isa_tests::t3_reg_no_writeback ... ok
[INFO] [stdout] test ext_devices::sd_card::tests::csd_capacity_matches_image ... ok
[INFO] [stdout] test lib_tests::power_estimate_ordering ... ok
[INFO] [stdout] test lib_tests::power_state_mapping ... ok
[INFO] [stdout] test peripherals::gpio::tests::parses_pin_names ... ok
[INFO] [stdout] test peripherals::gpio::tests::rejects_malformed_names ... ok
[INFO] [stdout] test cpu::isa_tests::triple_push_lit_cbz_matches_legacy ... ok
[INFO] [stdout] test cpu::isa_tests::udiv_and_div0 ... ok
[INFO] [stdout] test cpu::isa_tests::unpredictable_shapes_fault ... ok
[INFO] [stdout] test peripherals::swd::tests::dhcsr_key_and_halt_mirror ... ok
[INFO] [stdout] test cpu::isa_tests::tbh_index_by_value ... ok
[INFO] [stdout] test cpu::isa_tests::usat_ssat_q ... ok
[INFO] [stderr] panicked at src/cpu/smoke.rs:319:34:
[INFO] [stderr] called `Result::unwrap()` on an `Err` value: Os { code: 2, kind: NotFound, message: "No such file or directory" }
[INFO] [stderr] panicked at src/cpu/smoke.rs:204:41:
[INFO] [stderr] called `Result::unwrap()` on an `Err` value: Os { code: 2, kind: NotFound, message: "No such file or directory" }
[INFO] [stderr] panicked at src/cpu/smoke.rs:272:41:
[INFO] [stderr] called `Result::unwrap()` on an `Err` value: Os { code: 2, kind: NotFound, message: "No such file or directory" }
[INFO] [stdout] test cpu::smoke::blinky_runs_and_toggles_led ... ok
[INFO] [stdout] test cpu::smoke::firmware_gallery_native ... FAILED
[INFO] [stdout] test cpu::smoke::periph39_full_run_native ... FAILED
[INFO] [stdout] test cpu::isa_tests::sdiv_plain_and_it ... ok
[INFO] [stdout] test cpu::smoke::periph39_inline_irqs_native ... FAILED
[INFO] [stdout] test cpu::isa_tests::usat_asr_shift ... ok
[INFO] [stdout] test cpu::smoke::echo_banner_and_roundtrip ... FAILED
[INFO] [stdout] test peripherals::swd::tests::ctrl_stat_power_ack_and_sticky_w1c ... ok
[INFO] [stdout] test peripherals::tests::sub_word_write_preserves_the_other_lanes ... ok
[INFO] [stdout] test peripherals::swd::tests::demcr_store_and_vc_bit ... ok
[INFO] [stdout] test peripherals::swd::tests::dhcsr_guest_write_halts_run ... ok
[INFO] [stdout] test system::tests::absorb_take_clamps_out_of_range_requests ... ok
[INFO] [stdout] test peripherals::swd::tests::dhcsr_step_sets_pending ... ok
[INFO] [stdout] test peripherals::tests::bit_band_touches_only_its_own_bit ... ok
[INFO] [stdout] test peripherals::tests::width_mask_covers_each_access_size ... ok
[INFO] [stdout] test system::tests::mpu_background_and_ppb ... ok
[INFO] [stdout] test system::tests::absorb_buffer_is_reset_between_pumps ... ok
[INFO] [stdout] test system::tests::mpu_match_priority_subregions ... ok
[INFO] [stderr] panicked at src/cpu/smoke.rs:99:34:
[INFO] [stderr] called `Result::unwrap()` on an `Err` value: Os { code: 2, kind: NotFound, message: "No such file or directory" }
[INFO] [stdout] test system::tests::absorb_buffer_serves_every_transfer_in_a_pump ... ok
[INFO] [stdout] test system::tests::mpu_ap_matrix ... ok
[INFO] [stdout] test peripherals::swd::tests::mem_ap_banked_regs_and_csw_size ... ok
[INFO] [stdout] test peripherals::swd::tests::dp_registers_default_and_select ... ok
[INFO] [stdout] test peripherals::swd::tests::guest_store_trips_watch_and_stops_run ... ok
[INFO] [stdout] test peripherals::swd::tests::jtag_shares_dp_and_abort_clears ... ok
[INFO] [stdout] test peripherals::swd::tests::dcrsr_transfer_moves_regs ... ok
[INFO] [stdout] test peripherals::swd::tests::watchpoint_trip_and_first_wins ... ok
[INFO] [stdout] test peripherals::tests::reads_the_addressed_byte_lane ... ok
[INFO] [stdout] 
[INFO] [stdout] failures:
[INFO] [stdout] 
[INFO] [stdout] failures:
[INFO] [stdout]     cpu::smoke::echo_banner_and_roundtrip
[INFO] [stdout]     cpu::smoke::firmware_gallery_native
[INFO] [stdout]     cpu::smoke::periph39_full_run_native
[INFO] [stdout]     cpu::smoke::periph39_inline_irqs_native
[INFO] [stdout] 
[INFO] [stdout] test result: FAILED. 127 passed; 4 failed; 0 ignored; 0 measured; 0 filtered out; finished in 5.69s
[INFO] [stdout] 
[INFO] [stderr] error: test failed, to rerun pass `--lib`
[INFO] running `Command { std: "docker" "inspect" "78676cc1ff0c34594955960d7a7c08df786aebccc2167e2b411d7745b2776649", kill_on_drop: false }`
[INFO] running `Command { std: "docker" "rm" "-f" "78676cc1ff0c34594955960d7a7c08df786aebccc2167e2b411d7745b2776649", kill_on_drop: false }`
[INFO] [stdout] 78676cc1ff0c34594955960d7a7c08df786aebccc2167e2b411d7745b2776649
