[INFO] cloning repository https://github.com/danini-the-panini/yarr-tracer
[INFO] running `Command { std: "git" "-c" "credential.helper=" "-c" "credential.helper=/workspace/cargo-home/bin/git-credential-null" "clone" "--bare" "https://github.com/danini-the-panini/yarr-tracer" "/workspace/cache/git-repos/https%3A%2F%2Fgithub.com%2Fdanini-the-panini%2Fyarr-tracer", kill_on_drop: false }`
[INFO] [stderr] Cloning into bare repository '/workspace/cache/git-repos/https%3A%2F%2Fgithub.com%2Fdanini-the-panini%2Fyarr-tracer'...
[INFO] running `Command { std: "git" "rev-parse" "HEAD", kill_on_drop: false }`
[INFO] [stdout] 9cb9192f9db9988373f729421e014c1a1d91abb5
[INFO] testing danini-the-panini/yarr-tracer against 1.99.0-beta.8+cargoflags=--release for beta-release-1.100-2
[INFO] running `Command { std: "git" "clone" "/workspace/cache/git-repos/https%3A%2F%2Fgithub.com%2Fdanini-the-panini%2Fyarr-tracer" "/workspace/builds/worker-5-tc1/source", kill_on_drop: false }`
[INFO] [stderr] Cloning into '/workspace/builds/worker-5-tc1/source'...
[INFO] [stderr] done.
[INFO] started tweaking git repo https://github.com/danini-the-panini/yarr-tracer
[INFO] finished tweaking git repo https://github.com/danini-the-panini/yarr-tracer
[INFO] tweaked toml for git repo https://github.com/danini-the-panini/yarr-tracer written to /workspace/builds/worker-5-tc1/source/Cargo.toml
[INFO] validating manifest of git repo https://github.com/danini-the-panini/yarr-tracer on toolchain 1.99.0-beta.8
[INFO] running `Command { std: CARGO_HOME="/workspace/cargo-home" RUSTUP_HOME="/workspace/rustup-home" "/workspace/cargo-home/bin/cargo" "+1.99.0-beta.8" "metadata" "--manifest-path" "Cargo.toml" "--no-deps", kill_on_drop: false }`
[INFO] crate git repo https://github.com/danini-the-panini/yarr-tracer already has a lockfile, it will not be regenerated
[INFO] running `Command { std: CARGO_HOME="/workspace/cargo-home" RUSTUP_HOME="/workspace/rustup-home" "/workspace/cargo-home/bin/cargo" "+1.99.0-beta.8" "fetch" "--manifest-path" "Cargo.toml", kill_on_drop: false }`
[INFO] [stderr]     Updating crates.io index
[INFO] [stderr]  Downloading crates ...
[INFO] [stderr]   Downloaded terminal_size v0.4.3
[INFO] [stderr]   Downloaded supports-hyperlinks v3.1.0
[INFO] [stderr]   Downloaded kdl v6.3.4
[INFO] [stderr]   Downloaded owo-colors v4.2.2
[INFO] [stderr]   Downloaded exmex v0.20.4
[INFO] running `Command { std: "docker" "create" "-v" "/var/lib/crater-agent-workspace/builds/worker-5-tc1/source:/opt/rustwide/workdir:ro,Z" "-v" "/var/lib/crater-agent-workspace/builds/worker-5-tc1/target:/opt/rustwide/target:rw,Z" "-v" "/var/lib/crater-agent-workspace/cargo-home:/opt/rustwide/cargo-home:ro,Z" "-v" "/var/lib/crater-agent-workspace/rustup-home:/opt/rustwide/rustup-home:ro,Z" "-m" "1610612736" "--network" "none" "ghcr.io/rust-lang/crates-build-env/linux@sha256:77db811e55d90add9212f6832c23229e3de5f1c1f9905e8cb07319ea15df73ac" "sleep" "infinity", kill_on_drop: false }`
[INFO] [stdout] e672f770ddd343b6617c6b2d17c6f1a716a5a99455559225e0752b4d3dbf7468
[INFO] running `Command { std: "docker" "start" "e672f770ddd343b6617c6b2d17c6f1a716a5a99455559225e0752b4d3dbf7468", kill_on_drop: false }`
[INFO] running `Command { std: "docker" "inspect" "e672f770ddd343b6617c6b2d17c6f1a716a5a99455559225e0752b4d3dbf7468", kill_on_drop: false }`
[INFO] running `Command { std: "docker" "exec" "-e" "SOURCE_DIR=/opt/rustwide/workdir" "-e" "CARGO_HOME=/opt/rustwide/cargo-home" "-e" "RUSTUP_HOME=/opt/rustwide/rustup-home" "-e" "CARGO_TARGET_DIR=/opt/rustwide/target" "-w" "/opt/rustwide/workdir" "--user" "0:0" "e672f770ddd343b6617c6b2d17c6f1a716a5a99455559225e0752b4d3dbf7468" "/opt/rustwide/cargo-home/bin/cargo" "+1.99.0-beta.8" "metadata" "--no-deps" "--format-version=1", kill_on_drop: false }`
[INFO] running `Command { std: "docker" "inspect" "e672f770ddd343b6617c6b2d17c6f1a716a5a99455559225e0752b4d3dbf7468", kill_on_drop: false }`
[INFO] running `Command { std: "docker" "exec" "-e" "SOURCE_DIR=/opt/rustwide/workdir" "-e" "CARGO_HOME=/opt/rustwide/cargo-home" "-e" "RUSTUP_HOME=/opt/rustwide/rustup-home" "-e" "CARGO_TARGET_DIR=/opt/rustwide/target" "-e" "CARGO_INCREMENTAL=0" "-e" "RUST_BACKTRACE=full" "-e" "RUSTFLAGS=--cap-lints=warn" "-e" "RUSTDOCFLAGS=--cap-lints=warn" "-w" "/opt/rustwide/workdir" "--user" "0:0" "e672f770ddd343b6617c6b2d17c6f1a716a5a99455559225e0752b4d3dbf7468" "/opt/rustwide/cargo-home/bin/cargo" "+1.99.0-beta.8" "build" "--frozen" "--message-format=json" "--release", kill_on_drop: false }`
[INFO] [stderr]    Compiling syn v2.0.106
[INFO] [stderr]    Compiling bitflags v2.9.4
[INFO] [stderr]    Compiling object v0.36.7
[INFO] [stderr]    Compiling gimli v0.31.1
[INFO] [stderr]    Compiling rustix v1.0.8
[INFO] [stderr]    Compiling rustc-demangle v0.1.26
[INFO] [stderr]    Compiling log v0.4.28
[INFO] [stderr]    Compiling owo-colors v4.2.2
[INFO] [stderr]    Compiling flate2 v1.1.2
[INFO] [stderr]    Compiling num-iter v0.1.45
[INFO] [stderr]    Compiling getrandom v0.3.3
[INFO] [stderr]    Compiling num-complex v0.4.6
[INFO] [stderr]    Compiling half v2.6.0
[INFO] [stderr]    Compiling num-rational v0.4.2
[INFO] [stderr]    Compiling aho-corasick v1.1.3
[INFO] [stderr]    Compiling maybe-rayon v0.1.1
[INFO] [stderr]    Compiling simd_helpers v0.1.0
[INFO] [stderr]    Compiling unicode-linebreak v0.1.5
[INFO] [stderr]    Compiling unicode-width v0.2.1
[INFO] [stderr]    Compiling regex-syntax v0.8.6
[INFO] [stderr]    Compiling is_ci v1.2.0
[INFO] [stderr]    Compiling rand_core v0.9.3
[INFO] [stderr]    Compiling supports-color v3.0.2
[INFO] [stderr]    Compiling thiserror v2.0.16
[INFO] [stderr]    Compiling textwrap v0.16.2
[INFO] [stderr]    Compiling supports-unicode v3.0.0
[INFO] [stderr]    Compiling supports-hyperlinks v3.1.0
[INFO] [stderr]    Compiling exr v1.73.0
[INFO] [stderr]    Compiling rand_chacha v0.9.0
[INFO] [stderr]    Compiling png v0.18.0
[INFO] [stderr]    Compiling terminal_size v0.4.3
[INFO] [stderr]    Compiling num v0.4.3
[INFO] [stderr]    Compiling moxcms v0.7.5
[INFO] [stderr]    Compiling winnow v0.6.24
[INFO] [stderr]    Compiling num_cpus v1.17.0
[INFO] [stderr]    Compiling rand v0.9.2
[INFO] [stderr]    Compiling regex-automata v0.4.10
[INFO] [stderr]    Compiling addr2line v0.24.2
[INFO] [stderr]    Compiling backtrace v0.3.75
[INFO] [stderr]    Compiling equator-macro v0.4.2
[INFO] [stderr]    Compiling thiserror-impl v1.0.69
[INFO] [stderr]    Compiling profiling-procmacros v1.0.17
[INFO] [stderr]    Compiling fax_derive v0.2.0
[INFO] [stderr]    Compiling arg_enum_proc_macro v0.3.4
[INFO] [stderr]    Compiling num-derive v0.4.2
[INFO] [stderr]    Compiling miette-derive v7.6.0
[INFO] [stderr]    Compiling thiserror-impl v2.0.16
[INFO] [stderr]    Compiling profiling v1.0.17
[INFO] [stderr]    Compiling backtrace-ext v0.2.1
[INFO] [stderr]    Compiling fax v0.2.6
[INFO] [stderr]    Compiling equator v0.4.2
[INFO] [stderr]    Compiling tiff v0.10.3
[INFO] [stderr]    Compiling aligned-vec v0.6.4
[INFO] [stderr]    Compiling miette v7.6.0
[INFO] [stderr]    Compiling v_frame v0.3.9
[INFO] [stderr]    Compiling regex v1.11.2
[INFO] [stderr]    Compiling av1-grain v0.2.4
[INFO] [stderr]    Compiling exmex v0.20.4
[INFO] [stderr]    Compiling thiserror v1.0.69
[INFO] [stderr]    Compiling kdl v6.3.4
[INFO] [stderr]    Compiling rav1e v0.7.1
[INFO] [stderr]    Compiling ravif v0.11.20
[INFO] [stderr]    Compiling image v0.25.8
[INFO] [stderr]    Compiling yarr-tracer v0.1.0 (/opt/rustwide/workdir)
[INFO] [stdout] warning: unused import: `render_unthreaded`
[INFO] [stdout]  --> src/main.rs:3:36
[INFO] [stdout]   |
[INFO] [stdout] 3 | use thread_pool::{render_threaded, render_unthreaded};
[INFO] [stdout]   |                                    ^^^^^^^^^^^^^^^^^
[INFO] [stdout]   |
[INFO] [stdout]   = note: `#[warn(unused_imports)]` (part of `#[warn(unused)]`) on by default
[INFO] [stdout] 
[INFO] [stdout] 
[INFO] [stdout] warning: unused import: `Vec2`
[INFO] [stdout]  --> src/background.rs:9:12
[INFO] [stdout]   |
[INFO] [stdout] 9 |     math::{Vec2, Vec3},
[INFO] [stdout]   |            ^^^^
[INFO] [stdout] 
[INFO] [stdout] 
[INFO] [stdout] warning: unused import: `Rgba`
[INFO] [stdout]  --> src/color.rs:1:18
[INFO] [stdout]   |
[INFO] [stdout] 1 | use image::{Rgb, Rgba};
[INFO] [stdout]   |                  ^^^^
[INFO] [stdout] 
[INFO] [stdout] 
[INFO] [stdout] warning: use of deprecated constant `std::f64::INFINITY`: replaced by the `INFINITY` associated constant on `f64`
[INFO] [stdout]  --> src/interval.rs:1:16
[INFO] [stdout]   |
[INFO] [stdout] 1 | use std::{f64::INFINITY, ops};
[INFO] [stdout]   |                ^^^^^^^^
[INFO] [stdout]   |
[INFO] [stdout]   = note: `#[warn(deprecated)]` on by default
[INFO] [stdout] 
[INFO] [stdout] 
[INFO] [stdout] warning: use of deprecated constant `std::f64::INFINITY`: replaced by the `INFINITY` associated constant on `f64`
[INFO] [stdout]   --> src/interval.rs:22:18
[INFO] [stdout]    |
[INFO] [stdout] 22 |             min: INFINITY,
[INFO] [stdout]    |                  ^^^^^^^^
[INFO] [stdout] 
[INFO] [stdout] 
[INFO] [stdout] warning: use of deprecated constant `std::f64::INFINITY`: replaced by the `INFINITY` associated constant on `f64`
[INFO] [stdout]   --> src/interval.rs:23:19
[INFO] [stdout]    |
[INFO] [stdout] 23 |             max: -INFINITY,
[INFO] [stdout]    |                   ^^^^^^^^
[INFO] [stdout] 
[INFO] [stdout] 
[INFO] [stdout] warning: use of deprecated constant `std::f64::INFINITY`: replaced by the `INFINITY` associated constant on `f64`
[INFO] [stdout]   --> src/interval.rs:34:30
[INFO] [stdout]    |
[INFO] [stdout] 34 |         Interval { min, max: INFINITY }
[INFO] [stdout]    |                              ^^^^^^^^
[INFO] [stdout] 
[INFO] [stdout] 
[INFO] [stdout] warning: use of deprecated constant `std::f64::INFINITY`: replaced by the `INFINITY` associated constant on `f64`
[INFO] [stdout]   --> src/interval.rs:39:19
[INFO] [stdout]    |
[INFO] [stdout] 39 |             min: -INFINITY,
[INFO] [stdout]    |                   ^^^^^^^^
[INFO] [stdout] 
[INFO] [stdout] 
[INFO] [stdout] warning: use of deprecated constant `std::f64::INFINITY`: replaced by the `INFINITY` associated constant on `f64`
[INFO] [stdout]   --> src/interval.rs:40:18
[INFO] [stdout]    |
[INFO] [stdout] 40 |             max: INFINITY,
[INFO] [stdout]    |                  ^^^^^^^^
[INFO] [stdout] 
[INFO] [stdout] 
[INFO] [stdout] warning: use of deprecated constant `std::f64::INFINITY`: replaced by the `INFINITY` associated constant on `f64`
[INFO] [stdout]  --> src/transform.rs:1:16
[INFO] [stdout]   |
[INFO] [stdout] 1 | use std::f64::{INFINITY, NEG_INFINITY};
[INFO] [stdout]   |                ^^^^^^^^
[INFO] [stdout] 
[INFO] [stdout] 
[INFO] [stdout] warning: use of deprecated constant `std::f64::NEG_INFINITY`: replaced by the `NEG_INFINITY` associated constant on `f64`
[INFO] [stdout]  --> src/transform.rs:1:26
[INFO] [stdout]   |
[INFO] [stdout] 1 | use std::f64::{INFINITY, NEG_INFINITY};
[INFO] [stdout]   |                          ^^^^^^^^^^^^
[INFO] [stdout] 
[INFO] [stdout] 
[INFO] [stdout] warning: use of deprecated constant `std::f64::INFINITY`: replaced by the `INFINITY` associated constant on `f64`
[INFO] [stdout]   --> src/transform.rs:55:30
[INFO] [stdout]    |
[INFO] [stdout] 55 |         let mut min = point!(INFINITY, INFINITY, INFINITY);
[INFO] [stdout]    |                              ^^^^^^^^
[INFO] [stdout] 
[INFO] [stdout] 
[INFO] [stdout] warning: use of deprecated constant `std::f64::INFINITY`: replaced by the `INFINITY` associated constant on `f64`
[INFO] [stdout]   --> src/transform.rs:55:40
[INFO] [stdout]    |
[INFO] [stdout] 55 |         let mut min = point!(INFINITY, INFINITY, INFINITY);
[INFO] [stdout]    |                                        ^^^^^^^^
[INFO] [stdout] 
[INFO] [stdout] 
[INFO] [stdout] warning: use of deprecated constant `std::f64::INFINITY`: replaced by the `INFINITY` associated constant on `f64`
[INFO] [stdout]   --> src/transform.rs:55:50
[INFO] [stdout]    |
[INFO] [stdout] 55 |         let mut min = point!(INFINITY, INFINITY, INFINITY);
[INFO] [stdout]    |                                                  ^^^^^^^^
[INFO] [stdout] 
[INFO] [stdout] 
[INFO] [stdout] warning: use of deprecated constant `std::f64::NEG_INFINITY`: replaced by the `NEG_INFINITY` associated constant on `f64`
[INFO] [stdout]   --> src/transform.rs:56:30
[INFO] [stdout]    |
[INFO] [stdout] 56 |         let mut max = point!(NEG_INFINITY, NEG_INFINITY, NEG_INFINITY);
[INFO] [stdout]    |                              ^^^^^^^^^^^^
[INFO] [stdout] 
[INFO] [stdout] 
[INFO] [stdout] warning: use of deprecated constant `std::f64::NEG_INFINITY`: replaced by the `NEG_INFINITY` associated constant on `f64`
[INFO] [stdout]   --> src/transform.rs:56:44
[INFO] [stdout]    |
[INFO] [stdout] 56 |         let mut max = point!(NEG_INFINITY, NEG_INFINITY, NEG_INFINITY);
[INFO] [stdout]    |                                            ^^^^^^^^^^^^
[INFO] [stdout] 
[INFO] [stdout] 
[INFO] [stdout] warning: use of deprecated constant `std::f64::NEG_INFINITY`: replaced by the `NEG_INFINITY` associated constant on `f64`
[INFO] [stdout]   --> src/transform.rs:56:58
[INFO] [stdout]    |
[INFO] [stdout] 56 |         let mut max = point!(NEG_INFINITY, NEG_INFINITY, NEG_INFINITY);
[INFO] [stdout]    |                                                          ^^^^^^^^^^^^
[INFO] [stdout] 
[INFO] [stdout] 
[INFO] [stdout] warning: unused variable: `r_in`
[INFO] [stdout]  --> src/material.rs:9:23
[INFO] [stdout]   |
[INFO] [stdout] 9 |     fn scatter(&self, r_in: &Ray, hit: &Hit) -> Option<Scatter> {
[INFO] [stdout]   |                       ^^^^ help: if this is intentional, prefix it with an underscore: `_r_in`
[INFO] [stdout]   |
[INFO] [stdout]   = note: `#[warn(unused_variables)]` (part of `#[warn(unused)]`) on by default
[INFO] [stdout] 
[INFO] [stdout] 
[INFO] [stdout] warning: unused variable: `hit`
[INFO] [stdout]  --> src/material.rs:9:35
[INFO] [stdout]   |
[INFO] [stdout] 9 |     fn scatter(&self, r_in: &Ray, hit: &Hit) -> Option<Scatter> {
[INFO] [stdout]   |                                   ^^^ help: if this is intentional, prefix it with an underscore: `_hit`
[INFO] [stdout] 
[INFO] [stdout] 
[INFO] [stdout] warning: unused variable: `r_in`
[INFO] [stdout]   --> src/material.rs:13:23
[INFO] [stdout]    |
[INFO] [stdout] 13 |     fn emitted(&self, r_in: &Ray, hit: &Hit) -> Color {
[INFO] [stdout]    |                       ^^^^ help: if this is intentional, prefix it with an underscore: `_r_in`
[INFO] [stdout] 
[INFO] [stdout] 
[INFO] [stdout] warning: unused variable: `hit`
[INFO] [stdout]   --> src/material.rs:13:35
[INFO] [stdout]    |
[INFO] [stdout] 13 |     fn emitted(&self, r_in: &Ray, hit: &Hit) -> Color {
[INFO] [stdout]    |                                   ^^^ help: if this is intentional, prefix it with an underscore: `_hit`
[INFO] [stdout] 
[INFO] [stdout] 
[INFO] [stdout] warning: associated function `from_group` is never used
[INFO] [stdout]   --> src/bvh.rs:75:12
[INFO] [stdout]    |
[INFO] [stdout] 35 | impl BVH {
[INFO] [stdout]    | -------- associated function in this implementation
[INFO] [stdout] ...
[INFO] [stdout] 75 |     pub fn from_group(group: Group) -> Box<dyn Object> {
[INFO] [stdout]    |            ^^^^^^^^^^
[INFO] [stdout]    |
[INFO] [stdout]    = note: `#[warn(dead_code)]` (part of `#[warn(unused)]`) on by default
[INFO] [stdout] 
[INFO] [stdout] 
[INFO] [stdout] warning: associated function `solid` is never used
[INFO] [stdout]   --> src/checker.rs:25:12
[INFO] [stdout]    |
[INFO] [stdout] 16 | impl Checker {
[INFO] [stdout]    | ------------ associated function in this implementation
[INFO] [stdout] ...
[INFO] [stdout] 25 |     pub fn solid(scale: f64, even: Color, odd: Color) -> Self {
[INFO] [stdout]    |            ^^^^^
[INFO] [stdout] 
[INFO] [stdout] 
[INFO] [stdout] warning: method `add` is never used
[INFO] [stdout]   --> src/group.rs:23:12
[INFO] [stdout]    |
[INFO] [stdout] 14 | impl Group {
[INFO] [stdout]    | ---------- method in this implementation
[INFO] [stdout] ...
[INFO] [stdout] 23 |     pub fn add(&mut self, object: Box<dyn Object>) {
[INFO] [stdout]    |            ^^^
[INFO] [stdout] 
[INFO] [stdout] 
[INFO] [stdout] warning: function `get_vec2` is never used
[INFO] [stdout]    --> src/loader.rs:111:4
[INFO] [stdout]     |
[INFO] [stdout] 111 | fn get_vec2(node: &KdlNode, key: &str) -> LoadResult<Vec2> {
[INFO] [stdout]     |    ^^^^^^^^
[INFO] [stdout] 
[INFO] [stdout] 
[INFO] [stdout] warning: function `get_vec2_at` is never used
[INFO] [stdout]    --> src/loader.rs:115:4
[INFO] [stdout]     |
[INFO] [stdout] 115 | fn get_vec2_at(node: &KdlNode, i: usize) -> LoadResult<Vec2> {
[INFO] [stdout]     |    ^^^^^^^^^^^
[INFO] [stdout] 
[INFO] [stdout] 
[INFO] [stdout] warning: method `abs` is never used
[INFO] [stdout]    --> src/math.rs:129:19
[INFO] [stdout]     |
[INFO] [stdout]  36 | impl<const N: usize> Vector<N> {
[INFO] [stdout]     | ------------------------------ method in this implementation
[INFO] [stdout] ...
[INFO] [stdout] 129 |     pub(crate) fn abs(&self) -> Self {
[INFO] [stdout]     |                   ^^^
[INFO] [stdout] 
[INFO] [stdout] 
[INFO] [stdout] warning: associated function `rgb` is never used
[INFO] [stdout]   --> src/solid_color.rs:12:12
[INFO] [stdout]    |
[INFO] [stdout] 11 | impl SolidColor {
[INFO] [stdout]    | --------------- associated function in this implementation
[INFO] [stdout] 12 |     pub fn rgb(r: f64, g: f64, b: f64) -> Self {
[INFO] [stdout]    |            ^^^
[INFO] [stdout] 
[INFO] [stdout] 
[INFO] [stdout] warning: function `render_unthreaded` is never used
[INFO] [stdout]   --> src/thread_pool.rs:73:8
[INFO] [stdout]    |
[INFO] [stdout] 73 | pub fn render_unthreaded(scene: &Scene) {
[INFO] [stdout]    |        ^^^^^^^^^^^^^^^^^
[INFO] [stdout] 
[INFO] [stdout] 
[INFO] [stdout] warning: function `gamma_to_linear` is never used
[INFO] [stdout]   --> src/util.rs:24:8
[INFO] [stdout]    |
[INFO] [stdout] 24 | pub fn gamma_to_linear(gamma_component: f64, gamma: f64) -> f64 {
[INFO] [stdout]    |        ^^^^^^^^^^^^^^^
[INFO] [stdout] 
[INFO] [stdout] 
[INFO] [stderr]     Finished `release` profile [optimized] target(s) in 1m 51s
[INFO] running `Command { std: "docker" "inspect" "e672f770ddd343b6617c6b2d17c6f1a716a5a99455559225e0752b4d3dbf7468", kill_on_drop: false }`
[INFO] running `Command { std: "docker" "exec" "-e" "SOURCE_DIR=/opt/rustwide/workdir" "-e" "CARGO_HOME=/opt/rustwide/cargo-home" "-e" "RUSTUP_HOME=/opt/rustwide/rustup-home" "-e" "CARGO_TARGET_DIR=/opt/rustwide/target" "-e" "CARGO_INCREMENTAL=0" "-e" "RUST_BACKTRACE=full" "-e" "RUSTFLAGS=--cap-lints=warn" "-e" "RUSTDOCFLAGS=--cap-lints=warn" "-w" "/opt/rustwide/workdir" "--user" "0:0" "e672f770ddd343b6617c6b2d17c6f1a716a5a99455559225e0752b4d3dbf7468" "/opt/rustwide/cargo-home/bin/cargo" "+1.99.0-beta.8" "test" "--frozen" "--no-run" "--message-format=json" "--release", kill_on_drop: false }`
[INFO] [stderr]    Compiling yarr-tracer v0.1.0 (/opt/rustwide/workdir)
[INFO] [stdout] warning: unused import: `render_unthreaded`
[INFO] [stdout]  --> src/main.rs:3:36
[INFO] [stdout]   |
[INFO] [stdout] 3 | use thread_pool::{render_threaded, render_unthreaded};
[INFO] [stdout]   |                                    ^^^^^^^^^^^^^^^^^
[INFO] [stdout]   |
[INFO] [stdout]   = note: `#[warn(unused_imports)]` (part of `#[warn(unused)]`) on by default
[INFO] [stdout] 
[INFO] [stdout] 
[INFO] [stdout] warning: unused import: `Vec2`
[INFO] [stdout]  --> src/background.rs:9:12
[INFO] [stdout]   |
[INFO] [stdout] 9 |     math::{Vec2, Vec3},
[INFO] [stdout]   |            ^^^^
[INFO] [stdout] 
[INFO] [stdout] 
[INFO] [stdout] warning: unused import: `Rgba`
[INFO] [stdout]  --> src/color.rs:1:18
[INFO] [stdout]   |
[INFO] [stdout] 1 | use image::{Rgb, Rgba};
[INFO] [stdout]   |                  ^^^^
[INFO] [stdout] 
[INFO] [stdout] 
[INFO] [stdout] warning: use of deprecated constant `std::f64::INFINITY`: replaced by the `INFINITY` associated constant on `f64`
[INFO] [stdout]  --> src/interval.rs:1:16
[INFO] [stdout]   |
[INFO] [stdout] 1 | use std::{f64::INFINITY, ops};
[INFO] [stdout]   |                ^^^^^^^^
[INFO] [stdout]   |
[INFO] [stdout]   = note: `#[warn(deprecated)]` on by default
[INFO] [stdout] 
[INFO] [stdout] 
[INFO] [stdout] warning: use of deprecated constant `std::f64::INFINITY`: replaced by the `INFINITY` associated constant on `f64`
[INFO] [stdout]   --> src/interval.rs:22:18
[INFO] [stdout]    |
[INFO] [stdout] 22 |             min: INFINITY,
[INFO] [stdout]    |                  ^^^^^^^^
[INFO] [stdout] 
[INFO] [stdout] 
[INFO] [stdout] warning: use of deprecated constant `std::f64::INFINITY`: replaced by the `INFINITY` associated constant on `f64`
[INFO] [stdout]   --> src/interval.rs:23:19
[INFO] [stdout]    |
[INFO] [stdout] 23 |             max: -INFINITY,
[INFO] [stdout]    |                   ^^^^^^^^
[INFO] [stdout] 
[INFO] [stdout] 
[INFO] [stdout] warning: use of deprecated constant `std::f64::INFINITY`: replaced by the `INFINITY` associated constant on `f64`
[INFO] [stdout]   --> src/interval.rs:34:30
[INFO] [stdout]    |
[INFO] [stdout] 34 |         Interval { min, max: INFINITY }
[INFO] [stdout]    |                              ^^^^^^^^
[INFO] [stdout] 
[INFO] [stdout] 
[INFO] [stdout] warning: use of deprecated constant `std::f64::INFINITY`: replaced by the `INFINITY` associated constant on `f64`
[INFO] [stdout]   --> src/interval.rs:39:19
[INFO] [stdout]    |
[INFO] [stdout] 39 |             min: -INFINITY,
[INFO] [stdout]    |                   ^^^^^^^^
[INFO] [stdout] 
[INFO] [stdout] 
[INFO] [stdout] warning: use of deprecated constant `std::f64::INFINITY`: replaced by the `INFINITY` associated constant on `f64`
[INFO] [stdout]   --> src/interval.rs:40:18
[INFO] [stdout]    |
[INFO] [stdout] 40 |             max: INFINITY,
[INFO] [stdout]    |                  ^^^^^^^^
[INFO] [stdout] 
[INFO] [stdout] 
[INFO] [stdout] warning: use of deprecated constant `std::f64::INFINITY`: replaced by the `INFINITY` associated constant on `f64`
[INFO] [stdout]  --> src/transform.rs:1:16
[INFO] [stdout]   |
[INFO] [stdout] 1 | use std::f64::{INFINITY, NEG_INFINITY};
[INFO] [stdout]   |                ^^^^^^^^
[INFO] [stdout] 
[INFO] [stdout] 
[INFO] [stdout] warning: use of deprecated constant `std::f64::NEG_INFINITY`: replaced by the `NEG_INFINITY` associated constant on `f64`
[INFO] [stdout]  --> src/transform.rs:1:26
[INFO] [stdout]   |
[INFO] [stdout] 1 | use std::f64::{INFINITY, NEG_INFINITY};
[INFO] [stdout]   |                          ^^^^^^^^^^^^
[INFO] [stdout] 
[INFO] [stdout] 
[INFO] [stdout] warning: use of deprecated constant `std::f64::INFINITY`: replaced by the `INFINITY` associated constant on `f64`
[INFO] [stdout]   --> src/transform.rs:55:30
[INFO] [stdout]    |
[INFO] [stdout] 55 |         let mut min = point!(INFINITY, INFINITY, INFINITY);
[INFO] [stdout]    |                              ^^^^^^^^
[INFO] [stdout] 
[INFO] [stdout] 
[INFO] [stdout] warning: use of deprecated constant `std::f64::INFINITY`: replaced by the `INFINITY` associated constant on `f64`
[INFO] [stdout]   --> src/transform.rs:55:40
[INFO] [stdout]    |
[INFO] [stdout] 55 |         let mut min = point!(INFINITY, INFINITY, INFINITY);
[INFO] [stdout]    |                                        ^^^^^^^^
[INFO] [stdout] 
[INFO] [stdout] 
[INFO] [stdout] warning: use of deprecated constant `std::f64::INFINITY`: replaced by the `INFINITY` associated constant on `f64`
[INFO] [stdout]   --> src/transform.rs:55:50
[INFO] [stdout]    |
[INFO] [stdout] 55 |         let mut min = point!(INFINITY, INFINITY, INFINITY);
[INFO] [stdout]    |                                                  ^^^^^^^^
[INFO] [stdout] 
[INFO] [stdout] 
[INFO] [stdout] warning: use of deprecated constant `std::f64::NEG_INFINITY`: replaced by the `NEG_INFINITY` associated constant on `f64`
[INFO] [stdout]   --> src/transform.rs:56:30
[INFO] [stdout]    |
[INFO] [stdout] 56 |         let mut max = point!(NEG_INFINITY, NEG_INFINITY, NEG_INFINITY);
[INFO] [stdout]    |                              ^^^^^^^^^^^^
[INFO] [stdout] 
[INFO] [stdout] 
[INFO] [stdout] warning: use of deprecated constant `std::f64::NEG_INFINITY`: replaced by the `NEG_INFINITY` associated constant on `f64`
[INFO] [stdout]   --> src/transform.rs:56:44
[INFO] [stdout]    |
[INFO] [stdout] 56 |         let mut max = point!(NEG_INFINITY, NEG_INFINITY, NEG_INFINITY);
[INFO] [stdout]    |                                            ^^^^^^^^^^^^
[INFO] [stdout] 
[INFO] [stdout] 
[INFO] [stdout] warning: use of deprecated constant `std::f64::NEG_INFINITY`: replaced by the `NEG_INFINITY` associated constant on `f64`
[INFO] [stdout]   --> src/transform.rs:56:58
[INFO] [stdout]    |
[INFO] [stdout] 56 |         let mut max = point!(NEG_INFINITY, NEG_INFINITY, NEG_INFINITY);
[INFO] [stdout]    |                                                          ^^^^^^^^^^^^
[INFO] [stdout] 
[INFO] [stdout] 
[INFO] [stdout] warning: unused variable: `r_in`
[INFO] [stdout]  --> src/material.rs:9:23
[INFO] [stdout]   |
[INFO] [stdout] 9 |     fn scatter(&self, r_in: &Ray, hit: &Hit) -> Option<Scatter> {
[INFO] [stdout]   |                       ^^^^ help: if this is intentional, prefix it with an underscore: `_r_in`
[INFO] [stdout]   |
[INFO] [stdout]   = note: `#[warn(unused_variables)]` (part of `#[warn(unused)]`) on by default
[INFO] [stdout] 
[INFO] [stdout] 
[INFO] [stdout] warning: unused variable: `hit`
[INFO] [stdout]  --> src/material.rs:9:35
[INFO] [stdout]   |
[INFO] [stdout] 9 |     fn scatter(&self, r_in: &Ray, hit: &Hit) -> Option<Scatter> {
[INFO] [stdout]   |                                   ^^^ help: if this is intentional, prefix it with an underscore: `_hit`
[INFO] [stdout] 
[INFO] [stdout] 
[INFO] [stdout] warning: unused variable: `r_in`
[INFO] [stdout]   --> src/material.rs:13:23
[INFO] [stdout]    |
[INFO] [stdout] 13 |     fn emitted(&self, r_in: &Ray, hit: &Hit) -> Color {
[INFO] [stdout]    |                       ^^^^ help: if this is intentional, prefix it with an underscore: `_r_in`
[INFO] [stdout] 
[INFO] [stdout] 
[INFO] [stdout] warning: unused variable: `hit`
[INFO] [stdout]   --> src/material.rs:13:35
[INFO] [stdout]    |
[INFO] [stdout] 13 |     fn emitted(&self, r_in: &Ray, hit: &Hit) -> Color {
[INFO] [stdout]    |                                   ^^^ help: if this is intentional, prefix it with an underscore: `_hit`
[INFO] [stdout] 
[INFO] [stdout] 
[INFO] [stdout] warning: associated function `from_group` is never used
[INFO] [stdout]   --> src/bvh.rs:75:12
[INFO] [stdout]    |
[INFO] [stdout] 35 | impl BVH {
[INFO] [stdout]    | -------- associated function in this implementation
[INFO] [stdout] ...
[INFO] [stdout] 75 |     pub fn from_group(group: Group) -> Box<dyn Object> {
[INFO] [stdout]    |            ^^^^^^^^^^
[INFO] [stdout]    |
[INFO] [stdout]    = note: `#[warn(dead_code)]` (part of `#[warn(unused)]`) on by default
[INFO] [stdout] 
[INFO] [stdout] 
[INFO] [stdout] warning: associated function `solid` is never used
[INFO] [stdout]   --> src/checker.rs:25:12
[INFO] [stdout]    |
[INFO] [stdout] 16 | impl Checker {
[INFO] [stdout]    | ------------ associated function in this implementation
[INFO] [stdout] ...
[INFO] [stdout] 25 |     pub fn solid(scale: f64, even: Color, odd: Color) -> Self {
[INFO] [stdout]    |            ^^^^^
[INFO] [stdout] 
[INFO] [stdout] 
[INFO] [stdout] warning: method `add` is never used
[INFO] [stdout]   --> src/group.rs:23:12
[INFO] [stdout]    |
[INFO] [stdout] 14 | impl Group {
[INFO] [stdout]    | ---------- method in this implementation
[INFO] [stdout] ...
[INFO] [stdout] 23 |     pub fn add(&mut self, object: Box<dyn Object>) {
[INFO] [stdout]    |            ^^^
[INFO] [stdout] 
[INFO] [stdout] 
[INFO] [stdout] warning: function `get_vec2` is never used
[INFO] [stdout]    --> src/loader.rs:111:4
[INFO] [stdout]     |
[INFO] [stdout] 111 | fn get_vec2(node: &KdlNode, key: &str) -> LoadResult<Vec2> {
[INFO] [stdout]     |    ^^^^^^^^
[INFO] [stdout] 
[INFO] [stdout] 
[INFO] [stdout] warning: function `get_vec2_at` is never used
[INFO] [stdout]    --> src/loader.rs:115:4
[INFO] [stdout]     |
[INFO] [stdout] 115 | fn get_vec2_at(node: &KdlNode, i: usize) -> LoadResult<Vec2> {
[INFO] [stdout]     |    ^^^^^^^^^^^
[INFO] [stdout] 
[INFO] [stdout] 
[INFO] [stdout] warning: method `abs` is never used
[INFO] [stdout]    --> src/math.rs:129:19
[INFO] [stdout]     |
[INFO] [stdout]  36 | impl<const N: usize> Vector<N> {
[INFO] [stdout]     | ------------------------------ method in this implementation
[INFO] [stdout] ...
[INFO] [stdout] 129 |     pub(crate) fn abs(&self) -> Self {
[INFO] [stdout]     |                   ^^^
[INFO] [stdout] 
[INFO] [stdout] 
[INFO] [stdout] warning: associated function `rgb` is never used
[INFO] [stdout]   --> src/solid_color.rs:12:12
[INFO] [stdout]    |
[INFO] [stdout] 11 | impl SolidColor {
[INFO] [stdout]    | --------------- associated function in this implementation
[INFO] [stdout] 12 |     pub fn rgb(r: f64, g: f64, b: f64) -> Self {
[INFO] [stdout]    |            ^^^
[INFO] [stdout] 
[INFO] [stdout] 
[INFO] [stdout] warning: function `render_unthreaded` is never used
[INFO] [stdout]   --> src/thread_pool.rs:73:8
[INFO] [stdout]    |
[INFO] [stdout] 73 | pub fn render_unthreaded(scene: &Scene) {
[INFO] [stdout]    |        ^^^^^^^^^^^^^^^^^
[INFO] [stdout] 
[INFO] [stdout] 
[INFO] [stderr]     Finished `release` profile [optimized] target(s) in 1.17s
[INFO] running `Command { std: "docker" "inspect" "e672f770ddd343b6617c6b2d17c6f1a716a5a99455559225e0752b4d3dbf7468", kill_on_drop: false }`
[INFO] running `Command { std: "docker" "exec" "-e" "SOURCE_DIR=/opt/rustwide/workdir" "-e" "CARGO_HOME=/opt/rustwide/cargo-home" "-e" "RUSTUP_HOME=/opt/rustwide/rustup-home" "-e" "CARGO_TARGET_DIR=/opt/rustwide/target" "-e" "CARGO_INCREMENTAL=0" "-e" "RUST_BACKTRACE=full" "-e" "RUSTFLAGS=--cap-lints=warn" "-e" "RUSTDOCFLAGS=--cap-lints=warn" "-w" "/opt/rustwide/workdir" "--user" "0:0" "e672f770ddd343b6617c6b2d17c6f1a716a5a99455559225e0752b4d3dbf7468" "/opt/rustwide/cargo-home/bin/cargo" "+1.99.0-beta.8" "test" "--frozen" "--release", kill_on_drop: false }`
[INFO] [stderr] warning: unused import: `render_unthreaded`
[INFO] [stderr]  --> src/main.rs:3:36
[INFO] [stderr]   |
[INFO] [stderr] 3 | use thread_pool::{render_threaded, render_unthreaded};
[INFO] [stderr]   |                                    ^^^^^^^^^^^^^^^^^
[INFO] [stderr]   |
[INFO] [stderr]   = note: `#[warn(unused_imports)]` (part of `#[warn(unused)]`) on by default
[INFO] [stderr] 
[INFO] [stderr] warning: unused import: `Vec2`
[INFO] [stderr]  --> src/background.rs:9:12
[INFO] [stderr]   |
[INFO] [stderr] 9 |     math::{Vec2, Vec3},
[INFO] [stderr]   |            ^^^^
[INFO] [stderr] 
[INFO] [stderr] warning: unused import: `Rgba`
[INFO] [stderr]  --> src/color.rs:1:18
[INFO] [stderr]   |
[INFO] [stderr] 1 | use image::{Rgb, Rgba};
[INFO] [stderr]   |                  ^^^^
[INFO] [stderr] 
[INFO] [stderr] warning: use of deprecated constant `std::f64::INFINITY`: replaced by the `INFINITY` associated constant on `f64`
[INFO] [stderr]  --> src/interval.rs:1:16
[INFO] [stderr]   |
[INFO] [stderr] 1 | use std::{f64::INFINITY, ops};
[INFO] [stderr]   |                ^^^^^^^^
[INFO] [stderr]   |
[INFO] [stderr]   = note: `#[warn(deprecated)]` on by default
[INFO] [stderr] 
[INFO] [stderr] warning: use of deprecated constant `std::f64::INFINITY`: replaced by the `INFINITY` associated constant on `f64`
[INFO] [stderr]   --> src/interval.rs:22:18
[INFO] [stderr]    |
[INFO] [stderr] 22 |             min: INFINITY,
[INFO] [stderr]    |                  ^^^^^^^^
[INFO] [stderr] 
[INFO] [stderr] warning: use of deprecated constant `std::f64::INFINITY`: replaced by the `INFINITY` associated constant on `f64`
[INFO] [stderr]   --> src/interval.rs:23:19
[INFO] [stderr]    |
[INFO] [stderr] 23 |             max: -INFINITY,
[INFO] [stderr]    |                   ^^^^^^^^
[INFO] [stderr] 
[INFO] [stderr] warning: use of deprecated constant `std::f64::INFINITY`: replaced by the `INFINITY` associated constant on `f64`
[INFO] [stderr]   --> src/interval.rs:34:30
[INFO] [stderr]    |
[INFO] [stderr] 34 |         Interval { min, max: INFINITY }
[INFO] [stderr]    |                              ^^^^^^^^
[INFO] [stderr] 
[INFO] [stderr] warning: use of deprecated constant `std::f64::INFINITY`: replaced by the `INFINITY` associated constant on `f64`
[INFO] [stderr]   --> src/interval.rs:39:19
[INFO] [stderr]    |
[INFO] [stderr] 39 |             min: -INFINITY,
[INFO] [stderr]    |                   ^^^^^^^^
[INFO] [stderr] 
[INFO] [stderr] warning: use of deprecated constant `std::f64::INFINITY`: replaced by the `INFINITY` associated constant on `f64`
[INFO] [stderr]   --> src/interval.rs:40:18
[INFO] [stderr]    |
[INFO] [stderr] 40 |             max: INFINITY,
[INFO] [stderr]    |                  ^^^^^^^^
[INFO] [stderr] 
[INFO] [stderr] warning: use of deprecated constant `std::f64::INFINITY`: replaced by the `INFINITY` associated constant on `f64`
[INFO] [stderr]  --> src/transform.rs:1:16
[INFO] [stderr]   |
[INFO] [stderr] 1 | use std::f64::{INFINITY, NEG_INFINITY};
[INFO] [stderr]   |                ^^^^^^^^
[INFO] [stderr] 
[INFO] [stderr] warning: use of deprecated constant `std::f64::NEG_INFINITY`: replaced by the `NEG_INFINITY` associated constant on `f64`
[INFO] [stderr]  --> src/transform.rs:1:26
[INFO] [stderr]   |
[INFO] [stderr] 1 | use std::f64::{INFINITY, NEG_INFINITY};
[INFO] [stderr]   |                          ^^^^^^^^^^^^
[INFO] [stderr] 
[INFO] [stderr] warning: use of deprecated constant `std::f64::INFINITY`: replaced by the `INFINITY` associated constant on `f64`
[INFO] [stderr]   --> src/transform.rs:55:30
[INFO] [stderr]    |
[INFO] [stderr] 55 |         let mut min = point!(INFINITY, INFINITY, INFINITY);
[INFO] [stderr]    |                              ^^^^^^^^
[INFO] [stderr] 
[INFO] [stderr] warning: use of deprecated constant `std::f64::INFINITY`: replaced by the `INFINITY` associated constant on `f64`
[INFO] [stderr]   --> src/transform.rs:55:40
[INFO] [stderr]    |
[INFO] [stderr] 55 |         let mut min = point!(INFINITY, INFINITY, INFINITY);
[INFO] [stderr]    |                                        ^^^^^^^^
[INFO] [stderr] 
[INFO] [stderr] warning: use of deprecated constant `std::f64::INFINITY`: replaced by the `INFINITY` associated constant on `f64`
[INFO] [stderr]   --> src/transform.rs:55:50
[INFO] [stderr]    |
[INFO] [stderr] 55 |         let mut min = point!(INFINITY, INFINITY, INFINITY);
[INFO] [stderr]    |                                                  ^^^^^^^^
[INFO] [stderr] 
[INFO] [stderr] warning: use of deprecated constant `std::f64::NEG_INFINITY`: replaced by the `NEG_INFINITY` associated constant on `f64`
[INFO] [stderr]   --> src/transform.rs:56:30
[INFO] [stderr]    |
[INFO] [stderr] 56 |         let mut max = point!(NEG_INFINITY, NEG_INFINITY, NEG_INFINITY);
[INFO] [stderr]    |                              ^^^^^^^^^^^^
[INFO] [stderr] 
[INFO] [stderr] warning: use of deprecated constant `std::f64::NEG_INFINITY`: replaced by the `NEG_INFINITY` associated constant on `f64`
[INFO] [stderr]   --> src/transform.rs:56:44
[INFO] [stderr]    |
[INFO] [stderr] 56 |         let mut max = point!(NEG_INFINITY, NEG_INFINITY, NEG_INFINITY);
[INFO] [stderr]    |                                            ^^^^^^^^^^^^
[INFO] [stderr] 
[INFO] [stderr] warning: use of deprecated constant `std::f64::NEG_INFINITY`: replaced by the `NEG_INFINITY` associated constant on `f64`
[INFO] [stderr]   --> src/transform.rs:56:58
[INFO] [stderr]    |
[INFO] [stderr] 56 |         let mut max = point!(NEG_INFINITY, NEG_INFINITY, NEG_INFINITY);
[INFO] [stderr]    |                                                          ^^^^^^^^^^^^
[INFO] [stderr] 
[INFO] [stderr] warning: unused variable: `r_in`
[INFO] [stderr]  --> src/material.rs:9:23
[INFO] [stderr]   |
[INFO] [stderr] 9 |     fn scatter(&self, r_in: &Ray, hit: &Hit) -> Option<Scatter> {
[INFO] [stderr]   |                       ^^^^ help: if this is intentional, prefix it with an underscore: `_r_in`
[INFO] [stderr]   |
[INFO] [stderr]   = note: `#[warn(unused_variables)]` (part of `#[warn(unused)]`) on by default
[INFO] [stderr] 
[INFO] [stderr] warning: unused variable: `hit`
[INFO] [stderr]  --> src/material.rs:9:35
[INFO] [stderr]   |
[INFO] [stderr] 9 |     fn scatter(&self, r_in: &Ray, hit: &Hit) -> Option<Scatter> {
[INFO] [stderr]   |                                   ^^^ help: if this is intentional, prefix it with an underscore: `_hit`
[INFO] [stderr] 
[INFO] [stderr] warning: unused variable: `r_in`
[INFO] [stderr]   --> src/material.rs:13:23
[INFO] [stderr]    |
[INFO] [stderr] 13 |     fn emitted(&self, r_in: &Ray, hit: &Hit) -> Color {
[INFO] [stderr]    |                       ^^^^ help: if this is intentional, prefix it with an underscore: `_r_in`
[INFO] [stderr] 
[INFO] [stderr] warning: unused variable: `hit`
[INFO] [stderr]   --> src/material.rs:13:35
[INFO] [stderr]    |
[INFO] [stderr] 13 |     fn emitted(&self, r_in: &Ray, hit: &Hit) -> Color {
[INFO] [stderr]    |                                   ^^^ help: if this is intentional, prefix it with an underscore: `_hit`
[INFO] [stderr] 
[INFO] [stderr] warning: associated function `from_group` is never used
[INFO] [stderr]   --> src/bvh.rs:75:12
[INFO] [stderr]    |
[INFO] [stderr] 35 | impl BVH {
[INFO] [stderr]    | -------- associated function in this implementation
[INFO] [stderr] ...
[INFO] [stderr] 75 |     pub fn from_group(group: Group) -> Box<dyn Object> {
[INFO] [stderr]    |            ^^^^^^^^^^
[INFO] [stderr]    |
[INFO] [stderr]    = note: `#[warn(dead_code)]` (part of `#[warn(unused)]`) on by default
[INFO] [stderr] 
[INFO] [stderr] warning: associated function `solid` is never used
[INFO] [stderr]   --> src/checker.rs:25:12
[INFO] [stderr]    |
[INFO] [stderr] 16 | impl Checker {
[INFO] [stderr]    | ------------ associated function in this implementation
[INFO] [stderr] ...
[INFO] [stderr] 25 |     pub fn solid(scale: f64, even: Color, odd: Color) -> Self {
[INFO] [stderr]    |            ^^^^^
[INFO] [stderr] 
[INFO] [stderr] warning: method `add` is never used
[INFO] [stderr]   --> src/group.rs:23:12
[INFO] [stderr]    |
[INFO] [stderr] 14 | impl Group {
[INFO] [stderr]    | ---------- method in this implementation
[INFO] [stderr] ...
[INFO] [stderr] 23 |     pub fn add(&mut self, object: Box<dyn Object>) {
[INFO] [stderr]    |            ^^^
[INFO] [stderr] 
[INFO] [stderr] warning: function `get_vec2` is never used
[INFO] [stderr]    --> src/loader.rs:111:4
[INFO] [stderr]     |
[INFO] [stderr] 111 | fn get_vec2(node: &KdlNode, key: &str) -> LoadResult<Vec2> {
[INFO] [stderr]     |    ^^^^^^^^
[INFO] [stderr] 
[INFO] [stderr] warning: function `get_vec2_at` is never used
[INFO] [stderr]    --> src/loader.rs:115:4
[INFO] [stderr]     |
[INFO] [stderr] 115 | fn get_vec2_at(node: &KdlNode, i: usize) -> LoadResult<Vec2> {
[INFO] [stderr]     |    ^^^^^^^^^^^
[INFO] [stderr] 
[INFO] [stderr] warning: method `abs` is never used
[INFO] [stderr]    --> src/math.rs:129:19
[INFO] [stderr]     |
[INFO] [stderr]  36 | impl<const N: usize> Vector<N> {
[INFO] [stderr]     | ------------------------------ method in this implementation
[INFO] [stderr] ...
[INFO] [stderr] 129 |     pub(crate) fn abs(&self) -> Self {
[INFO] [stderr]     |                   ^^^
[INFO] [stderr] 
[INFO] [stderr] warning: associated function `rgb` is never used
[INFO] [stderr]   --> src/solid_color.rs:12:12
[INFO] [stderr]    |
[INFO] [stderr] 11 | impl SolidColor {
[INFO] [stderr]    | --------------- associated function in this implementation
[INFO] [stderr] 12 |     pub fn rgb(r: f64, g: f64, b: f64) -> Self {
[INFO] [stderr]    |            ^^^
[INFO] [stderr] 
[INFO] [stderr] warning: function `render_unthreaded` is never used
[INFO] [stderr]   --> src/thread_pool.rs:73:8
[INFO] [stderr]    |
[INFO] [stderr] 73 | pub fn render_unthreaded(scene: &Scene) {
[INFO] [stderr]    |        ^^^^^^^^^^^^^^^^^
[INFO] [stderr] 
[INFO] [stderr] warning: `yarr-tracer` (bin "yarr-tracer" test) generated 29 warnings (run `cargo fix --bin "yarr-tracer" -p yarr-tracer --tests` to apply 7 suggestions)
[INFO] [stderr]     Finished `release` profile [optimized] target(s) in 0.12s
[INFO] [stderr]      Running unittests src/main.rs (/opt/rustwide/target/release/deps/yarr_tracer-0bded5a33f77e908)
[INFO] [stdout] 
[INFO] [stdout] running 48 tests
[INFO] [stdout] test math::vec3_tests::test_add_assign ... ok
[INFO] [stdout] test color::test::test_getters ... ok
[INFO] [stdout] test math::vec3_tests::test_dot ... ok
[INFO] [stdout] test interval::test::test_clamp ... ok
[INFO] [stdout] test interval::test::test_add ... ok
[INFO] [stdout] test math::vec3_tests::test_floored ... ok
[INFO] [stdout] test math::vec3_tests::test_getters ... ok
[INFO] [stdout] test interval::test::test_contains ... ok
[INFO] [stdout] test interval::test::test_size ... ok
[INFO] [stdout] test interval::test::test_surrounds ... ok
[INFO] [stdout] test interval::test::test_add_assign_scalar ... FAILED
[INFO] [stdout] test math::test_vec2::test_getters ... ok
[INFO] [stdout] test math::vec3_tests::test_add ... ok
[INFO] [stdout] test math::vec3_tests::test_div ... ok
[INFO] [stdout] test math::vec3_tests::test_mul ... ok
[INFO] [stdout] test math::vec3_tests::test_div_assign ... ok
[INFO] [stdout] test math::vec3_tests::test_mul_assign ... ok
[INFO] [stdout] test math::vec3_tests::test_near_zero ... ok
[INFO] [stdout] test math::vec3_tests::test_neg ... ok
[INFO] [stdout] test math::vec3_tests::test_random ... ok
[INFO] [stdout] test math::vec3_tests::test_random_in_range ... ok
[INFO] [stdout] test math::vec3_tests::test_length_squared ... ok
[INFO] [stdout] test interval::test::test_add_scalar ... FAILED
[INFO] [stdout] test math::vec3_tests::test_random_unit_vector ... ok
[INFO] [stdout] test math::vec3_tests::test_reflect ... ok
[INFO] [stdout] test math::vec3_tests::test_smoothed ... ok
[INFO] [stdout] test math::vec3_tests::test_index ... ok
[INFO] [stdout] test math::vec3_tests::test_normalize ... ok
[INFO] [stdout] test math::vec3_tests::test_random_on_hemisphere ... ok
[INFO] [stdout] test math::vec3_tests::test_smooth ... ok
[INFO] [stdout] test math::vec3_tests::test_refract ... ok
[INFO] [stdout] test interval::test::test_add_assign ... ok
[INFO] [stdout] test math::vec3_tests::test_repeat ... ok
[INFO] [stdout] test math::vec3_tests::test_index_mut ... ok
[INFO] [stdout] test math::vec3_tests::test_unit ... ok
[INFO] [stdout] test util::test::test_linear_to_gamma ... ok
[INFO] [stdout] test math::vec3_tests::test_sub ... ok
[INFO] [stdout] test math::vec3_tests::test_sub_assign ... ok
[INFO] [stdout] test ray::test::test_at ... ok
[INFO] [stdout] test util::test::test_gamma_to_linear ... ok
[INFO] [stdout] test math::vec3_tests::test_mul_assign_vec ... ok
[INFO] [stdout] test math::vec3_tests::test_floor ... ok
[INFO] [stdout] test util::test::test_random_in_range ... ok
[INFO] [stdout] test math::vec3_tests::test_length ... ok
[INFO] [stdout] test math::vec3_tests::test_mul_vec ... ok
[INFO] [stdout] test math::vec3_tests::test_negate ... ok
[INFO] [stdout] test math::vec3_tests::test_random_in_unit_sphere ... ok
[INFO] [stdout] test color::test::test_to_pixel ... ok
[INFO] [stdout] 
[INFO] [stdout] failures:
[INFO] [stdout] 
[INFO] [stdout] ---- interval::test::test_add_assign_scalar stdout ----
[INFO] [stdout] 
[INFO] [stdout] thread 'interval::test::test_add_assign_scalar' (1477) panicked at src/interval.rs:186:9:
[INFO] [stdout] assertion `left == right` failed
[INFO] [stdout]   left: Interval { min: 0.5, max: 2.5 }
[INFO] [stdout]  right: Interval { min: 0.75, max: 2.25 }
[INFO] [stdout] stack backtrace:
[INFO] [stdout]    0:     0x58c64a830291 - <<std[70759c8f55707aa4]::sys::backtrace::BacktraceLock>::print::DisplayBacktrace as core[df12db4294e9bfd3]::fmt::Display>::fmt
[INFO] [stdout]    1:     0x58c64a84500a - core[df12db4294e9bfd3]::fmt::write
[INFO] [stdout]    2:     0x58c64a83472c - <alloc[2182bb758b4b3781]::vec::Vec<u8> as core[df12db4294e9bfd3]::io::write::Write>::write_fmt
[INFO] [stdout]    3:     0x58c64a80c7d6 - std[70759c8f55707aa4]::panicking::default_hook::{closure#0}
[INFO] [stdout]    4:     0x58c64a828949 - std[70759c8f55707aa4]::panicking::default_hook
[INFO] [stdout]    5:     0x58c64a7c2520 - test[9d35eded1c95d3be]::test_main_inner::<test[9d35eded1c95d3be]::test_main_static::{closure#0}>::{closure#0}
[INFO] [stdout]    6:     0x58c64a828b02 - std[70759c8f55707aa4]::panicking::panic_with_hook
[INFO] [stdout]    7:     0x58c64a80c882 - std[70759c8f55707aa4]::panicking::panic_handler::{closure#0}
[INFO] [stdout]    8:     0x58c64a805609 - std[70759c8f55707aa4]::sys::backtrace::__rust_end_short_backtrace::<std[70759c8f55707aa4]::panicking::panic_handler::{closure#0}, !>
[INFO] [stdout]    9:     0x58c64a80d47d - __rustc[8fa7c3cbc660c2b3]::rust_begin_unwind
[INFO] [stdout]   10:     0x58c64a84573c - core[df12db4294e9bfd3]::panicking::panic_fmt
[INFO] [stdout]   11:     0x58c64a845653 - core[df12db4294e9bfd3]::panicking::assert_failed_inner
[INFO] [stdout]   12:     0x58c64a7b472b - core[df12db4294e9bfd3]::panicking::assert_failed::<yarr_tracer[b60f05cd9a8ac55e]::interval::Interval, yarr_tracer[b60f05cd9a8ac55e]::interval::Interval>
[INFO] [stdout]   13:     0x58c64a7b4a46 - yarr_tracer[b60f05cd9a8ac55e]::interval::test::test_add_assign_scalar
[INFO] [stdout]   14:     0x58c64a7b51de - <yarr_tracer[b60f05cd9a8ac55e]::interval::test::test_add_assign_scalar::{closure#0} as core[df12db4294e9bfd3]::ops::function::FnOnce<()>>::call_once
[INFO] [stdout]   15:     0x58c64a7b580b - test[9d35eded1c95d3be]::__rust_begin_short_backtrace::<core[df12db4294e9bfd3]::result::Result<(), alloc[2182bb758b4b3781]::string::String>, fn() -> core[df12db4294e9bfd3]::result::Result<(), alloc[2182bb758b4b3781]::string::String>>
[INFO] [stdout]   16:     0x58c64a7c2e75 - test[9d35eded1c95d3be]::run_test::{closure#0}
[INFO] [stdout]   17:     0x58c64a7bc734 - std[70759c8f55707aa4]::sys::backtrace::__rust_begin_short_backtrace::<test[9d35eded1c95d3be]::run_test::{closure#1}, ()>
[INFO] [stdout]   18:     0x58c64a7c5fd2 - <std[70759c8f55707aa4]::thread::lifecycle::spawn_unchecked<test[9d35eded1c95d3be]::run_test::{closure#1}, ()>::{closure#1} as core[df12db4294e9bfd3]::ops::function::FnOnce<()>>::call_once::{shim:vtable#0}
[INFO] [stdout]   19:     0x58c64a82fb69 - <std[70759c8f55707aa4]::sys::thread::unix::Thread>::new::thread_start
[INFO] [stdout]   20:     0x7acca0e88dfa - <unknown>
[INFO] [stdout]   21:     0x7acca0f1c3d4 - clone
[INFO] [stdout]   22:                0x0 - <unknown>
[INFO] [stdout] 
[INFO] [stdout] ---- interval::test::test_add_scalar stdout ----
[INFO] [stdout] 
[INFO] [stdout] thread 'interval::test::test_add_scalar' (1478) panicked at src/interval.rs:179:9:
[INFO] [stdout] assertion `left == right` failed
[INFO] [stdout]   left: Interval { min: 1.5, max: 2.5 }
[INFO] [stdout]  right: Interval { min: 0.75, max: 2.25 }
[INFO] [stdout] stack backtrace:
[INFO] [stdout]    0:     0x58c64a830291 - <<std[70759c8f55707aa4]::sys::backtrace::BacktraceLock>::print::DisplayBacktrace as core[df12db4294e9bfd3]::fmt::Display>::fmt
[INFO] [stdout]    1:     0x58c64a84500a - core[df12db4294e9bfd3]::fmt::write
[INFO] [stdout]    2:     0x58c64a83472c - <alloc[2182bb758b4b3781]::vec::Vec<u8> as core[df12db4294e9bfd3]::io::write::Write>::write_fmt
[INFO] [stdout]    3:     0x58c64a80c7d6 - std[70759c8f55707aa4]::panicking::default_hook::{closure#0}
[INFO] [stdout]    4:     0x58c64a828949 - std[70759c8f55707aa4]::panicking::default_hook
[INFO] [stdout]    5:     0x58c64a7c2520 - test[9d35eded1c95d3be]::test_main_inner::<test[9d35eded1c95d3be]::test_main_static::{closure#0}>::{closure#0}
[INFO] [stdout]    6:     0x58c64a828b02 - std[70759c8f55707aa4]::panicking::panic_with_hook
[INFO] [stdout]    7:     0x58c64a80c882 - std[70759c8f55707aa4]::panicking::panic_handler::{closure#0}
[INFO] [stdout]    8:     0x58c64a805609 - std[70759c8f55707aa4]::sys::backtrace::__rust_end_short_backtrace::<std[70759c8f55707aa4]::panicking::panic_handler::{closure#0}, !>
[INFO] [stdout]    9:     0x58c64a80d47d - __rustc[8fa7c3cbc660c2b3]::rust_begin_unwind
[INFO] [stdout]   10:     0x58c64a84573c - core[df12db4294e9bfd3]::panicking::panic_fmt
[INFO] [stdout]   11:     0x58c64a845653 - core[df12db4294e9bfd3]::panicking::assert_failed_inner
[INFO] [stdout]   12:     0x58c64a7b472b - core[df12db4294e9bfd3]::panicking::assert_failed::<yarr_tracer[b60f05cd9a8ac55e]::interval::Interval, yarr_tracer[b60f05cd9a8ac55e]::interval::Interval>
[INFO] [stdout]   13:     0x58c64a7b49e6 - yarr_tracer[b60f05cd9a8ac55e]::interval::test::test_add_scalar
[INFO] [stdout]   14:     0x58c64a7b51d6 - <yarr_tracer[b60f05cd9a8ac55e]::interval::test::test_add_scalar::{closure#0} as core[df12db4294e9bfd3]::ops::function::FnOnce<()>>::call_once
[INFO] [stdout]   15:     0x58c64a7b580b - test[9d35eded1c95d3be]::__rust_begin_short_backtrace::<core[df12db4294e9bfd3]::result::Result<(), alloc[2182bb758b4b3781]::string::String>, fn() -> core[df12db4294e9bfd3]::result::Result<(), alloc[2182bb758b4b3781]::string::String>>
[INFO] [stdout]   16:     0x58c64a7c2e75 - test[9d35eded1c95d3be]::run_test::{closure#0}
[INFO] [stdout]   17:     0x58c64a7bc734 - std[70759c8f55707aa4]::sys::backtrace::__rust_begin_short_backtrace::<test[9d35eded1c95d3be]::run_test::{closure#1}, ()>
[INFO] [stdout]   18:     0x58c64a7c5fd2 - <std[70759c8f55707aa4]::thread::lifecycle::spawn_unchecked<test[9d35eded1c95d3be]::run_test::{closure#1}, ()>::{closure#1} as core[df12db4294e9bfd3]::ops::function::FnOnce<()>>::call_once::{shim:vtable#0}
[INFO] [stdout]   19:     0x58c64a82fb69 - <std[70759c8f55707aa4]::sys::thread::unix::Thread>::new::thread_start
[INFO] [stdout]   20:     0x7acca0e88dfa - <unknown>
[INFO] [stdout]   21:     0x7acca0f1c3d4 - clone
[INFO] [stdout]   22:                0x0 - <unknown>
[INFO] [stdout] 
[INFO] [stdout] 
[INFO] [stdout] failures:
[INFO] [stdout]     interval::test::test_add_assign_scalar
[INFO] [stdout]     interval::test::test_add_scalar
[INFO] [stdout] 
[INFO] [stdout] test result: FAILED. 46 passed; 2 failed; 0 ignored; 0 measured; 0 filtered out; finished in 0.03s
[INFO] [stdout] 
[INFO] [stderr] error: test failed, to rerun pass `--bin yarr-tracer`
[INFO] running `Command { std: "docker" "inspect" "e672f770ddd343b6617c6b2d17c6f1a716a5a99455559225e0752b4d3dbf7468", kill_on_drop: false }`
[INFO] running `Command { std: "docker" "rm" "-f" "e672f770ddd343b6617c6b2d17c6f1a716a5a99455559225e0752b4d3dbf7468", kill_on_drop: false }`
[INFO] [stdout] e672f770ddd343b6617c6b2d17c6f1a716a5a99455559225e0752b4d3dbf7468
