[INFO] cloning repository https://github.com/danielparks/cron-wrapper
[INFO] running `Command { std: "git" "-c" "credential.helper=" "-c" "credential.helper=/workspace/cargo-home/bin/git-credential-null" "clone" "--bare" "https://github.com/danielparks/cron-wrapper" "/workspace/cache/git-repos/https%3A%2F%2Fgithub.com%2Fdanielparks%2Fcron-wrapper", kill_on_drop: false }`
[INFO] [stderr] Cloning into bare repository '/workspace/cache/git-repos/https%3A%2F%2Fgithub.com%2Fdanielparks%2Fcron-wrapper'...
[INFO] running `Command { std: "git" "rev-parse" "HEAD", kill_on_drop: false }`
[INFO] [stdout] 4932fc8e619eb06bf6d1b46fc77204355736a4db
[INFO] testing danielparks/cron-wrapper against 1.100.0-beta.1+cargoflags=--release for beta-release-1.100-2
[INFO] running `Command { std: "git" "clone" "/workspace/cache/git-repos/https%3A%2F%2Fgithub.com%2Fdanielparks%2Fcron-wrapper" "/workspace/builds/worker-6-tc2/source", kill_on_drop: false }`
[INFO] [stderr] Cloning into '/workspace/builds/worker-6-tc2/source'...
[INFO] [stderr] done.
[INFO] started tweaking git repo https://github.com/danielparks/cron-wrapper
[INFO] finished tweaking git repo https://github.com/danielparks/cron-wrapper
[INFO] tweaked toml for git repo https://github.com/danielparks/cron-wrapper written to /workspace/builds/worker-6-tc2/source/Cargo.toml
[INFO] validating manifest of git repo https://github.com/danielparks/cron-wrapper on toolchain 1.100.0-beta.1
[INFO] running `Command { std: CARGO_HOME="/workspace/cargo-home" RUSTUP_HOME="/workspace/rustup-home" "/workspace/cargo-home/bin/cargo" "+1.100.0-beta.1" "metadata" "--manifest-path" "Cargo.toml" "--no-deps", kill_on_drop: false }`
[INFO] crate git repo https://github.com/danielparks/cron-wrapper already has a lockfile, it will not be regenerated
[INFO] running `Command { std: CARGO_HOME="/workspace/cargo-home" RUSTUP_HOME="/workspace/rustup-home" "/workspace/cargo-home/bin/cargo" "+1.100.0-beta.1" "fetch" "--manifest-path" "Cargo.toml", kill_on_drop: false }`
[INFO] running `Command { std: "docker" "create" "-v" "/var/lib/crater-agent-workspace/builds/worker-6-tc2/source:/opt/rustwide/workdir:ro,Z" "-v" "/var/lib/crater-agent-workspace/builds/worker-6-tc2/target:/opt/rustwide/target:rw,Z" "-v" "/var/lib/crater-agent-workspace/cargo-home:/opt/rustwide/cargo-home:ro,Z" "-v" "/var/lib/crater-agent-workspace/rustup-home:/opt/rustwide/rustup-home:ro,Z" "-m" "1610612736" "--network" "none" "ghcr.io/rust-lang/crates-build-env/linux@sha256:77db811e55d90add9212f6832c23229e3de5f1c1f9905e8cb07319ea15df73ac" "sleep" "infinity", kill_on_drop: false }`
[INFO] [stdout] 3a0617c7e7f41e9e808555eb9122b6f7158c89a508e72cb493dd8d7742b08a3f
[INFO] running `Command { std: "docker" "start" "3a0617c7e7f41e9e808555eb9122b6f7158c89a508e72cb493dd8d7742b08a3f", kill_on_drop: false }`
[INFO] running `Command { std: "docker" "inspect" "3a0617c7e7f41e9e808555eb9122b6f7158c89a508e72cb493dd8d7742b08a3f", kill_on_drop: false }`
[INFO] running `Command { std: "docker" "exec" "-e" "SOURCE_DIR=/opt/rustwide/workdir" "-e" "CARGO_HOME=/opt/rustwide/cargo-home" "-e" "RUSTUP_HOME=/opt/rustwide/rustup-home" "-e" "CARGO_TARGET_DIR=/opt/rustwide/target" "-w" "/opt/rustwide/workdir" "--user" "0:0" "3a0617c7e7f41e9e808555eb9122b6f7158c89a508e72cb493dd8d7742b08a3f" "/opt/rustwide/cargo-home/bin/cargo" "+1.100.0-beta.1" "metadata" "--no-deps" "--format-version=1", kill_on_drop: false }`
[INFO] running `Command { std: "docker" "inspect" "3a0617c7e7f41e9e808555eb9122b6f7158c89a508e72cb493dd8d7742b08a3f", kill_on_drop: false }`
[INFO] running `Command { std: "docker" "exec" "-e" "SOURCE_DIR=/opt/rustwide/workdir" "-e" "CARGO_HOME=/opt/rustwide/cargo-home" "-e" "RUSTUP_HOME=/opt/rustwide/rustup-home" "-e" "CARGO_TARGET_DIR=/opt/rustwide/target" "-e" "CARGO_INCREMENTAL=0" "-e" "RUST_BACKTRACE=full" "-e" "RUSTFLAGS=--cap-lints=warn" "-e" "RUSTDOCFLAGS=--cap-lints=warn" "-w" "/opt/rustwide/workdir" "--user" "0:0" "3a0617c7e7f41e9e808555eb9122b6f7158c89a508e72cb493dd8d7742b08a3f" "/opt/rustwide/cargo-home/bin/cargo" "+1.100.0-beta.1" "build" "--frozen" "--message-format=json" "--release", kill_on_drop: false }`
[INFO] [stderr]    Compiling proc-macro2 v1.0.105
[INFO] [stderr]    Compiling find-msvc-tools v0.1.6
[INFO] [stderr]    Compiling time-core v0.1.8
[INFO] [stderr]    Compiling num-conv v0.2.0
[INFO] [stderr]    Compiling num-traits v0.2.19
[INFO] [stderr]    Compiling rustix v1.1.3
[INFO] [stderr]    Compiling bitflags v2.10.0
[INFO] [stderr]    Compiling rust_decimal v1.39.0
[INFO] [stderr]    Compiling linux-raw-sys v0.11.0
[INFO] [stderr]    Compiling anstream v0.6.13
[INFO] [stderr]    Compiling nix v0.31.3
[INFO] [stderr]    Compiling clap_lex v0.7.6
[INFO] [stderr]    Compiling itoa v1.0.17
[INFO] [stderr]    Compiling anyhow v1.0.103
[INFO] [stderr]    Compiling termcolor v1.4.1
[INFO] [stderr]    Compiling winnow v0.7.14
[INFO] [stderr]    Compiling cc v1.2.51
[INFO] [stderr]    Compiling time-macros v0.2.27
[INFO] [stderr]    Compiling is-terminal v0.4.17
[INFO] [stderr]    Compiling bstr v1.12.1
[INFO] [stderr]    Compiling popol v3.0.1
[INFO] [stderr]    Compiling clap_builder v4.5.2
[INFO] [stderr]    Compiling nom v8.0.0
[INFO] [stderr]    Compiling os_pipe v1.2.3
[INFO] [stderr]    Compiling shlex v2.0.1
[INFO] [stderr]    Compiling roundable v0.2.0
[INFO] [stderr]    Compiling quote v1.0.42
[INFO] [stderr]    Compiling time v0.3.47
[INFO] [stderr]    Compiling syn v2.0.114
[INFO] [stderr]    Compiling blake3 v1.8.3
[INFO] [stderr]    Compiling simplelog v0.12.2
[INFO] [stderr]    Compiling thiserror-impl v2.0.17
[INFO] [stderr]    Compiling clap_derive v4.5.0
[INFO] [stderr]    Compiling fd-lock v4.0.4
[INFO] [stderr]    Compiling thiserror v2.0.17
[INFO] [stderr]    Compiling duration-str v0.21.0
[INFO] [stderr]    Compiling clap v4.5.2
[INFO] [stderr]    Compiling cron-wrapper v0.1.0 (/opt/rustwide/workdir)
[INFO] [stderr]     Finished `release` profile [optimized] target(s) in 25.25s
[INFO] [stderr] warning: the following packages contain code that will be rejected by a future version of Rust: nix v0.31.3
[INFO] [stderr] note: to see what the problems were, use the option `--future-incompat-report`, or run `cargo report future-incompatibilities --id 2`
[INFO] running `Command { std: "docker" "inspect" "3a0617c7e7f41e9e808555eb9122b6f7158c89a508e72cb493dd8d7742b08a3f", kill_on_drop: false }`
[INFO] running `Command { std: "docker" "exec" "-e" "SOURCE_DIR=/opt/rustwide/workdir" "-e" "CARGO_HOME=/opt/rustwide/cargo-home" "-e" "RUSTUP_HOME=/opt/rustwide/rustup-home" "-e" "CARGO_TARGET_DIR=/opt/rustwide/target" "-e" "CARGO_INCREMENTAL=0" "-e" "RUST_BACKTRACE=full" "-e" "RUSTFLAGS=--cap-lints=warn" "-e" "RUSTDOCFLAGS=--cap-lints=warn" "-w" "/opt/rustwide/workdir" "--user" "0:0" "3a0617c7e7f41e9e808555eb9122b6f7158c89a508e72cb493dd8d7742b08a3f" "/opt/rustwide/cargo-home/bin/cargo" "+1.100.0-beta.1" "test" "--frozen" "--no-run" "--message-format=json" "--release", kill_on_drop: false }`
[INFO] [stderr]    Compiling rustix v1.1.3
[INFO] [stderr]    Compiling regex-automata v0.4.13
[INFO] [stderr]    Compiling semver v1.0.27
[INFO] [stderr]    Compiling syn v2.0.114
[INFO] [stderr]    Compiling predicates-core v1.0.9
[INFO] [stderr]    Compiling assert_cmd v2.1.1
[INFO] [stderr]    Compiling wait-timeout v0.2.1
[INFO] [stderr]    Compiling diff v0.1.13
[INFO] [stderr]    Compiling getrandom v0.3.4
[INFO] [stderr]    Compiling once_cell v1.21.3
[INFO] [stderr]    Compiling yansi v1.0.1
[INFO] [stderr]    Compiling unicode-width v0.2.2
[INFO] [stderr]    Compiling predicates v3.1.3
[INFO] [stderr]    Compiling predicates-tree v1.0.12
[INFO] [stderr]    Compiling rustc_version v0.4.1
[INFO] [stderr]    Compiling assert2-macros v0.4.0
[INFO] [stderr]    Compiling fd-lock v4.0.4
[INFO] [stderr]    Compiling terminal_size v0.4.4
[INFO] [stderr]    Compiling tempfile v3.24.0
[INFO] [stderr]    Compiling bstr v1.12.1
[INFO] [stderr]    Compiling regex v1.12.2
[INFO] [stderr]    Compiling thiserror-impl v2.0.17
[INFO] [stderr]    Compiling clap_derive v4.5.0
[INFO] [stderr]    Compiling assert2 v0.4.0
[INFO] [stderr]    Compiling clap v4.5.2
[INFO] [stderr]    Compiling thiserror v2.0.17
[INFO] [stderr]    Compiling duration-str v0.21.0
[INFO] [stderr]    Compiling cron-wrapper v0.1.0 (/opt/rustwide/workdir)
[INFO] [stderr]     Finished `release` profile [optimized] target(s) in 26.76s
[INFO] [stderr] warning: the following packages contain code that will be rejected by a future version of Rust: nix v0.31.3
[INFO] [stderr] note: to see what the problems were, use the option `--future-incompat-report`, or run `cargo report future-incompatibilities --id 2`
[INFO] running `Command { std: "docker" "inspect" "3a0617c7e7f41e9e808555eb9122b6f7158c89a508e72cb493dd8d7742b08a3f", kill_on_drop: false }`
[INFO] running `Command { std: "docker" "exec" "-e" "SOURCE_DIR=/opt/rustwide/workdir" "-e" "CARGO_HOME=/opt/rustwide/cargo-home" "-e" "RUSTUP_HOME=/opt/rustwide/rustup-home" "-e" "CARGO_TARGET_DIR=/opt/rustwide/target" "-e" "CARGO_INCREMENTAL=0" "-e" "RUST_BACKTRACE=full" "-e" "RUSTFLAGS=--cap-lints=warn" "-e" "RUSTDOCFLAGS=--cap-lints=warn" "-w" "/opt/rustwide/workdir" "--user" "0:0" "3a0617c7e7f41e9e808555eb9122b6f7158c89a508e72cb493dd8d7742b08a3f" "/opt/rustwide/cargo-home/bin/cargo" "+1.100.0-beta.1" "test" "--frozen" "--release", kill_on_drop: false }`
[INFO] [stderr]     Finished `release` profile [optimized] target(s) in 0.13s
[INFO] [stderr] warning: the following packages contain code that will be rejected by a future version of Rust: nix v0.31.3
[INFO] [stderr] note: to see what the problems were, use the option `--future-incompat-report`, or run `cargo report future-incompatibilities --id 2`
[INFO] [stderr]      Running unittests src/lib.rs (/opt/rustwide/target/release/build/cron-wrapper/10e80425faa2954e/out/cron_wrapper-10e80425faa2954e)
[INFO] [stdout] 
[INFO] [stdout] running 55 tests
[INFO] [stdout] test job_logger::logger::tests::escape_value_escapes ... ok
[INFO] [stdout] test job_logger::logger::tests::escape_value_newline_explicit ... ok
[INFO] [stdout] test command::tests::killed ... ok
[INFO] [stdout] test job_logger::logger::tests::directory_logger_no_metadata ... ok
[INFO] [stdout] test job_logger::logger::tests::escape_value_newline_implicit ... ok
[INFO] [stdout] test job_logger::logger::tests::directory_and_stream_loggers ... ok
[INFO] [stdout] test job_logger::logger::tests::stream_logger ... ok
[INFO] [stdout] test job_logger::logger::tests::none_logger ... ok
[INFO] [stdout] test job_logger::logger::tests::stream_logger_continuation ... ok
[INFO] [stdout] test job_logger::logger::tests::stream_logger_continuation_recoverable_error ... ok
[INFO] [stdout] test job_logger::logger::tests::stream_logger_escapes ... ok
[INFO] [stdout] test job_logger::logger::tests::stream_logger_recoverable_error ... ok
[INFO] [stdout] test job_logger::parser::tests::bstr_to_duration_milliseconds ... ok
[INFO] [stdout] test job_logger::parser::tests::bstr_to_duration_nanoseconds ... ok
[INFO] [stdout] test job_logger::parser::tests::bstr_to_duration_zero ... ok
[INFO] [stdout] test job_logger::parser::tests::bstr_to_u64_extremes ... ok
[INFO] [stdout] test job_logger::parser::tests::log_parser_blank_no_records ... ok
[INFO] [stdout] test job_logger::parser::tests::bstr_to_duration_max ... ok
[INFO] [stdout] test job_logger::parser::tests::log_parser_empty ... ok
[INFO] [stdout] test job_logger::parser::tests::log_parser_just_blank ... ok
[INFO] [stdout] test job_logger::parser::tests::log_parser_no_blank_no_metadata ... ok
[INFO] [stdout] test job_logger::parser::tests::log_parser_no_blank_no_records ... ok
[INFO] [stdout] test job_logger::parser::tests::log_parser_simple ... ok
[INFO] [stdout] test job_logger::parser::tests::metadata_line_parser_err ... ok
[INFO] [stdout] test job_logger::parser::tests::metadata_line_parser_ok ... ok
[INFO] [stdout] test job_logger::parser::tests::metadata_line_parser_ok_multiline ... ok
[INFO] [stdout] test job_logger::parser::tests::log_parser_blank_no_metadata ... ok
[INFO] [stdout] test command::tests::echo_ok ... ok
[INFO] [stdout] test job_logger::parser::tests::record_parser_ok ... ok
[INFO] [stdout] test job_logger::parser::tests::record_parser_ok_multiline ... ok
[INFO] [stdout] test job_logger::logger::tests::directory_logger_with_command ... ok
[INFO] [stdout] test job_logger::parser::tests::unescape_line_ending_non_output ... ok
[INFO] [stdout] test job_logger::parser::tests::record_parser_err ... ok
[INFO] [stdout] test job_logger::parser::tests::unescape_invalid_utf8 ... ok
[INFO] [stdout] test timeout::tests::check_expired_timeout_never ... ok
[INFO] [stdout] test job_logger::parser::tests::unescape_line_ending_output ... ok
[INFO] [stdout] test timeout::tests::check_expired_within_timeout_pending ... ok
[INFO] [stdout] test timeout::tests::check_expired_timeout_future ... ok
[INFO] [stdout] test timeout::tests::check_expired_timeout_pending ... ok
[INFO] [stdout] test timeout::tests::check_expired_timeout_expired ... ok
[INFO] [stdout] test timeout::tests::compare_timeout_expired ... ok
[INFO] [stdout] test timeout::tests::compare_timeout_future ... ok
[INFO] [stdout] test lock::tests::lock_basic ... ok
[INFO] [stdout] test lock::tests::lock_standard_basic ... ok
[INFO] [stdout] test timeout::tests::compare_timeout_never ... ok
[INFO] [stdout] test job_logger::logger::tests::directory_logger_with_child ... ok
[INFO] [stdout] test timeout::tests::compare_timeout_pending ... ok
[INFO] [stdout] test timeout::tests::compare_timeout_pending_overtime ... ok
[INFO] [stdout] test command::tests::wait_no_timeout ... ok
[INFO] [stdout] test job_logger::parser::tests::unescape ... ok
[INFO] [stdout] test command::tests::wait_run_timeout ... ok
[INFO] [stdout] test command::tests::wait_idle_timeout ... FAILED
[INFO] [stdout] test job_logger::logger::tests::directory_logger_conflicting_file_name ... ok
[INFO] [stdout] test command::tests::run_timeout ... ok
[INFO] [stdout] test command::tests::idle_timeout ... ok
[INFO] [stderr] error: test failed, to rerun pass `--lib`
[INFO] [stdout] 
[INFO] [stdout] failures:
[INFO] [stdout] 
[INFO] [stdout] ---- command::tests::wait_idle_timeout stdout ----
[INFO] [stdout] Assertion failed at src/command.rs:1260:9
[INFO] [stdout]   check!( start.elapsed() < Duration::from_millis(20) )
[INFO] [stdout] with expansion:
[INFO] [stdout]   30.25055ms < 20ms
[INFO] [stdout] with message:
[INFO] [stdout]   IdleTimeout before command finished
[INFO] [stdout] 
[INFO] [stdout] 
[INFO] [stdout] thread 'command::tests::wait_idle_timeout' (1804) panicked at src/command.rs:1260:9:
[INFO] [stdout] check failed
[INFO] [stdout] stack backtrace:
[INFO] [stdout]    0:     0x55bb55d6d091 - <<std[617be2ca0a6fd877]::sys::backtrace::BacktraceLock>::print::DisplayBacktrace as core[a373ad73a504971]::fmt::Display>::fmt
[INFO] [stdout]    1:     0x55bb55d82dba - core[a373ad73a504971]::fmt::write
[INFO] [stdout]    2:     0x55bb55d71c0c - <alloc[2e1b2a31b91974c5]::vec::Vec<u8> as core[a373ad73a504971]::io::write::Write>::write_fmt
[INFO] [stdout]    3:     0x55bb55d47296 - std[617be2ca0a6fd877]::panicking::default_hook::{closure#0}
[INFO] [stdout]    4:     0x55bb55d64c19 - std[617be2ca0a6fd877]::panicking::default_hook
[INFO] [stdout]    5:     0x55bb55c9cfd0 - test[aada8e7e76ba119b]::test_main_inner::{closure#0}
[INFO] [stdout]    6:     0x55bb55d64dd2 - std[617be2ca0a6fd877]::panicking::panic_with_hook
[INFO] [stdout]    7:     0x55bb55d47374 - std[617be2ca0a6fd877]::panicking::panic_handler::{closure#0}
[INFO] [stdout]    8:     0x55bb55d3f819 - std[617be2ca0a6fd877]::sys::backtrace::__rust_end_short_backtrace::<std[617be2ca0a6fd877]::panicking::panic_handler::{closure#0}, !>
[INFO] [stdout]    9:     0x55bb55d4805d - __rustc[ea4f61d10b84890b]::rust_begin_unwind
[INFO] [stdout]   10:     0x55bb55d8359c - core[a373ad73a504971]::panicking::panic_fmt
[INFO] [stdout]   11:     0x55bb55c5658c - <assert2[83cfa6acad55a0b0]::__assert2_impl::FailGuard<cron_wrapper[1329a41557124f62]::command::tests::wait_idle_timeout::{closure#0}> as core[a373ad73a504971]::ops::drop::Drop>::drop
[INFO] [stdout]   12:     0x55bb55c86490 - <cron_wrapper[1329a41557124f62]::command::tests::wait_idle_timeout::{closure#0} as core[a373ad73a504971]::ops::function::FnOnce<()>>::call_once
[INFO] [stdout]   13:     0x55bb55c9041b - test[aada8e7e76ba119b]::__rust_begin_short_backtrace::<core[a373ad73a504971]::result::Result<(), alloc[2e1b2a31b91974c5]::string::String>, fn() -> core[a373ad73a504971]::result::Result<(), alloc[2e1b2a31b91974c5]::string::String>>
[INFO] [stdout]   14:     0x55bb55c9d5f5 - test[aada8e7e76ba119b]::run_test::{closure#0}
[INFO] [stdout]   15:     0x55bb55c96ee4 - std[617be2ca0a6fd877]::sys::backtrace::__rust_begin_short_backtrace::<test[aada8e7e76ba119b]::run_test::{closure#1}, ()>
[INFO] [stdout]   16:     0x55bb55ca0682 - <std[617be2ca0a6fd877]::thread::lifecycle::spawn_unchecked<test[aada8e7e76ba119b]::run_test::{closure#1}, ()>::{closure#1} as core[a373ad73a504971]::ops::function::FnOnce<()>>::call_once::{shim:vtable#0}
[INFO] [stdout]   17:     0x55bb55d6c5df - <std[617be2ca0a6fd877]::sys::thread::unix::Thread>::new::thread_start
[INFO] [stdout]   18:     0x77bd09357dfa - <unknown>
[INFO] [stdout]   19:     0x77bd093eb3d4 - clone
[INFO] [stdout]   20:                0x0 - <unknown>
[INFO] [stdout] 
[INFO] [stdout] 
[INFO] [stdout] failures:
[INFO] [stdout]     command::tests::wait_idle_timeout
[INFO] [stdout] 
[INFO] [stdout] test result: FAILED. 54 passed; 1 failed; 0 ignored; 0 measured; 0 filtered out; finished in 1.03s
[INFO] [stdout] 
[INFO] running `Command { std: "docker" "inspect" "3a0617c7e7f41e9e808555eb9122b6f7158c89a508e72cb493dd8d7742b08a3f", kill_on_drop: false }`
[INFO] running `Command { std: "docker" "rm" "-f" "3a0617c7e7f41e9e808555eb9122b6f7158c89a508e72cb493dd8d7742b08a3f", kill_on_drop: false }`
[INFO] [stdout] 3a0617c7e7f41e9e808555eb9122b6f7158c89a508e72cb493dd8d7742b08a3f
