[INFO] cloning repository https://github.com/danfirsten/scion
[INFO] running `Command { std: "git" "-c" "credential.helper=" "-c" "credential.helper=/workspace/cargo-home/bin/git-credential-null" "clone" "--bare" "https://github.com/danfirsten/scion" "/workspace/cache/git-repos/https%3A%2F%2Fgithub.com%2Fdanfirsten%2Fscion", kill_on_drop: false }`
[INFO] [stderr] Cloning into bare repository '/workspace/cache/git-repos/https%3A%2F%2Fgithub.com%2Fdanfirsten%2Fscion'...
[INFO] running `Command { std: "git" "rev-parse" "HEAD", kill_on_drop: false }`
[INFO] [stdout] 01b32733682f709fad3f1fa1b17e7566b27dfd7c
[INFO] testing danfirsten/scion against 1.99.0-beta.8+cargoflags=--release for beta-release-1.100-2
[INFO] running `Command { std: "git" "clone" "/workspace/cache/git-repos/https%3A%2F%2Fgithub.com%2Fdanfirsten%2Fscion" "/workspace/builds/worker-6-tc1/source", kill_on_drop: false }`
[INFO] [stderr] Cloning into '/workspace/builds/worker-6-tc1/source'...
[INFO] [stderr] done.
[INFO] started tweaking git repo https://github.com/danfirsten/scion
[INFO] finished tweaking git repo https://github.com/danfirsten/scion
[INFO] tweaked toml for git repo https://github.com/danfirsten/scion written to /workspace/builds/worker-6-tc1/source/Cargo.toml
[INFO] validating manifest of git repo https://github.com/danfirsten/scion on toolchain 1.99.0-beta.8
[INFO] running `Command { std: CARGO_HOME="/workspace/cargo-home" RUSTUP_HOME="/workspace/rustup-home" "/workspace/cargo-home/bin/cargo" "+1.99.0-beta.8" "metadata" "--manifest-path" "Cargo.toml" "--no-deps", kill_on_drop: false }`
[INFO] crate git repo https://github.com/danfirsten/scion already has a lockfile, it will not be regenerated
[INFO] running `Command { std: CARGO_HOME="/workspace/cargo-home" RUSTUP_HOME="/workspace/rustup-home" "/workspace/cargo-home/bin/cargo" "+1.99.0-beta.8" "fetch" "--manifest-path" "Cargo.toml", kill_on_drop: false }`
[INFO] [stderr]  Downloading crates ...
[INFO] [stderr]   Downloaded tree-sitter v0.26.11
[INFO] running `Command { std: "docker" "create" "-v" "/var/lib/crater-agent-workspace/builds/worker-6-tc1/source:/opt/rustwide/workdir:ro,Z" "-v" "/var/lib/crater-agent-workspace/builds/worker-6-tc1/target:/opt/rustwide/target:rw,Z" "-v" "/var/lib/crater-agent-workspace/cargo-home:/opt/rustwide/cargo-home:ro,Z" "-v" "/var/lib/crater-agent-workspace/rustup-home:/opt/rustwide/rustup-home:ro,Z" "-m" "1610612736" "--network" "none" "ghcr.io/rust-lang/crates-build-env/linux@sha256:77db811e55d90add9212f6832c23229e3de5f1c1f9905e8cb07319ea15df73ac" "sleep" "infinity", kill_on_drop: false }`
[INFO] [stdout] b8fb59519c240933ef2f6bfa4902fc713dd16d8bf1f9539fdbcd590690f0c7b2
[INFO] running `Command { std: "docker" "start" "b8fb59519c240933ef2f6bfa4902fc713dd16d8bf1f9539fdbcd590690f0c7b2", kill_on_drop: false }`
[INFO] running `Command { std: "docker" "inspect" "b8fb59519c240933ef2f6bfa4902fc713dd16d8bf1f9539fdbcd590690f0c7b2", kill_on_drop: false }`
[INFO] running `Command { std: "docker" "exec" "-e" "SOURCE_DIR=/opt/rustwide/workdir" "-e" "CARGO_HOME=/opt/rustwide/cargo-home" "-e" "RUSTUP_HOME=/opt/rustwide/rustup-home" "-e" "CARGO_TARGET_DIR=/opt/rustwide/target" "-w" "/opt/rustwide/workdir" "--user" "0:0" "b8fb59519c240933ef2f6bfa4902fc713dd16d8bf1f9539fdbcd590690f0c7b2" "/opt/rustwide/cargo-home/bin/cargo" "+1.99.0-beta.8" "metadata" "--no-deps" "--format-version=1", kill_on_drop: false }`
[INFO] running `Command { std: "docker" "inspect" "b8fb59519c240933ef2f6bfa4902fc713dd16d8bf1f9539fdbcd590690f0c7b2", kill_on_drop: false }`
[INFO] running `Command { std: "docker" "exec" "-e" "SOURCE_DIR=/opt/rustwide/workdir" "-e" "CARGO_HOME=/opt/rustwide/cargo-home" "-e" "RUSTUP_HOME=/opt/rustwide/rustup-home" "-e" "CARGO_TARGET_DIR=/opt/rustwide/target" "-e" "CARGO_INCREMENTAL=0" "-e" "RUST_BACKTRACE=full" "-e" "RUSTFLAGS=--cap-lints=warn" "-e" "RUSTDOCFLAGS=--cap-lints=warn" "-w" "/opt/rustwide/workdir" "--user" "0:0" "b8fb59519c240933ef2f6bfa4902fc713dd16d8bf1f9539fdbcd590690f0c7b2" "/opt/rustwide/cargo-home/bin/cargo" "+1.99.0-beta.8" "build" "--frozen" "--message-format=json" "--release", kill_on_drop: false }`
[INFO] [stderr]    Compiling cc v1.4.0
[INFO] [stderr]    Compiling zmij v1.0.23
[INFO] [stderr]    Compiling tree-sitter-language v0.1.7
[INFO] [stderr]    Compiling serde_core v1.0.229
[INFO] [stderr]    Compiling serde_json v1.0.151
[INFO] [stderr]    Compiling memchr v2.8.3
[INFO] [stderr]    Compiling regex-syntax v0.8.11
[INFO] [stderr]    Compiling serde v1.0.229
[INFO] [stderr]    Compiling thiserror v2.0.19
[INFO] [stderr]    Compiling streaming-iterator v0.1.9
[INFO] [stderr]    Compiling syn v3.0.3
[INFO] [stderr]    Compiling clap_builder v4.6.2
[INFO] [stderr]    Compiling aho-corasick v1.1.4
[INFO] [stderr]    Compiling tree-sitter-typescript v0.23.2
[INFO] [stderr]    Compiling tree-sitter-java v0.23.5
[INFO] [stderr]    Compiling regex-automata v0.4.16
[INFO] [stderr]    Compiling thiserror-impl v2.0.19
[INFO] [stderr]    Compiling serde_derive v1.0.229
[INFO] [stderr]    Compiling clap_derive v4.6.4
[INFO] [stderr]    Compiling tree-sitter v0.26.11
[INFO] [stderr]    Compiling clap v4.6.4
[INFO] [stderr]    Compiling regex v1.13.1
[INFO] [stderr]    Compiling sm-cst v0.0.0 (/opt/rustwide/workdir/crates/sm-cst)
[INFO] [stderr]    Compiling sm-match v0.0.0 (/opt/rustwide/workdir/crates/sm-match)
[INFO] [stderr]    Compiling sm-merge v0.0.0 (/opt/rustwide/workdir/crates/sm-merge)
[INFO] [stderr]    Compiling sm-diff v0.0.0 (/opt/rustwide/workdir/crates/sm-diff)
[INFO] [stderr]    Compiling sm-eval v0.0.0 (/opt/rustwide/workdir/crates/sm-eval)
[INFO] [stderr]    Compiling sm-bind v0.0.0 (/opt/rustwide/workdir/crates/sm-bind)
[INFO] [stderr]    Compiling sm-emit v0.0.0 (/opt/rustwide/workdir/crates/sm-emit)
[INFO] [stderr]    Compiling sm-cli v0.0.0 (/opt/rustwide/workdir/crates/sm-cli)
[INFO] [stderr]     Finished `release` profile [optimized] target(s) in 1m 12s
[INFO] running `Command { std: "docker" "inspect" "b8fb59519c240933ef2f6bfa4902fc713dd16d8bf1f9539fdbcd590690f0c7b2", kill_on_drop: false }`
[INFO] running `Command { std: "docker" "exec" "-e" "SOURCE_DIR=/opt/rustwide/workdir" "-e" "CARGO_HOME=/opt/rustwide/cargo-home" "-e" "RUSTUP_HOME=/opt/rustwide/rustup-home" "-e" "CARGO_TARGET_DIR=/opt/rustwide/target" "-e" "CARGO_INCREMENTAL=0" "-e" "RUST_BACKTRACE=full" "-e" "RUSTFLAGS=--cap-lints=warn" "-e" "RUSTDOCFLAGS=--cap-lints=warn" "-w" "/opt/rustwide/workdir" "--user" "0:0" "b8fb59519c240933ef2f6bfa4902fc713dd16d8bf1f9539fdbcd590690f0c7b2" "/opt/rustwide/cargo-home/bin/cargo" "+1.99.0-beta.8" "test" "--frozen" "--no-run" "--message-format=json" "--release", kill_on_drop: false }`
[INFO] [stderr]    Compiling libc v0.2.189
[INFO] [stderr]    Compiling regex-automata v0.4.16
[INFO] [stderr]    Compiling bitflags v2.13.1
[INFO] [stderr]    Compiling fastrand v2.5.0
[INFO] [stderr]    Compiling similar v2.7.0
[INFO] [stderr]    Compiling getrandom v0.3.4
[INFO] [stderr]    Compiling zerocopy v0.8.55
[INFO] [stderr]    Compiling bit-vec v0.8.0
[INFO] [stderr]    Compiling unarray v0.1.4
[INFO] [stderr]    Compiling rustix v1.1.4
[INFO] [stderr]    Compiling bit-set v0.8.0
[INFO] [stderr]    Compiling getrandom v0.4.3
[INFO] [stderr]    Compiling console v0.16.4
[INFO] [stderr]    Compiling rand_core v0.9.5
[INFO] [stderr]    Compiling rand v0.9.5
[INFO] [stderr]    Compiling rand_xorshift v0.4.0
[INFO] [stderr]    Compiling tempfile v3.27.0
[INFO] [stderr]    Compiling insta v1.48.0
[INFO] [stderr]    Compiling regex v1.13.1
[INFO] [stderr]    Compiling tree-sitter v0.26.11
[INFO] [stderr]    Compiling sm-cst v0.0.0 (/opt/rustwide/workdir/crates/sm-cst)
[INFO] [stderr]    Compiling sm-match v0.0.0 (/opt/rustwide/workdir/crates/sm-match)
[INFO] [stderr]    Compiling sm-merge v0.0.0 (/opt/rustwide/workdir/crates/sm-merge)
[INFO] [stderr]    Compiling sm-diff v0.0.0 (/opt/rustwide/workdir/crates/sm-diff)
[INFO] [stderr]    Compiling sm-eval v0.0.0 (/opt/rustwide/workdir/crates/sm-eval)
[INFO] [stderr]    Compiling ppv-lite86 v0.2.21
[INFO] [stderr]    Compiling rand_chacha v0.9.0
[INFO] [stderr]    Compiling sm-emit v0.0.0 (/opt/rustwide/workdir/crates/sm-emit)
[INFO] [stderr]    Compiling proptest v1.11.0
[INFO] [stderr]    Compiling sm-bind v0.0.0 (/opt/rustwide/workdir/crates/sm-bind)
[INFO] [stderr]    Compiling sm-cli v0.0.0 (/opt/rustwide/workdir/crates/sm-cli)
[INFO] [stderr]     Finished `release` profile [optimized] target(s) in 1m 37s
[INFO] running `Command { std: "docker" "inspect" "b8fb59519c240933ef2f6bfa4902fc713dd16d8bf1f9539fdbcd590690f0c7b2", kill_on_drop: false }`
[INFO] running `Command { std: "docker" "exec" "-e" "SOURCE_DIR=/opt/rustwide/workdir" "-e" "CARGO_HOME=/opt/rustwide/cargo-home" "-e" "RUSTUP_HOME=/opt/rustwide/rustup-home" "-e" "CARGO_TARGET_DIR=/opt/rustwide/target" "-e" "CARGO_INCREMENTAL=0" "-e" "RUST_BACKTRACE=full" "-e" "RUSTFLAGS=--cap-lints=warn" "-e" "RUSTDOCFLAGS=--cap-lints=warn" "-w" "/opt/rustwide/workdir" "--user" "0:0" "b8fb59519c240933ef2f6bfa4902fc713dd16d8bf1f9539fdbcd590690f0c7b2" "/opt/rustwide/cargo-home/bin/cargo" "+1.99.0-beta.8" "test" "--frozen" "--release", kill_on_drop: false }`
[INFO] [stderr]     Finished `release` profile [optimized] target(s) in 0.13s
[INFO] [stderr]      Running unittests src/lib.rs (/opt/rustwide/target/release/deps/sm_bind-f135307071a7890b)
[INFO] [stderr]      Running tests/java_scenarios.rs (/opt/rustwide/target/release/deps/java_scenarios-42310294d79d2c73)
[INFO] [stdout] 
[INFO] [stdout] running 0 tests
[INFO] [stdout] 
[INFO] [stdout] test result: ok. 0 passed; 0 failed; 0 ignored; 0 measured; 0 filtered out; finished in 0.00s
[INFO] [stdout] 
[INFO] [stdout] 
[INFO] [stdout] running 16 tests
[INFO] [stdout] test negative_member_access_through_a_receiver ... ok
[INFO] [stdout] test negative_both_sides_add_independent_methods ... ok
[INFO] [stdout] test negative_wildcard_import_usage ... ok
[INFO] [stdout] test negative_rename_already_in_base ... ok
[INFO] [stdout] test negative_jdk_and_library_names ... ok
[INFO] [stdout] test negative_pre_existing_shadowing_is_not_a_capture ... ok
[INFO] [stdout] test negative_rename_where_the_new_call_uses_the_new_name ... ok
[INFO] [stdout] test renamed_class_with_a_new_reference_to_the_old_type ... ok
[INFO] [stderr]      Running tests/properties.rs (/opt/rustwide/target/release/deps/properties-cb87da0b34629c53)
[INFO] [stdout] test deleted_helper_with_a_new_call_to_it ... ok
[INFO] [stdout] test rename_on_one_side_new_call_on_the_other_mirrored ... ok
[INFO] [stdout] test a_renamed_local_captures_a_new_reference_to_the_field ... ok
[INFO] [stdout] test renamed_field_with_a_new_use_of_the_old_name ... ok
[INFO] [stdout] test a_semantic_break_is_still_caught_next_to_a_textual_conflict ... ok
[INFO] [stdout] test a_textual_conflict_is_skipped_gracefully ... ok
[INFO] [stdout] test a_new_local_captures_a_reference_that_meant_the_field ... ok
[INFO] [stdout] test rename_on_one_side_new_call_on_the_other ... ok
[INFO] [stdout] 
[INFO] [stdout] test result: ok. 16 passed; 0 failed; 0 ignored; 0 measured; 0 filtered out; finished in 0.04s
[INFO] [stdout] 
[INFO] [stdout] 
[INFO] [stdout] running 9 tests
[INFO] [stdout] test an_unparseable_revision_does_not_produce_noise ... ok
[INFO] [stdout] test convergent_edits_report_nothing ... ok
[INFO] [stdout] test every_merged_reference_is_found_in_its_own_revision ... ok
[INFO] [stdout] test a_merge_with_one_side_unchanged_reports_nothing ... ok
[INFO] [stdout] test every_report_is_well_formed ... ok
[INFO] [stdout] test the_report_round_trips_through_json ... ok
[INFO] [stdout] test nothing_in_the_corpus_panics ... ok
[INFO] [stdout] test the_report_is_deterministic ... ok
[INFO] [stdout] test the_decision_is_symmetric ... ok
[INFO] [stdout] 
[INFO] [stdout] test result: ok. 9 passed; 0 failed; 0 ignored; 0 measured; 0 filtered out; finished in 0.02s
[INFO] [stdout] 
[INFO] [stderr]      Running tests/scopes.rs (/opt/rustwide/target/release/deps/scopes-f6f90c9362153d44)
[INFO] [stdout] 
[INFO] [stdout] running 18 tests
[INFO] [stdout] test java_a_local_shadows_a_field_only_from_its_declaration_point ... ok
[INFO] [stdout] test java_a_nested_class_sees_the_outer_classs_members ... ok
[INFO] [stdout] test java_shadowing_is_innermost_first ... ok
[INFO] [stdout] test java_a_catch_parameter_scopes_to_its_clause ... ok
[INFO] [stdout] test typescript_destructuring_declares_its_leaves ... ok
[INFO] [stdout] test java_members_are_visible_before_their_declaration ... ok
[INFO] [stdout] test java_type_parameters_scope_to_their_declaration ... ok
[INFO] [stdout] test typescript_for_of_and_catch_bind_their_names ... ok
[INFO] [stdout] test java_a_field_and_a_method_may_share_a_name ... ok
[INFO] [stdout] test typescript_var_is_function_scoped ... ok
[INFO] [stdout] test typescript_class_members_are_not_in_the_lexical_scope ... ok
[INFO] [stdout] test java_imports_bind_their_simple_name_and_wildcards_bind_nothing ... ok
[INFO] [stdout] test typescript_function_declarations_are_hoisted ... ok
[INFO] [stdout] test typescript_let_and_const_are_block_scoped ... ok
[INFO] [stdout] test java_binding_gallery ... ok
[INFO] [stdout] test typescript_imports_bind_at_module_scope ... ok
[INFO] [stdout] test java_declaration_gallery ... ok
[INFO] [stdout] test typescript_binding_gallery ... ok
[INFO] [stdout] 
[INFO] [stdout] test result: ok. 18 passed; 0 failed; 0 ignored; 0 measured; 0 filtered out; finished in 0.09s
[INFO] [stdout] 
[INFO] [stderr]      Running tests/typescript_scenarios.rs (/opt/rustwide/target/release/deps/typescript_scenarios-e7c4092e48e0de4c)
[INFO] [stdout] 
[INFO] [stdout] running 6 tests
[INFO] [stdout] test negative_class_members_are_receiver_only ... ok
[INFO] [stdout] test negative_disjoint_import_additions ... ok
[INFO] [stdout] test negative_property_access_is_never_reported ... ok
[INFO] [stdout] test renamed_interface_with_a_new_type_reference ... ok
[INFO] [stdout] test a_new_const_captures_a_module_level_name ... ok
[INFO] [stderr]      Running unittests src/main.rs (/opt/rustwide/target/release/deps/sm-395acda65ed8e3f4)
[INFO] [stdout] test rename_on_one_side_new_call_on_the_other ... ok
[INFO] [stdout] 
[INFO] [stdout] test result: ok. 6 passed; 0 failed; 0 ignored; 0 measured; 0 filtered out; finished in 0.04s
[INFO] [stdout] 
[INFO] [stdout] 
[INFO] [stdout] running 30 tests
[INFO] [stdout] test cmd_install::tests::attribute_lines_are_deduplicated_and_normalised ... ok
[INFO] [stdout] test cmd_install::tests::the_driver_line_matches_the_positional_arguments_sm_merge_declares ... ok
[INFO] [stdout] test merge::atomic::tests::a_failure_to_create_the_temporary_leaves_the_target_alone ... ok
[INFO] [stdout] test cmd_install::tests::a_path_with_spaces_is_quoted ... ok
[INFO] [stdout] test merge::dedup::tests::a_real_overload_passes ... ok
[INFO] [stdout] test merge::dedup::tests::the_druid_case_is_caught ... ok
[INFO] [stdout] test merge::dedup::tests::same_name_in_two_different_classes_is_not_a_duplicate ... ok
[INFO] [stdout] test merge::dedup::tests::duplicate_fields_and_types_are_caught_too ... ok
[INFO] [stdout] test merge::dedup::tests::parameter_text_is_compared_modulo_whitespace ... ok
[INFO] [stdout] test merge::dedup::tests::a_duplicate_that_was_already_in_an_input_is_not_ours_to_report ... ok
[INFO] [stdout] test merge::dedup::tests::an_honest_union_of_different_methods_passes ... ok
[INFO] [stdout] test merge::tests::a_worker_hands_back_its_value ... ok
[INFO] [stdout] test merge::tests::an_unexpanded_or_unreadable_percent_l_means_the_default ... ok
[INFO] [stdout] test merge::semantic::tests::the_mode_names_match_the_flag_values ... ok
[INFO] [stdout] test merge::tests::marker_size_comes_from_git_when_git_gave_one ... ok
[INFO] [stdout] test merge::tests::a_panicking_worker_is_caught_and_its_message_recorded ... ok
[INFO] [stdout] test tests::cli_definition_is_valid ... ok
[INFO] [stdout] test merge::semantic::tests::the_summary_counts_each_kind_once ... ok
[INFO] [stdout] test merge::tests::the_token_check_catches_a_fused_token_that_parses ... ok
[INFO] [stdout] test merge::tests::the_token_check_catches_a_split_token ... ok
[INFO] [stdout] test merge::dedup::tests::the_offender_reported_is_stable_across_runs ... ok
[INFO] [stdout] test merge::tests::a_marker_size_below_gits_minimum_is_clamped_up ... ok
[INFO] [stdout] test merge::atomic::tests::replacing_a_file_that_does_not_exist_creates_it ... ok
[INFO] [stdout] test merge::atomic::tests::replacing_leaves_exactly_the_new_bytes ... ok
[INFO] [stdout] test merge::tests::a_worker_that_finishes_is_not_reported_as_a_timeout ... ok
[INFO] [stdout] test merge::dedup::tests::locals_and_parameters_are_out_of_scope ... ok
[INFO] [stdout] test merge::atomic::tests::the_permission_bits_survive ... ok
[INFO] [stdout] test merge::tests::a_slow_worker_times_out_and_the_caller_continues ... ok
[INFO] [stdout] test merge::tests::a_zero_timeout_waits_for_the_worker ... ok
[INFO] [stdout] test merge::atomic::tests::no_temporary_survives_a_hundred_writes ... ok
[INFO] [stdout] 
[INFO] [stdout] test result: ok. 30 passed; 0 failed; 0 ignored; 0 measured; 0 filtered out; finished in 0.85s
[INFO] [stdout] 
[INFO] [stderr]      Running tests/cli_check.rs (/opt/rustwide/target/release/deps/cli_check-c476aeb7c2fe8c63)
[INFO] [stdout] 
[INFO] [stdout] running 11 tests
[INFO] [stdout] test a_broken_reference_is_reported_and_exits_one ... ok
[INFO] [stdout] test an_unusable_input_is_a_usage_error ... ok
[INFO] [stdout] test mixing_languages_is_refused ... ok
[INFO] [stdout] test nothing_is_written_anywhere ... ok
[INFO] [stdout] test a_conflicted_merge_is_still_checked_and_says_what_it_skipped ... ok
[INFO] [stdout] test a_broken_input_warns_but_still_reports ... ok
[INFO] [stdout] test a_merge_that_breaks_no_names_exits_zero ... ok
[INFO] [stdout] test the_json_form_has_the_documented_shape ... ok
[INFO] [stdout] test typescript_works_the_same_way ... ok
[INFO] [stdout] test exit_zero_reports_without_failing ... ok
[INFO] [stdout] test the_subcommand_is_documented_in_help ... ok
[INFO] [stdout] 
[INFO] [stdout] test result: ok. 11 passed; 0 failed; 0 ignored; 0 measured; 0 filtered out; finished in 0.05s
[INFO] [stdout] 
[INFO] [stderr]      Running tests/cli_diff.rs (/opt/rustwide/target/release/deps/cli_diff-5b18cb50a2466a39)
[INFO] [stdout] 
[INFO] [stdout] running 10 tests
[INFO] [stdout] test an_unsupported_extension_is_a_usage_error ... ok
[INFO] [stdout] test color_auto_is_plain_when_stdout_is_not_a_terminal ... ok
[INFO] [stdout] test an_unreadable_file_is_a_usage_error ... ok
[INFO] [stdout] test identical_files_produce_no_hunks ... ok
[INFO] [stdout] test stat_prints_one_summary_line ... ok
[INFO] [stdout] test json_is_a_versioned_object_with_one_entry_per_operation ... ok
[INFO] [stdout] test both_profiles_are_accepted ... ok
[INFO] [stdout] test diff_reports_a_wrapped_block_as_an_insert_and_a_move ... ok
[INFO] [stdout] test color_is_off_when_asked_and_on_when_forced ... ok
[INFO] [stdout] test exit_code_is_opt_in ... ok
[INFO] [stderr]      Running tests/cli_install.rs (/opt/rustwide/target/release/deps/cli_install-ca400ebdadaa8792)
[INFO] [stdout] 
[INFO] [stdout] test result: ok. 10 passed; 0 failed; 0 ignored; 0 measured; 0 filtered out; finished in 0.02s
[INFO] [stdout] 
[INFO] [stdout] 
[INFO] [stdout] running 8 tests
[INFO] [stdout] test a_dry_run_changes_nothing ... ok
[INFO] [stdout] test write_attributes_creates_the_file_and_fixes_a_missing_final_newline ... ok
[INFO] [stdout] test a_driver_path_with_spaces_is_quoted_so_git_reads_it_back_whole ... ok
[INFO] [stdout] test the_printed_gitattributes_lines_cover_the_requested_languages ... ok
[INFO] [stdout] test installing_writes_a_driver_line_git_can_read_back ... ok
[INFO] [stdout] test uninstalling_removes_the_section_and_is_safe_to_repeat ... ok
[INFO] [stdout] test write_attributes_appends_once_and_is_idempotent ... ok
[INFO] [stdout] test the_recursive_setting_is_selectable ... ok
[INFO] [stdout] 
[INFO] [stdout] test result: ok. 8 passed; 0 failed; 0 ignored; 0 measured; 0 filtered out; finished in 0.15s
[INFO] [stdout] 
[INFO] [stderr]      Running tests/cli_match.rs (/opt/rustwide/target/release/deps/cli_match-8d6cbf739eccf4dc)
[INFO] [stdout] 
[INFO] [stdout] running 7 tests
[INFO] [stdout] test summary_only_suppresses_the_columns ... ok
[INFO] [stdout] test an_unknown_extension_exits_two_and_lists_the_known_ones ... ok
[INFO] [stdout] test an_unreadable_file_exits_two_and_says_why ... ok
[INFO] [stdout] test parse_still_works ... ok
[INFO] [stdout] test the_two_profiles_are_selectable_and_differ ... ok
[INFO] [stdout] test json_output_is_valid_json_and_carries_the_pairs ... ok
[INFO] [stderr]      Running tests/cli_merge.rs (/opt/rustwide/target/release/deps/cli_merge-c67eec2076ccaa8a)
[INFO] [stdout] test match_renders_two_columns_and_a_summary ... ok
[INFO] [stdout] 
[INFO] [stdout] test result: ok. 7 passed; 0 failed; 0 ignored; 0 measured; 0 filtered out; finished in 0.03s
[INFO] [stdout] 
[INFO] [stdout] 
[INFO] [stdout] running 34 tests
[INFO] [stdout] test an_unwritable_destination_exits_two_without_touching_the_inputs ... ok
[INFO] [stdout] test a_missing_pathname_falls_back_rather_than_guessing ... ok
[INFO] [stdout] test a_zero_timeout_disables_the_timeout ... ok
[INFO] [stdout] test an_unreadable_input_exits_two_without_touching_ours ... ok
[INFO] [stdout] test expanded_labels_are_used_verbatim ... ok
[INFO] [stdout] test a_conflicted_merge_does_not_get_a_semantic_check ... ok
[INFO] [stdout] test a_clean_merge_exits_zero_and_leaves_no_markers ... ok
[INFO] [stdout] test line_merge_only_never_consults_the_tree ... ok
[INFO] [stdout] test a_failed_fallback_leaves_ours_byte_identical_and_exits_two ... ok
[INFO] [stdout] test an_unparseable_input_falls_back_and_says_which_one ... ok
[INFO] [stdout] test a_conflicting_merge_exits_one_and_writes_markers ... ok
[INFO] [stdout] test a_fallback_does_not_get_a_semantic_check ... ok
[INFO] [stdout] test the_debug_record_has_the_documented_shape ... ok
[INFO] [stdout] test diff3_style_includes_the_ancestor ... ok
[INFO] [stdout] test output_redirects_to_the_output_flag_and_leaves_ours_alone ... ok
[INFO] [stdout] test quiet_suppresses_the_findings_but_not_the_verdict ... ok
[INFO] [stdout] test the_debug_record_carries_the_semantic_check_findings ... ok
[INFO] [stdout] test a_clean_line_merge_takes_the_fast_path_and_never_builds_a_tree ... ok
[INFO] [stdout] test merge_config_is_read_from_json_and_partial_files_keep_the_other_defaults ... ok
[INFO] [stdout] test the_marker_size_git_passes_is_honoured ... ok
[INFO] [stdout] test every_fallback_rung_writes_the_line_merge_verbatim ... FAILED
[INFO] [stdout] test the_fast_path_does_not_run_the_semantic_check ... ok
[INFO] [stdout] test the_corpus_token_fusion_case_merges_cleanly_and_correctly ... ok
[INFO] [stdout] test unexpanded_label_placeholders_never_reach_the_output ... ok
[INFO] [stdout] test the_semantic_check_can_make_the_merge_a_conflict ... ok
[INFO] [stdout] test the_language_comes_from_the_pathname_not_from_the_temp_file_name ... ok
[INFO] [stdout] test the_result_is_written_to_ours_and_nowhere_else ... ok
[INFO] [stdout] test the_fast_path_can_be_switched_off ... ok
[INFO] [stdout] test the_marker_size_reaches_the_fallback_too ... ok
[INFO] [stdout] test the_semantic_check_can_be_switched_off ... ok
[INFO] [stdout] test the_fast_path_verifies_its_answer_by_parsing_it ... ok
[INFO] [stdout] test the_semantic_check_reports_by_default ... ok
[INFO] [stdout] test an_unreadable_or_invalid_merge_config_falls_back_and_says_so ... ok
[INFO] [stdout] test the_driver_never_damages_ours_on_any_path ... FAILED
[INFO] [stdout] 
[INFO] [stdout] failures:
[INFO] [stdout] 
[INFO] [stdout] ---- every_fallback_rung_writes_the_line_merge_verbatim stdout ----
[INFO] [stdout] 
[INFO] [stdout] thread 'every_fallback_rung_writes_the_line_merge_verbatim' (3898) panicked at crates/sm-cli/tests/cli_merge.rs:579:9:
[INFO] [stdout] assertion `left == right` failed: timeout: stderr 
[INFO] [stdout]   left: None
[INFO] [stdout]  right: Some("timeout")
[INFO] [stdout] stack backtrace:
[INFO] [stdout]    0:     0x5ff21022e561 - <<std[70759c8f55707aa4]::sys::backtrace::BacktraceLock>::print::DisplayBacktrace as core[df12db4294e9bfd3]::fmt::Display>::fmt
[INFO] [stdout]    1:     0x5ff21024391a - core[df12db4294e9bfd3]::fmt::write
[INFO] [stdout]    2:     0x5ff210232d2c - <alloc[2182bb758b4b3781]::vec::Vec<u8> as core[df12db4294e9bfd3]::io::write::Write>::write_fmt
[INFO] [stdout]    3:     0x5ff210208866 - std[70759c8f55707aa4]::panicking::default_hook::{closure#0}
[INFO] [stdout]    4:     0x5ff210225a29 - std[70759c8f55707aa4]::panicking::default_hook
[INFO] [stdout]    5:     0x5ff21018aed0 - test[9d35eded1c95d3be]::test_main_inner::<test[9d35eded1c95d3be]::test_main_static::{closure#0}>::{closure#0}
[INFO] [stdout]    6:     0x5ff210225be2 - std[70759c8f55707aa4]::panicking::panic_with_hook
[INFO] [stdout]    7:     0x5ff210208912 - std[70759c8f55707aa4]::panicking::panic_handler::{closure#0}
[INFO] [stdout]    8:     0x5ff210201349 - std[70759c8f55707aa4]::sys::backtrace::__rust_end_short_backtrace::<std[70759c8f55707aa4]::panicking::panic_handler::{closure#0}, !>
[INFO] [stdout]    9:     0x5ff21020950d - __rustc[8fa7c3cbc660c2b3]::rust_begin_unwind
[INFO] [stdout]   10:     0x5ff21024404c - core[df12db4294e9bfd3]::panicking::panic_fmt
[INFO] [stdout]   11:     0x5ff210243fc3 - core[df12db4294e9bfd3]::panicking::assert_failed_inner
[INFO] [stdout]   12:     0x5ff210172939 - core[df12db4294e9bfd3]::panicking::assert_failed::<core[df12db4294e9bfd3]::option::Option<&str>, core[df12db4294e9bfd3]::option::Option<&str>>
[INFO] [stdout]   13:     0x5ff210164242 - <cli_merge[3586d86e4515eaa7]::every_fallback_rung_writes_the_line_merge_verbatim::{closure#0} as core[df12db4294e9bfd3]::ops::function::FnOnce<()>>::call_once
[INFO] [stdout]   14:     0x5ff21017e1bb - test[9d35eded1c95d3be]::__rust_begin_short_backtrace::<core[df12db4294e9bfd3]::result::Result<(), alloc[2182bb758b4b3781]::string::String>, fn() -> core[df12db4294e9bfd3]::result::Result<(), alloc[2182bb758b4b3781]::string::String>>
[INFO] [stdout]   15:     0x5ff21018b825 - test[9d35eded1c95d3be]::run_test::{closure#0}
[INFO] [stdout]   16:     0x5ff2101850e4 - std[70759c8f55707aa4]::sys::backtrace::__rust_begin_short_backtrace::<test[9d35eded1c95d3be]::run_test::{closure#1}, ()>
[INFO] [stdout]   17:     0x5ff21018e982 - <std[70759c8f55707aa4]::thread::lifecycle::spawn_unchecked<test[9d35eded1c95d3be]::run_test::{closure#1}, ()>::{closure#1} as core[df12db4294e9bfd3]::ops::function::FnOnce<()>>::call_once::{shim:vtable#0}
[INFO] [stdout]   18:     0x5ff21022d5b9 - <std[70759c8f55707aa4]::sys::thread::unix::Thread>::new::thread_start
[INFO] [stdout]   19:     0x703ff6313dfa - <unknown>
[INFO] [stdout]   20:     0x703ff63a73d4 - clone
[INFO] [stdout]   21:                0x0 - <unknown>
[INFO] [stdout] 
[INFO] [stdout] ---- the_driver_never_damages_ours_on_any_path stdout ----
[INFO] [stdout] 
[INFO] [stdout] thread 'the_driver_never_damages_ours_on_any_path' (3950) panicked at crates/sm-cli/tests/cli_merge.rs:1416:10:
[INFO] [stdout] driver property: Fail(Reason("assertion failed: `(left == right)` \n  left: `[105, 109, 112, 111, 114, 116, 32, 106, 97, 118, 97, 46, 117, 116, 105, 108, 46, 76, 105, 115, 116, 59, 105, 109, 112, 111, 114, 116, 32, 106, 97, 118, 97, 46, 117, 116, 105, 108, 46, 79, 112, 116, 105, 111, 110, 97, 108, 59, 10, 99, 108, 97, 115, 115, 32, 83, 109, 97, 108, 108, 32, 123, 10, 32, 32, 118, 111, 105, 100, 32, 103, 101, 110, 101, 114, 97, 116, 101, 100, 51, 40, 105, 110, 116, 32, 110, 41, 32, 123, 10, 32, 32, 32, 32, 105, 102, 32, 40, 114, 101, 97, 100, 121, 41, 32, 123, 32, 114, 117, 110, 40, 41, 59, 32, 125, 10, 32, 32, 32, 32, 117, 115, 101, 40, 110, 41, 59, 10, 32, 32, 125, 10, 10, 32, 32, 105, 110, 116, 32, 120, 32, 61, 32, 49, 59, 10, 32, 32, 105, 110, 116, 32, 121, 32, 61, 32, 49, 48, 51, 59, 10, 125, 10]`, \n right: `[60, 60, 60, 60, 60, 60, 60, 32, 111, 117, 114, 115, 10, 105, 109, 112, 111, 114, 116, 32, 106, 97, 118, 97, 46, 117, 116, 105, 108, 46, 76, 105, 115, 116, 59, 10, 61, 61, 61, 61, 61, 61, 61, 10, 105, 109, 112, 111, 114, 116, 32, 106, 97, 118, 97, 46, 117, 116, 105, 108, 46, 79, 112, 116, 105, 111, 110, 97, 108, 59, 10, 62, 62, 62, 62, 62, 62, 62, 32, 116, 104, 101, 105, 114, 115, 10, 99, 108, 97, 115, 115, 32, 83, 109, 97, 108, 108, 32, 123, 10, 32, 32, 118, 111, 105, 100, 32, 103, 101, 110, 101, 114, 97, 116, 101, 100, 51, 40, 105, 110, 116, 32, 110, 41, 32, 123, 10, 32, 32, 32, 32, 105, 102, 32, 40, 114, 101, 97, 100, 121, 41, 32, 123, 32, 114, 117, 110, 40, 41, 59, 32, 125, 10, 32, 32, 32, 32, 117, 115, 101, 40, 110, 41, 59, 10, 32, 32, 125, 10, 10, 32, 32, 105, 110, 116, 32, 120, 32, 61, 32, 49, 59, 10, 32, 32, 105, 110, 116, 32, 121, 32, 61, 32, 49, 48, 51, 59, 10, 125, 10]`: [\"--timeout-ms\", \"1\"] did not write the line merge\n--- BASE ---\nclass Small {\n  int x = 1;\n  int y = 2;\n}\n--- OURS ---\nimport java.util.List;\nclass Small {\n  int x = 1;\n  int y = 103;\n}\n--- THEIRS ---\nimport java.util.Optional;\nclass Small {\n  void generated3(int n) {\n    if (ready) { run(); }\n    use(n);\n  }\n\n  int x = 1;\n  int y = 2;\n}\n at crates/sm-cli/tests/cli_merge.rs:1376"), (3, [Mutation { kind: AddImport, site: 25410, variant: 64995 }, Mutation { kind: ChangeLiteral, site: 65057, variant: 34554 }, Mutation { kind: MoveMemberAcrossContainers, site: 46318, variant: 15856 }], [Mutation { kind: AddImport, site: 53374, variant: 62954 }, Mutation { kind: InsertMember, site: 27128, variant: 38683 }, Mutation { kind: InsertStatement, site: 64622, variant: 4697 }]))
[INFO] [stdout] stack backtrace:
[INFO] [stdout]    0:     0x5ff21022e561 - <<std[70759c8f55707aa4]::sys::backtrace::BacktraceLock>::print::DisplayBacktrace as core[df12db4294e9bfd3]::fmt::Display>::fmt
[INFO] [stdout]    1:     0x5ff21024391a - core[df12db4294e9bfd3]::fmt::write
[INFO] [stdout]    2:     0x5ff210232d2c - <alloc[2182bb758b4b3781]::vec::Vec<u8> as core[df12db4294e9bfd3]::io::write::Write>::write_fmt
[INFO] [stdout]    3:     0x5ff210208866 - std[70759c8f55707aa4]::panicking::default_hook::{closure#0}
[INFO] [stdout]    4:     0x5ff210225a29 - std[70759c8f55707aa4]::panicking::default_hook
[INFO] [stdout]    5:     0x5ff21018aed0 - test[9d35eded1c95d3be]::test_main_inner::<test[9d35eded1c95d3be]::test_main_static::{closure#0}>::{closure#0}
[INFO] [stdout]    6:     0x5ff210225be2 - std[70759c8f55707aa4]::panicking::panic_with_hook
[INFO] [stdout]    7:     0x5ff210208912 - std[70759c8f55707aa4]::panicking::panic_handler::{closure#0}
[INFO] [stdout]    8:     0x5ff210201349 - std[70759c8f55707aa4]::sys::backtrace::__rust_end_short_backtrace::<std[70759c8f55707aa4]::panicking::panic_handler::{closure#0}, !>
[INFO] [stdout]    9:     0x5ff21020950d - __rustc[8fa7c3cbc660c2b3]::rust_begin_unwind
[INFO] [stdout]   10:     0x5ff21024404c - core[df12db4294e9bfd3]::panicking::panic_fmt
[INFO] [stdout]   11:     0x5ff210243e22 - core[df12db4294e9bfd3]::result::unwrap_failed
[INFO] [stdout]   12:     0x5ff210160d3e - <cli_merge[3586d86e4515eaa7]::the_driver_never_damages_ours_on_any_path::{closure#0} as core[df12db4294e9bfd3]::ops::function::FnOnce<()>>::call_once
[INFO] [stdout]   13:     0x5ff21017e1bb - test[9d35eded1c95d3be]::__rust_begin_short_backtrace::<core[df12db4294e9bfd3]::result::Result<(), alloc[2182bb758b4b3781]::string::String>, fn() -> core[df12db4294e9bfd3]::result::Result<(), alloc[2182bb758b4b3781]::string::String>>
[INFO] [stdout]   14:     0x5ff21018b825 - test[9d35eded1c95d3be]::run_test::{closure#0}
[INFO] [stdout]   15:     0x5ff2101850e4 - std[70759c8f55707aa4]::sys::backtrace::__rust_begin_short_backtrace::<test[9d35eded1c95d3be]::run_test::{closure#1}, ()>
[INFO] [stdout]   16:     0x5ff21018e982 - <std[70759c8f55707aa4]::thread::lifecycle::spawn_unchecked<test[9d35eded1c95d3be]::run_test::{closure#1}, ()>::{closure#1} as core[df12db4294e9bfd3]::ops::function::FnOnce<()>>::call_once::{shim:vtable#0}
[INFO] [stdout]   17:     0x5ff21022d5b9 - <std[70759c8f55707aa4]::sys::thread::unix::Thread>::new::thread_start
[INFO] [stdout]   18:     0x703ff6313dfa - <unknown>
[INFO] [stdout]   19:     0x703ff63a73d4 - clone
[INFO] [stdout]   20:                0x0 - <unknown>
[INFO] [stdout] 
[INFO] [stdout] 
[INFO] [stdout] failures:
[INFO] [stdout]     every_fallback_rung_writes_the_line_merge_verbatim
[INFO] [stdout]     the_driver_never_damages_ours_on_any_path
[INFO] [stdout] 
[INFO] [stdout] test result: FAILED. 32 passed; 2 failed; 0 ignored; 0 measured; 0 filtered out; finished in 2.07s
[INFO] [stdout] 
[INFO] [stderr] error: test failed, to rerun pass `-p sm-cli --test cli_merge`
[INFO] running `Command { std: "docker" "inspect" "b8fb59519c240933ef2f6bfa4902fc713dd16d8bf1f9539fdbcd590690f0c7b2", kill_on_drop: false }`
[INFO] running `Command { std: "docker" "rm" "-f" "b8fb59519c240933ef2f6bfa4902fc713dd16d8bf1f9539fdbcd590690f0c7b2", kill_on_drop: false }`
[INFO] [stdout] b8fb59519c240933ef2f6bfa4902fc713dd16d8bf1f9539fdbcd590690f0c7b2
