[INFO] cloning repository https://github.com/cynthia/sloppng
[INFO] running `Command { std: "git" "-c" "credential.helper=" "-c" "credential.helper=/workspace/cargo-home/bin/git-credential-null" "clone" "--bare" "https://github.com/cynthia/sloppng" "/workspace/cache/git-repos/https%3A%2F%2Fgithub.com%2Fcynthia%2Fsloppng", kill_on_drop: false }`
[INFO] [stderr] Cloning into bare repository '/workspace/cache/git-repos/https%3A%2F%2Fgithub.com%2Fcynthia%2Fsloppng'...
[INFO] running `Command { std: "git" "rev-parse" "HEAD", kill_on_drop: false }`
[INFO] [stdout] 635a0a66cab5f1cc724173e3c8395402cada8d57
[INFO] testing cynthia/sloppng against 1.99.0-beta.8+cargoflags=--release for beta-release-1.100-2
[INFO] running `Command { std: "git" "clone" "/workspace/cache/git-repos/https%3A%2F%2Fgithub.com%2Fcynthia%2Fsloppng" "/workspace/builds/worker-4-tc1/source", kill_on_drop: false }`
[INFO] [stderr] Cloning into '/workspace/builds/worker-4-tc1/source'...
[INFO] [stderr] done.
[INFO] started tweaking git repo https://github.com/cynthia/sloppng
[INFO] finished tweaking git repo https://github.com/cynthia/sloppng
[INFO] tweaked toml for git repo https://github.com/cynthia/sloppng written to /workspace/builds/worker-4-tc1/source/Cargo.toml
[INFO] validating manifest of git repo https://github.com/cynthia/sloppng on toolchain 1.99.0-beta.8
[INFO] running `Command { std: CARGO_HOME="/workspace/cargo-home" RUSTUP_HOME="/workspace/rustup-home" "/workspace/cargo-home/bin/cargo" "+1.99.0-beta.8" "metadata" "--manifest-path" "Cargo.toml" "--no-deps", kill_on_drop: false }`
[INFO] crate git repo https://github.com/cynthia/sloppng already has a lockfile, it will not be regenerated
[INFO] running `Command { std: CARGO_HOME="/workspace/cargo-home" RUSTUP_HOME="/workspace/rustup-home" "/workspace/cargo-home/bin/cargo" "+1.99.0-beta.8" "fetch" "--manifest-path" "Cargo.toml", kill_on_drop: false }`
[INFO] running `Command { std: "docker" "create" "-v" "/var/lib/crater-agent-workspace/builds/worker-4-tc1/source:/opt/rustwide/workdir:ro,Z" "-v" "/var/lib/crater-agent-workspace/builds/worker-4-tc1/target:/opt/rustwide/target:rw,Z" "-v" "/var/lib/crater-agent-workspace/cargo-home:/opt/rustwide/cargo-home:ro,Z" "-v" "/var/lib/crater-agent-workspace/rustup-home:/opt/rustwide/rustup-home:ro,Z" "-m" "1610612736" "--network" "none" "ghcr.io/rust-lang/crates-build-env/linux@sha256:77db811e55d90add9212f6832c23229e3de5f1c1f9905e8cb07319ea15df73ac" "sleep" "infinity", kill_on_drop: false }`
[INFO] [stdout] a38193a4a6b0e22be79c795c62b8df8079e0fffd0745a3a7b6a3d64df54575c9
[INFO] running `Command { std: "docker" "start" "a38193a4a6b0e22be79c795c62b8df8079e0fffd0745a3a7b6a3d64df54575c9", kill_on_drop: false }`
[INFO] running `Command { std: "docker" "inspect" "a38193a4a6b0e22be79c795c62b8df8079e0fffd0745a3a7b6a3d64df54575c9", kill_on_drop: false }`
[INFO] running `Command { std: "docker" "exec" "-e" "SOURCE_DIR=/opt/rustwide/workdir" "-e" "CARGO_HOME=/opt/rustwide/cargo-home" "-e" "RUSTUP_HOME=/opt/rustwide/rustup-home" "-e" "CARGO_TARGET_DIR=/opt/rustwide/target" "-w" "/opt/rustwide/workdir" "--user" "0:0" "a38193a4a6b0e22be79c795c62b8df8079e0fffd0745a3a7b6a3d64df54575c9" "/opt/rustwide/cargo-home/bin/cargo" "+1.99.0-beta.8" "metadata" "--no-deps" "--format-version=1", kill_on_drop: false }`
[INFO] running `Command { std: "docker" "inspect" "a38193a4a6b0e22be79c795c62b8df8079e0fffd0745a3a7b6a3d64df54575c9", kill_on_drop: false }`
[INFO] running `Command { std: "docker" "exec" "-e" "SOURCE_DIR=/opt/rustwide/workdir" "-e" "CARGO_HOME=/opt/rustwide/cargo-home" "-e" "RUSTUP_HOME=/opt/rustwide/rustup-home" "-e" "CARGO_TARGET_DIR=/opt/rustwide/target" "-e" "CARGO_INCREMENTAL=0" "-e" "RUST_BACKTRACE=full" "-e" "RUSTFLAGS=--cap-lints=warn" "-e" "RUSTDOCFLAGS=--cap-lints=warn" "-w" "/opt/rustwide/workdir" "--user" "0:0" "a38193a4a6b0e22be79c795c62b8df8079e0fffd0745a3a7b6a3d64df54575c9" "/opt/rustwide/cargo-home/bin/cargo" "+1.99.0-beta.8" "build" "--frozen" "--message-format=json" "--release", kill_on_drop: false }`
[INFO] [stderr]    Compiling proc-macro2 v1.0.106
[INFO] [stderr]    Compiling unicode-ident v1.0.24
[INFO] [stderr]    Compiling crc32fast v1.5.0
[INFO] [stderr]    Compiling quote v1.0.45
[INFO] [stderr]    Compiling cfg-if v1.0.4
[INFO] [stderr]    Compiling simd-adler32 v0.3.8
[INFO] [stderr]    Compiling utf8parse v0.2.2
[INFO] [stderr]    Compiling adler2 v2.0.1
[INFO] [stderr]    Compiling is_terminal_polyfill v1.70.2
[INFO] [stderr]    Compiling anstyle-parse v1.0.0
[INFO] [stderr]    Compiling colorchoice v1.0.5
[INFO] [stderr]    Compiling miniz_oxide v0.8.9
[INFO] [stderr]    Compiling anstyle-query v1.1.5
[INFO] [stderr]    Compiling anstyle v1.0.14
[INFO] [stderr]    Compiling heck v0.5.0
[INFO] [stderr]    Compiling clap_lex v1.1.0
[INFO] [stderr]    Compiling strsim v0.11.1
[INFO] [stderr]    Compiling anstream v1.0.0
[INFO] [stderr]    Compiling clap_builder v4.6.0
[INFO] [stderr]    Compiling flate2 v1.1.9
[INFO] [stderr]    Compiling syn v2.0.117
[INFO] [stderr]    Compiling sloppng v0.1.0 (/opt/rustwide/workdir/sloppng)
[INFO] [stderr]    Compiling sloppng-ffi v0.1.0 (/opt/rustwide/workdir/sloppng-ffi)
[INFO] [stderr]    Compiling clap_derive v4.6.0
[INFO] [stderr]    Compiling clap v4.6.0
[INFO] [stderr]    Compiling sloppng-cli v0.1.0 (/opt/rustwide/workdir/sloppng-cli)
[INFO] [stderr]     Finished `release` profile [optimized] target(s) in 30.83s
[INFO] running `Command { std: "docker" "inspect" "a38193a4a6b0e22be79c795c62b8df8079e0fffd0745a3a7b6a3d64df54575c9", kill_on_drop: false }`
[INFO] running `Command { std: "docker" "exec" "-e" "SOURCE_DIR=/opt/rustwide/workdir" "-e" "CARGO_HOME=/opt/rustwide/cargo-home" "-e" "RUSTUP_HOME=/opt/rustwide/rustup-home" "-e" "CARGO_TARGET_DIR=/opt/rustwide/target" "-e" "CARGO_INCREMENTAL=0" "-e" "RUST_BACKTRACE=full" "-e" "RUSTFLAGS=--cap-lints=warn" "-e" "RUSTDOCFLAGS=--cap-lints=warn" "-w" "/opt/rustwide/workdir" "--user" "0:0" "a38193a4a6b0e22be79c795c62b8df8079e0fffd0745a3a7b6a3d64df54575c9" "/opt/rustwide/cargo-home/bin/cargo" "+1.99.0-beta.8" "test" "--frozen" "--no-run" "--message-format=json" "--release", kill_on_drop: false }`
[INFO] [stderr]    Compiling zmij v1.0.21
[INFO] [stderr]    Compiling serde_core v1.0.228
[INFO] [stderr]    Compiling serde_json v1.0.149
[INFO] [stderr]    Compiling memchr v2.8.0
[INFO] [stderr]    Compiling itoa v1.0.17
[INFO] [stderr]    Compiling sloppng-ffi v0.1.0 (/opt/rustwide/workdir/sloppng-ffi)
[INFO] [stderr]    Compiling sloppng-cli v0.1.0 (/opt/rustwide/workdir/sloppng-cli)
[INFO] [stderr]    Compiling sloppng v0.1.0 (/opt/rustwide/workdir/sloppng)
[INFO] [stderr]     Finished `release` profile [optimized] target(s) in 20.77s
[INFO] running `Command { std: "docker" "inspect" "a38193a4a6b0e22be79c795c62b8df8079e0fffd0745a3a7b6a3d64df54575c9", kill_on_drop: false }`
[INFO] running `Command { std: "docker" "exec" "-e" "SOURCE_DIR=/opt/rustwide/workdir" "-e" "CARGO_HOME=/opt/rustwide/cargo-home" "-e" "RUSTUP_HOME=/opt/rustwide/rustup-home" "-e" "CARGO_TARGET_DIR=/opt/rustwide/target" "-e" "CARGO_INCREMENTAL=0" "-e" "RUST_BACKTRACE=full" "-e" "RUSTFLAGS=--cap-lints=warn" "-e" "RUSTDOCFLAGS=--cap-lints=warn" "-w" "/opt/rustwide/workdir" "--user" "0:0" "a38193a4a6b0e22be79c795c62b8df8079e0fffd0745a3a7b6a3d64df54575c9" "/opt/rustwide/cargo-home/bin/cargo" "+1.99.0-beta.8" "test" "--frozen" "--release", kill_on_drop: false }`
[INFO] [stderr]     Finished `release` profile [optimized] target(s) in 0.08s
[INFO] [stderr]      Running unittests src/lib.rs (/opt/rustwide/target/release/deps/sloppng-c458eaccb39a2477)
[INFO] [stdout] 
[INFO] [stdout] running 92 tests
[INFO] [stdout] test crc::tests::test_crc_empty ... ok
[INFO] [stdout] test chunk::tests::test_chunk_roundtrip_with_data ... ok
[INFO] [stdout] test chunk::tests::test_multiple_chunks ... ok
[INFO] [stdout] test chunk::tests::test_chunk_crc_validation ... ok
[INFO] [stdout] test chunk::tests::test_ihdr_chunk_roundtrip ... ok
[INFO] [stdout] test chunk::tests::test_invalid_signature ... ok
[INFO] [stdout] test crc::tests::test_crc_ihdr_chunk ... ok
[INFO] [stdout] test crc::tests::test_crc_iend ... ok
[INFO] [stdout] test crc::tests::test_crc_known_string ... ok
[INFO] [stdout] test crc::tests::test_incremental_crc ... ok
[INFO] [stdout] test decoder::tests::test_decode_16bit_truecolor ... ok
[INFO] [stdout] test decoder::tests::test_decode_gama ... ok
[INFO] [stdout] test decoder::tests::test_decode_1x1_truecolor ... ok
[INFO] [stdout] test decoder::tests::test_decode_grayscale_8bit ... ok
[INFO] [stdout] test chunk::tests::test_chunk_roundtrip_empty ... ok
[INFO] [stdout] test decoder::tests::test_decode_2x2_truecolor ... ok
[INFO] [stdout] test chunk::tests::test_signature_roundtrip ... ok
[INFO] [stdout] test decoder::tests::test_decode_text ... ok
[INFO] [stdout] test decoder::tests::test_decode_trns_grayscale ... ok
[INFO] [stdout] test decoder::tests::test_decode_indexed_color ... ok
[INFO] [stdout] test decoder::tests::test_decode_sub_byte_indexed_2bit ... ok
[INFO] [stdout] test decoder::tests::test_decode_trns_indexed ... ok
[INFO] [stdout] test decoder::tests::test_decode_sub_byte_grayscale_1bit ... ok
[INFO] [stdout] test decoder::tests::test_decode_trns_truecolor ... ok
[INFO] [stdout] test decoder::tests::test_decode_sub_byte_grayscale_4bit ... ok
[INFO] [stdout] test decoder::tests::test_decode_multiple_idat_chunks ... ok
[INFO] [stdout] test decoder::tests::test_gama_after_plte_rejected ... ok
[INFO] [stdout] test decoder::tests::test_invalid_palette_length ... ok
[INFO] [stdout] test decoder::tests::test_invalid_signature ... ok
[INFO] [stdout] test decoder::tests::test_decode_grayscale_alpha ... ok
[INFO] [stdout] test decoder::tests::test_decode_with_sub_filter ... ok
[INFO] [stdout] test decoder::tests::test_expand_palette_out_of_range ... ok
[INFO] [stdout] test decoder::tests::test_decode_truecolor_alpha ... ok
[INFO] [stdout] test decoder::tests::test_decode_with_up_filter ... ok
[INFO] [stdout] test decoder::tests::test_missing_ihdr ... ok
[INFO] [stdout] test decoder::tests::test_decode_ztxt ... ok
[INFO] [stdout] test decoder::tests::test_missing_plte_for_indexed ... ok
[INFO] [stdout] test decoder::tests::test_read_header_only ... ok
[INFO] [stdout] test decoder::tests::test_parse_ihdr_invalid_length ... ok
[INFO] [stdout] test decoder::tests::test_idat_not_consecutive ... ok
[INFO] [stdout] test decoder::tests::test_parse_ihdr_known_bytes ... ok
[INFO] [stdout] test decoder::tests::test_missing_idat ... ok
[INFO] [stdout] test decoder::tests::test_parse_ihdr_invalid_color_type ... ok
[INFO] [stdout] test decoder::tests::test_unpack_pixels_2bit ... ok
[INFO] [stdout] test decoder::tests::test_unpack_pixels_1bit ... ok
[INFO] [stdout] test decoder::tests::test_unknown_ancillary_chunk_skipped ... ok
[INFO] [stdout] test encoder::tests::test_encode_adaptive_filter ... ok
[INFO] [stdout] test encoder::tests::test_encode_indexed_color ... ok
[INFO] [stdout] test encoder::tests::test_encode_truecolor_alpha ... ok
[INFO] [stdout] test encoder::tests::test_encode_each_fixed_filter ... ok
[INFO] [stdout] test encoder::tests::test_encode_with_gamma ... ok
[INFO] [stdout] test decoder::tests::test_unknown_critical_chunk_rejected ... ok
[INFO] [stdout] test decoder::tests::test_unpack_pixels_4bit ... ok
[INFO] [stdout] test encoder::tests::test_palette_on_grayscale_fails ... ok
[INFO] [stdout] test encoder::tests::test_encode_1x1_red_truecolor ... ok
[INFO] [stdout] test encoder::tests::test_encode_grayscale ... ok
[INFO] [stdout] test encoder::tests::test_encode_interlaced_adam7 ... ok
[INFO] [stdout] test encoder::tests::test_wrong_pixel_length_fails ... ok
[INFO] [stdout] test filter::tests::all_filters_round_trip_bpp1 ... ok
[INFO] [stdout] test filter::tests::average_filter_9bit_no_overflow ... ok
[INFO] [stdout] test filter::tests::paeth_filter_round_trip_bpp1 ... ok
[INFO] [stdout] test filter::tests::paeth_filter_round_trip_bpp4 ... ok
[INFO] [stdout] test filter::tests::paeth_predictor_known_values ... ok
[INFO] [stdout] test filter::tests::average_filter_bpp1 ... ok
[INFO] [stdout] test filter::tests::none_is_identity ... ok
[INFO] [stdout] test filter::tests::all_filters_round_trip_bpp3 ... ok
[INFO] [stdout] test encoder::tests::test_indexed_without_palette_fails ... ok
[INFO] [stdout] test encoder::tests::test_multiple_compression_levels ... ok
[INFO] [stdout] test filter::tests::all_filters_round_trip_no_prior ... ok
[INFO] [stdout] test encoder::tests::test_encode_with_text_chunk ... ok
[INFO] [stdout] test filter::tests::up_filter_no_prior ... ok
[INFO] [stdout] test filter::tests::select_filter_prefers_up_for_constant_rows ... ok
[INFO] [stdout] test filter::tests::sub_filter_bpp3 ... ok
[INFO] [stdout] test filter::tests::select_filter_returns_reversible ... ok
[INFO] [stdout] test filter::tests::sub_filter_bpp1 ... ok
[INFO] [stdout] test interlace::tests::all_pass_pixels_account_for_full_image ... ok
[INFO] [stdout] test filter::tests::up_filter ... ok
[INFO] [stdout] test filter::tests::wrapping_arithmetic_correctness ... ok
[INFO] [stdout] test interlace::tests::interlace_8x8_pass_pixel_placement ... ok
[INFO] [stdout] test interlace::tests::interlace_deinterlace_round_trip_1x1 ... ok
[INFO] [stdout] test tga::tests::test_bgr_to_rgb_conversion ... ok
[INFO] [stdout] test interlace::tests::pass_dimensions_1x1 ... ok
[INFO] [stdout] test interlace::tests::pass_dimensions_7x7 ... ok
[INFO] [stdout] test interlace::tests::pass_dimensions_8x8 ... ok
[INFO] [stdout] test interlace::tests::interlace_deinterlace_round_trip_8x8_grayscale ... ok
[INFO] [stdout] test interlace::tests::interlace_deinterlace_round_trip_various_sizes ... ok
[INFO] [stdout] test interlace::tests::pass_dimensions_9x9 ... ok
[INFO] [stdout] test interlace::tests::interlace_deinterlace_round_trip_rgb ... ok
[INFO] [stdout] test tga::tests::test_bottom_to_top_flip ... ok
[INFO] [stdout] test tga::tests::test_read_lenna_tga ... FAILED
[INFO] [stdout] test tga::tests::test_reject_non_type2 ... ok
[INFO] [stdout] test tga::tests::test_truncated_file ... ok
[INFO] [stdout] 
[INFO] [stdout] failures:
[INFO] [stdout] 
[INFO] [stdout] ---- tga::tests::test_read_lenna_tga stdout ----
[INFO] [stdout] 
[INFO] [stdout] thread 'tga::tests::test_read_lenna_tga' (913) panicked at sloppng/src/tga.rs:109:46:
[INFO] [stdout] failed to read lenna.tga: Os { code: 2, kind: NotFound, message: "No such file or directory" }
[INFO] [stdout] stack backtrace:
[INFO] [stdout]    0:     0x58e80266b451 - <<std[70759c8f55707aa4]::sys::backtrace::BacktraceLock>::print::DisplayBacktrace as core[df12db4294e9bfd3]::fmt::Display>::fmt
[INFO] [stdout]    1:     0x58e80267fa1a - core[df12db4294e9bfd3]::fmt::write
[INFO] [stdout]    2:     0x58e80266f8ec - <alloc[2182bb758b4b3781]::vec::Vec<u8> as core[df12db4294e9bfd3]::io::write::Write>::write_fmt
[INFO] [stdout]    3:     0x58e802647116 - std[70759c8f55707aa4]::panicking::default_hook::{closure#0}
[INFO] [stdout]    4:     0x58e8026635a9 - std[70759c8f55707aa4]::panicking::default_hook
[INFO] [stdout]    5:     0x58e8025f5850 - test[9d35eded1c95d3be]::test_main_inner::<test[9d35eded1c95d3be]::test_main_static::{closure#0}>::{closure#0}
[INFO] [stdout]    6:     0x58e802663762 - std[70759c8f55707aa4]::panicking::panic_with_hook
[INFO] [stdout]    7:     0x58e8026471c2 - std[70759c8f55707aa4]::panicking::panic_handler::{closure#0}
[INFO] [stdout]    8:     0x58e80263fd09 - std[70759c8f55707aa4]::sys::backtrace::__rust_end_short_backtrace::<std[70759c8f55707aa4]::panicking::panic_handler::{closure#0}, !>
[INFO] [stderr] error: test failed, to rerun pass `-p sloppng --lib`
[INFO] [stdout]    9:     0x58e802647dbd - __rustc[8fa7c3cbc660c2b3]::rust_begin_unwind
[INFO] [stdout]   10:     0x58e80268014c - core[df12db4294e9bfd3]::panicking::panic_fmt
[INFO] [stdout]   11:     0x58e80267ff22 - core[df12db4294e9bfd3]::result::unwrap_failed
[INFO] [stdout]   12:     0x58e8025dbe2e - sloppng[7e5344de3a0905ef]::tga::tests::test_read_lenna_tga
[INFO] [stdout]   13:     0x58e8025d7829 - <sloppng[7e5344de3a0905ef]::tga::tests::test_read_lenna_tga::{closure#0} as core[df12db4294e9bfd3]::ops::function::FnOnce<()>>::call_once
[INFO] [stdout]   14:     0x58e8025e8b3b - test[9d35eded1c95d3be]::__rust_begin_short_backtrace::<core[df12db4294e9bfd3]::result::Result<(), alloc[2182bb758b4b3781]::string::String>, fn() -> core[df12db4294e9bfd3]::result::Result<(), alloc[2182bb758b4b3781]::string::String>>
[INFO] [stdout]   15:     0x58e8025f61a5 - test[9d35eded1c95d3be]::run_test::{closure#0}
[INFO] [stdout]   16:     0x58e8025efa64 - std[70759c8f55707aa4]::sys::backtrace::__rust_begin_short_backtrace::<test[9d35eded1c95d3be]::run_test::{closure#1}, ()>
[INFO] [stdout]   17:     0x58e8025f9302 - <std[70759c8f55707aa4]::thread::lifecycle::spawn_unchecked<test[9d35eded1c95d3be]::run_test::{closure#1}, ()>::{closure#1} as core[df12db4294e9bfd3]::ops::function::FnOnce<()>>::call_once::{shim:vtable#0}
[INFO] [stdout]   18:     0x58e80266a819 - <std[70759c8f55707aa4]::sys::thread::unix::Thread>::new::thread_start
[INFO] [stdout]   19:     0x789f7263cdfa - <unknown>
[INFO] [stdout]   20:     0x789f726d03d4 - clone
[INFO] [stdout]   21:                0x0 - <unknown>
[INFO] [stdout] 
[INFO] [stdout] 
[INFO] [stdout] failures:
[INFO] [stdout]     tga::tests::test_read_lenna_tga
[INFO] [stdout] 
[INFO] [stdout] test result: FAILED. 91 passed; 1 failed; 0 ignored; 0 measured; 0 filtered out; finished in 0.05s
[INFO] [stdout] 
[INFO] running `Command { std: "docker" "inspect" "a38193a4a6b0e22be79c795c62b8df8079e0fffd0745a3a7b6a3d64df54575c9", kill_on_drop: false }`
[INFO] running `Command { std: "docker" "rm" "-f" "a38193a4a6b0e22be79c795c62b8df8079e0fffd0745a3a7b6a3d64df54575c9", kill_on_drop: false }`
[INFO] [stdout] a38193a4a6b0e22be79c795c62b8df8079e0fffd0745a3a7b6a3d64df54575c9
