[INFO] cloning repository https://github.com/cwchanap/canopus
[INFO] running `Command { std: "git" "-c" "credential.helper=" "-c" "credential.helper=/workspace/cargo-home/bin/git-credential-null" "clone" "--bare" "https://github.com/cwchanap/canopus" "/workspace/cache/git-repos/https%3A%2F%2Fgithub.com%2Fcwchanap%2Fcanopus", kill_on_drop: false }`
[INFO] [stderr] Cloning into bare repository '/workspace/cache/git-repos/https%3A%2F%2Fgithub.com%2Fcwchanap%2Fcanopus'...
[INFO] running `Command { std: "git" "rev-parse" "HEAD", kill_on_drop: false }`
[INFO] [stdout] 6590d5c8fca8f9033eb68eb322e3d9b20b4074f2
[INFO] testing cwchanap/canopus/6590d5c8fca8f9033eb68eb322e3d9b20b4074f2 against 1.99.0-beta.8+cargoflags=--release for beta-release-1.100-2
[INFO] running `Command { std: "git" "clone" "/workspace/cache/git-repos/https%3A%2F%2Fgithub.com%2Fcwchanap%2Fcanopus" "/workspace/builds/worker-3-tc1/source", kill_on_drop: false }`
[INFO] [stderr] Cloning into '/workspace/builds/worker-3-tc1/source'...
[INFO] [stderr] done.
[INFO] started tweaking git repo https://github.com/cwchanap/canopus
[INFO] finished tweaking git repo https://github.com/cwchanap/canopus
[INFO] tweaked toml for git repo https://github.com/cwchanap/canopus written to /workspace/builds/worker-3-tc1/source/Cargo.toml
[INFO] validating manifest of git repo https://github.com/cwchanap/canopus on toolchain 1.99.0-beta.8
[INFO] running `Command { std: CARGO_HOME="/workspace/cargo-home" RUSTUP_HOME="/workspace/rustup-home" "/workspace/cargo-home/bin/cargo" "+1.99.0-beta.8" "metadata" "--manifest-path" "Cargo.toml" "--no-deps", kill_on_drop: false }`
[INFO] crate git repo https://github.com/cwchanap/canopus already has a lockfile, it will not be regenerated
[INFO] running `Command { std: CARGO_HOME="/workspace/cargo-home" RUSTUP_HOME="/workspace/rustup-home" "/workspace/cargo-home/bin/cargo" "+1.99.0-beta.8" "fetch" "--manifest-path" "Cargo.toml", kill_on_drop: false }`
[INFO] [stderr]     Updating crates.io index
[INFO] [stderr]  Downloading crates ...
[INFO] [stderr]   Downloaded bitflags v2.9.3
[INFO] [stderr]   Downloaded tauri-build v2.5.5
[INFO] [stderr]   Downloaded serde_with_macros v3.16.1
[INFO] [stderr]   Downloaded cc v1.2.37
[INFO] [stderr]   Downloaded wit-bindgen v0.45.0
[INFO] [stderr]   Downloaded wasi v0.14.3+wasi-0.2.4
[INFO] [stderr]   Downloaded tauri-utils v2.8.2
[INFO] [stderr]   Downloaded regex v1.11.2
[INFO] [stderr]   Downloaded serde_with v3.16.1
[INFO] [stderr]   Downloaded regex-syntax v0.8.6
[INFO] [stderr]   Downloaded regex-automata v0.4.10
[INFO] [stderr]   Downloaded anyhow v1.0.99
[INFO] [stderr]   Downloaded libredox v0.1.9
[INFO] [stderr]   Downloaded tauri v2.10.2
[INFO] [stderr]   Downloaded tauri-runtime-wry v2.10.0
[INFO] [stderr]   Downloaded wry v0.54.2
[INFO] [stderr]   Downloaded objc2-javascript-core v0.3.2
[INFO] [stderr]   Downloaded toml_edit v0.23.5
[INFO] [stderr]   Downloaded objc2-security v0.3.2
[INFO] [stderr]   Downloaded tauri-runtime v2.10.0
[INFO] [stderr]   Downloaded tao v0.34.5
[INFO] [stderr]   Downloaded tauri-macros v2.5.4
[INFO] [stderr]   Downloaded tauri-codegen v2.5.4
[INFO] [stderr]   Downloaded tempfile v3.21.0
[INFO] [stderr]   Downloaded serial_test v3.4.0
[INFO] [stderr]   Downloaded serial_test_derive v3.4.0
[INFO] [stderr]   Downloaded zvariant v5.9.1
[INFO] [stderr]   Downloaded hashlink v0.11.0
[INFO] [stderr]   Downloaded zbus v5.12.0
[INFO] [stderr]   Downloaded rusqlite v0.38.0
[INFO] [stderr]   Downloaded zvariant_derive v5.9.1
[INFO] [stderr]   Downloaded zbus_macros v5.13.0
[INFO] [stderr]   Downloaded notify-rust v4.11.7
[INFO] [stderr]   Downloaded clap_derive v4.5.45
[INFO] [stderr]   Downloaded clap v4.5.46
[INFO] [stderr]   Downloaded mac-notification-sys v0.6.9
[INFO] [stderr]   Downloaded clap_builder v4.5.46
[INFO] [stderr]   Downloaded libsqlite3-sys v0.36.0
[INFO] [stderr]   Downloaded sqlite-wasm-rs v0.5.1
[INFO] running `Command { std: "docker" "create" "-v" "/var/lib/crater-agent-workspace/builds/worker-3-tc1/source:/opt/rustwide/workdir:ro,Z" "-v" "/var/lib/crater-agent-workspace/builds/worker-3-tc1/target:/opt/rustwide/target:rw,Z" "-v" "/var/lib/crater-agent-workspace/cargo-home:/opt/rustwide/cargo-home:ro,Z" "-v" "/var/lib/crater-agent-workspace/rustup-home:/opt/rustwide/rustup-home:ro,Z" "-m" "1610612736" "--network" "none" "ghcr.io/rust-lang/crates-build-env/linux@sha256:77db811e55d90add9212f6832c23229e3de5f1c1f9905e8cb07319ea15df73ac" "sleep" "infinity", kill_on_drop: false }`
[INFO] [stdout] 3de9e0b0e23445a6e06c2a2e2b9c321aeb864e50b4ea1d5d354feeb41f34babc
[INFO] running `Command { std: "docker" "start" "3de9e0b0e23445a6e06c2a2e2b9c321aeb864e50b4ea1d5d354feeb41f34babc", kill_on_drop: false }`
[INFO] running `Command { std: "docker" "inspect" "3de9e0b0e23445a6e06c2a2e2b9c321aeb864e50b4ea1d5d354feeb41f34babc", kill_on_drop: false }`
[INFO] running `Command { std: "docker" "exec" "-e" "SOURCE_DIR=/opt/rustwide/workdir" "-e" "CARGO_HOME=/opt/rustwide/cargo-home" "-e" "RUSTUP_HOME=/opt/rustwide/rustup-home" "-e" "CARGO_TARGET_DIR=/opt/rustwide/target" "-w" "/opt/rustwide/workdir" "--user" "0:0" "3de9e0b0e23445a6e06c2a2e2b9c321aeb864e50b4ea1d5d354feeb41f34babc" "/opt/rustwide/cargo-home/bin/cargo" "+1.99.0-beta.8" "metadata" "--no-deps" "--format-version=1", kill_on_drop: false }`
[INFO] running `Command { std: "docker" "inspect" "3de9e0b0e23445a6e06c2a2e2b9c321aeb864e50b4ea1d5d354feeb41f34babc", kill_on_drop: false }`
[INFO] running `Command { std: "docker" "exec" "-e" "SOURCE_DIR=/opt/rustwide/workdir" "-e" "CARGO_HOME=/opt/rustwide/cargo-home" "-e" "RUSTUP_HOME=/opt/rustwide/rustup-home" "-e" "CARGO_TARGET_DIR=/opt/rustwide/target" "-e" "CARGO_INCREMENTAL=0" "-e" "RUST_BACKTRACE=full" "-e" "RUSTFLAGS=--cap-lints=warn" "-e" "RUSTDOCFLAGS=--cap-lints=warn" "-w" "/opt/rustwide/workdir" "--user" "0:0" "3de9e0b0e23445a6e06c2a2e2b9c321aeb864e50b4ea1d5d354feeb41f34babc" "/opt/rustwide/cargo-home/bin/cargo" "+1.99.0-beta.8" "build" "--frozen" "--message-format=json" "--release", kill_on_drop: false }`
[INFO] [stderr]    Compiling proc-macro2 v1.0.101
[INFO] [stderr]    Compiling libc v0.2.175
[INFO] [stderr]    Compiling bitflags v2.9.3
[INFO] [stderr]    Compiling crossbeam-utils v0.8.21
[INFO] [stderr]    Compiling parking_lot_core v0.9.11
[INFO] [stderr]    Compiling lock_api v0.4.13
[INFO] [stderr]    Compiling hashbrown v0.16.1
[INFO] [stderr]    Compiling num-traits v0.2.19
[INFO] [stderr]    Compiling serde_core v1.0.228
[INFO] [stderr]    Compiling serde_json v1.0.149
[INFO] [stderr]    Compiling serde v1.0.228
[INFO] [stderr]    Compiling memchr v2.7.5
[INFO] [stderr]    Compiling schemars v0.8.22
[INFO] [stderr]    Compiling toml_parser v1.0.9+spec-1.1.0
[INFO] [stderr]    Compiling memoffset v0.9.1
[INFO] [stderr]    Compiling dyn-clone v1.0.20
[INFO] [stderr]    Compiling log v0.4.27
[INFO] [stderr]    Compiling toml_datetime v0.7.5+spec-1.1.0
[INFO] [stderr]    Compiling nix v0.30.1
[INFO] [stderr]    Compiling http v0.2.12
[INFO] [stderr]    Compiling find-msvc-tools v0.1.1
[INFO] [stderr]    Compiling regex-syntax v0.8.6
[INFO] [stderr]    Compiling toml_edit v0.23.5
[INFO] [stderr]    Compiling futures-task v0.3.31
[INFO] [stderr]    Compiling cc v1.2.37
[INFO] [stderr]    Compiling unicode-ident v1.0.18
[INFO] [stderr]    Compiling rustix v1.0.8
[INFO] [stderr]    Compiling futures-util v0.3.31
[INFO] [stderr]    Compiling humantime v2.2.0
[INFO] [stderr]    Compiling sharded-slab v0.1.7
[INFO] [stderr]    Compiling quote v1.0.40
[INFO] [stderr]    Compiling indexmap v2.13.0
[INFO] [stderr]    Compiling syn v2.0.106
[INFO] [stderr]    Compiling concurrent-queue v2.5.0
[INFO] [stderr]    Compiling futures-lite v2.6.1
[INFO] [stderr]    Compiling tracing-log v0.2.0
[INFO] [stderr]    Compiling event-listener v5.4.1
[INFO] [stderr]    Compiling proc-macro-crate v3.4.0
[INFO] [stderr]    Compiling http-body v0.4.6
[INFO] [stderr]    Compiling event-listener-strategy v0.5.4
[INFO] [stderr]    Compiling thread_local v1.1.9
[INFO] [stderr]    Compiling futures-channel v0.3.31
[INFO] [stderr]    Compiling linux-raw-sys v0.9.4
[INFO] [stderr]    Compiling nu-ansi-term v0.50.1
[INFO] [stderr]    Compiling is_terminal_polyfill v1.70.1
[INFO] [stderr]    Compiling anstyle v1.0.11
[INFO] [stderr]    Compiling async-io v2.6.0
[INFO] [stderr]    Compiling anstream v0.6.20
[INFO] [stderr]    Compiling clap_lex v0.7.5
[INFO] [stderr]    Compiling regex-automata v0.4.10
[INFO] [stderr]    Compiling hashlink v0.11.0
[INFO] [stderr]    Compiling libsqlite3-sys v0.36.0
[INFO] [stderr]    Compiling clap_builder v4.5.46
[INFO] [stderr]    Compiling fallible-streaming-iterator v0.1.9
[INFO] [stderr]    Compiling fallible-iterator v0.3.0
[INFO] [stderr]    Compiling async-channel v2.5.0
[INFO] [stderr]    Compiling anyhow v1.0.99
[INFO] [stderr]    Compiling async-lock v3.4.2
[INFO] [stderr]    Compiling blocking v1.6.2
[INFO] [stderr]    Compiling signal-hook-registry v1.4.6
[INFO] [stderr]    Compiling socket2 v0.6.0
[INFO] [stderr]    Compiling mio v1.0.4
[INFO] [stderr]    Compiling socket2 v0.5.10
[INFO] [stderr]    Compiling dirs-sys-next v0.1.2
[INFO] [stderr]    Compiling parking_lot v0.12.4
[INFO] [stderr]    Compiling dirs-next v2.0.0
[INFO] [stderr]    Compiling dashmap v5.5.3
[INFO] [stderr]    Compiling nix v0.27.1
[INFO] [stderr]    Compiling getrandom v0.3.3
[INFO] [stderr]    Compiling uuid v1.19.0
[INFO] [stderr]    Compiling async-executor v1.13.3
[INFO] [stderr]    Compiling async-broadcast v0.7.2
[INFO] [stderr]    Compiling ordered-stream v0.2.0
[INFO] [stderr]    Compiling hooks v0.1.0 (/opt/rustwide/workdir/hooks)
[INFO] [stderr]    Compiling matchers v0.2.0
[INFO] [stderr]    Compiling serde_derive_internals v0.29.1
[INFO] [stderr]    Compiling polling v3.11.0
[INFO] [stderr]    Compiling serde_derive v1.0.228
[INFO] [stderr]    Compiling tracing-attributes v0.1.30
[INFO] [stderr]    Compiling tokio-macros v2.5.0
[INFO] [stderr]    Compiling schemars_derive v0.8.22
[INFO] [stderr]    Compiling enumflags2_derive v0.7.12
[INFO] [stderr]    Compiling async-trait v0.1.89
[INFO] [stderr]    Compiling thiserror-impl v1.0.69
[INFO] [stderr]    Compiling clap_derive v4.5.45
[INFO] [stderr]    Compiling async-signal v0.2.13
[INFO] [stderr]    Compiling serde_repr v0.1.20
[INFO] [stderr]    Compiling tokio v1.47.1
[INFO] [stderr]    Compiling async-process v2.5.0
[INFO] [stderr]    Compiling tracing v0.1.41
[INFO] [stderr]    Compiling tracing-subscriber v0.3.20
[INFO] [stderr]    Compiling thiserror v1.0.69
[INFO] [stderr]    Compiling clap v4.5.46
[INFO] [stderr]    Compiling zvariant_utils v3.3.0
[INFO] [stderr]    Compiling enumflags2 v0.7.12
[INFO] [stderr]    Compiling chrono v0.4.42
[INFO] [stderr]    Compiling toml_datetime v0.6.11
[INFO] [stderr]    Compiling serde_spanned v0.6.9
[INFO] [stderr]    Compiling toml_edit v0.22.27
[INFO] [stderr]    Compiling zvariant_derive v5.9.1
[INFO] [stderr]    Compiling zvariant v5.9.1
[INFO] [stderr]    Compiling toml v0.8.23
[INFO] [stderr]    Compiling schema v0.1.0 (/opt/rustwide/workdir/schema)
[INFO] [stderr]    Compiling zbus_names v4.3.1
[INFO] [stderr]    Compiling tokio-util v0.7.16
[INFO] [stderr]    Compiling h2 v0.3.27
[INFO] [stderr]    Compiling zbus_macros v5.13.0
[INFO] [stderr]    Compiling xtask v0.1.0 (/opt/rustwide/workdir/xtask)
[INFO] [stderr]    Compiling zbus v5.12.0
[INFO] [stderr]    Compiling hyper v0.14.32
[INFO] [stderr]    Compiling canopus-core v0.1.0 (/opt/rustwide/workdir/core)
[INFO] [stderr]    Compiling notify-rust v4.11.7
[INFO] [stderr]    Compiling ipc v0.1.0 (/opt/rustwide/workdir/ipc)
[INFO] [stderr]    Compiling rusqlite v0.38.0
[INFO] [stderr]    Compiling daemon v0.1.0 (/opt/rustwide/workdir/daemon)
[INFO] [stderr]    Compiling canopus-inbox v0.1.0 (/opt/rustwide/workdir/inbox)
[INFO] [stdout] warning: lint `no_mangle_generic_items` has been removed: converted into hard error, generic items must always be mangled
[INFO] [stdout]   |
[INFO] [stdout]   = note: requested on the command line with `-W no_mangle_generic_items`
[INFO] [stdout]   = note: `#[warn(renamed_and_removed_lints)]` on by default
[INFO] [stdout] 
[INFO] [stdout] 
[INFO] [stderr]    Compiling cli v0.1.0 (/opt/rustwide/workdir/cli)
[INFO] [stderr]     Finished `release` profile [optimized] target(s) in 4m 12s
[INFO] running `Command { std: "docker" "inspect" "3de9e0b0e23445a6e06c2a2e2b9c321aeb864e50b4ea1d5d354feeb41f34babc", kill_on_drop: false }`
[INFO] running `Command { std: "docker" "exec" "-e" "SOURCE_DIR=/opt/rustwide/workdir" "-e" "CARGO_HOME=/opt/rustwide/cargo-home" "-e" "RUSTUP_HOME=/opt/rustwide/rustup-home" "-e" "CARGO_TARGET_DIR=/opt/rustwide/target" "-e" "CARGO_INCREMENTAL=0" "-e" "RUST_BACKTRACE=full" "-e" "RUSTFLAGS=--cap-lints=warn" "-e" "RUSTDOCFLAGS=--cap-lints=warn" "-w" "/opt/rustwide/workdir" "--user" "0:0" "3de9e0b0e23445a6e06c2a2e2b9c321aeb864e50b4ea1d5d354feeb41f34babc" "/opt/rustwide/cargo-home/bin/cargo" "+1.99.0-beta.8" "test" "--frozen" "--no-run" "--message-format=json" "--release", kill_on_drop: false }`
[INFO] [stderr]    Compiling rustix v1.0.8
[INFO] [stderr]    Compiling tokio v1.47.1
[INFO] [stderr]    Compiling futures-util v0.3.31
[INFO] [stderr]    Compiling serial_test_derive v3.4.0
[INFO] [stderr]    Compiling schema v0.1.0 (/opt/rustwide/workdir/schema)
[INFO] [stderr]    Compiling hooks v0.1.0 (/opt/rustwide/workdir/hooks)
[INFO] [stderr]    Compiling futures-executor v0.3.31
[INFO] [stderr]    Compiling serial_test v3.4.0
[INFO] [stderr]    Compiling tempfile v3.21.0
[INFO] [stderr]    Compiling polling v3.11.0
[INFO] [stderr]    Compiling async-io v2.6.0
[INFO] [stderr]    Compiling async-signal v0.2.13
[INFO] [stderr]    Compiling async-process v2.5.0
[INFO] [stderr]    Compiling zbus v5.12.0
[INFO] [stderr]    Compiling tokio-util v0.7.16
[INFO] [stderr]    Compiling xtask v0.1.0 (/opt/rustwide/workdir/xtask)
[INFO] [stderr]    Compiling h2 v0.3.27
[INFO] [stderr]    Compiling hyper v0.14.32
[INFO] [stderr]    Compiling canopus-core v0.1.0 (/opt/rustwide/workdir/core)
[INFO] [stderr]    Compiling notify-rust v4.11.7
[INFO] [stderr]    Compiling canopus-inbox v0.1.0 (/opt/rustwide/workdir/inbox)
[INFO] [stdout] warning: lint `no_mangle_generic_items` has been removed: converted into hard error, generic items must always be mangled
[INFO] [stdout]   |
[INFO] [stdout]   = note: requested on the command line with `-W no_mangle_generic_items`
[INFO] [stdout]   = note: `#[warn(renamed_and_removed_lints)]` on by default
[INFO] [stdout] 
[INFO] [stdout] 
[INFO] [stderr]    Compiling ipc v0.1.0 (/opt/rustwide/workdir/ipc)
[INFO] [stderr]    Compiling daemon v0.1.0 (/opt/rustwide/workdir/daemon)
[INFO] [stderr]    Compiling cli v0.1.0 (/opt/rustwide/workdir/cli)
[INFO] [stdout] warning: lint `no_mangle_generic_items` has been removed: converted into hard error, generic items must always be mangled
[INFO] [stdout]   |
[INFO] [stdout]   = note: requested on the command line with `-W no_mangle_generic_items`
[INFO] [stdout]   = note: `#[warn(renamed_and_removed_lints)]` on by default
[INFO] [stdout] 
[INFO] [stdout] 
[INFO] [stdout] warning: lint `no_mangle_generic_items` has been removed: converted into hard error, generic items must always be mangled
[INFO] [stdout]   |
[INFO] [stdout]   = note: requested on the command line with `-W no_mangle_generic_items`
[INFO] [stdout]   = note: `#[warn(renamed_and_removed_lints)]` on by default
[INFO] [stdout] 
[INFO] [stdout] 
[INFO] [stdout] warning: lint `no_mangle_generic_items` has been removed: converted into hard error, generic items must always be mangled
[INFO] [stdout]   |
[INFO] [stdout]   = note: requested on the command line with `-W no_mangle_generic_items`
[INFO] [stdout]   = note: `#[warn(renamed_and_removed_lints)]` on by default
[INFO] [stdout] 
[INFO] [stdout] 
[INFO] [stdout] warning: lint `no_mangle_generic_items` has been removed: converted into hard error, generic items must always be mangled
[INFO] [stdout]   |
[INFO] [stdout]   = note: requested on the command line with `-W no_mangle_generic_items`
[INFO] [stdout]   = note: `#[warn(renamed_and_removed_lints)]` on by default
[INFO] [stdout] 
[INFO] [stdout] 
[INFO] [stdout] warning: lint `no_mangle_generic_items` has been removed: converted into hard error, generic items must always be mangled
[INFO] [stdout]   |
[INFO] [stdout]   = note: requested on the command line with `-W no_mangle_generic_items`
[INFO] [stdout]   = note: `#[warn(renamed_and_removed_lints)]` on by default
[INFO] [stdout] 
[INFO] [stdout] 
[INFO] [stderr]     Finished `release` profile [optimized] target(s) in 2m 54s
[INFO] running `Command { std: "docker" "inspect" "3de9e0b0e23445a6e06c2a2e2b9c321aeb864e50b4ea1d5d354feeb41f34babc", kill_on_drop: false }`
[INFO] running `Command { std: "docker" "exec" "-e" "SOURCE_DIR=/opt/rustwide/workdir" "-e" "CARGO_HOME=/opt/rustwide/cargo-home" "-e" "RUSTUP_HOME=/opt/rustwide/rustup-home" "-e" "CARGO_TARGET_DIR=/opt/rustwide/target" "-e" "CARGO_INCREMENTAL=0" "-e" "RUST_BACKTRACE=full" "-e" "RUSTFLAGS=--cap-lints=warn" "-e" "RUSTDOCFLAGS=--cap-lints=warn" "-w" "/opt/rustwide/workdir" "--user" "0:0" "3de9e0b0e23445a6e06c2a2e2b9c321aeb864e50b4ea1d5d354feeb41f34babc" "/opt/rustwide/cargo-home/bin/cargo" "+1.99.0-beta.8" "test" "--frozen" "--release", kill_on_drop: false }`
[INFO] [stderr] warning: lint `no_mangle_generic_items` has been removed: converted into hard error, generic items must always be mangled
[INFO] [stderr]   |
[INFO] [stderr]   = note: requested on the command line with `-W no_mangle_generic_items`
[INFO] [stderr]   = note: `#[warn(renamed_and_removed_lints)]` on by default
[INFO] [stderr] 
[INFO] [stderr] warning: `canopus-inbox` (lib) generated 1 warning
[INFO] [stderr] warning: `canopus-inbox` (lib test) generated 1 warning (1 duplicate)
[INFO] [stderr] warning: `canopus-inbox` (test "notify_tests") generated 1 warning (1 duplicate)
[INFO] [stderr] warning: `canopus-inbox` (test "item_tests") generated 1 warning (1 duplicate)
[INFO] [stderr] warning: `canopus-inbox` (test "error_tests") generated 1 warning (1 duplicate)
[INFO] [stderr] warning: `canopus-inbox` (test "store_tests") generated 1 warning (1 duplicate)
[INFO] [stderr]     Finished `release` profile [optimized] target(s) in 0.48s
[INFO] [stderr]      Running unittests src/lib.rs (/opt/rustwide/target/release/deps/canopus_core-571b6ba316b14f95)
[INFO] [stdout] 
[INFO] [stdout] running 228 tests
[INFO] [stdout] test config::tests::errors_on_backoff_multiplier_zero ... ok
[INFO] [stdout] test config::tests::errors_on_health_check_timeout_zero ... ok
[INFO] [stdout] test config::tests::errors_on_backoff_jitter_out_of_range ... ok
[INFO] [stdout] test config::tests::errors_on_empty_command ... ok
[INFO] [stdout] test config::tests::errors_on_empty_id ... ok
[INFO] [stdout] test config::tests::errors_on_empty_name ... ok
[INFO] [stdout] test config::tests::errors_on_empty_services ... ok
[INFO] [stdout] test config::tests::errors_on_readiness_check_success_threshold_zero ... ok
[INFO] [stdout] test config::tests::errors_on_readiness_check_timeout_zero ... ok
[INFO] [stdout] test config::tests::errors_on_readiness_check_interval_zero ... ok
[INFO] [stdout] test config::tests::load_simple_services_from_file_path_missing_returns_error ... ok
[INFO] [stdout] test config::tests::parses_and_validates_valid_config ... ok
[INFO] [stdout] test config::tests::simple_services_accepts_minimal_config ... ok
[INFO] [stdout] test config::tests::simple_services_accepts_valid_config ... ok
[INFO] [stdout] test config::tests::simple_services_errors_on_empty ... ok
[INFO] [stdout] test config::tests::errors_on_startup_timeout_zero ... ok
[INFO] [stdout] test config::tests::errors_on_tcp_bad_port ... ok
[INFO] [stdout] test config::tests::load_services_from_file_path_missing_returns_error ... ok
[INFO] [stdout] test error::tests::test_from_implementations ... ok
[INFO] [stdout] test config::tests::errors_on_health_check_failure_threshold_zero ... ok
[INFO] [stdout] test config::tests::errors_on_exec_check_empty_command ... ok
[INFO] [stdout] test config::tests::errors_on_backoff_base_delay_zero ... ok
[INFO] [stdout] test config::tests::errors_on_empty_environment_key ... ok
[INFO] [stdout] test error::tests::test_error_codes ... ok
[INFO] [stdout] test config::tests::errors_on_duplicate_ids ... ok
[INFO] [stdout] test config::tests::errors_on_graceful_timeout_zero ... ok
[INFO] [stdout] test error::tests::test_error_display ... ok
[INFO] [stdout] test config::tests::accepts_valid_exec_health_check ... ok
[INFO] [stdout] test config::tests::errors_on_health_check_interval_zero ... ok
[INFO] [stdout] test error_tests::tests::test_core_error_from_std_error ... ok
[INFO] [stdout] test health::error::tests::health_error_from_io_error_produces_tcp_variant ... ok
[INFO] [stdout] test health::error::tests::tcp_display_includes_prefix ... ok
[INFO] [stdout] test error_tests::tests::test_core_error_from_serde_error ... ok
[INFO] [stdout] test error_tests::tests::test_error_codes ... ok
[INFO] [stdout] test error_tests::tests::test_remaining_error_display_variants ... ok
[INFO] [stdout] test error_tests::tests::test_error_trait_implementation ... ok
[INFO] [stdout] test error_tests::tests::test_result_type_alias ... ok
[INFO] [stdout] test health::error::tests::health_error_debug_format_is_non_empty ... ok
[INFO] [stdout] test config::tests::parses_keyed_by_id_format ... ok
[INFO] [stdout] test config::tests::simple_services_errors_on_empty_hostname ... ok
[INFO] [stdout] test config::tests::simple_services_errors_on_port_zero ... ok
[INFO] [stdout] test health::error::tests::tcp_error_source_is_io_error ... ok
[INFO] [stdout] test health::tcp::tests::test_tcp_probe_address ... ok
[INFO] [stdout] test health::error::tests::timeout_display_includes_duration_millis ... ok
[INFO] [stdout] test health::error::tests::timeout_display_zero_duration ... ok
[INFO] [stdout] test error_tests::tests::test_all_error_codes ... ok
[INFO] [stdout] test config::tests::errors_on_health_check_success_threshold_zero ... ok
[INFO] [stdout] test health::error::tests::timeout_display_with_various_durations ... ok
[INFO] [stdout] test health::error::tests::unsupported_probe_type_display_includes_type_name ... ok
[INFO] [stdout] test health::tcp::tests::test_tcp_probe_address_port_boundary_values ... ok
[INFO] [stdout] test error_tests::tests::test_core_error_display ... ok
[INFO] [stdout] test health::tcp::tests::test_tcp_probe_clone_is_equal ... ok
[INFO] [stdout] test health::tcp::tests::test_tcp_probe_debug_contains_host_and_port ... ok
[INFO] [stdout] test health::tcp::tests::test_tcp_probe_new_stores_fields ... ok
[INFO] [stdout] test health::tcp::tests::test_tcp_probe_success ... ok
[INFO] [stdout] test logging::tests::test_log_entry_fields_preserved ... ok
[INFO] [stdout] test logging::tests::test_iter_after_returns_empty_when_no_newer_entries ... ok
[INFO] [stdout] test logging::tests::test_is_empty_and_len ... ok
[INFO] [stdout] test health::tests::create_probe_exec_returns_unsupported_error ... ok
[INFO] [stdout] test health::tcp::tests::test_tcp_probe_connection_refused ... ok
[INFO] [stdout] test logging::tests::test_next_seq_advances ... ok
[INFO] [stdout] test health::tests::run_probe_tcp_fails_when_nothing_listening ... ok
[INFO] [stdout] test logging::tests::test_wrap_around_and_drop_count ... ok
[INFO] [stdout] test health::tests::health_error_display_timeout ... ok
[INFO] [stdout] test health::tests::health_error_display_unsupported ... ok
[INFO] [stdout] test health::tests::run_probe_exec_returns_unsupported_error ... ok
[INFO] [stdout] test logging::tests::test_iter_after ... ok
[INFO] [stdout] test logging::tests::test_next_seq_after_overflow ... ok
[INFO] [stdout] test health::tests::health_error_from_io_error ... ok
[INFO] [stdout] test health::tests::create_probe_tcp_returns_ok ... ok
[INFO] [stdout] test persistence::tests::current_timestamp_is_rfc3339_format ... ok
[INFO] [stdout] test persistence::tests::default_snapshot_path_uses_canopus_state_file_env ... ok
[INFO] [stdout] test persistence::tests::service_snapshot_last_pid_none_is_not_serialized ... ok
[INFO] [stdout] test logging::tests::test_single_capacity_ring ... ok
[INFO] [stdout] test logging::tests::test_snapshot_returns_current_entries_and_next_seq ... ok
[INFO] [stdout] test port::tests::test_deterministic_sequence ... ok
[INFO] [stdout] test port::tests::test_explicit_release ... ok
[INFO] [stdout] test port::tests::test_fallback_to_sequence ... ok
[INFO] [stdout] test port::tests::test_get_addr ... ok
[INFO] [stdout] test health::tcp::tests::test_tcp_probe_timeout ... FAILED
[INFO] [stdout] test logging::tests::test_zero_capacity_panics - should panic ... ok
[INFO] [stdout] test port::tests::test_port_allocator_creation ... ok
[INFO] [stdout] test persistence::tests::registry_snapshot_clone_equals_original ... ok
[INFO] [stdout] test persistence::tests::load_missing_file_returns_error ... ok
[INFO] [stdout] test port::tests::test_port_collision ... ok
[INFO] [stdout] test health::tests::run_probe_tcp_succeeds_when_something_is_listening ... ok
[INFO] [stdout] test persistence::tests::wrong_snapshot_version_is_rejected ... ok
[INFO] [stdout] test port::tests::test_preferred_port_success ... ok
[INFO] [stdout] test persistence::tests::service_snapshot_last_pid_some_is_serialized ... ok
[INFO] [stdout] test persistence::tests::atomic_write_creates_parent_directory ... ok
[INFO] [stdout] test process::unix::tests::test_signal_term_nonexistent_process ... ok
[INFO] [stdout] test process::unix::tests::test_spawn_and_wait ... ok
[INFO] [stdout] test port::tests::test_port_release_on_drop ... ok
[INFO] [stdout] test persistence::tests::corrupted_file_is_reported ... ok
[INFO] [stdout] test persistence::tests::registry_snapshot_partial_eq ... ok
[INFO] [stdout] test process::unix::tests::test_spawn_simple_command ... ok
[INFO] [stdout] test persistence::tests::roundtrip_atomic_write_and_read ... ok
[INFO] [stdout] test persistence::tests::snapshot_with_pid_round_trips ... ok
[INFO] [stdout] test persistence::tests::snapshot_preserves_all_fields ... ok
[INFO] [stdout] test persistence::tests::empty_snapshot_round_trips ... ok
[INFO] [stdout] test proxy::tests::mock_adapter_clear_removes_all_ops ... ok
[INFO] [stdout] test proxy::tests::mock_adapter_default_has_no_ops ... ok
[INFO] [stdout] test proxy_api::tests::test_call_log_debug_format ... ok
[INFO] [stdout] test proxy_api::tests::test_attach_operation ... ok
[INFO] [stdout] test proxy_api::tests::test_golden_sequence ... ok
[INFO] [stdout] test proxy::tests::noop_adapter_detach_succeeds ... ok
[INFO] [stdout] test proxy::tests::mock_adapter_records_attach ... ok
[INFO] [stdout] test proxy_api::tests::test_detach_operation ... ok
[INFO] [stdout] test proxy_api::tests::test_multiple_hosts ... ok
[INFO] [stdout] test proxy_api::tests::test_idempotent_detach ... ok
[INFO] [stdout] test proxy_api::tests::test_idempotent_attach ... ok
[INFO] [stdout] test proxy_api::tests::test_null_proxy_creation ... ok
[INFO] [stdout] test proxy::tests::mock_adapter_records_detach ... ok
[INFO] [stdout] test process::unix::tests::test_spawn_nonexistent_command ... ok
[INFO] [stdout] test proxy::tests::noop_adapter_attach_succeeds ... ok
[INFO] [stdout] test proxy_api::tests::test_reset_functionality ... ok
[INFO] [stdout] test proxy_api::tests::test_detach_without_attach ... ok
[INFO] [stdout] test supervisor::adapters::tests::test_mock_instruction_default_values ... ok
[INFO] [stdout] test supervisor::adapters::tests::test_mock_process_kill_not_responding_to_signals ... ok
[INFO] [stdout] test supervisor::adapters::tests::test_mock_process_not_responding_to_signals ... ok
[INFO] [stdout] test supervisor::adapters::tests::test_mock_process_pid_is_positive ... ok
[INFO] [stdout] test supervisor::adapters::tests::test_mock_process_take_stderr_returns_none ... ok
[INFO] [stdout] test supervisor::adapters::tests::test_mock_process_kill ... ok
[INFO] [stdout] test supervisor::adapters::tests::test_mock_process_terminate ... ok
[INFO] [stdout] test supervisor::adapters::tests::test_mock_process_take_stdout_returns_none ... ok
[INFO] [stdout] test proxy::tests::api_proxy_adapter_detach_delegates_to_inner ... ok
[INFO] [stdout] test proxy::tests::api_proxy_adapter_attach_delegates_to_inner ... ok
[INFO] [stdout] test supervisor::adapters::tests::test_mock_adapter_spawn ... ok
[INFO] [stdout] test supervisor::integration_tests::restart_policy_tests::tests::test_failure_counter_reset_on_success ... ok
[INFO] [stdout] test supervisor::integration_tests::restart_policy_tests::tests::test_backoff_cap ... ok
[INFO] [stdout] test process::unix::tests::test_signal_kill_nonexistent_process ... ok
[INFO] [stdout] test supervisor::adapters::tests::test_mock_process_is_alive_false_after_natural_exit ... ok
[INFO] [stdout] test supervisor::integration_tests::restart_policy_tests::tests::test_failure_window_behavior ... ok
[INFO] [stdout] test process::unix::tests::test_spawn_with_environment_variable ... ok
[INFO] [stdout] test supervisor::integration_tests::restart_policy_tests::tests::test_restart_policy_table_driven ... ok
[INFO] [stdout] test supervisor::integration_tests::restart_policy_tests::tests::test_zero_jitter ... ok
[INFO] [stdout] test supervisor::adapters::tests::test_unix_is_alive_after_termination ... ok
[INFO] [stdout] test supervisor::adapters::tests::test_mock_adapter_set_instructions_replaces_all ... ok
[INFO] [stdout] test supervisor::restart_policy::tests::test_exponential_backoff ... ok
[INFO] [stdout] test supervisor::restart_policy::tests::test_failure_tracker_reset ... ok
[INFO] [stdout] test supervisor::restart_policy::tests::test_failure_tracker_window ... ok
[INFO] [stdout] test supervisor::restart_policy::tests::test_jitter_application ... ok
[INFO] [stdout] test process::unix::tests::test_spawn_with_working_directory ... ok
[INFO] [stdout] test supervisor::restart_policy::tests::test_restart_policy_never ... ok
[INFO] [stdout] test supervisor::restart_policy::tests::test_restart_policy_on_failure ... ok
[INFO] [stdout] test supervisor::service_task::tests::test_get_changed_fields_args_change ... ok
[INFO] [stdout] test supervisor::restart_policy::tests::test_restart_policy_always ... ok
[INFO] [stdout] test supervisor::service_task::tests::test_get_changed_fields_command_change ... ok
[INFO] [stdout] test supervisor::service_task::tests::test_get_changed_fields_graceful_timeout_change ... ok
[INFO] [stdout] test supervisor::service_task::tests::test_get_changed_fields_environment_change ... ok
[INFO] [stdout] test supervisor::service_task::tests::test_get_changed_fields_health_check_change ... ok
[INFO] [stdout] test supervisor::service_task::tests::test_get_changed_fields_includes_backoff_config ... ok
[INFO] [stdout] test supervisor::service_task::tests::test_get_changed_fields_includes_route ... ok
[INFO] [stdout] test supervisor::service_task::tests::test_get_changed_fields_no_change_returns_empty ... ok
[INFO] [stdout] test supervisor::service_task::tests::test_get_changed_fields_readiness_check_change ... ok
[INFO] [stdout] test supervisor::service_task::tests::test_get_changed_fields_multiple_changes_detected ... ok
[INFO] [stdout] test supervisor::service_task::tests::test_get_changed_fields_restart_policy_change ... ok
[INFO] [stdout] test supervisor::service_task::tests::test_get_changed_fields_startup_timeout_change ... ok
[INFO] [stdout] test supervisor::service_task::tests::test_get_changed_fields_working_directory_change ... ok
[INFO] [stdout] test supervisor::service_task::tests::test_health_check_restart_failure_recovers_to_idle ... ok
[INFO] [stdout] test supervisor::service_task::tests::test_needs_restart_for_spec_change_empty_returns_false ... ok
[INFO] [stdout] test supervisor::service_task::tests::test_needs_restart_for_spec_change_non_empty_returns_true ... ok
[INFO] [stdout] test supervisor::service_task::tests::test_perform_readiness_check_no_check_transitions_to_ready ... ok
[INFO] [stdout] test supervisor::service_task::tests::test_start_failure_recovers_to_idle ... ok
[INFO] [stdout] test process::unix::tests::test_terminate_with_timeout_quick_exit ... ok
[INFO] [stdout] test process::unix::tests::test_terminate_with_timeout_needs_kill ... ok
[INFO] [stdout] test supervisor::adapters::tests::test_mock_process_wait ... ok
[INFO] [stdout] test supervisor::adapters::tests::test_mock_adapter_spawn_with_no_instructions_uses_default ... ok
[INFO] [stdout] test supervisor::service_task::tests::test_transition_to_ready_clears_startup_timeout_timer ... ok
[INFO] [stdout] test supervisor::service_task::tests::test_transition_to_same_state_is_noop ... ok
[INFO] [stdout] test supervisor::service_task::tests::test_update_spec_detects_backoff_config_change ... ok
[INFO] [stdout] test supervisor::service_task::tests::test_update_spec_detects_route_change ... ok
[INFO] [stdout] test supervisor::service_task::tests::test_update_spec_does_not_restart_when_spec_unchanged ... ok
[INFO] [stdout] test supervisor::adapters::tests::test_mock_adapter_factory_methods ... ok
[INFO] [stdout] test supervisor::integration_tests::proxy_integration_tests::test_attach_on_ready_detach_on_stop ... ok
[INFO] [stdout] test supervisor::service_task::tests::test_supervisor_update_spec ... ok
[INFO] [stdout] test supervisor::unit_tests::test_health_check_status_clone_equality ... ok
[INFO] [stdout] test supervisor::unit_tests::test_health_check_status_fields_are_accessible ... ok
[INFO] [stdout] test supervisor::unit_tests::test_get_pid_idle_returns_none ... ok
[INFO] [stdout] test supervisor::unit_tests::test_health_status_equality ... ok
[INFO] [stdout] test supervisor::unit_tests::test_internal_state_idle_converts_to_service_state_idle ... ok
[INFO] [stdout] test supervisor::unit_tests::test_internal_state_ready_converts_to_service_state_ready ... ok
[INFO] [stdout] test supervisor::unit_tests::test_internal_state_spawning_converts_to_service_state_spawning ... ok
[INFO] [stdout] test supervisor::unit_tests::test_internal_state_starting_converts_to_service_state_starting ... ok
[INFO] [stdout] test supervisor::unit_tests::test_internal_state_stopping_converts_to_service_state_stopping ... ok
[INFO] [stdout] test supervisor::unit_tests::test_get_spec_returns_configured_spec ... ok
[INFO] [stdout] test supervisor::unit_tests::test_readiness_check_status_clone_equality ... ok
[INFO] [stdout] test supervisor::unit_tests::test_readiness_check_status_fields_are_accessible ... ok
[INFO] [stdout] test supervisor::unit_tests::test_is_healthy_idle_service_is_not_healthy ... ok
[INFO] [stdout] test supervisor::unit_tests::test_supervisor_handle_send_on_closed_channel_returns_error ... ok
[INFO] [stdout] test supervisor::unit_tests::test_is_ready_idle_service_is_not_ready ... ok
[INFO] [stdout] test supervisor::service_task::tests::test_health_check_restart_failure_does_not_kill_supervisor ... ok
[INFO] [stdout] test supervisor::service_task::tests::test_supervisor_basic_lifecycle ... ok
[INFO] [stdout] test supervisor::unit_tests::test_supervisor_handle_operations ... ok
[INFO] [stdout] test supervisor::unit_tests::test_supervisor_state_subscription ... ok
[INFO] [stdout] test tests::daemon_config_default_is_valid ... ok
[INFO] [stdout] test supervisor::unit_tests::test_trigger_health_check_without_config_returns_error ... ok
[INFO] [stdout] test tests::validate_config_error_messages ... ok
[INFO] [stdout] test tests::test_validate_config ... ok
[INFO] [stdout] test utilities::tests::test_init_seed_with_value ... ok
[INFO] [stdout] test utilities::tests::test_lazy_initialization ... ok
[INFO] [stdout] test utilities::tests::test_init_seed_with_value_returns_false_on_second_call ... ok
[INFO] [stdout] test utilities::tests::test_lcg_sequence_is_deterministic_and_non_repeating ... ok
[INFO] [stdout] test utilities::tests::test_next_f64_in_range ... ok
[INFO] [stdout] test utilities::tests::test_next_f64_multiple_samples_in_range ... ok
[INFO] [stdout] test utilities::tests::test_next_u32_in_range ... ok
[INFO] [stdout] test utilities::tests::test_next_u64_consecutive_calls_differ ... ok
[INFO] [stdout] test utilities::tests::test_next_u64_consistency ... ok
[INFO] [stdout] test supervisor::unit_tests::test_trigger_readiness_check_without_config_returns_error ... ok
[INFO] [stdout] test supervisor::unit_tests::test_supervisor_spawn ... ok
[INFO] [stdout] test utilities::tests::test_validate_config_data_empty ... ok
[INFO] [stdout] test utilities::tests::test_validate_config_data_invalid_json ... ok
[INFO] [stdout] test supervisor::unit_tests::test_get_pid_while_process_running ... ok
[INFO] [stdout] test utilities::tests::test_validate_config_data_valid_json ... ok
[INFO] [stdout] test utilities::tests::test_seed_zero_with_concurrent_access ... ok
[INFO] [stdout] test utilities::tests::test_seed_zero_deterministic ... ok
[INFO] [stdout] test utilities::tests::test_thread_safety ... ok
[INFO] [stdout] test supervisor::service_task::tests::test_supervisor_restart_service ... ok
[INFO] [stdout] test supervisor::unit_tests::test_update_spec_changes_effective_spec ... ok
[INFO] [stdout] test supervisor::integration_tests::supervisor_restart_tests::tests::test_restart_policy_never ... ok
[INFO] [stdout] test supervisor::integration_tests::supervisor_restart_tests::tests::test_restart_policy_on_failure_with_success ... ok
[INFO] [stdout] test supervisor::service_task::tests::test_supervisor_stop_service ... ok
[INFO] [stdout] test persistence::tests::current_timestamp_format_and_progression ... ok
[INFO] [stdout] test supervisor::integration_tests::proxy_integration_tests::test_detach_on_unhealthy_restart ... ok
[INFO] [stdout] test supervisor::integration_tests::supervisor_restart_tests::tests::test_restart_policy_always ... ok
[INFO] [stdout] test supervisor::integration_tests::supervisor_restart_tests::tests::test_restart_policy_on_failure_with_failure ... ok
[INFO] [stdout] test supervisor::integration_tests::supervisor_restart_tests::tests::test_manual_stop_cancels_restart ... ok
[INFO] [stdout] test supervisor::integration_tests::supervisor_restart_tests::tests::test_exponential_backoff_timing ... ok
[INFO] [stderr] error: test failed, to rerun pass `-p canopus-core --lib`
[INFO] [stdout] 
[INFO] [stdout] failures:
[INFO] [stdout] 
[INFO] [stdout] ---- health::tcp::tests::test_tcp_probe_timeout stdout ----
[INFO] [stdout] 
[INFO] [stdout] thread 'health::tcp::tests::test_tcp_probe_timeout' (4866) panicked at core/src/health/tcp.rs:152:22:
[INFO] [stdout] Expected HealthError::Timeout, got Tcp(Os { code: 101, kind: NetworkUnreachable, message: "Network is unreachable" })
[INFO] [stdout] stack backtrace:
[INFO] [stdout]    0:     0x5939774ba101 - <<std[70759c8f55707aa4]::sys::backtrace::BacktraceLock>::print::DisplayBacktrace as core[df12db4294e9bfd3]::fmt::Display>::fmt
[INFO] [stdout]    1:     0x5939774d163a - core[df12db4294e9bfd3]::fmt::write
[INFO] [stdout]    2:     0x5939774bf11c - <alloc[2182bb758b4b3781]::vec::Vec<u8> as core[df12db4294e9bfd3]::io::write::Write>::write_fmt
[INFO] [stdout]    3:     0x593977492e96 - std[70759c8f55707aa4]::panicking::default_hook::{closure#0}
[INFO] [stdout]    4:     0x5939774b0ed9 - std[70759c8f55707aa4]::panicking::default_hook
[INFO] [stdout]    5:     0x59397740dfd0 - test[9d35eded1c95d3be]::test_main_inner::<test[9d35eded1c95d3be]::test_main_static::{closure#0}>::{closure#0}
[INFO] [stdout]    6:     0x5939774b1202 - std[70759c8f55707aa4]::panicking::panic_with_hook
[INFO] [stdout]    7:     0x593977492f42 - std[70759c8f55707aa4]::panicking::panic_handler::{closure#0}
[INFO] [stdout]    8:     0x59397748b779 - std[70759c8f55707aa4]::sys::backtrace::__rust_end_short_backtrace::<std[70759c8f55707aa4]::panicking::panic_handler::{closure#0}, !>
[INFO] [stdout]    9:     0x59397749403d - __rustc[8fa7c3cbc660c2b3]::rust_begin_unwind
[INFO] [stdout]   10:     0x5939774d1d9c - core[df12db4294e9bfd3]::panicking::panic_fmt
[INFO] [stdout]   11:     0x5939773263ed - canopus_core[3ca938f32759ae83]::health::tcp::tests::test_tcp_probe_timeout::{closure#0}
[INFO] [stdout]   12:     0x593977315593 - <tokio[f4f93498c4a60b0d]::runtime::scheduler::current_thread::Context>::enter::<core[df12db4294e9bfd3]::task::poll::Poll<()>, <tokio[f4f93498c4a60b0d]::runtime::scheduler::current_thread::CoreGuard>::block_on<core[df12db4294e9bfd3]::pin::Pin<&mut core[df12db4294e9bfd3]::pin::Pin<&mut dyn core[df12db4294e9bfd3]::future::future::Future<Output = ()>>>>::{closure#0}::{closure#0}>
[INFO] [stdout]   13:     0x59397732d119 - <std[70759c8f55707aa4]::thread::local::LocalKey<tokio[f4f93498c4a60b0d]::runtime::context::Context>>::with::<tokio[f4f93498c4a60b0d]::runtime::context::set_scheduler<(alloc[2182bb758b4b3781]::boxed::Box<tokio[f4f93498c4a60b0d]::runtime::scheduler::current_thread::Core>, core[df12db4294e9bfd3]::option::Option<()>), <tokio[f4f93498c4a60b0d]::runtime::scheduler::current_thread::CoreGuard>::enter<<tokio[f4f93498c4a60b0d]::runtime::scheduler::current_thread::CoreGuard>::block_on<core[df12db4294e9bfd3]::pin::Pin<&mut core[df12db4294e9bfd3]::pin::Pin<&mut dyn core[df12db4294e9bfd3]::future::future::Future<Output = ()>>>>::{closure#0}, core[df12db4294e9bfd3]::option::Option<()>>::{closure#0}>::{closure#0}, (alloc[2182bb758b4b3781]::boxed::Box<tokio[f4f93498c4a60b0d]::runtime::scheduler::current_thread::Core>, core[df12db4294e9bfd3]::option::Option<()>)>
[INFO] [stdout]   14:     0x5939773166c7 - <tokio[f4f93498c4a60b0d]::runtime::scheduler::current_thread::CoreGuard>::block_on::<core[df12db4294e9bfd3]::pin::Pin<&mut core[df12db4294e9bfd3]::pin::Pin<&mut dyn core[df12db4294e9bfd3]::future::future::Future<Output = ()>>>>
[INFO] [stdout]   15:     0x59397733493d - tokio[f4f93498c4a60b0d]::runtime::context::runtime::enter_runtime::<<tokio[f4f93498c4a60b0d]::runtime::scheduler::current_thread::CurrentThread>::block_on<core[df12db4294e9bfd3]::pin::Pin<&mut dyn core[df12db4294e9bfd3]::future::future::Future<Output = ()>>>::{closure#0}, ()>
[INFO] [stdout]   16:     0x593977315475 - <tokio[f4f93498c4a60b0d]::runtime::runtime::Runtime>::block_on::<core[df12db4294e9bfd3]::pin::Pin<&mut dyn core[df12db4294e9bfd3]::future::future::Future<Output = ()>>>
[INFO] [stdout]   17:     0x59397732a34b - canopus_core[3ca938f32759ae83]::health::tcp::tests::test_tcp_probe_timeout
[INFO] [stdout]   18:     0x5939772fd569 - <canopus_core[3ca938f32759ae83]::health::tcp::tests::test_tcp_probe_timeout::{closure#0} as core[df12db4294e9bfd3]::ops::function::FnOnce<()>>::call_once
[INFO] [stdout]   19:     0x5939774012bb - test[9d35eded1c95d3be]::__rust_begin_short_backtrace::<core[df12db4294e9bfd3]::result::Result<(), alloc[2182bb758b4b3781]::string::String>, fn() -> core[df12db4294e9bfd3]::result::Result<(), alloc[2182bb758b4b3781]::string::String>>
[INFO] [stdout]   20:     0x59397740e925 - test[9d35eded1c95d3be]::run_test::{closure#0}
[INFO] [stdout]   21:     0x5939774081e4 - std[70759c8f55707aa4]::sys::backtrace::__rust_begin_short_backtrace::<test[9d35eded1c95d3be]::run_test::{closure#1}, ()>
[INFO] [stdout]   22:     0x593977411a82 - <std[70759c8f55707aa4]::thread::lifecycle::spawn_unchecked<test[9d35eded1c95d3be]::run_test::{closure#1}, ()>::{closure#1} as core[df12db4294e9bfd3]::ops::function::FnOnce<()>>::call_once::{shim:vtable#0}
[INFO] [stdout]   23:     0x5939774b8e79 - <std[70759c8f55707aa4]::sys::thread::unix::Thread>::new::thread_start
[INFO] [stdout]   24:     0x7d584ae89dfa - <unknown>
[INFO] [stdout]   25:     0x7d584af1d3d4 - clone
[INFO] [stdout]   26:                0x0 - <unknown>
[INFO] [stdout] 
[INFO] [stdout] 
[INFO] [stdout] failures:
[INFO] [stdout]     health::tcp::tests::test_tcp_probe_timeout
[INFO] [stdout] 
[INFO] [stdout] test result: FAILED. 227 passed; 1 failed; 0 ignored; 0 measured; 0 filtered out; finished in 17.52s
[INFO] [stdout] 
[INFO] running `Command { std: "docker" "inspect" "3de9e0b0e23445a6e06c2a2e2b9c321aeb864e50b4ea1d5d354feeb41f34babc", kill_on_drop: false }`
[INFO] running `Command { std: "docker" "rm" "-f" "3de9e0b0e23445a6e06c2a2e2b9c321aeb864e50b4ea1d5d354feeb41f34babc", kill_on_drop: false }`
[INFO] [stdout] 3de9e0b0e23445a6e06c2a2e2b9c321aeb864e50b4ea1d5d354feeb41f34babc
