[INFO] cloning repository https://github.com/creep-ltx/keystash
[INFO] running `Command { std: "git" "-c" "credential.helper=" "-c" "credential.helper=/workspace/cargo-home/bin/git-credential-null" "clone" "--bare" "https://github.com/creep-ltx/keystash" "/workspace/cache/git-repos/https%3A%2F%2Fgithub.com%2Fcreep-ltx%2Fkeystash", kill_on_drop: false }`
[INFO] [stderr] Cloning into bare repository '/workspace/cache/git-repos/https%3A%2F%2Fgithub.com%2Fcreep-ltx%2Fkeystash'...
[INFO] running `Command { std: "git" "rev-parse" "HEAD", kill_on_drop: false }`
[INFO] [stdout] 13c9224c084c1e858e7065708325bee12e655e26
[INFO] testing creep-ltx/keystash against 1.99.0-beta.8+cargoflags=--release for beta-release-1.100-2
[INFO] running `Command { std: "git" "clone" "/workspace/cache/git-repos/https%3A%2F%2Fgithub.com%2Fcreep-ltx%2Fkeystash" "/workspace/builds/worker-7-tc1/source", kill_on_drop: false }`
[INFO] [stderr] Cloning into '/workspace/builds/worker-7-tc1/source'...
[INFO] [stderr] done.
[INFO] started tweaking git repo https://github.com/creep-ltx/keystash
[INFO] finished tweaking git repo https://github.com/creep-ltx/keystash
[INFO] tweaked toml for git repo https://github.com/creep-ltx/keystash written to /workspace/builds/worker-7-tc1/source/Cargo.toml
[INFO] validating manifest of git repo https://github.com/creep-ltx/keystash on toolchain 1.99.0-beta.8
[INFO] running `Command { std: CARGO_HOME="/workspace/cargo-home" RUSTUP_HOME="/workspace/rustup-home" "/workspace/cargo-home/bin/cargo" "+1.99.0-beta.8" "metadata" "--manifest-path" "Cargo.toml" "--no-deps", kill_on_drop: false }`
[INFO] crate git repo https://github.com/creep-ltx/keystash already has a lockfile, it will not be regenerated
[INFO] running `Command { std: CARGO_HOME="/workspace/cargo-home" RUSTUP_HOME="/workspace/rustup-home" "/workspace/cargo-home/bin/cargo" "+1.99.0-beta.8" "fetch" "--manifest-path" "Cargo.toml", kill_on_drop: false }`
[INFO] [stderr]     Updating crates.io index
[INFO] [stderr]  Downloading crates ...
[INFO] [stderr]   Downloaded rtoolbox v0.0.5
[INFO] [stderr]   Downloaded line-clipping v0.3.7
[INFO] [stderr]   Downloaded palette_derive v0.7.6
[INFO] [stderr]   Downloaded palette v0.7.6
[INFO] [stderr]   Downloaded fast-srgb8 v1.0.0
[INFO] [stderr]   Downloaded lru v0.18.1
[INFO] [stderr]   Downloaded rusqlite v0.31.0
[INFO] [stderr]   Downloaded uuid v1.23.5
[INFO] [stderr]   Downloaded pest_derive v2.8.7
[INFO] [stderr]   Downloaded pest_generator v2.8.7
[INFO] [stderr]   Downloaded pest v2.8.7
[INFO] [stderr]   Downloaded pest_meta v2.8.7
[INFO] [stderr]   Downloaded openssl-src v300.6.1+3.6.3
[INFO] [stderr]   Downloaded wl-clipboard-rs v0.9.3
[INFO] [stderr]   Downloaded tree_magic_mini v3.2.2
[INFO] running `Command { std: "docker" "create" "-v" "/var/lib/crater-agent-workspace/builds/worker-7-tc1/source:/opt/rustwide/workdir:ro,Z" "-v" "/var/lib/crater-agent-workspace/builds/worker-7-tc1/target:/opt/rustwide/target:rw,Z" "-v" "/var/lib/crater-agent-workspace/cargo-home:/opt/rustwide/cargo-home:ro,Z" "-v" "/var/lib/crater-agent-workspace/rustup-home:/opt/rustwide/rustup-home:ro,Z" "-m" "1610612736" "--network" "none" "ghcr.io/rust-lang/crates-build-env/linux@sha256:77db811e55d90add9212f6832c23229e3de5f1c1f9905e8cb07319ea15df73ac" "sleep" "infinity", kill_on_drop: false }`
[INFO] [stdout] 7bfa19621ac2ead95086adfec9985d5b0f005a7022a033e0df93b3b62d3545ab
[INFO] running `Command { std: "docker" "start" "7bfa19621ac2ead95086adfec9985d5b0f005a7022a033e0df93b3b62d3545ab", kill_on_drop: false }`
[INFO] running `Command { std: "docker" "inspect" "7bfa19621ac2ead95086adfec9985d5b0f005a7022a033e0df93b3b62d3545ab", kill_on_drop: false }`
[INFO] running `Command { std: "docker" "exec" "-e" "SOURCE_DIR=/opt/rustwide/workdir" "-e" "CARGO_HOME=/opt/rustwide/cargo-home" "-e" "RUSTUP_HOME=/opt/rustwide/rustup-home" "-e" "CARGO_TARGET_DIR=/opt/rustwide/target" "-w" "/opt/rustwide/workdir" "--user" "0:0" "7bfa19621ac2ead95086adfec9985d5b0f005a7022a033e0df93b3b62d3545ab" "/opt/rustwide/cargo-home/bin/cargo" "+1.99.0-beta.8" "metadata" "--no-deps" "--format-version=1", kill_on_drop: false }`
[INFO] running `Command { std: "docker" "inspect" "7bfa19621ac2ead95086adfec9985d5b0f005a7022a033e0df93b3b62d3545ab", kill_on_drop: false }`
[INFO] running `Command { std: "docker" "exec" "-e" "SOURCE_DIR=/opt/rustwide/workdir" "-e" "CARGO_HOME=/opt/rustwide/cargo-home" "-e" "RUSTUP_HOME=/opt/rustwide/rustup-home" "-e" "CARGO_TARGET_DIR=/opt/rustwide/target" "-e" "CARGO_INCREMENTAL=0" "-e" "RUST_BACKTRACE=full" "-e" "RUSTFLAGS=--cap-lints=warn" "-e" "RUSTDOCFLAGS=--cap-lints=warn" "-w" "/opt/rustwide/workdir" "--user" "0:0" "7bfa19621ac2ead95086adfec9985d5b0f005a7022a033e0df93b3b62d3545ab" "/opt/rustwide/cargo-home/bin/cargo" "+1.99.0-beta.8" "build" "--frozen" "--message-format=json" "--release", kill_on_drop: false }`
[INFO] [stderr]    Compiling libc v0.2.186
[INFO] [stderr]    Compiling proc-macro2 v1.0.106
[INFO] [stderr]    Compiling cfg-if v1.0.4
[INFO] [stderr]    Compiling shlex v2.0.1
[INFO] [stderr]    Compiling find-msvc-tools v0.1.9
[INFO] [stderr]    Compiling bitflags v2.13.0
[INFO] [stderr]    Compiling pkg-config v0.3.33
[INFO] [stderr]    Compiling typenum v1.20.1
[INFO] [stderr]    Compiling allocator-api2 v0.2.21
[INFO] [stderr]    Compiling foldhash v0.2.0
[INFO] [stderr]    Compiling rustix v1.1.4
[INFO] [stderr]    Compiling linux-raw-sys v0.12.1
[INFO] [stderr]    Compiling smallvec v1.15.2
[INFO] [stderr]    Compiling generic-array v0.14.7
[INFO] [stderr]    Compiling subtle v2.6.1
[INFO] [stderr]    Compiling log v0.4.33
[INFO] [stderr]    Compiling zerocopy v0.8.52
[INFO] [stderr]    Compiling rustversion v1.0.22
[INFO] [stderr]    Compiling strsim v0.11.1
[INFO] [stderr]    Compiling ident_case v1.0.1
[INFO] [stderr]    Compiling autocfg v1.5.1
[INFO] [stderr]    Compiling ryu v1.0.23
[INFO] [stderr]    Compiling memchr v2.8.2
[INFO] [stderr]    Compiling cc v1.2.65
[INFO] [stderr]    Compiling parking_lot_core v0.9.12
[INFO] [stderr]    Compiling simd-adler32 v0.3.9
[INFO] [stderr]    Compiling itertools v0.14.0
[INFO] [stderr]    Compiling downcast-rs v1.2.1
[INFO] [stderr]    Compiling num-traits v0.2.19
[INFO] [stderr]    Compiling hashbrown v0.17.1
[INFO] [stderr]    Compiling wayland-sys v0.31.11
[INFO] [stderr]    Compiling hashbrown v0.16.1
[INFO] [stderr]    Compiling signal-hook v0.3.18
[INFO] [stderr]    Compiling scopeguard v1.2.0
[INFO] [stderr]    Compiling quote v1.0.46
[INFO] [stderr]    Compiling instability v0.3.12
[INFO] [stderr]    Compiling unicode-width v0.2.2
[INFO] [stderr]    Compiling static_assertions v1.1.0
[INFO] [stderr]    Compiling castaway v0.2.4
[INFO] [stderr]    Compiling wayland-client v0.31.14
[INFO] [stderr]    Compiling lock_api v0.4.14
[INFO] [stderr]    Compiling compact_str v0.9.1
[INFO] [stderr]    Compiling syn v2.0.118
[INFO] [stderr]    Compiling miniz_oxide v0.8.9
[INFO] [stderr]    Compiling convert_case v0.10.0
[INFO] [stderr]    Compiling crc32fast v1.5.0
[INFO] [stderr]    Compiling ahash v0.8.12
[INFO] [stderr]    Compiling quick-xml v0.39.4
[INFO] [stderr]    Compiling serde_core v1.0.228
[INFO] [stderr]    Compiling cpufeatures v0.2.17
[INFO] [stderr]    Compiling indoc v2.0.7
[INFO] [stderr]    Compiling getrandom v0.3.4
[INFO] [stderr]    Compiling critical-section v1.2.0
[INFO] [stderr]    Compiling foldhash v0.1.5
[INFO] [stderr]    Compiling base64ct v1.8.3
[INFO] [stderr]    Compiling openssl-src v300.6.1+3.6.3
[INFO] [stderr]    Compiling lru v0.18.1
[INFO] [stderr]    Compiling indexmap v2.14.0
[INFO] [stderr]    Compiling hashbrown v0.15.5
[INFO] [stderr]    Compiling flate2 v1.1.9
[INFO] [stderr]    Compiling litrs v1.0.0
[INFO] [stderr]    Compiling powerfmt v0.2.0
[INFO] [stderr]    Compiling num-conv v0.2.2
[INFO] [stderr]    Compiling block-buffer v0.10.4
[INFO] [stderr]    Compiling getrandom v0.2.17
[INFO] [stderr]    Compiling errno v0.3.14
[INFO] [stderr]    Compiling mio v1.2.1
[INFO] [stderr]    Compiling signal-hook-registry v1.4.8
[INFO] [stderr]    Compiling openssl-sys v0.9.117
[INFO] [stderr]    Compiling rand_core v0.6.4
[INFO] [stderr]    Compiling wayland-backend v0.3.15
[INFO] [stderr]    Compiling parking_lot v0.12.5
[INFO] [stderr]    Compiling httparse v1.10.1
[INFO] [stderr]    Compiling openssl v0.10.81
[INFO] [stderr]    Compiling crypto-common v0.1.7
[INFO] [stderr]    Compiling once_cell v1.21.4
[INFO] [stderr]    Compiling time-core v0.1.9
[INFO] [stderr]    Compiling num_threads v0.1.7
[INFO] [stderr]    Compiling digest v0.10.7
[INFO] [stderr]    Compiling deranged v0.5.8
[INFO] [stderr]    Compiling signal-hook-mio v0.2.5
[INFO] [stderr]    Compiling document-features v0.2.12
[INFO] [stderr]    Compiling libsqlite3-sys v0.28.0
[INFO] [stderr]    Compiling inout v0.1.4
[INFO] [stderr]    Compiling wayland-scanner v0.31.10
[INFO] [stderr]    Compiling petgraph v0.8.3
[INFO] [stderr]    Compiling unicode-truncate v2.0.1
[INFO] [stderr]    Compiling nom v8.0.0
[INFO] [stderr]    Compiling fdeflate v0.3.7
[INFO] [stderr]    Compiling line-clipping v0.3.7
[INFO] [stderr]    Compiling zmij v1.0.21
[INFO] [stderr]    Compiling futures-core v0.3.32
[INFO] [stderr]    Compiling native-tls v0.2.18
[INFO] [stderr]    Compiling pxfm v0.1.29
[INFO] [stderr]    Compiling png v0.18.1
[INFO] [stderr]    Compiling http v1.4.2
[INFO] [stderr]    Compiling rand_core v0.9.5
[INFO] [stderr]    Compiling universal-hash v0.5.1
[INFO] [stderr]    Compiling os_pipe v1.2.3
[INFO] [stderr]    Compiling pem-rfc7468 v1.0.0
[INFO] [stderr]    Compiling x11rb-protocol v0.13.2
[INFO] [stderr]    Compiling openssl-probe v0.2.1
[INFO] [stderr]    Compiling bytemuck v1.25.0
[INFO] [stderr]    Compiling opaque-debug v0.3.1
[INFO] [stderr]    Compiling byteorder-lite v0.1.0
[INFO] [stderr]    Compiling poly1305 v0.8.0
[INFO] [stderr]    Compiling serde v1.0.228
[INFO] [stderr]    Compiling time v0.3.53
[INFO] [stderr]    Compiling ureq-proto v0.6.0
[INFO] [stderr]    Compiling hmac v0.12.1
[INFO] [stderr]    Compiling blake2 v0.10.6
[INFO] [stderr]    Compiling aead v0.5.2
[INFO] [stderr]    Compiling password-hash v0.5.0
[INFO] [stderr]    Compiling rtoolbox v0.0.5
[INFO] [stderr]    Compiling ppv-lite86 v0.2.21
[INFO] [stderr]    Compiling csv-core v0.1.13
[INFO] [stderr]    Compiling fallible-iterator v0.3.0
[INFO] [stderr]    Compiling hashbrown v0.14.5
[INFO] [stderr]    Compiling iana-time-zone v0.1.65
[INFO] [stderr]    Compiling utf8-zero v0.8.1
[INFO] [stderr]    Compiling fallible-streaming-iterator v0.1.9
[INFO] [stderr]    Compiling chrono v0.4.45
[INFO] [stderr]    Compiling argon2 v0.5.3
[INFO] [stderr]    Compiling darling_core v0.23.0
[INFO] [stderr]    Compiling rand_chacha v0.9.0
[INFO] [stderr]    Compiling rpassword v7.5.4
[INFO] [stderr]    Compiling hkdf v0.12.4
[INFO] [stderr]    Compiling sha2 v0.10.9
[INFO] [stderr]    Compiling rand v0.9.5
[INFO] [stderr]    Compiling moxcms v0.8.1
[INFO] [stderr]    Compiling hashlink v0.9.1
[INFO] [stderr]    Compiling thiserror-impl v2.0.18
[INFO] [stderr]    Compiling zeroize_derive v1.5.0
[INFO] [stderr]    Compiling strum_macros v0.28.0
[INFO] [stderr]    Compiling derive_more-impl v2.1.1
[INFO] [stderr]    Compiling openssl-macros v0.1.1
[INFO] [stderr]    Compiling serde_derive v1.0.228
[INFO] [stderr]    Compiling zeroize v1.9.0
[INFO] [stderr]    Compiling csv v1.4.0
[INFO] [stderr]    Compiling serde_json v1.0.150
[INFO] [stderr]    Compiling cipher v0.4.4
[INFO] [stderr]    Compiling rustls-pki-types v1.15.0
[INFO] [stderr]    Compiling chacha20 v0.9.1
[INFO] [stderr]    Compiling webpki-root-certs v1.0.8
[INFO] [stderr]    Compiling der v0.8.1
[INFO] [stderr]    Compiling chacha20poly1305 v0.10.1
[INFO] [stderr]    Compiling derive_more v2.1.1
[INFO] [stderr]    Compiling thiserror v2.0.18
[INFO] [stderr]    Compiling kasuari v0.4.12
[INFO] [stderr]    Compiling tree_magic_mini v3.2.2
[INFO] [stderr]    Compiling darling_macro v0.23.0
[INFO] [stderr]    Compiling strum v0.28.0
[INFO] [stderr]    Compiling ratatui-core v0.1.2
[INFO] [stderr]    Compiling darling v0.23.0
[INFO] [stderr]    Compiling crossterm v0.29.0
[INFO] [stderr]    Compiling gethostname v1.1.0
[INFO] [stderr]    Compiling x11rb v0.13.2
[INFO] [stderr]    Compiling ratatui-widgets v0.3.2
[INFO] [stderr]    Compiling ratatui-crossterm v0.1.2
[INFO] [stderr]    Compiling image v0.25.10
[INFO] [stderr]    Compiling ratatui-macros v0.7.2
[INFO] [stderr]    Compiling ratatui v0.30.2
[INFO] [stderr]    Compiling wayland-protocols v0.32.13
[INFO] [stderr]    Compiling wayland-protocols-wlr v0.3.12
[INFO] [stderr]    Compiling wl-clipboard-rs v0.9.3
[INFO] [stderr]    Compiling arboard v3.6.1
[INFO] [stderr]    Compiling ureq v3.3.0
[INFO] [stderr]    Compiling rusqlite v0.31.0
[INFO] [stderr]    Compiling keystash v0.4.5 (/opt/rustwide/workdir)
[INFO] [stderr]     Finished `release` profile [optimized] target(s) in 5m 03s
[INFO] running `Command { std: "docker" "inspect" "7bfa19621ac2ead95086adfec9985d5b0f005a7022a033e0df93b3b62d3545ab", kill_on_drop: false }`
[INFO] running `Command { std: "docker" "exec" "-e" "SOURCE_DIR=/opt/rustwide/workdir" "-e" "CARGO_HOME=/opt/rustwide/cargo-home" "-e" "RUSTUP_HOME=/opt/rustwide/rustup-home" "-e" "CARGO_TARGET_DIR=/opt/rustwide/target" "-e" "CARGO_INCREMENTAL=0" "-e" "RUST_BACKTRACE=full" "-e" "RUSTFLAGS=--cap-lints=warn" "-e" "RUSTDOCFLAGS=--cap-lints=warn" "-w" "/opt/rustwide/workdir" "--user" "0:0" "7bfa19621ac2ead95086adfec9985d5b0f005a7022a033e0df93b3b62d3545ab" "/opt/rustwide/cargo-home/bin/cargo" "+1.99.0-beta.8" "test" "--frozen" "--no-run" "--message-format=json" "--release", kill_on_drop: false }`
[INFO] [stderr]    Compiling keystash v0.4.5 (/opt/rustwide/workdir)
[INFO] [stderr]     Finished `release` profile [optimized] target(s) in 32.14s
[INFO] running `Command { std: "docker" "inspect" "7bfa19621ac2ead95086adfec9985d5b0f005a7022a033e0df93b3b62d3545ab", kill_on_drop: false }`
[INFO] running `Command { std: "docker" "exec" "-e" "SOURCE_DIR=/opt/rustwide/workdir" "-e" "CARGO_HOME=/opt/rustwide/cargo-home" "-e" "RUSTUP_HOME=/opt/rustwide/rustup-home" "-e" "CARGO_TARGET_DIR=/opt/rustwide/target" "-e" "CARGO_INCREMENTAL=0" "-e" "RUST_BACKTRACE=full" "-e" "RUSTFLAGS=--cap-lints=warn" "-e" "RUSTDOCFLAGS=--cap-lints=warn" "-w" "/opt/rustwide/workdir" "--user" "0:0" "7bfa19621ac2ead95086adfec9985d5b0f005a7022a033e0df93b3b62d3545ab" "/opt/rustwide/cargo-home/bin/cargo" "+1.99.0-beta.8" "test" "--frozen" "--release", kill_on_drop: false }`
[INFO] [stderr]     Finished `release` profile [optimized] target(s) in 0.23s
[INFO] [stderr]      Running unittests src/main.rs (/opt/rustwide/target/release/deps/keystash-4174db4ce1614fd1)
[INFO] [stdout] 
[INFO] [stdout] running 72 tests
[INFO] [stdout] test audit::tests::check_hibp_reaches_the_real_api_over_tls ... ignored
[INFO] [stdout] test db::sqlcipher_tests::deleting_duplicates_sharing_a_triple_keeps_every_tombstone ... FAILED
[INFO] [stdout] test db::sqlcipher_tests::legacy_triple_keyed_tombstone_table_is_rebuilt_on_open ... FAILED
[INFO] [stdout] test db::sqlcipher_tests::migrate_legacy_vault_preserves_secrets_under_new_password_scheme ... FAILED
[INFO] [stdout] test db::sqlcipher_tests::change_master_password_invalidates_hibp_cache ... FAILED
[INFO] [stdout] test db::sqlcipher_tests::open_vault_refuses_a_vault_requiring_a_newer_version ... FAILED
[INFO] [stdout] test db::sqlcipher_tests::password_history_records_real_changes_caps_and_cleans ... FAILED
[INFO] [stdout] test db::sqlcipher_tests::prune_old_tombstones_removes_only_entries_past_the_90_day_horizon ... FAILED
[INFO] [stdout] test crypto::tests::hibp_fingerprint_is_not_raw_sha256 ... ok
[INFO] [stdout] test db::sqlcipher_tests::version_satisfies_compares_major_minor_patch_correctly ... ok
[INFO] [stdout] test db::sqlcipher_tests::stored_version_floor_is_raised_on_open ... FAILED
[INFO] [stdout] test db::sqlcipher_tests::new_vaults_are_self_contained_with_the_salt_in_the_header ... FAILED
[INFO] [stdout] test db::sqlcipher_tests::conflict_loser_history_records_only_real_losses ... FAILED
[INFO] [stdout] test db::tag_tests::normalize_tags_produces_the_canonical_storage_form ... ok
[INFO] [stdout] test crypto::tests::hibp_fingerprint_is_deterministic_and_key_dependent ... ok
[INFO] [stdout] test db::tag_tests::parse_tags_splits_trims_and_dedupes ... ok
[INFO] [stdout] test db::tag_tests::record_has_tag_matches_whole_tags_not_substrings ... ok
[INFO] [stdout] test db::sqlcipher_tests::change_master_password_rekeys_and_rotates_field_encryption ... FAILED
[INFO] [stdout] test db::sqlcipher_tests::change_master_password_preserves_updated_at ... FAILED
[INFO] [stdout] test db::sqlcipher_tests::create_then_open_round_trip_and_wrong_password_rejected ... FAILED
[INFO] [stdout] test db::sqlcipher_tests::open_vault_ignores_a_missing_or_older_min_version_row ... FAILED
[INFO] [stdout] test db::sqlcipher_tests::rotation_reencrypts_password_history ... FAILED
[INFO] [stdout] test forms::settings_layout_tests::all_grid_rows_fit_on_a_generously_sized_terminal ... ok
[INFO] [stdout] test forms::settings_layout_tests::a_standard_80x24_terminal_shows_at_least_one_full_row ... ok
[INFO] [stdout] test db::sqlcipher_tests::sidecar_era_vault_is_converted_on_first_unlock ... FAILED
[INFO] [stdout] test forms::settings_layout_tests::scroll_never_leaves_less_than_a_full_row_visible ... ok
[INFO] [stdout] test forms::settings_layout_tests::tabbing_through_every_field_on_a_tiny_terminal_eventually_shows_each_one ... ok
[INFO] [stdout] test generator::tests::every_selected_charset_is_represented ... ok
[INFO] [stdout] test forms::settings_layout_tests::settings_field_step_never_leaves_the_valid_range ... ok
[INFO] [stdout] test import::tests::import_transaction_commits_all_rows_on_success ... ok
[INFO] [stdout] test forms::settings_layout_tests::settings_field_step_matches_the_grid_layout ... ok
[INFO] [stdout] test generator::tests::length_is_clamped_to_the_single_shared_rule ... ok
[INFO] [stdout] test sync::tests::concurrent_renames_surface_as_conflict_and_resolve ... FAILED
[INFO] [stdout] test sync::tests::conflict_resolution_preserves_unrelated_remote_changes ... FAILED
[INFO] [stdout] test import::tests::detect_format_routes_each_supported_header_set_correctly ... ok
[INFO] [stdout] test sync::tests::dedup_deletions_of_shared_triple_records_propagate_to_other_devices ... FAILED
[INFO] [stdout] test sync::tests::detect_sync_conflicts_fetches_the_remote_itself ... FAILED
[INFO] [stdout] test sync::tests::duplicate_triple_records_both_survive_a_merge ... FAILED
[INFO] [stdout] test sync::tests::first_sync_to_an_empty_remote_pushes_the_initial_backup ... FAILED
[INFO] [stdout] test sync::tests::history_retention_bounds_origin_and_keeps_old_devices_working ... FAILED
[INFO] [stdout] test sync::tests::first_upgraded_device_can_still_push_to_a_pre_sync_uuid_remote ... FAILED
[INFO] [stdout] test import::tests::bitwarden_import_skips_non_login_items_instead_of_faking_a_password ... ok
[INFO] [stdout] test generator::tests::passphrases_draw_real_words_and_clamp_the_count ... ok
[INFO] [stdout] test import::tests::import_transaction_rolls_back_all_rows_on_failure ... ok
[INFO] [stdout] test import::tests::lastpass_import_preserves_notes_and_folders ... ok
[INFO] [stdout] test sync::tests::rotation_race_refusal_names_the_local_rotation ... FAILED
[INFO] [stdout] test sync::tests::stale_device_refuses_to_push_over_a_rotated_remote ... FAILED
[INFO] [stdout] test sync::tests::wal_resident_changes_reach_the_remote ... FAILED
[INFO] [stdout] test import::tests::test_rfc4180_csv_import ... ok
[INFO] [stdout] test sync::tests::noop_sync_with_open_connection_and_no_gitignore_reports_up_to_date ... FAILED
[INFO] [stdout] test sync::tests::password_history_unions_across_devices_and_tolerates_legacy_remotes ... FAILED
[INFO] [stdout] test sync::tests::renames_propagate_between_devices ... FAILED
[INFO] [stdout] test sync::tests::sync_refuses_a_remote_requiring_a_newer_version ... FAILED
[INFO] [stdout] test sync::tests::noop_syncs_short_circuit_after_the_fetch ... FAILED
[INFO] [stdout] test import::tests::export_import_round_trip_preserves_formula_leading_password_and_category ... ok
[INFO] [stdout] test sync::tests::sync_setup_wizard_core_configures_both_device_kinds ... FAILED
[INFO] [stdout] test import::tests::keystash_csv_import_preserves_category_and_notes ... ok
[INFO] [stdout] test import::tests::onepassword_csv_without_notes_column_is_detected_and_imports ... ok
[INFO] [stdout] test tests::parse_search_args_accepts_a_query_starting_with_a_dash ... ok
[INFO] [stdout] test tests::parse_search_args_dash_dash_forces_the_next_arg_to_be_the_query_verbatim ... ok
[INFO] [stdout] test tests::parse_search_args_finds_a_plain_query ... ok
[INFO] [stdout] test tests::parse_search_args_skips_known_flags_regardless_of_order ... ok
[INFO] [stdout] test tests::parse_search_args_no_query_returns_none ... ok
[INFO] [stdout] test tests::profile_flag_is_only_recognized_before_the_subcommand ... ok
[INFO] [stdout] test tests::profile_names_are_locked_to_a_single_safe_path_component ... ok
[INFO] [stdout] test tests::truncate_chars_does_not_panic_on_multibyte_boundaries ... ok
[INFO] [stdout] test tests::restrictive_umask_applies_to_newly_created_files_before_any_chmod ... ok
[INFO] [stdout] test forms::form_integration_tests::generator_dialog_changes_do_not_rewrite_saved_defaults ... ok
[INFO] [stdout] test forms::form_integration_tests::form_reuse_and_strength_reflect_the_cache_not_live_decrypt ... ok
[INFO] [stdout] test forms::form_integration_tests::postunlock_sync_never_spawns_without_a_git_repo ... ok
[INFO] [stdout] test forms::form_integration_tests::conflict_resolution_records_the_losing_password_into_history ... ok
[INFO] [stdout] test forms::form_integration_tests::settings_numeric_field_replaces_stale_value_on_first_keystroke ... ok
[INFO] [stdout] 
[INFO] [stdout] failures:
[INFO] [stdout] 
[INFO] [stdout] ---- db::sqlcipher_tests::deleting_duplicates_sharing_a_triple_keeps_every_tombstone stdout ----
[INFO] [stdout] 
[INFO] [stdout] thread 'db::sqlcipher_tests::deleting_duplicates_sharing_a_triple_keeps_every_tombstone' (12834) panicked at src/db.rs:1815:39:
[INFO] [stdout] failed to create test directory: Os { code: 30, kind: ReadOnlyFilesystem, message: "Read-only file system" }
[INFO] [stdout] stack backtrace:
[INFO] [stdout]    0:     0x64563748dfe7 - <unknown>
[INFO] [stdout]    1:     0x64563744a374 - <unknown>
[INFO] [stdout]    2:     0x64563748d5ab - <unknown>
[INFO] [stdout]    3:     0x64563748d1a9 - <unknown>
[INFO] [stdout]    4:     0x64563748ce2a - <unknown>
[INFO] [stdout]    5:     0x64563748c963 - <unknown>
[INFO] [stdout]    6:     0x6456374b27d1 - <unknown>
[INFO] [stdout]    7:     0x6456374b2789 - <unknown>
[INFO] [stdout]    8:     0x6456374b2c8c - <unknown>
[INFO] [stdout]    9:     0x64563744a20b - <unknown>
[INFO] [stdout]   10:     0x64563744e521 - <unknown>
[INFO] [stdout]   11:     0x6456373e9b1c - <unknown>
[INFO] [stdout]   12:     0x6456374042e5 - <unknown>
[INFO] [stdout]   13:     0x6456374170f3 - <unknown>
[INFO] [stdout]   14:     0x6456374ce85b - <unknown>
[INFO] [stdout]   15:     0x6456374cad42 - <unknown>
[INFO] [stdout]   16:     0x6456374ca56c - <unknown>
[INFO] [stdout]   17:     0x6456374e4b2c - <unknown>
[INFO] [stdout]   18:     0x6456374b40fa - <unknown>
[INFO] [stdout]   19:     0x7079d9f65dfa - <unknown>
[INFO] [stdout]   20:     0x7079d9ff93d4 - clone
[INFO] [stdout]   21:                0x0 - <unknown>
[INFO] [stdout] 
[INFO] [stdout] ---- db::sqlcipher_tests::legacy_triple_keyed_tombstone_table_is_rebuilt_on_open stdout ----
[INFO] [stdout] 
[INFO] [stdout] thread 'db::sqlcipher_tests::legacy_triple_keyed_tombstone_table_is_rebuilt_on_open' (12835) panicked at src/db.rs:1815:39:
[INFO] [stdout] failed to create test directory: Os { code: 30, kind: ReadOnlyFilesystem, message: "Read-only file system" }
[INFO] [stdout] stack backtrace:
[INFO] [stdout]    0:     0x64563748dfe7 - <unknown>
[INFO] [stdout]    1:     0x64563744a374 - <unknown>
[INFO] [stdout]    2:     0x64563748d5ab - <unknown>
[INFO] [stdout]    3:     0x64563748d1a9 - <unknown>
[INFO] [stdout]    4:     0x64563748ce2a - <unknown>
[INFO] [stdout]    5:     0x64563748c963 - <unknown>
[INFO] [stdout]    6:     0x6456374b27d1 - <unknown>
[INFO] [stdout]    7:     0x6456374b2789 - <unknown>
[INFO] [stdout]    8:     0x6456374b2c8c - <unknown>
[INFO] [stdout]    9:     0x64563744a20b - <unknown>
[INFO] [stderr] error: test failed, to rerun pass `--bin keystash`
[INFO] [stdout]   10:     0x64563744e521 - <unknown>
[INFO] [stdout]   11:     0x6456373e9b1c - <unknown>
[INFO] [stdout]   12:     0x6456374042e5 - <unknown>
[INFO] [stdout]   13:     0x645637414ec9 - <unknown>
[INFO] [stdout]   14:     0x6456374ce85b - <unknown>
[INFO] [stdout]   15:     0x6456374cad42 - <unknown>
[INFO] [stdout]   16:     0x6456374ca56c - <unknown>
[INFO] [stdout]   17:     0x6456374e4b2c - <unknown>
[INFO] [stdout]   18:     0x6456374b40fa - <unknown>
[INFO] [stdout]   19:     0x7079d9f65dfa - <unknown>
[INFO] [stdout]   20:     0x7079d9ff93d4 - clone
[INFO] [stdout]   21:                0x0 - <unknown>
[INFO] [stdout] 
[INFO] [stdout] ---- db::sqlcipher_tests::migrate_legacy_vault_preserves_secrets_under_new_password_scheme stdout ----
[INFO] [stdout] 
[INFO] [stdout] thread 'db::sqlcipher_tests::migrate_legacy_vault_preserves_secrets_under_new_password_scheme' (12836) panicked at src/db.rs:1815:39:
[INFO] [stdout] failed to create test directory: Os { code: 30, kind: ReadOnlyFilesystem, message: "Read-only file system" }
[INFO] [stdout] stack backtrace:
[INFO] [stdout]    0:     0x64563748dfe7 - <unknown>
[INFO] [stdout]    1:     0x64563744a374 - <unknown>
[INFO] [stdout]    2:     0x64563748d5ab - <unknown>
[INFO] [stdout]    3:     0x64563748d1a9 - <unknown>
[INFO] [stdout]    4:     0x64563748ce2a - <unknown>
[INFO] [stdout]    5:     0x64563748c963 - <unknown>
[INFO] [stdout]    6:     0x6456374b27d1 - <unknown>
[INFO] [stdout]    7:     0x6456374b2789 - <unknown>
[INFO] [stdout]    8:     0x6456374b2c8c - <unknown>
[INFO] [stdout]    9:     0x64563744a20b - <unknown>
[INFO] [stdout]   10:     0x64563744e521 - <unknown>
[INFO] [stdout]   11:     0x6456373e9b1c - <unknown>
[INFO] [stdout]   12:     0x6456374042e5 - <unknown>
[INFO] [stdout]   13:     0x645637417e80 - <unknown>
[INFO] [stdout]   14:     0x6456374ce85b - <unknown>
[INFO] [stdout]   15:     0x6456374cad42 - <unknown>
[INFO] [stdout]   16:     0x6456374ca56c - <unknown>
[INFO] [stdout]   17:     0x6456374e4b2c - <unknown>
[INFO] [stdout]   18:     0x6456374b40fa - <unknown>
[INFO] [stdout]   19:     0x7079d9f65dfa - <unknown>
[INFO] [stdout]   20:     0x7079d9ff93d4 - clone
[INFO] [stdout]   21:                0x0 - <unknown>
[INFO] [stdout] 
[INFO] [stdout] ---- db::sqlcipher_tests::change_master_password_invalidates_hibp_cache stdout ----
[INFO] [stdout] 
[INFO] [stdout] thread 'db::sqlcipher_tests::change_master_password_invalidates_hibp_cache' (12829) panicked at src/db.rs:1815:39:
[INFO] [stdout] failed to create test directory: Os { code: 30, kind: ReadOnlyFilesystem, message: "Read-only file system" }
[INFO] [stdout] stack backtrace:
[INFO] [stdout]    0:     0x64563748dfe7 - <unknown>
[INFO] [stdout]    1:     0x64563744a374 - <unknown>
[INFO] [stdout]    2:     0x64563748d5ab - <unknown>
[INFO] [stdout]    3:     0x64563748d1a9 - <unknown>
[INFO] [stdout]    4:     0x64563748ce2a - <unknown>
[INFO] [stdout]    5:     0x64563748c963 - <unknown>
[INFO] [stdout]    6:     0x6456374b27d1 - <unknown>
[INFO] [stdout]    7:     0x6456374b2789 - <unknown>
[INFO] [stdout]    8:     0x6456374b2c8c - <unknown>
[INFO] [stdout]    9:     0x64563744a20b - <unknown>
[INFO] [stdout]   10:     0x64563744e521 - <unknown>
[INFO] [stdout]   11:     0x6456373e9b1c - <unknown>
[INFO] [stdout]   12:     0x6456374042e5 - <unknown>
[INFO] [stdout]   13:     0x645637411aa6 - <unknown>
[INFO] [stdout]   14:     0x6456374ce85b - <unknown>
[INFO] [stdout]   15:     0x6456374cad42 - <unknown>
[INFO] [stdout]   16:     0x6456374ca56c - <unknown>
[INFO] [stdout]   17:     0x6456374e4b2c - <unknown>
[INFO] [stdout]   18:     0x6456374b40fa - <unknown>
[INFO] [stdout]   19:     0x7079d9f65dfa - <unknown>
[INFO] [stdout]   20:     0x7079d9ff93d4 - clone
[INFO] [stdout]   21:                0x0 - <unknown>
[INFO] [stdout] 
[INFO] [stdout] ---- db::sqlcipher_tests::open_vault_refuses_a_vault_requiring_a_newer_version stdout ----
[INFO] [stdout] 
[INFO] [stdout] thread 'db::sqlcipher_tests::open_vault_refuses_a_vault_requiring_a_newer_version' (12839) panicked at src/db.rs:1815:39:
[INFO] [stdout] failed to create test directory: Os { code: 30, kind: ReadOnlyFilesystem, message: "Read-only file system" }
[INFO] [stdout] stack backtrace:
[INFO] [stdout]    0:     0x64563748dfe7 - <unknown>
[INFO] [stdout]    1:     0x64563744a374 - <unknown>
[INFO] [stdout]    2:     0x64563748d5ab - <unknown>
[INFO] [stdout]    3:     0x64563748d1a9 - <unknown>
[INFO] [stdout]    4:     0x64563748ce2a - <unknown>
[INFO] [stdout]    5:     0x64563748c963 - <unknown>
[INFO] [stdout]    6:     0x6456374b27d1 - <unknown>
[INFO] [stdout]    7:     0x6456374b2789 - <unknown>
[INFO] [stdout]    8:     0x6456374b2c8c - <unknown>
[INFO] [stdout]    9:     0x64563744a20b - <unknown>
[INFO] [stdout]   10:     0x64563744e521 - <unknown>
[INFO] [stdout]   11:     0x6456373e9b1c - <unknown>
[INFO] [stdout]   12:     0x6456374042e5 - <unknown>
[INFO] [stdout]   13:     0x645637413abd - <unknown>
[INFO] [stdout]   14:     0x6456374ce85b - <unknown>
[INFO] [stdout]   15:     0x6456374cad42 - <unknown>
[INFO] [stdout]   16:     0x6456374ca56c - <unknown>
[INFO] [stdout]   17:     0x6456374e4b2c - <unknown>
[INFO] [stdout]   18:     0x6456374b40fa - <unknown>
[INFO] [stdout]   19:     0x7079d9f65dfa - <unknown>
[INFO] [stdout]   20:     0x7079d9ff93d4 - clone
[INFO] [stdout]   21:                0x0 - <unknown>
[INFO] [stdout] 
[INFO] [stdout] ---- db::sqlcipher_tests::password_history_records_real_changes_caps_and_cleans stdout ----
[INFO] [stdout] 
[INFO] [stdout] thread 'db::sqlcipher_tests::password_history_records_real_changes_caps_and_cleans' (12840) panicked at src/db.rs:1815:39:
[INFO] [stdout] failed to create test directory: Os { code: 30, kind: ReadOnlyFilesystem, message: "Read-only file system" }
[INFO] [stdout] stack backtrace:
[INFO] [stdout]    0:     0x64563748dfe7 - <unknown>
[INFO] [stdout]    1:     0x64563744a374 - <unknown>
[INFO] [stdout]    2:     0x64563748d5ab - <unknown>
[INFO] [stdout]    3:     0x64563748d1a9 - <unknown>
[INFO] [stdout]    4:     0x64563748ce2a - <unknown>
[INFO] [stdout]    5:     0x64563748c963 - <unknown>
[INFO] [stdout]    6:     0x6456374b27d1 - <unknown>
[INFO] [stdout]    7:     0x6456374b2789 - <unknown>
[INFO] [stdout]    8:     0x6456374b2c8c - <unknown>
[INFO] [stdout]    9:     0x64563744a20b - <unknown>
[INFO] [stdout]   10:     0x64563744e521 - <unknown>
[INFO] [stdout]   11:     0x6456373e9b1c - <unknown>
[INFO] [stdout]   12:     0x6456374042e5 - <unknown>
[INFO] [stdout]   13:     0x6456374141ea - <unknown>
[INFO] [stdout]   14:     0x6456374ce85b - <unknown>
[INFO] [stdout]   15:     0x6456374cad42 - <unknown>
[INFO] [stdout]   16:     0x6456374ca56c - <unknown>
[INFO] [stdout]   17:     0x6456374e4b2c - <unknown>
[INFO] [stdout]   18:     0x6456374b40fa - <unknown>
[INFO] [stdout]   19:     0x7079d9f65dfa - <unknown>
[INFO] [stdout]   20:     0x7079d9ff93d4 - clone
[INFO] [stdout]   21:                0x0 - <unknown>
[INFO] [stdout] 
[INFO] [stdout] ---- db::sqlcipher_tests::prune_old_tombstones_removes_only_entries_past_the_90_day_horizon stdout ----
[INFO] [stdout] 
[INFO] [stdout] thread 'db::sqlcipher_tests::prune_old_tombstones_removes_only_entries_past_the_90_day_horizon' (12841) panicked at src/db.rs:1815:39:
[INFO] [stdout] failed to create test directory: Os { code: 30, kind: ReadOnlyFilesystem, message: "Read-only file system" }
[INFO] [stdout] stack backtrace:
[INFO] [stdout]    0:     0x64563748dfe7 - <unknown>
[INFO] [stdout]    1:     0x64563744a374 - <unknown>
[INFO] [stdout]    2:     0x64563748d5ab - <unknown>
[INFO] [stdout]    3:     0x64563748d1a9 - <unknown>
[INFO] [stdout]    4:     0x64563748ce2a - <unknown>
[INFO] [stdout]    5:     0x64563748c963 - <unknown>
[INFO] [stdout]    6:     0x6456374b27d1 - <unknown>
[INFO] [stdout]    7:     0x6456374b2789 - <unknown>
[INFO] [stdout]    8:     0x6456374b2c8c - <unknown>
[INFO] [stdout]    9:     0x64563744a20b - <unknown>
[INFO] [stdout]   10:     0x64563744e521 - <unknown>
[INFO] [stdout]   11:     0x6456373e9b1c - <unknown>
[INFO] [stdout]   12:     0x6456374042e5 - <unknown>
[INFO] [stdout]   13:     0x645637418bc0 - <unknown>
[INFO] [stdout]   14:     0x6456374ce85b - <unknown>
[INFO] [stdout]   15:     0x6456374cad42 - <unknown>
[INFO] [stdout]   16:     0x6456374ca56c - <unknown>
[INFO] [stdout]   17:     0x6456374e4b2c - <unknown>
[INFO] [stdout]   18:     0x6456374b40fa - <unknown>
[INFO] [stdout]   19:     0x7079d9f65dfa - <unknown>
[INFO] [stdout]   20:     0x7079d9ff93d4 - clone
[INFO] [stdout]   21:                0x0 - <unknown>
[INFO] [stdout] 
[INFO] [stdout] ---- db::sqlcipher_tests::stored_version_floor_is_raised_on_open stdout ----
[INFO] [stdout] 
[INFO] [stdout] thread 'db::sqlcipher_tests::stored_version_floor_is_raised_on_open' (12844) panicked at src/db.rs:1815:39:
[INFO] [stdout] failed to create test directory: Os { code: 30, kind: ReadOnlyFilesystem, message: "Read-only file system" }
[INFO] [stdout] stack backtrace:
[INFO] [stdout]    0:     0x64563748dfe7 - <unknown>
[INFO] [stdout]    1:     0x64563744a374 - <unknown>
[INFO] [stdout]    2:     0x64563748d5ab - <unknown>
[INFO] [stdout]    3:     0x64563748d1a9 - <unknown>
[INFO] [stdout]    4:     0x64563748ce2a - <unknown>
[INFO] [stdout]    5:     0x64563748c963 - <unknown>
[INFO] [stdout]    6:     0x6456374b27d1 - <unknown>
[INFO] [stdout]    7:     0x6456374b2789 - <unknown>
[INFO] [stdout]    8:     0x6456374b2c8c - <unknown>
[INFO] [stdout]    9:     0x64563744a20b - <unknown>
[INFO] [stdout]   10:     0x64563744e521 - <unknown>
[INFO] [stdout]   11:     0x6456373e9b1c - <unknown>
[INFO] [stdout]   12:     0x6456374042e5 - <unknown>
[INFO] [stdout]   13:     0x645637410f41 - <unknown>
[INFO] [stdout]   14:     0x6456374ce85b - <unknown>
[INFO] [stdout]   15:     0x6456374cad42 - <unknown>
[INFO] [stdout]   16:     0x6456374ca56c - <unknown>
[INFO] [stdout]   17:     0x6456374e4b2c - <unknown>
[INFO] [stdout]   18:     0x6456374b40fa - <unknown>
[INFO] [stdout]   19:     0x7079d9f65dfa - <unknown>
[INFO] [stdout]   20:     0x7079d9ff93d4 - clone
[INFO] [stdout]   21:                0x0 - <unknown>
[INFO] [stdout] 
[INFO] [stdout] ---- db::sqlcipher_tests::new_vaults_are_self_contained_with_the_salt_in_the_header stdout ----
[INFO] [stdout] 
[INFO] [stdout] thread 'db::sqlcipher_tests::new_vaults_are_self_contained_with_the_salt_in_the_header' (12837) panicked at src/db.rs:1815:39:
[INFO] [stdout] failed to create test directory: Os { code: 30, kind: ReadOnlyFilesystem, message: "Read-only file system" }
[INFO] [stdout] stack backtrace:
[INFO] [stdout]    0:     0x64563748dfe7 - <unknown>
[INFO] [stdout]    1:     0x64563744a374 - <unknown>
[INFO] [stdout]    2:     0x64563748d5ab - <unknown>
[INFO] [stdout]    3:     0x64563748d1a9 - <unknown>
[INFO] [stdout]    4:     0x64563748ce2a - <unknown>
[INFO] [stdout]    5:     0x64563748c963 - <unknown>
[INFO] [stdout]    6:     0x6456374b27d1 - <unknown>
[INFO] [stdout]    7:     0x6456374b2789 - <unknown>
[INFO] [stdout]    8:     0x6456374b2c8c - <unknown>
[INFO] [stdout]    9:     0x64563744a20b - <unknown>
[INFO] [stdout]   10:     0x64563744e521 - <unknown>
[INFO] [stdout]   11:     0x6456373e9b1c - <unknown>
[INFO] [stdout]   12:     0x6456374042e5 - <unknown>
[INFO] [stdout]   13:     0x6456374164d1 - <unknown>
[INFO] [stdout]   14:     0x6456374ce85b - <unknown>
[INFO] [stdout]   15:     0x6456374cad42 - <unknown>
[INFO] [stdout]   16:     0x6456374ca56c - <unknown>
[INFO] [stdout]   17:     0x6456374e4b2c - <unknown>
[INFO] [stdout]   18:     0x6456374b40fa - <unknown>
[INFO] [stdout]   19:     0x7079d9f65dfa - <unknown>
[INFO] [stdout]   20:     0x7079d9ff93d4 - clone
[INFO] [stdout]   21:                0x0 - <unknown>
[INFO] [stdout] 
[INFO] [stdout] ---- db::sqlcipher_tests::conflict_loser_history_records_only_real_losses stdout ----
[INFO] [stdout] 
[INFO] [stdout] thread 'db::sqlcipher_tests::conflict_loser_history_records_only_real_losses' (12832) panicked at src/db.rs:1815:39:
[INFO] [stdout] failed to create test directory: Os { code: 30, kind: ReadOnlyFilesystem, message: "Read-only file system" }
[INFO] [stdout] stack backtrace:
[INFO] [stdout]    0:     0x64563748dfe7 - <unknown>
[INFO] [stdout]    1:     0x64563744a374 - <unknown>
[INFO] [stdout]    2:     0x64563748d5ab - <unknown>
[INFO] [stdout]    3:     0x64563748d1a9 - <unknown>
[INFO] [stdout]    4:     0x64563748ce2a - <unknown>
[INFO] [stdout]    5:     0x64563748c963 - <unknown>
[INFO] [stdout]    6:     0x6456374b27d1 - <unknown>
[INFO] [stdout]    7:     0x6456374b2789 - <unknown>
[INFO] [stdout]    8:     0x6456374b2c8c - <unknown>
[INFO] [stdout]    9:     0x64563744a20b - <unknown>
[INFO] [stdout]   10:     0x64563744e521 - <unknown>
[INFO] [stdout]   11:     0x6456373e9b1c - <unknown>
[INFO] [stdout]   12:     0x6456374042e5 - <unknown>
[INFO] [stdout]   13:     0x645637412f38 - <unknown>
[INFO] [stdout]   14:     0x6456374ce85b - <unknown>
[INFO] [stdout]   15:     0x6456374cad42 - <unknown>
[INFO] [stdout]   16:     0x6456374ca56c - <unknown>
[INFO] [stdout]   17:     0x6456374e4b2c - <unknown>
[INFO] [stdout]   18:     0x6456374b40fa - <unknown>
[INFO] [stdout]   19:     0x7079d9f65dfa - <unknown>
[INFO] [stdout]   20:     0x7079d9ff93d4 - clone
[INFO] [stdout]   21:                0x0 - <unknown>
[INFO] [stdout] 
[INFO] [stdout] ---- db::sqlcipher_tests::change_master_password_rekeys_and_rotates_field_encryption stdout ----
[INFO] [stdout] 
[INFO] [stdout] thread 'db::sqlcipher_tests::change_master_password_rekeys_and_rotates_field_encryption' (12831) panicked at src/db.rs:1815:39:
[INFO] [stdout] failed to create test directory: Os { code: 30, kind: ReadOnlyFilesystem, message: "Read-only file system" }
[INFO] [stdout] stack backtrace:
[INFO] [stdout]    0:     0x64563748dfe7 - <unknown>
[INFO] [stdout]    1:     0x64563744a374 - <unknown>
[INFO] [stdout]    2:     0x64563748d5ab - <unknown>
[INFO] [stdout]    3:     0x64563748d1a9 - <unknown>
[INFO] [stdout]    4:     0x64563748ce2a - <unknown>
[INFO] [stdout]    5:     0x64563748c963 - <unknown>
[INFO] [stdout]    6:     0x6456374b27d1 - <unknown>
[INFO] [stdout]    7:     0x6456374b2789 - <unknown>
[INFO] [stdout]    8:     0x6456374b2c8c - <unknown>
[INFO] [stdout]    9:     0x64563744a20b - <unknown>
[INFO] [stdout]   10:     0x64563744e521 - <unknown>
[INFO] [stdout]   11:     0x6456373e9b1c - <unknown>
[INFO] [stdout]   12:     0x6456374042e5 - <unknown>
[INFO] [stdout]   13:     0x6456374167a3 - <unknown>
[INFO] [stdout]   14:     0x6456374ce85b - <unknown>
[INFO] [stdout]   15:     0x6456374cad42 - <unknown>
[INFO] [stdout]   16:     0x6456374ca56c - <unknown>
[INFO] [stdout]   17:     0x6456374e4b2c - <unknown>
[INFO] [stdout]   18:     0x6456374b40fa - <unknown>
[INFO] [stdout]   19:     0x7079d9f65dfa - <unknown>
[INFO] [stdout]   20:     0x7079d9ff93d4 - clone
[INFO] [stdout]   21:                0x0 - <unknown>
[INFO] [stdout] 
[INFO] [stdout] ---- db::sqlcipher_tests::change_master_password_preserves_updated_at stdout ----
[INFO] [stdout] 
[INFO] [stdout] thread 'db::sqlcipher_tests::change_master_password_preserves_updated_at' (12830) panicked at src/db.rs:1815:39:
[INFO] [stdout] failed to create test directory: Os { code: 30, kind: ReadOnlyFilesystem, message: "Read-only file system" }
[INFO] [stdout] stack backtrace:
[INFO] [stdout]    0:     0x64563748dfe7 - <unknown>
[INFO] [stdout]    1:     0x64563744a374 - <unknown>
[INFO] [stdout]    2:     0x64563748d5ab - <unknown>
[INFO] [stdout]    3:     0x64563748d1a9 - <unknown>
[INFO] [stdout]    4:     0x64563748ce2a - <unknown>
[INFO] [stdout]    5:     0x64563748c963 - <unknown>
[INFO] [stdout]    6:     0x6456374b27d1 - <unknown>
[INFO] [stdout]    7:     0x6456374b2789 - <unknown>
[INFO] [stdout]    8:     0x6456374b2c8c - <unknown>
[INFO] [stdout]    9:     0x64563744a20b - <unknown>
[INFO] [stdout]   10:     0x64563744e521 - <unknown>
[INFO] [stdout]   11:     0x6456373e9b1c - <unknown>
[INFO] [stdout]   12:     0x6456374042e5 - <unknown>
[INFO] [stdout]   13:     0x6456374114eb - <unknown>
[INFO] [stdout]   14:     0x6456374ce85b - <unknown>
[INFO] [stdout]   15:     0x6456374cad42 - <unknown>
[INFO] [stdout]   16:     0x6456374ca56c - <unknown>
[INFO] [stdout]   17:     0x6456374e4b2c - <unknown>
[INFO] [stdout]   18:     0x6456374b40fa - <unknown>
[INFO] [stdout]   19:     0x7079d9f65dfa - <unknown>
[INFO] [stdout]   20:     0x7079d9ff93d4 - clone
[INFO] [stdout]   21:                0x0 - <unknown>
[INFO] [stdout] 
[INFO] [stdout] ---- db::sqlcipher_tests::create_then_open_round_trip_and_wrong_password_rejected stdout ----
[INFO] [stdout] 
[INFO] [stdout] thread 'db::sqlcipher_tests::create_then_open_round_trip_and_wrong_password_rejected' (12833) panicked at src/db.rs:1815:39:
[INFO] [stdout] failed to create test directory: Os { code: 30, kind: ReadOnlyFilesystem, message: "Read-only file system" }
[INFO] [stdout] stack backtrace:
[INFO] [stdout]    0:     0x64563748dfe7 - <unknown>
[INFO] [stdout]    1:     0x64563744a374 - <unknown>
[INFO] [stdout]    2:     0x64563748d5ab - <unknown>
[INFO] [stdout]    3:     0x64563748d1a9 - <unknown>
[INFO] [stdout]    4:     0x64563748ce2a - <unknown>
[INFO] [stdout]    5:     0x64563748c963 - <unknown>
[INFO] [stdout]    6:     0x6456374b27d1 - <unknown>
[INFO] [stdout]    7:     0x6456374b2789 - <unknown>
[INFO] [stdout]    8:     0x6456374b2c8c - <unknown>
[INFO] [stdout]    9:     0x64563744a20b - <unknown>
[INFO] [stdout]   10:     0x64563744e521 - <unknown>
[INFO] [stdout]   11:     0x6456373e9b1c - <unknown>
[INFO] [stdout]   12:     0x6456374042e5 - <unknown>
[INFO] [stdout]   13:     0x645637415e70 - <unknown>
[INFO] [stdout]   14:     0x6456374ce85b - <unknown>
[INFO] [stdout]   15:     0x6456374cad42 - <unknown>
[INFO] [stdout]   16:     0x6456374ca56c - <unknown>
[INFO] [stdout]   17:     0x6456374e4b2c - <unknown>
[INFO] [stdout]   18:     0x6456374b40fa - <unknown>
[INFO] [stdout]   19:     0x7079d9f65dfa - <unknown>
[INFO] [stdout]   20:     0x7079d9ff93d4 - clone
[INFO] [stdout]   21:                0x0 - <unknown>
[INFO] [stdout] 
[INFO] [stdout] ---- db::sqlcipher_tests::open_vault_ignores_a_missing_or_older_min_version_row stdout ----
[INFO] [stdout] 
[INFO] [stdout] thread 'db::sqlcipher_tests::open_vault_ignores_a_missing_or_older_min_version_row' (12838) panicked at src/db.rs:1815:39:
[INFO] [stdout] failed to create test directory: Os { code: 30, kind: ReadOnlyFilesystem, message: "Read-only file system" }
[INFO] [stdout] stack backtrace:
[INFO] [stdout]    0:     0x64563748dfe7 - <unknown>
[INFO] [stdout]    1:     0x64563744a374 - <unknown>
[INFO] [stdout]    2:     0x64563748d5ab - <unknown>
[INFO] [stdout]    3:     0x64563748d1a9 - <unknown>
[INFO] [stdout]    4:     0x64563748ce2a - <unknown>
[INFO] [stdout]    5:     0x64563748c963 - <unknown>
[INFO] [stdout]    6:     0x6456374b27d1 - <unknown>
[INFO] [stdout]    7:     0x6456374b2789 - <unknown>
[INFO] [stdout]    8:     0x6456374b2c8c - <unknown>
[INFO] [stdout]    9:     0x64563744a20b - <unknown>
[INFO] [stdout]   10:     0x64563744e521 - <unknown>
[INFO] [stdout]   11:     0x6456373e9b1c - <unknown>
[INFO] [stdout]   12:     0x6456374042e5 - <unknown>
[INFO] [stdout]   13:     0x645637413dc7 - <unknown>
[INFO] [stdout]   14:     0x6456374ce85b - <unknown>
[INFO] [stdout]   15:     0x6456374cad42 - <unknown>
[INFO] [stdout]   16:     0x6456374ca56c - <unknown>
[INFO] [stdout]   17:     0x6456374e4b2c - <unknown>
[INFO] [stdout]   18:     0x6456374b40fa - <unknown>
[INFO] [stdout]   19:     0x7079d9f65dfa - <unknown>
[INFO] [stdout]   20:     0x7079d9ff93d4 - clone
[INFO] [stdout]   21:                0x0 - <unknown>
[INFO] [stdout] 
[INFO] [stdout] ---- db::sqlcipher_tests::rotation_reencrypts_password_history stdout ----
[INFO] [stdout] 
[INFO] [stdout] thread 'db::sqlcipher_tests::rotation_reencrypts_password_history' (12842) panicked at src/db.rs:1815:39:
[INFO] [stdout] failed to create test directory: Os { code: 30, kind: ReadOnlyFilesystem, message: "Read-only file system" }
[INFO] [stdout] stack backtrace:
[INFO] [stdout]    0:     0x64563748dfe7 - <unknown>
[INFO] [stdout]    1:     0x64563744a374 - <unknown>
[INFO] [stdout]    2:     0x64563748d5ab - <unknown>
[INFO] [stdout]    3:     0x64563748d1a9 - <unknown>
[INFO] [stdout]    4:     0x64563748ce2a - <unknown>
[INFO] [stdout]    5:     0x64563748c963 - <unknown>
[INFO] [stdout]    6:     0x6456374b27d1 - <unknown>
[INFO] [stdout]    7:     0x6456374b2789 - <unknown>
[INFO] [stdout]    8:     0x6456374b2c8c - <unknown>
[INFO] [stdout]    9:     0x64563744a20b - <unknown>
[INFO] [stdout]   10:     0x64563744e521 - <unknown>
[INFO] [stdout]   11:     0x6456373e9b1c - <unknown>
[INFO] [stdout]   12:     0x6456374042e5 - <unknown>
[INFO] [stdout]   13:     0x645637410717 - <unknown>
[INFO] [stdout]   14:     0x6456374ce85b - <unknown>
[INFO] [stdout]   15:     0x6456374cad42 - <unknown>
[INFO] [stdout]   16:     0x6456374ca56c - <unknown>
[INFO] [stdout]   17:     0x6456374e4b2c - <unknown>
[INFO] [stdout]   18:     0x6456374b40fa - <unknown>
[INFO] [stdout]   19:     0x7079d9f65dfa - <unknown>
[INFO] [stdout]   20:     0x7079d9ff93d4 - clone
[INFO] [stdout]   21:                0x0 - <unknown>
[INFO] [stdout] 
[INFO] [stdout] ---- db::sqlcipher_tests::sidecar_era_vault_is_converted_on_first_unlock stdout ----
[INFO] [stdout] 
[INFO] [stdout] thread 'db::sqlcipher_tests::sidecar_era_vault_is_converted_on_first_unlock' (12843) panicked at src/db.rs:1815:39:
[INFO] [stdout] failed to create test directory: Os { code: 30, kind: ReadOnlyFilesystem, message: "Read-only file system" }
[INFO] [stdout] stack backtrace:
[INFO] [stdout]    0:     0x64563748dfe7 - <unknown>
[INFO] [stdout]    1:     0x64563744a374 - <unknown>
[INFO] [stdout]    2:     0x64563748d5ab - <unknown>
[INFO] [stdout]    3:     0x64563748d1a9 - <unknown>
[INFO] [stdout]    4:     0x64563748ce2a - <unknown>
[INFO] [stdout]    5:     0x64563748c963 - <unknown>
[INFO] [stdout]    6:     0x6456374b27d1 - <unknown>
[INFO] [stdout]    7:     0x6456374b2789 - <unknown>
[INFO] [stdout]    8:     0x6456374b2c8c - <unknown>
[INFO] [stdout]    9:     0x64563744a20b - <unknown>
[INFO] [stdout]   10:     0x64563744e521 - <unknown>
[INFO] [stdout]   11:     0x6456373e9b1c - <unknown>
[INFO] [stdout]   12:     0x6456374042e5 - <unknown>
[INFO] [stdout]   13:     0x64563741214e - <unknown>
[INFO] [stdout]   14:     0x6456374ce85b - <unknown>
[INFO] [stdout]   15:     0x6456374cad42 - <unknown>
[INFO] [stdout]   16:     0x6456374ca56c - <unknown>
[INFO] [stdout]   17:     0x6456374e4b2c - <unknown>
[INFO] [stdout]   18:     0x6456374b40fa - <unknown>
[INFO] [stdout]   19:     0x7079d9f65dfa - <unknown>
[INFO] [stdout]   20:     0x7079d9ff93d4 - clone
[INFO] [stdout]   21:                0x0 - <unknown>
[INFO] [stdout] 
[INFO] [stdout] ---- sync::tests::concurrent_renames_surface_as_conflict_and_resolve stdout ----
[INFO] [stdout] 
[INFO] [stdout] thread 'sync::tests::concurrent_renames_surface_as_conflict_and_resolve' (12872) panicked at src/sync.rs:1370:39:
[INFO] [stdout] failed to create test root: Os { code: 30, kind: ReadOnlyFilesystem, message: "Read-only file system" }
[INFO] [stdout] stack backtrace:
[INFO] [stdout]    0:     0x64563748dfe7 - <unknown>
[INFO] [stdout]    1:     0x64563744a374 - <unknown>
[INFO] [stdout]    2:     0x64563748d5ab - <unknown>
[INFO] [stdout]    3:     0x64563748d1a9 - <unknown>
[INFO] [stdout]    4:     0x64563748ce2a - <unknown>
[INFO] [stdout]    5:     0x64563748c963 - <unknown>
[INFO] [stdout]    6:     0x6456374b27d1 - <unknown>
[INFO] [stdout]    7:     0x6456374b2789 - <unknown>
[INFO] [stdout]    8:     0x6456374b2c8c - <unknown>
[INFO] [stdout]    9:     0x64563744a20b - <unknown>
[INFO] [stdout]   10:     0x64563744e521 - <unknown>
[INFO] [stdout]   11:     0x6456373e9b1c - <unknown>
[INFO] [stdout]   12:     0x645637404952 - <unknown>
[INFO] [stdout]   13:     0x645637420a6f - <unknown>
[INFO] [stdout]   14:     0x6456374ce85b - <unknown>
[INFO] [stdout]   15:     0x6456374cad42 - <unknown>
[INFO] [stdout]   16:     0x6456374ca56c - <unknown>
[INFO] [stdout]   17:     0x6456374e4b2c - <unknown>
[INFO] [stdout]   18:     0x6456374b40fa - <unknown>
[INFO] [stdout]   19:     0x7079d9f65dfa - <unknown>
[INFO] [stdout]   20:     0x7079d9ff93d4 - clone
[INFO] [stdout]   21:                0x0 - <unknown>
[INFO] [stdout] 
[INFO] [stdout] ---- sync::tests::conflict_resolution_preserves_unrelated_remote_changes stdout ----
[INFO] [stdout] 
[INFO] [stdout] thread 'sync::tests::conflict_resolution_preserves_unrelated_remote_changes' (12873) panicked at src/sync.rs:1370:39:
[INFO] [stdout] failed to create test root: Os { code: 30, kind: ReadOnlyFilesystem, message: "Read-only file system" }
[INFO] [stdout] stack backtrace:
[INFO] [stdout]    0:     0x64563748dfe7 - <unknown>
[INFO] [stdout]    1:     0x64563744a374 - <unknown>
[INFO] [stdout]    2:     0x64563748d5ab - <unknown>
[INFO] [stdout]    3:     0x64563748d1a9 - <unknown>
[INFO] [stdout]    4:     0x64563748ce2a - <unknown>
[INFO] [stdout]    5:     0x64563748c963 - <unknown>
[INFO] [stdout]    6:     0x6456374b27d1 - <unknown>
[INFO] [stdout]    7:     0x6456374b2789 - <unknown>
[INFO] [stdout]    8:     0x6456374b2c8c - <unknown>
[INFO] [stdout]    9:     0x64563744a20b - <unknown>
[INFO] [stdout]   10:     0x64563744e521 - <unknown>
[INFO] [stdout]   11:     0x6456373e9b1c - <unknown>
[INFO] [stdout]   12:     0x645637404952 - <unknown>
[INFO] [stdout]   13:     0x645637424258 - <unknown>
[INFO] [stdout]   14:     0x6456374ce85b - <unknown>
[INFO] [stdout]   15:     0x6456374cad42 - <unknown>
[INFO] [stdout]   16:     0x6456374ca56c - <unknown>
[INFO] [stdout]   17:     0x6456374e4b2c - <unknown>
[INFO] [stdout]   18:     0x6456374b40fa - <unknown>
[INFO] [stdout]   19:     0x7079d9f65dfa - <unknown>
[INFO] [stdout]   20:     0x7079d9ff93d4 - clone
[INFO] [stdout]   21:                0x0 - <unknown>
[INFO] [stdout] 
[INFO] [stdout] ---- sync::tests::dedup_deletions_of_shared_triple_records_propagate_to_other_devices stdout ----
[INFO] [stdout] 
[INFO] [stdout] thread 'sync::tests::dedup_deletions_of_shared_triple_records_propagate_to_other_devices' (12874) panicked at src/sync.rs:1370:39:
[INFO] [stdout] failed to create test root: Os { code: 30, kind: ReadOnlyFilesystem, message: "Read-only file system" }
[INFO] [stdout] stack backtrace:
[INFO] [stdout]    0:     0x64563748dfe7 - <unknown>
[INFO] [stdout]    1:     0x64563744a374 - <unknown>
[INFO] [stdout]    2:     0x64563748d5ab - <unknown>
[INFO] [stdout]    3:     0x64563748d1a9 - <unknown>
[INFO] [stdout]    4:     0x64563748ce2a - <unknown>
[INFO] [stdout]    5:     0x64563748c963 - <unknown>
[INFO] [stdout]    6:     0x6456374b27d1 - <unknown>
[INFO] [stdout]    7:     0x6456374b2789 - <unknown>
[INFO] [stdout]    8:     0x6456374b2c8c - <unknown>
[INFO] [stdout]    9:     0x64563744a20b - <unknown>
[INFO] [stdout]   10:     0x64563744e521 - <unknown>
[INFO] [stdout]   11:     0x6456373e9b1c - <unknown>
[INFO] [stdout]   12:     0x645637404952 - <unknown>
[INFO] [stdout]   13:     0x645637429603 - <unknown>
[INFO] [stdout]   14:     0x6456374ce85b - <unknown>
[INFO] [stdout]   15:     0x6456374cad42 - <unknown>
[INFO] [stdout]   16:     0x6456374ca56c - <unknown>
[INFO] [stdout]   17:     0x6456374e4b2c - <unknown>
[INFO] [stdout]   18:     0x6456374b40fa - <unknown>
[INFO] [stdout]   19:     0x7079d9f65dfa - <unknown>
[INFO] [stdout]   20:     0x7079d9ff93d4 - clone
[INFO] [stdout]   21:                0x0 - <unknown>
[INFO] [stdout] 
[INFO] [stdout] ---- sync::tests::detect_sync_conflicts_fetches_the_remote_itself stdout ----
[INFO] [stdout] 
[INFO] [stdout] thread 'sync::tests::detect_sync_conflicts_fetches_the_remote_itself' (12875) panicked at src/sync.rs:1370:39:
[INFO] [stdout] failed to create test root: Os { code: 30, kind: ReadOnlyFilesystem, message: "Read-only file system" }
[INFO] [stdout] stack backtrace:
[INFO] [stdout]    0:     0x64563748dfe7 - <unknown>
[INFO] [stdout]    1:     0x64563744a374 - <unknown>
[INFO] [stdout]    2:     0x64563748d5ab - <unknown>
[INFO] [stdout]    3:     0x64563748d1a9 - <unknown>
[INFO] [stdout]    4:     0x64563748ce2a - <unknown>
[INFO] [stdout]    5:     0x64563748c963 - <unknown>
[INFO] [stdout]    6:     0x6456374b27d1 - <unknown>
[INFO] [stdout]    7:     0x6456374b2789 - <unknown>
[INFO] [stdout]    8:     0x6456374b2c8c - <unknown>
[INFO] [stdout]    9:     0x64563744a20b - <unknown>
[INFO] [stdout]   10:     0x64563744e521 - <unknown>
[INFO] [stdout]   11:     0x6456373e9b1c - <unknown>
[INFO] [stdout]   12:     0x645637404952 - <unknown>
[INFO] [stdout]   13:     0x64563741ef58 - <unknown>
[INFO] [stdout]   14:     0x6456374ce85b - <unknown>
[INFO] [stdout]   15:     0x6456374cad42 - <unknown>
[INFO] [stdout]   16:     0x6456374ca56c - <unknown>
[INFO] [stdout]   17:     0x6456374e4b2c - <unknown>
[INFO] [stdout]   18:     0x6456374b40fa - <unknown>
[INFO] [stdout]   19:     0x7079d9f65dfa - <unknown>
[INFO] [stdout]   20:     0x7079d9ff93d4 - clone
[INFO] [stdout]   21:                0x0 - <unknown>
[INFO] [stdout] 
[INFO] [stdout] ---- sync::tests::duplicate_triple_records_both_survive_a_merge stdout ----
[INFO] [stdout] 
[INFO] [stdout] thread 'sync::tests::duplicate_triple_records_both_survive_a_merge' (12876) panicked at src/sync.rs:1370:39:
[INFO] [stdout] failed to create test root: Os { code: 30, kind: ReadOnlyFilesystem, message: "Read-only file system" }
[INFO] [stdout] stack backtrace:
[INFO] [stdout]    0:     0x64563748dfe7 - <unknown>
[INFO] [stdout]    1:     0x64563744a374 - <unknown>
[INFO] [stdout]    2:     0x64563748d5ab - <unknown>
[INFO] [stdout]    3:     0x64563748d1a9 - <unknown>
[INFO] [stdout]    4:     0x64563748ce2a - <unknown>
[INFO] [stdout]    5:     0x64563748c963 - <unknown>
[INFO] [stdout]    6:     0x6456374b27d1 - <unknown>
[INFO] [stdout]    7:     0x6456374b2789 - <unknown>
[INFO] [stdout]    8:     0x6456374b2c8c - <unknown>
[INFO] [stdout]    9:     0x64563744a20b - <unknown>
[INFO] [stdout]   10:     0x64563744e521 - <unknown>
[INFO] [stdout]   11:     0x6456373e9b1c - <unknown>
[INFO] [stdout]   12:     0x645637404952 - <unknown>
[INFO] [stdout]   13:     0x64563741cb27 - <unknown>
[INFO] [stdout]   14:     0x6456374ce85b - <unknown>
[INFO] [stdout]   15:     0x6456374cad42 - <unknown>
[INFO] [stdout]   16:     0x6456374ca56c - <unknown>
[INFO] [stdout]   17:     0x6456374e4b2c - <unknown>
[INFO] [stdout]   18:     0x6456374b40fa - <unknown>
[INFO] [stdout]   19:     0x7079d9f65dfa - <unknown>
[INFO] [stdout]   20:     0x7079d9ff93d4 - clone
[INFO] [stdout]   21:                0x0 - <unknown>
[INFO] [stdout] 
[INFO] [stdout] ---- sync::tests::first_sync_to_an_empty_remote_pushes_the_initial_backup stdout ----
[INFO] [stdout] 
[INFO] [stdout] thread 'sync::tests::first_sync_to_an_empty_remote_pushes_the_initial_backup' (12877) panicked at src/sync.rs:1370:39:
[INFO] [stdout] failed to create test root: Os { code: 30, kind: ReadOnlyFilesystem, message: "Read-only file system" }
[INFO] [stdout] stack backtrace:
[INFO] [stdout]    0:     0x64563748dfe7 - <unknown>
[INFO] [stdout]    1:     0x64563744a374 - <unknown>
[INFO] [stdout]    2:     0x64563748d5ab - <unknown>
[INFO] [stdout]    3:     0x64563748d1a9 - <unknown>
[INFO] [stdout]    4:     0x64563748ce2a - <unknown>
[INFO] [stdout]    5:     0x64563748c963 - <unknown>
[INFO] [stdout]    6:     0x6456374b27d1 - <unknown>
[INFO] [stdout]    7:     0x6456374b2789 - <unknown>
[INFO] [stdout]    8:     0x6456374b2c8c - <unknown>
[INFO] [stdout]    9:     0x64563744a20b - <unknown>
[INFO] [stdout]   10:     0x64563744e521 - <unknown>
[INFO] [stdout]   11:     0x6456373e9b1c - <unknown>
[INFO] [stdout]   12:     0x645637404952 - <unknown>
[INFO] [stdout]   13:     0x645637425c93 - <unknown>
[INFO] [stdout]   14:     0x6456374ce85b - <unknown>
[INFO] [stdout]   15:     0x6456374cad42 - <unknown>
[INFO] [stdout]   16:     0x6456374ca56c - <unknown>
[INFO] [stdout]   17:     0x6456374e4b2c - <unknown>
[INFO] [stdout]   18:     0x6456374b40fa - <unknown>
[INFO] [stdout]   19:     0x7079d9f65dfa - <unknown>
[INFO] [stdout]   20:     0x7079d9ff93d4 - clone
[INFO] [stdout]   21:                0x0 - <unknown>
[INFO] [stdout] 
[INFO] [stdout] ---- sync::tests::history_retention_bounds_origin_and_keeps_old_devices_working stdout ----
[INFO] [stdout] 
[INFO] [stdout] thread 'sync::tests::history_retention_bounds_origin_and_keeps_old_devices_working' (12879) panicked at src/sync.rs:1370:39:
[INFO] [stdout] failed to create test root: Os { code: 30, kind: ReadOnlyFilesystem, message: "Read-only file system" }
[INFO] [stdout] stack backtrace:
[INFO] [stdout]    0:     0x64563748dfe7 - <unknown>
[INFO] [stdout]    1:     0x64563744a374 - <unknown>
[INFO] [stdout]    2:     0x64563748d5ab - <unknown>
[INFO] [stdout]    3:     0x64563748d1a9 - <unknown>
[INFO] [stdout]    4:     0x64563748ce2a - <unknown>
[INFO] [stdout]    5:     0x64563748c963 - <unknown>
[INFO] [stdout]    6:     0x6456374b27d1 - <unknown>
[INFO] [stdout]    7:     0x6456374b2789 - <unknown>
[INFO] [stdout]    8:     0x6456374b2c8c - <unknown>
[INFO] [stdout]    9:     0x64563744a20b - <unknown>
[INFO] [stdout]   10:     0x64563744e521 - <unknown>
[INFO] [stdout]   11:     0x6456373e9b1c - <unknown>
[INFO] [stdout]   12:     0x645637404952 - <unknown>
[INFO] [stdout]   13:     0x645637426296 - <unknown>
[INFO] [stdout]   14:     0x6456374ce85b - <unknown>
[INFO] [stdout]   15:     0x6456374cad42 - <unknown>
[INFO] [stdout]   16:     0x6456374ca56c - <unknown>
[INFO] [stdout]   17:     0x6456374e4b2c - <unknown>
[INFO] [stdout]   18:     0x6456374b40fa - <unknown>
[INFO] [stdout]   19:     0x7079d9f65dfa - <unknown>
[INFO] [stdout]   20:     0x7079d9ff93d4 - clone
[INFO] [stdout]   21:                0x0 - <unknown>
[INFO] [stdout] 
[INFO] [stdout] ---- sync::tests::first_upgraded_device_can_still_push_to_a_pre_sync_uuid_remote stdout ----
[INFO] [stdout] 
[INFO] [stdout] thread 'sync::tests::first_upgraded_device_can_still_push_to_a_pre_sync_uuid_remote' (12878) panicked at src/sync.rs:1370:39:
[INFO] [stdout] failed to create test root: Os { code: 30, kind: ReadOnlyFilesystem, message: "Read-only file system" }
[INFO] [stdout] stack backtrace:
[INFO] [stdout]    0:     0x64563748dfe7 - <unknown>
[INFO] [stdout]    1:     0x64563744a374 - <unknown>
[INFO] [stdout]    2:     0x64563748d5ab - <unknown>
[INFO] [stdout]    3:     0x64563748d1a9 - <unknown>
[INFO] [stdout]    4:     0x64563748ce2a - <unknown>
[INFO] [stdout]    5:     0x64563748c963 - <unknown>
[INFO] [stdout]    6:     0x6456374b27d1 - <unknown>
[INFO] [stdout]    7:     0x6456374b2789 - <unknown>
[INFO] [stdout]    8:     0x6456374b2c8c - <unknown>
[INFO] [stdout]    9:     0x64563744a20b - <unknown>
[INFO] [stdout]   10:     0x64563744e521 - <unknown>
[INFO] [stdout]   11:     0x6456373e9b1c - <unknown>
[INFO] [stdout]   12:     0x645637404952 - <unknown>
[INFO] [stdout]   13:     0x6456374274ff - <unknown>
[INFO] [stdout]   14:     0x6456374ce85b - <unknown>
[INFO] [stdout]   15:     0x6456374cad42 - <unknown>
[INFO] [stdout]   16:     0x6456374ca56c - <unknown>
[INFO] [stdout]   17:     0x6456374e4b2c - <unknown>
[INFO] [stdout]   18:     0x6456374b40fa - <unknown>
[INFO] [stdout]   19:     0x7079d9f65dfa - <unknown>
[INFO] [stdout]   20:     0x7079d9ff93d4 - clone
[INFO] [stdout]   21:                0x0 - <unknown>
[INFO] [stdout] 
[INFO] [stdout] ---- sync::tests::rotation_race_refusal_names_the_local_rotation stdout ----
[INFO] [stdout] 
[INFO] [stdout] thread 'sync::tests::rotation_race_refusal_names_the_local_rotation' (12884) panicked at src/sync.rs:1370:39:
[INFO] [stdout] failed to create test root: Os { code: 30, kind: ReadOnlyFilesystem, message: "Read-only file system" }
[INFO] [stdout] stack backtrace:
[INFO] [stdout]    0:     0x64563748dfe7 - <unknown>
[INFO] [stdout]    1:     0x64563744a374 - <unknown>
[INFO] [stdout]    2:     0x64563748d5ab - <unknown>
[INFO] [stdout]    3:     0x64563748d1a9 - <unknown>
[INFO] [stdout]    4:     0x64563748ce2a - <unknown>
[INFO] [stdout]    5:     0x64563748c963 - <unknown>
[INFO] [stdout]    6:     0x6456374b27d1 - <unknown>
[INFO] [stdout]    7:     0x6456374b2789 - <unknown>
[INFO] [stdout]    8:     0x6456374b2c8c - <unknown>
[INFO] [stdout]    9:     0x64563744a20b - <unknown>
[INFO] [stdout]   10:     0x64563744e521 - <unknown>
[INFO] [stdout]   11:     0x6456373e9b1c - <unknown>
[INFO] [stdout]   12:     0x645637404952 - <unknown>
[INFO] [stdout]   13:     0x64563741dcac - <unknown>
[INFO] [stdout]   14:     0x6456374ce85b - <unknown>
[INFO] [stdout]   15:     0x6456374cad42 - <unknown>
[INFO] [stdout]   16:     0x6456374ca56c - <unknown>
[INFO] [stdout]   17:     0x6456374e4b2c - <unknown>
[INFO] [stdout]   18:     0x6456374b40fa - <unknown>
[INFO] [stdout]   19:     0x7079d9f65dfa - <unknown>
[INFO] [stdout]   20:     0x7079d9ff93d4 - clone
[INFO] [stdout]   21:                0x0 - <unknown>
[INFO] [stdout] 
[INFO] [stdout] ---- sync::tests::stale_device_refuses_to_push_over_a_rotated_remote stdout ----
[INFO] [stdout] 
[INFO] [stdout] thread 'sync::tests::stale_device_refuses_to_push_over_a_rotated_remote' (12885) panicked at src/sync.rs:1370:39:
[INFO] [stdout] failed to create test root: Os { code: 30, kind: ReadOnlyFilesystem, message: "Read-only file system" }
[INFO] [stdout] stack backtrace:
[INFO] [stdout]    0:     0x64563748dfe7 - <unknown>
[INFO] [stdout]    1:     0x64563744a374 - <unknown>
[INFO] [stdout]    2:     0x64563748d5ab - <unknown>
[INFO] [stdout]    3:     0x64563748d1a9 - <unknown>
[INFO] [stdout]    4:     0x64563748ce2a - <unknown>
[INFO] [stdout]    5:     0x64563748c963 - <unknown>
[INFO] [stdout]    6:     0x6456374b27d1 - <unknown>
[INFO] [stdout]    7:     0x6456374b2789 - <unknown>
[INFO] [stdout]    8:     0x6456374b2c8c - <unknown>
[INFO] [stdout]    9:     0x64563744a20b - <unknown>
[INFO] [stdout]   10:     0x64563744e521 - <unknown>
[INFO] [stdout]   11:     0x6456373e9b1c - <unknown>
[INFO] [stdout]   12:     0x645637404952 - <unknown>
[INFO] [stdout]   13:     0x6456374222a4 - <unknown>
[INFO] [stdout]   14:     0x6456374ce85b - <unknown>
[INFO] [stdout]   15:     0x6456374cad42 - <unknown>
[INFO] [stdout]   16:     0x6456374ca56c - <unknown>
[INFO] [stdout]   17:     0x6456374e4b2c - <unknown>
[INFO] [stdout]   18:     0x6456374b40fa - <unknown>
[INFO] [stdout]   19:     0x7079d9f65dfa - <unknown>
[INFO] [stdout]   20:     0x7079d9ff93d4 - clone
[INFO] [stdout]   21:                0x0 - <unknown>
[INFO] [stdout] 
[INFO] [stdout] ---- sync::tests::wal_resident_changes_reach_the_remote stdout ----
[INFO] [stdout] 
[INFO] [stdout] thread 'sync::tests::wal_resident_changes_reach_the_remote' (12888) panicked at src/sync.rs:1370:39:
[INFO] [stdout] failed to create test root: Os { code: 30, kind: ReadOnlyFilesystem, message: "Read-only file system" }
[INFO] [stdout] stack backtrace:
[INFO] [stdout]    0:     0x64563748dfe7 - <unknown>
[INFO] [stdout]    1:     0x64563744a374 - <unknown>
[INFO] [stdout]    2:     0x64563748d5ab - <unknown>
[INFO] [stdout]    3:     0x64563748d1a9 - <unknown>
[INFO] [stdout]    4:     0x64563748ce2a - <unknown>
[INFO] [stdout]    5:     0x64563748c963 - <unknown>
[INFO] [stdout]    6:     0x6456374b27d1 - <unknown>
[INFO] [stdout]    7:     0x6456374b2789 - <unknown>
[INFO] [stdout]    8:     0x6456374b2c8c - <unknown>
[INFO] [stdout]    9:     0x64563744a20b - <unknown>
[INFO] [stdout]   10:     0x64563744e521 - <unknown>
[INFO] [stdout]   11:     0x6456373e9b1c - <unknown>
[INFO] [stdout]   12:     0x645637404952 - <unknown>
[INFO] [stdout]   13:     0x64563741ae7e - <unknown>
[INFO] [stdout]   14:     0x6456374ce85b - <unknown>
[INFO] [stdout]   15:     0x6456374cad42 - <unknown>
[INFO] [stdout]   16:     0x6456374ca56c - <unknown>
[INFO] [stdout]   17:     0x6456374e4b2c - <unknown>
[INFO] [stdout]   18:     0x6456374b40fa - <unknown>
[INFO] [stdout]   19:     0x7079d9f65dfa - <unknown>
[INFO] [stdout]   20:     0x7079d9ff93d4 - clone
[INFO] [stdout]   21:                0x0 - <unknown>
[INFO] [stdout] 
[INFO] [stdout] ---- sync::tests::noop_sync_with_open_connection_and_no_gitignore_reports_up_to_date stdout ----
[INFO] [stdout] 
[INFO] [stdout] thread 'sync::tests::noop_sync_with_open_connection_and_no_gitignore_reports_up_to_date' (12880) panicked at src/sync.rs:1370:39:
[INFO] [stdout] failed to create test root: Os { code: 30, kind: ReadOnlyFilesystem, message: "Read-only file system" }
[INFO] [stdout] stack backtrace:
[INFO] [stdout]    0:     0x64563748dfe7 - <unknown>
[INFO] [stdout]    1:     0x64563744a374 - <unknown>
[INFO] [stdout]    2:     0x64563748d5ab - <unknown>
[INFO] [stdout]    3:     0x64563748d1a9 - <unknown>
[INFO] [stdout]    4:     0x64563748ce2a - <unknown>
[INFO] [stdout]    5:     0x64563748c963 - <unknown>
[INFO] [stdout]    6:     0x6456374b27d1 - <unknown>
[INFO] [stdout]    7:     0x6456374b2789 - <unknown>
[INFO] [stdout]    8:     0x6456374b2c8c - <unknown>
[INFO] [stdout]    9:     0x64563744a20b - <unknown>
[INFO] [stdout]   10:     0x64563744e521 - <unknown>
[INFO] [stdout]   11:     0x6456373e9b1c - <unknown>
[INFO] [stdout]   12:     0x645637404952 - <unknown>
[INFO] [stdout]   13:     0x645637428958 - <unknown>
[INFO] [stdout]   14:     0x6456374ce85b - <unknown>
[INFO] [stdout]   15:     0x6456374cad42 - <unknown>
[INFO] [stdout]   16:     0x6456374ca56c - <unknown>
[INFO] [stdout]   17:     0x6456374e4b2c - <unknown>
[INFO] [stdout]   18:     0x6456374b40fa - <unknown>
[INFO] [stdout]   19:     0x7079d9f65dfa - <unknown>
[INFO] [stdout]   20:     0x7079d9ff93d4 - clone
[INFO] [stdout]   21:                0x0 - <unknown>
[INFO] [stdout] 
[INFO] [stdout] ---- sync::tests::password_history_unions_across_devices_and_tolerates_legacy_remotes stdout ----
[INFO] [stdout] 
[INFO] [stdout] thread 'sync::tests::password_history_unions_across_devices_and_tolerates_legacy_remotes' (12882) panicked at src/sync.rs:1370:39:
[INFO] [stdout] failed to create test root: Os { code: 30, kind: ReadOnlyFilesystem, message: "Read-only file system" }
[INFO] [stdout] stack backtrace:
[INFO] [stdout]    0:     0x64563748dfe7 - <unknown>
[INFO] [stdout]    1:     0x64563744a374 - <unknown>
[INFO] [stdout]    2:     0x64563748d5ab - <unknown>
[INFO] [stdout]    3:     0x64563748d1a9 - <unknown>
[INFO] [stdout]    4:     0x64563748ce2a - <unknown>
[INFO] [stdout]    5:     0x64563748c963 - <unknown>
[INFO] [stdout]    6:     0x6456374b27d1 - <unknown>
[INFO] [stdout]    7:     0x6456374b2789 - <unknown>
[INFO] [stdout]    8:     0x6456374b2c8c - <unknown>
[INFO] [stdout]    9:     0x64563744a20b - <unknown>
[INFO] [stdout]   10:     0x64563744e521 - <unknown>
[INFO] [stdout]   11:     0x6456373e9b1c - <unknown>
[INFO] [stdout]   12:     0x645637404952 - <unknown>
[INFO] [stdout]   13:     0x64563742b411 - <unknown>
[INFO] [stdout]   14:     0x6456374ce85b - <unknown>
[INFO] [stdout]   15:     0x6456374cad42 - <unknown>
[INFO] [stdout]   16:     0x6456374ca56c - <unknown>
[INFO] [stdout]   17:     0x6456374e4b2c - <unknown>
[INFO] [stdout]   18:     0x6456374b40fa - <unknown>
[INFO] [stdout]   19:     0x7079d9f65dfa - <unknown>
[INFO] [stdout]   20:     0x7079d9ff93d4 - clone
[INFO] [stdout]   21:                0x0 - <unknown>
[INFO] [stdout] 
[INFO] [stdout] ---- sync::tests::renames_propagate_between_devices stdout ----
[INFO] [stdout] 
[INFO] [stdout] thread 'sync::tests::renames_propagate_between_devices' (12883) panicked at src/sync.rs:1370:39:
[INFO] [stdout] failed to create test root: Os { code: 30, kind: ReadOnlyFilesystem, message: "Read-only file system" }
[INFO] [stdout] stack backtrace:
[INFO] [stdout]    0:     0x64563748dfe7 - <unknown>
[INFO] [stdout]    1:     0x64563744a374 - <unknown>
[INFO] [stdout]    2:     0x64563748d5ab - <unknown>
[INFO] [stdout]    3:     0x64563748d1a9 - <unknown>
[INFO] [stdout]    4:     0x64563748ce2a - <unknown>
[INFO] [stdout]    5:     0x64563748c963 - <unknown>
[INFO] [stdout]    6:     0x6456374b27d1 - <unknown>
[INFO] [stdout]    7:     0x6456374b2789 - <unknown>
[INFO] [stdout]    8:     0x6456374b2c8c - <unknown>
[INFO] [stdout]    9:     0x64563744a20b - <unknown>
[INFO] [stdout]   10:     0x64563744e521 - <unknown>
[INFO] [stdout]   11:     0x6456373e9b1c - <unknown>
[INFO] [stdout]   12:     0x645637404952 - <unknown>
[INFO] [stdout]   13:     0x645637419c07 - <unknown>
[INFO] [stdout]   14:     0x6456374ce85b - <unknown>
[INFO] [stdout]   15:     0x6456374cad42 - <unknown>
[INFO] [stdout]   16:     0x6456374ca56c - <unknown>
[INFO] [stdout]   17:     0x6456374e4b2c - <unknown>
[INFO] [stdout]   18:     0x6456374b40fa - <unknown>
[INFO] [stdout]   19:     0x7079d9f65dfa - <unknown>
[INFO] [stdout]   20:     0x7079d9ff93d4 - clone
[INFO] [stdout]   21:                0x0 - <unknown>
[INFO] [stdout] 
[INFO] [stdout] ---- sync::tests::sync_refuses_a_remote_requiring_a_newer_version stdout ----
[INFO] [stdout] 
[INFO] [stdout] thread 'sync::tests::sync_refuses_a_remote_requiring_a_newer_version' (12886) panicked at src/sync.rs:1370:39:
[INFO] [stdout] failed to create test root: Os { code: 30, kind: ReadOnlyFilesystem, message: "Read-only file system" }
[INFO] [stdout] stack backtrace:
[INFO] [stdout]    0:     0x64563748dfe7 - <unknown>
[INFO] [stdout]    1:     0x64563744a374 - <unknown>
[INFO] [stdout]    2:     0x64563748d5ab - <unknown>
[INFO] [stdout]    3:     0x64563748d1a9 - <unknown>
[INFO] [stdout]    4:     0x64563748ce2a - <unknown>
[INFO] [stdout]    5:     0x64563748c963 - <unknown>
[INFO] [stdout]    6:     0x6456374b27d1 - <unknown>
[INFO] [stdout]    7:     0x6456374b2789 - <unknown>
[INFO] [stdout]    8:     0x6456374b2c8c - <unknown>
[INFO] [stdout]    9:     0x64563744a20b - <unknown>
[INFO] [stdout]   10:     0x64563744e521 - <unknown>
[INFO] [stdout]   11:     0x6456373e9b1c - <unknown>
[INFO] [stdout]   12:     0x645637404952 - <unknown>
[INFO] [stdout]   13:     0x64563741fd9d - <unknown>
[INFO] [stdout]   14:     0x6456374ce85b - <unknown>
[INFO] [stdout]   15:     0x6456374cad42 - <unknown>
[INFO] [stdout]   16:     0x6456374ca56c - <unknown>
[INFO] [stdout]   17:     0x6456374e4b2c - <unknown>
[INFO] [stdout]   18:     0x6456374b40fa - <unknown>
[INFO] [stdout]   19:     0x7079d9f65dfa - <unknown>
[INFO] [stdout]   20:     0x7079d9ff93d4 - clone
[INFO] [stdout]   21:                0x0 - <unknown>
[INFO] [stdout] 
[INFO] [stdout] ---- sync::tests::noop_syncs_short_circuit_after_the_fetch stdout ----
[INFO] [stdout] 
[INFO] [stdout] thread 'sync::tests::noop_syncs_short_circuit_after_the_fetch' (12881) panicked at src/sync.rs:1370:39:
[INFO] [stdout] failed to create test root: Os { code: 30, kind: ReadOnlyFilesystem, message: "Read-only file system" }
[INFO] [stdout] stack backtrace:
[INFO] [stdout]    0:     0x64563748dfe7 - <unknown>
[INFO] [stdout]    1:     0x64563744a374 - <unknown>
[INFO] [stdout]    2:     0x64563748d5ab - <unknown>
[INFO] [stdout]    3:     0x64563748d1a9 - <unknown>
[INFO] [stdout]    4:     0x64563748ce2a - <unknown>
[INFO] [stdout]    5:     0x64563748c963 - <unknown>
[INFO] [stdout]    6:     0x6456374b27d1 - <unknown>
[INFO] [stdout]    7:     0x6456374b2789 - <unknown>
[INFO] [stdout]    8:     0x6456374b2c8c - <unknown>
[INFO] [stdout]    9:     0x64563744a20b - <unknown>
[INFO] [stdout]   10:     0x64563744e521 - <unknown>
[INFO] [stdout]   11:     0x6456373e9b1c - <unknown>
[INFO] [stdout]   12:     0x645637404952 - <unknown>
[INFO] [stdout]   13:     0x64563741bbcc - <unknown>
[INFO] [stdout]   14:     0x6456374ce85b - <unknown>
[INFO] [stdout]   15:     0x6456374cad42 - <unknown>
[INFO] [stdout]   16:     0x6456374ca56c - <unknown>
[INFO] [stdout]   17:     0x6456374e4b2c - <unknown>
[INFO] [stdout]   18:     0x6456374b40fa - <unknown>
[INFO] [stdout]   19:     0x7079d9f65dfa - <unknown>
[INFO] [stdout]   20:     0x7079d9ff93d4 - clone
[INFO] [stdout]   21:                0x0 - <unknown>
[INFO] [stdout] 
[INFO] [stdout] ---- sync::tests::sync_setup_wizard_core_configures_both_device_kinds stdout ----
[INFO] [stdout] 
[INFO] [stdout] thread 'sync::tests::sync_setup_wizard_core_configures_both_device_kinds' (12887) panicked at src/sync.rs:1370:39:
[INFO] [stdout] failed to create test root: Os { code: 30, kind: ReadOnlyFilesystem, message: "Read-only file system" }
[INFO] [stdout] stack backtrace:
[INFO] [stdout]    0:     0x64563748dfe7 - <unknown>
[INFO] [stdout]    1:     0x64563744a374 - <unknown>
[INFO] [stdout]    2:     0x64563748d5ab - <unknown>
[INFO] [stdout]    3:     0x64563748d1a9 - <unknown>
[INFO] [stdout]    4:     0x64563748ce2a - <unknown>
[INFO] [stdout]    5:     0x64563748c963 - <unknown>
[INFO] [stdout]    6:     0x6456374b27d1 - <unknown>
[INFO] [stdout]    7:     0x6456374b2789 - <unknown>
[INFO] [stdout]    8:     0x6456374b2c8c - <unknown>
[INFO] [stdout]    9:     0x64563744a20b - <unknown>
[INFO] [stdout]   10:     0x64563744e521 - <unknown>
[INFO] [stdout]   11:     0x6456373e9b1c - <unknown>
[INFO] [stdout]   12:     0x645637404952 - <unknown>
[INFO] [stdout]   13:     0x645637423447 - <unknown>
[INFO] [stdout]   14:     0x6456374ce85b - <unknown>
[INFO] [stdout]   15:     0x6456374cad42 - <unknown>
[INFO] [stdout]   16:     0x6456374ca56c - <unknown>
[INFO] [stdout]   17:     0x6456374e4b2c - <unknown>
[INFO] [stdout]   18:     0x6456374b40fa - <unknown>
[INFO] [stdout]   19:     0x7079d9f65dfa - <unknown>
[INFO] [stdout]   20:     0x7079d9ff93d4 - clone
[INFO] [stdout]   21:                0x0 - <unknown>
[INFO] [stdout] 
[INFO] [stdout] 
[INFO] [stdout] failures:
[INFO] [stdout]     db::sqlcipher_tests::change_master_password_invalidates_hibp_cache
[INFO] [stdout]     db::sqlcipher_tests::change_master_password_preserves_updated_at
[INFO] [stdout]     db::sqlcipher_tests::change_master_password_rekeys_and_rotates_field_encryption
[INFO] [stdout]     db::sqlcipher_tests::conflict_loser_history_records_only_real_losses
[INFO] [stdout]     db::sqlcipher_tests::create_then_open_round_trip_and_wrong_password_rejected
[INFO] [stdout]     db::sqlcipher_tests::deleting_duplicates_sharing_a_triple_keeps_every_tombstone
[INFO] [stdout]     db::sqlcipher_tests::legacy_triple_keyed_tombstone_table_is_rebuilt_on_open
[INFO] [stdout]     db::sqlcipher_tests::migrate_legacy_vault_preserves_secrets_under_new_password_scheme
[INFO] [stdout]     db::sqlcipher_tests::new_vaults_are_self_contained_with_the_salt_in_the_header
[INFO] [stdout]     db::sqlcipher_tests::open_vault_ignores_a_missing_or_older_min_version_row
[INFO] [stdout]     db::sqlcipher_tests::open_vault_refuses_a_vault_requiring_a_newer_version
[INFO] [stdout]     db::sqlcipher_tests::password_history_records_real_changes_caps_and_cleans
[INFO] [stdout]     db::sqlcipher_tests::prune_old_tombstones_removes_only_entries_past_the_90_day_horizon
[INFO] [stdout]     db::sqlcipher_tests::rotation_reencrypts_password_history
[INFO] [stdout]     db::sqlcipher_tests::sidecar_era_vault_is_converted_on_first_unlock
[INFO] [stdout]     db::sqlcipher_tests::stored_version_floor_is_raised_on_open
[INFO] [stdout]     sync::tests::concurrent_renames_surface_as_conflict_and_resolve
[INFO] [stdout]     sync::tests::conflict_resolution_preserves_unrelated_remote_changes
[INFO] [stdout]     sync::tests::dedup_deletions_of_shared_triple_records_propagate_to_other_devices
[INFO] [stdout]     sync::tests::detect_sync_conflicts_fetches_the_remote_itself
[INFO] [stdout]     sync::tests::duplicate_triple_records_both_survive_a_merge
[INFO] [stdout]     sync::tests::first_sync_to_an_empty_remote_pushes_the_initial_backup
[INFO] [stdout]     sync::tests::first_upgraded_device_can_still_push_to_a_pre_sync_uuid_remote
[INFO] [stdout]     sync::tests::history_retention_bounds_origin_and_keeps_old_devices_working
[INFO] [stdout]     sync::tests::noop_sync_with_open_connection_and_no_gitignore_reports_up_to_date
[INFO] [stdout]     sync::tests::noop_syncs_short_circuit_after_the_fetch
[INFO] [stdout]     sync::tests::password_history_unions_across_devices_and_tolerates_legacy_remotes
[INFO] [stdout]     sync::tests::renames_propagate_between_devices
[INFO] [stdout]     sync::tests::rotation_race_refusal_names_the_local_rotation
[INFO] [stdout]     sync::tests::stale_device_refuses_to_push_over_a_rotated_remote
[INFO] [stdout]     sync::tests::sync_refuses_a_remote_requiring_a_newer_version
[INFO] [stdout]     sync::tests::sync_setup_wizard_core_configures_both_device_kinds
[INFO] [stdout]     sync::tests::wal_resident_changes_reach_the_remote
[INFO] [stdout] 
[INFO] [stdout] test result: FAILED. 38 passed; 33 failed; 1 ignored; 0 measured; 0 filtered out; finished in 1.40s
[INFO] [stdout] 
[INFO] running `Command { std: "docker" "inspect" "7bfa19621ac2ead95086adfec9985d5b0f005a7022a033e0df93b3b62d3545ab", kill_on_drop: false }`
[INFO] running `Command { std: "docker" "rm" "-f" "7bfa19621ac2ead95086adfec9985d5b0f005a7022a033e0df93b3b62d3545ab", kill_on_drop: false }`
[INFO] [stdout] 7bfa19621ac2ead95086adfec9985d5b0f005a7022a033e0df93b3b62d3545ab
