[INFO] cloning repository https://github.com/cjiao100/01-rcli
[INFO] running `Command { std: "git" "-c" "credential.helper=" "-c" "credential.helper=/workspace/cargo-home/bin/git-credential-null" "clone" "--bare" "https://github.com/cjiao100/01-rcli" "/workspace/cache/git-repos/https%3A%2F%2Fgithub.com%2Fcjiao100%2F01-rcli", kill_on_drop: false }`
[INFO] [stderr] Cloning into bare repository '/workspace/cache/git-repos/https%3A%2F%2Fgithub.com%2Fcjiao100%2F01-rcli'...
[INFO] running `Command { std: "git" "rev-parse" "HEAD", kill_on_drop: false }`
[INFO] [stdout] 7f6894eb4cded640c64e2d22449ad857db046e29
[INFO] testing cjiao100/01-rcli against 1.99.0-beta.8+cargoflags=--release for beta-release-1.100-2
[INFO] running `Command { std: "git" "clone" "/workspace/cache/git-repos/https%3A%2F%2Fgithub.com%2Fcjiao100%2F01-rcli" "/workspace/builds/worker-4-tc1/source", kill_on_drop: false }`
[INFO] [stderr] Cloning into '/workspace/builds/worker-4-tc1/source'...
[INFO] [stderr] done.
[INFO] started tweaking git repo https://github.com/cjiao100/01-rcli
[INFO] finished tweaking git repo https://github.com/cjiao100/01-rcli
[INFO] tweaked toml for git repo https://github.com/cjiao100/01-rcli written to /workspace/builds/worker-4-tc1/source/Cargo.toml
[INFO] validating manifest of git repo https://github.com/cjiao100/01-rcli on toolchain 1.99.0-beta.8
[INFO] running `Command { std: CARGO_HOME="/workspace/cargo-home" RUSTUP_HOME="/workspace/rustup-home" "/workspace/cargo-home/bin/cargo" "+1.99.0-beta.8" "metadata" "--manifest-path" "Cargo.toml" "--no-deps", kill_on_drop: false }`
[INFO] crate git repo https://github.com/cjiao100/01-rcli already has a lockfile, it will not be regenerated
[INFO] running `Command { std: CARGO_HOME="/workspace/cargo-home" RUSTUP_HOME="/workspace/rustup-home" "/workspace/cargo-home/bin/cargo" "+1.99.0-beta.8" "fetch" "--manifest-path" "Cargo.toml", kill_on_drop: false }`
[INFO] [stderr]     Updating crates.io index
[INFO] [stderr]  Downloading crates ...
[INFO] [stderr]   Downloaded cc v1.2.15
[INFO] [stderr]   Downloaded zxcvbn v3.1.0
[INFO] [stderr]   Downloaded tower-http v0.6.2
[INFO] [stderr]   Downloaded async-compression v0.4.20
[INFO] [stderr]   Downloaded flate2 v1.1.0
[INFO] [stderr]   Downloaded semver v1.0.25
[INFO] [stderr]   Downloaded clap_derive v4.5.28
[INFO] [stderr]   Downloaded clap v4.5.29
[INFO] [stderr]   Downloaded clap_builder v4.5.29
[INFO] [stderr]   Downloaded axum v0.8.1
[INFO] [stderr]   Downloaded blake3 v1.6.0
[INFO] [stderr]   Downloaded axum-core v0.5.0
[INFO] running `Command { std: "docker" "create" "-v" "/var/lib/crater-agent-workspace/builds/worker-4-tc1/source:/opt/rustwide/workdir:ro,Z" "-v" "/var/lib/crater-agent-workspace/builds/worker-4-tc1/target:/opt/rustwide/target:rw,Z" "-v" "/var/lib/crater-agent-workspace/cargo-home:/opt/rustwide/cargo-home:ro,Z" "-v" "/var/lib/crater-agent-workspace/rustup-home:/opt/rustwide/rustup-home:ro,Z" "-m" "1610612736" "--network" "none" "ghcr.io/rust-lang/crates-build-env/linux@sha256:77db811e55d90add9212f6832c23229e3de5f1c1f9905e8cb07319ea15df73ac" "sleep" "infinity", kill_on_drop: false }`
[INFO] [stdout] e5bcab7c9762b5d044b334fbb5baf45c3cffc9766ae4bbd3635fb2f00d5fafac
[INFO] running `Command { std: "docker" "start" "e5bcab7c9762b5d044b334fbb5baf45c3cffc9766ae4bbd3635fb2f00d5fafac", kill_on_drop: false }`
[INFO] running `Command { std: "docker" "inspect" "e5bcab7c9762b5d044b334fbb5baf45c3cffc9766ae4bbd3635fb2f00d5fafac", kill_on_drop: false }`
[INFO] running `Command { std: "docker" "exec" "-e" "SOURCE_DIR=/opt/rustwide/workdir" "-e" "CARGO_HOME=/opt/rustwide/cargo-home" "-e" "RUSTUP_HOME=/opt/rustwide/rustup-home" "-e" "CARGO_TARGET_DIR=/opt/rustwide/target" "-w" "/opt/rustwide/workdir" "--user" "0:0" "e5bcab7c9762b5d044b334fbb5baf45c3cffc9766ae4bbd3635fb2f00d5fafac" "/opt/rustwide/cargo-home/bin/cargo" "+1.99.0-beta.8" "metadata" "--no-deps" "--format-version=1", kill_on_drop: false }`
[INFO] running `Command { std: "docker" "inspect" "e5bcab7c9762b5d044b334fbb5baf45c3cffc9766ae4bbd3635fb2f00d5fafac", kill_on_drop: false }`
[INFO] running `Command { std: "docker" "exec" "-e" "SOURCE_DIR=/opt/rustwide/workdir" "-e" "CARGO_HOME=/opt/rustwide/cargo-home" "-e" "RUSTUP_HOME=/opt/rustwide/rustup-home" "-e" "CARGO_TARGET_DIR=/opt/rustwide/target" "-e" "CARGO_INCREMENTAL=0" "-e" "RUST_BACKTRACE=full" "-e" "RUSTFLAGS=--cap-lints=warn" "-e" "RUSTDOCFLAGS=--cap-lints=warn" "-w" "/opt/rustwide/workdir" "--user" "0:0" "e5bcab7c9762b5d044b334fbb5baf45c3cffc9766ae4bbd3635fb2f00d5fafac" "/opt/rustwide/cargo-home/bin/cargo" "+1.99.0-beta.8" "build" "--frozen" "--message-format=json" "--release", kill_on_drop: false }`
[INFO] [stderr]    Compiling proc-macro2 v1.0.93
[INFO] [stderr]    Compiling libc v0.2.169
[INFO] [stderr]    Compiling unicode-ident v1.0.16
[INFO] [stderr]    Compiling itoa v1.0.14
[INFO] [stderr]    Compiling typenum v1.18.0
[INFO] [stderr]    Compiling bytes v1.10.0
[INFO] [stderr]    Compiling futures-core v0.3.31
[INFO] [stderr]    Compiling once_cell v1.20.3
[INFO] [stderr]    Compiling log v0.4.26
[INFO] [stderr]    Compiling serde v1.0.217
[INFO] [stderr]    Compiling futures-task v0.3.31
[INFO] [stderr]    Compiling pkg-config v0.3.31
[INFO] [stderr]    Compiling semver v1.0.25
[INFO] [stderr]    Compiling strsim v0.11.1
[INFO] [stderr]    Compiling fnv v1.0.7
[INFO] [stderr]    Compiling ident_case v1.0.1
[INFO] [stderr]    Compiling slab v0.4.9
[INFO] [stderr]    Compiling num-traits v0.2.19
[INFO] [stderr]    Compiling ryu v1.0.19
[INFO] [stderr]    Compiling equivalent v1.0.2
[INFO] [stderr]    Compiling futures-sink v0.3.31
[INFO] [stderr]    Compiling hashbrown v0.15.2
[INFO] [stderr]    Compiling num-conv v0.1.0
[INFO] [stderr]    Compiling time-core v0.1.2
[INFO] [stderr]    Compiling tracing-core v0.1.33
[INFO] [stderr]    Compiling futures-util v0.3.31
[INFO] [stderr]    Compiling httparse v1.10.0
[INFO] [stderr]    Compiling zeroize v1.8.1
[INFO] [stderr]    Compiling zstd-safe v7.2.3
[INFO] [stderr]    Compiling regex-syntax v0.8.5
[INFO] [stderr]    Compiling time-macros v0.2.19
[INFO] [stderr]    Compiling quote v1.0.38
[INFO] [stderr]    Compiling rustc_version v0.4.1
[INFO] [stderr]    Compiling byteorder v1.5.0
[INFO] [stderr]    Compiling rustversion v1.0.19
[INFO] [stderr]    Compiling syn v2.0.98
[INFO] [stderr]    Compiling serde_json v1.0.138
[INFO] [stderr]    Compiling smallvec v1.14.0
[INFO] [stderr]    Compiling unicase v2.8.1
[INFO] [stderr]    Compiling thiserror v2.0.12
[INFO] [stderr]    Compiling curve25519-dalek v4.1.3
[INFO] [stderr]    Compiling jobserver v0.1.32
[INFO] [stderr]    Compiling miniz_oxide v0.8.5
[INFO] [stderr]    Compiling brotli-decompressor v4.0.2
[INFO] [stderr]    Compiling mime_guess v2.0.5
[INFO] [stderr]    Compiling cc v1.2.15
[INFO] [stderr]    Compiling futures-channel v0.3.31
[INFO] [stderr]    Compiling sync_wrapper v1.0.2
[INFO] [stderr]    Compiling http v1.2.0
[INFO] [stderr]    Compiling bit-vec v0.6.3
[INFO] [stderr]    Compiling num-integer v0.1.46
[INFO] [stderr]    Compiling indexmap v2.7.1
[INFO] [stderr]    Compiling getrandom v0.2.15
[INFO] [stderr]    Compiling socket2 v0.5.8
[INFO] [stderr]    Compiling generic-array v0.14.7
[INFO] [stderr]    Compiling mio v1.0.3
[INFO] [stderr]    Compiling rand_core v0.6.4
[INFO] [stderr]    Compiling bit-set v0.5.3
[INFO] [stderr]    Compiling num-bigint v0.4.6
[INFO] [stderr]    Compiling flate2 v1.1.0
[INFO] [stderr]    Compiling either v1.13.0
[INFO] [stderr]    Compiling time v0.3.37
[INFO] [stderr]    Compiling anyhow v1.0.95
[INFO] [stderr]    Compiling http-body v1.0.1
[INFO] [stderr]    Compiling brotli v7.0.0
[INFO] [stderr]    Compiling signature v2.2.0
[INFO] [stderr]    Compiling ed25519 v2.2.3
[INFO] [stderr]    Compiling clap_builder v4.5.29
[INFO] [stderr]    Compiling crypto-common v0.1.6
[INFO] [stderr]    Compiling block-buffer v0.10.4
[INFO] [stderr]    Compiling inout v0.1.4
[INFO] [stderr]    Compiling universal-hash v0.5.1
[INFO] [stderr]    Compiling digest v0.10.7
[INFO] [stderr]    Compiling aead v0.5.2
[INFO] [stderr]    Compiling cipher v0.4.4
[INFO] [stderr]    Compiling poly1305 v0.8.0
[INFO] [stderr]    Compiling http-body-util v0.1.2
[INFO] [stderr]    Compiling pem v3.0.5
[INFO] [stderr]    Compiling chacha20 v0.9.1
[INFO] [stderr]    Compiling sha2 v0.10.8
[INFO] [stderr]    Compiling itertools v0.13.0
[INFO] [stderr]    Compiling memmap2 v0.9.5
[INFO] [stderr]    Compiling zstd-sys v2.0.14+zstd.1.5.7
[INFO] [stderr]    Compiling regex-automata v0.4.9
[INFO] [stderr]    Compiling ring v0.17.11
[INFO] [stderr]    Compiling blake3 v1.6.0
[INFO] [stderr]    Compiling sharded-slab v0.1.7
[INFO] [stderr]    Compiling tracing-log v0.2.0
[INFO] [stderr]    Compiling thread_local v1.1.8
[INFO] [stderr]    Compiling csv-core v0.1.12
[INFO] [stderr]    Compiling arrayvec v0.7.6
[INFO] [stderr]    Compiling unsafe-libyaml v0.2.11
[INFO] [stderr]    Compiling http-range-header v0.4.2
[INFO] [stderr]    Compiling bitflags v2.9.0
[INFO] [stderr]    Compiling matchit v0.8.4
[INFO] [stderr]    Compiling constant_time_eq v0.3.1
[INFO] [stderr]    Compiling arrayref v0.3.9
[INFO] [stderr]    Compiling chacha20poly1305 v0.10.1
[INFO] [stderr]    Compiling darling_core v0.20.10
[INFO] [stderr]    Compiling tracing-attributes v0.1.28
[INFO] [stderr]    Compiling tokio-macros v2.5.0
[INFO] [stderr]    Compiling serde_derive v1.0.217
[INFO] [stderr]    Compiling zerocopy-derive v0.7.35
[INFO] [stderr]    Compiling tokio v1.43.0
[INFO] [stderr]    Compiling thiserror-impl v2.0.12
[INFO] [stderr]    Compiling curve25519-dalek-derive v0.1.1
[INFO] [stderr]    Compiling tracing v0.1.41
[INFO] [stderr]    Compiling axum-core v0.5.0
[INFO] [stderr]    Compiling clap_derive v4.5.28
[INFO] [stderr]    Compiling zerocopy v0.7.35
[INFO] [stderr]    Compiling regex v1.11.1
[INFO] [stderr]    Compiling darling_macro v0.20.10
[INFO] [stderr]    Compiling fancy-regex v0.13.0
[INFO] [stderr]    Compiling darling v0.20.10
[INFO] [stderr]    Compiling derive_builder_core v0.20.2
[INFO] [stderr]    Compiling simple_asn1 v0.6.3
[INFO] [stderr]    Compiling ppv-lite86 v0.2.20
[INFO] [stderr]    Compiling rand_chacha v0.3.1
[INFO] [stderr]    Compiling derive_builder_macro v0.20.2
[INFO] [stderr]    Compiling derive_builder v0.20.2
[INFO] [stderr]    Compiling zxcvbn v3.1.0
[INFO] [stderr]    Compiling rand v0.8.5
[INFO] [stderr]    Compiling ed25519-dalek v2.1.1
[INFO] [stderr]    Compiling tracing-subscriber v0.3.19
[INFO] [stderr]    Compiling clap v4.5.29
[INFO] [stderr]    Compiling enum_dispatch v0.3.13
[INFO] [stderr]    Compiling tokio-util v0.7.13
[INFO] [stderr]    Compiling tower v0.5.2
[INFO] [stderr]    Compiling h2 v0.4.8
[INFO] [stderr]    Compiling serde_path_to_error v0.1.16
[INFO] [stderr]    Compiling serde_urlencoded v0.7.1
[INFO] [stderr]    Compiling csv v1.3.1
[INFO] [stderr]    Compiling serde_yaml v0.9.34+deprecated
[INFO] [stderr]    Compiling jsonwebtoken v9.3.1
[INFO] [stderr]    Compiling hyper v1.6.0
[INFO] [stderr]    Compiling hyper-util v0.1.10
[INFO] [stderr]    Compiling axum v0.8.1
[INFO] [stderr]    Compiling zstd v0.13.3
[INFO] [stderr]    Compiling async-compression v0.4.20
[INFO] [stderr]    Compiling tower-http v0.6.2
[INFO] [stderr]    Compiling rcli v0.1.0 (/opt/rustwide/workdir)
[INFO] [stdout] warning: struct `Player` is never constructed
[INFO] [stdout]   --> src/process/csv_convert.rs:12:12
[INFO] [stdout]    |
[INFO] [stdout] 12 | pub struct Player {
[INFO] [stdout]    |            ^^^^^^
[INFO] [stdout]    |
[INFO] [stdout]    = note: `#[warn(dead_code)]` (part of `#[warn(unused)]`) on by default
[INFO] [stdout] 
[INFO] [stdout] 
[INFO] [stderr]     Finished `release` profile [optimized] target(s) in 2m 55s
[INFO] running `Command { std: "docker" "inspect" "e5bcab7c9762b5d044b334fbb5baf45c3cffc9766ae4bbd3635fb2f00d5fafac", kill_on_drop: false }`
[INFO] running `Command { std: "docker" "exec" "-e" "SOURCE_DIR=/opt/rustwide/workdir" "-e" "CARGO_HOME=/opt/rustwide/cargo-home" "-e" "RUSTUP_HOME=/opt/rustwide/rustup-home" "-e" "CARGO_TARGET_DIR=/opt/rustwide/target" "-e" "CARGO_INCREMENTAL=0" "-e" "RUST_BACKTRACE=full" "-e" "RUSTFLAGS=--cap-lints=warn" "-e" "RUSTDOCFLAGS=--cap-lints=warn" "-w" "/opt/rustwide/workdir" "--user" "0:0" "e5bcab7c9762b5d044b334fbb5baf45c3cffc9766ae4bbd3635fb2f00d5fafac" "/opt/rustwide/cargo-home/bin/cargo" "+1.99.0-beta.8" "test" "--frozen" "--no-run" "--message-format=json" "--release", kill_on_drop: false }`
[INFO] [stdout] warning: struct `Player` is never constructed
[INFO] [stdout]   --> src/process/csv_convert.rs:12:12
[INFO] [stdout]    |
[INFO] [stdout] 12 | pub struct Player {
[INFO] [stdout]    |            ^^^^^^
[INFO] [stdout]    |
[INFO] [stdout]    = note: `#[warn(dead_code)]` (part of `#[warn(unused)]`) on by default
[INFO] [stdout] 
[INFO] [stdout] 
[INFO] [stderr]    Compiling rcli v0.1.0 (/opt/rustwide/workdir)
[INFO] [stdout] warning: struct `Player` is never constructed
[INFO] [stdout]   --> src/process/csv_convert.rs:12:12
[INFO] [stdout]    |
[INFO] [stdout] 12 | pub struct Player {
[INFO] [stdout]    |            ^^^^^^
[INFO] [stdout]    |
[INFO] [stdout]    = note: `#[warn(dead_code)]` (part of `#[warn(unused)]`) on by default
[INFO] [stdout] 
[INFO] [stdout] 
[INFO] [stderr]     Finished `release` profile [optimized] target(s) in 8.37s
[INFO] running `Command { std: "docker" "inspect" "e5bcab7c9762b5d044b334fbb5baf45c3cffc9766ae4bbd3635fb2f00d5fafac", kill_on_drop: false }`
[INFO] running `Command { std: "docker" "exec" "-e" "SOURCE_DIR=/opt/rustwide/workdir" "-e" "CARGO_HOME=/opt/rustwide/cargo-home" "-e" "RUSTUP_HOME=/opt/rustwide/rustup-home" "-e" "CARGO_TARGET_DIR=/opt/rustwide/target" "-e" "CARGO_INCREMENTAL=0" "-e" "RUST_BACKTRACE=full" "-e" "RUSTFLAGS=--cap-lints=warn" "-e" "RUSTDOCFLAGS=--cap-lints=warn" "-w" "/opt/rustwide/workdir" "--user" "0:0" "e5bcab7c9762b5d044b334fbb5baf45c3cffc9766ae4bbd3635fb2f00d5fafac" "/opt/rustwide/cargo-home/bin/cargo" "+1.99.0-beta.8" "test" "--frozen" "--release", kill_on_drop: false }`
[INFO] [stderr] warning: struct `Player` is never constructed
[INFO] [stderr]   --> src/process/csv_convert.rs:12:12
[INFO] [stderr]    |
[INFO] [stderr] 12 | pub struct Player {
[INFO] [stderr]    |            ^^^^^^
[INFO] [stderr]    |
[INFO] [stderr]    = note: `#[warn(dead_code)]` (part of `#[warn(unused)]`) on by default
[INFO] [stderr] 
[INFO] [stderr] warning: `rcli` (lib) generated 1 warning
[INFO] [stderr] warning: `rcli` (lib test) generated 1 warning (1 duplicate)
[INFO] [stderr]     Finished `release` profile [optimized] target(s) in 0.21s
[INFO] [stderr]      Running unittests src/lib.rs (/opt/rustwide/target/release/deps/rcli-098abefb91ffb94a)
[INFO] [stdout] 
[INFO] [stdout] running 7 tests
[INFO] [stdout] test cli::test::test_verify_input_file ... ok
[INFO] [stdout] test process::text::tests::test_blake3_sign_verify ... ok
[INFO] [stdout] test process::text::tests::test_ed25519_sign_verify ... ok
[INFO] [stdout] test process::b64::tests::test_process_decode ... ok
[INFO] [stdout] test process::b64::tests::test_process_encode ... ok
[INFO] [stdout] test process::text::tests::test_chacha_poly_encrypt_decrypt ... ok
[INFO] [stdout] test process::http_serve::tests::test_file_handler ... FAILED
[INFO] [stdout] 
[INFO] [stdout] failures:
[INFO] [stdout] 
[INFO] [stdout] ---- process::http_serve::tests::test_file_handler stdout ----
[INFO] [stdout] 
[INFO] [stdout] thread 'process::http_serve::tests::test_file_handler' (3164) panicked at src/process/http_serve.rs:239:9:
[INFO] [stdout] assertion failed: content.trim().starts_with("[package]")
[INFO] [stdout] stack backtrace:
[INFO] [stdout]    0:     0x59cdd3df22c1 - <<std[70759c8f55707aa4]::sys::backtrace::BacktraceLock>::print::DisplayBacktrace as core[df12db4294e9bfd3]::fmt::Display>::fmt
[INFO] [stdout]    1:     0x59cdd3e0939a - core[df12db4294e9bfd3]::fmt::write
[INFO] [stdout]    2:     0x59cdd3df83ac - <alloc[2182bb758b4b3781]::vec::Vec<u8> as core[df12db4294e9bfd3]::io::write::Write>::write_fmt
[INFO] [stdout]    3:     0x59cdd3dcccb6 - std[70759c8f55707aa4]::panicking::default_hook::{closure#0}
[INFO] [stdout]    4:     0x59cdd3de9e89 - std[70759c8f55707aa4]::panicking::default_hook
[INFO] [stdout]    5:     0x59cdd3d49800 - test[9d35eded1c95d3be]::test_main_inner::<test[9d35eded1c95d3be]::test_main_static::{closure#0}>::{closure#0}
[INFO] [stdout]    6:     0x59cdd3dea042 - std[70759c8f55707aa4]::panicking::panic_with_hook
[INFO] [stdout]    7:     0x59cdd3dccd94 - std[70759c8f55707aa4]::panicking::panic_handler::{closure#0}
[INFO] [stdout]    8:     0x59cdd3dc50e9 - std[70759c8f55707aa4]::sys::backtrace::__rust_end_short_backtrace::<std[70759c8f55707aa4]::panicking::panic_handler::{closure#0}, !>
[INFO] [stdout]    9:     0x59cdd3dcdaed - __rustc[8fa7c3cbc660c2b3]::rust_begin_unwind
[INFO] [stdout]   10:     0x59cdd3e09afc - core[df12db4294e9bfd3]::panicking::panic_fmt
[INFO] [stdout]   11:     0x59cdd3e09ac2 - core[df12db4294e9bfd3]::panicking::panic
[INFO] [stdout]   12:     0x59cdd3d1b1a5 - rcli[1bff33018076700e]::process::http_serve::tests::test_file_handler::{closure#0}
[INFO] [stdout]   13:     0x59cdd3d21933 - <tokio[a07e36a59368a75]::runtime::scheduler::current_thread::Context>::enter::<core[df12db4294e9bfd3]::task::poll::Poll<()>, <tokio[a07e36a59368a75]::runtime::scheduler::current_thread::CoreGuard>::block_on<core[df12db4294e9bfd3]::pin::Pin<&mut core[df12db4294e9bfd3]::pin::Pin<&mut dyn core[df12db4294e9bfd3]::future::future::Future<Output = ()>>>>::{closure#0}::{closure#0}>
[INFO] [stdout]   14:     0x59cdd3d1d892 - <tokio[a07e36a59368a75]::runtime::context::scoped::Scoped<tokio[a07e36a59368a75]::runtime::scheduler::Context>>::set::<<tokio[a07e36a59368a75]::runtime::scheduler::current_thread::CoreGuard>::enter<<tokio[a07e36a59368a75]::runtime::scheduler::current_thread::CoreGuard>::block_on<core[df12db4294e9bfd3]::pin::Pin<&mut core[df12db4294e9bfd3]::pin::Pin<&mut dyn core[df12db4294e9bfd3]::future::future::Future<Output = ()>>>>::{closure#0}, core[df12db4294e9bfd3]::option::Option<()>>::{closure#0}, (alloc[2182bb758b4b3781]::boxed::Box<tokio[a07e36a59368a75]::runtime::scheduler::current_thread::Core>, core[df12db4294e9bfd3]::option::Option<()>)>
[INFO] [stdout]   15:     0x59cdd3d21c87 - <tokio[a07e36a59368a75]::runtime::scheduler::current_thread::CoreGuard>::block_on::<core[df12db4294e9bfd3]::pin::Pin<&mut core[df12db4294e9bfd3]::pin::Pin<&mut dyn core[df12db4294e9bfd3]::future::future::Future<Output = ()>>>>
[INFO] [stdout]   16:     0x59cdd3d1ec21 - tokio[a07e36a59368a75]::runtime::context::runtime::enter_runtime::<<tokio[a07e36a59368a75]::runtime::scheduler::current_thread::CurrentThread>::block_on<core[df12db4294e9bfd3]::pin::Pin<&mut dyn core[df12db4294e9bfd3]::future::future::Future<Output = ()>>>::{closure#0}, ()>
[INFO] [stdout]   17:     0x59cdd3d1d53e - <tokio[a07e36a59368a75]::runtime::runtime::Runtime>::block_on::<core[df12db4294e9bfd3]::pin::Pin<&mut dyn core[df12db4294e9bfd3]::future::future::Future<Output = ()>>>
[INFO] [stdout]   18:     0x59cdd3d1b4ab - rcli[1bff33018076700e]::process::http_serve::tests::test_file_handler
[INFO] [stdout]   19:     0x59cdd3d28809 - <rcli[1bff33018076700e]::process::http_serve::tests::test_file_handler::{closure#0} as core[df12db4294e9bfd3]::ops::function::FnOnce<()>>::call_once
[INFO] [stdout]   20:     0x59cdd3d3caeb - test[9d35eded1c95d3be]::__rust_begin_short_backtrace::<core[df12db4294e9bfd3]::result::Result<(), alloc[2182bb758b4b3781]::string::String>, fn() -> core[df12db4294e9bfd3]::result::Result<(), alloc[2182bb758b4b3781]::string::String>>
[INFO] [stdout]   21:     0x59cdd3d4a155 - test[9d35eded1c95d3be]::run_test::{closure#0}
[INFO] [stdout]   22:     0x59cdd3d43a14 - std[70759c8f55707aa4]::sys::backtrace::__rust_begin_short_backtrace::<test[9d35eded1c95d3be]::run_test::{closure#1}, ()>
[INFO] [stdout]   23:     0x59cdd3d4d2b2 - <std[70759c8f55707aa4]::thread::lifecycle::spawn_unchecked<test[9d35eded1c95d3be]::run_test::{closure#1}, ()>::{closure#1} as core[df12db4294e9bfd3]::ops::function::FnOnce<()>>::call_once::{shim:vtable#0}
[INFO] [stdout]   24:     0x59cdd3df14d9 - <std[70759c8f55707aa4]::sys::thread::unix::Thread>::new::thread_start
[INFO] [stdout]   25:     0x73804000cdfa - <unknown>
[INFO] [stdout]   26:     0x7380400a03d4 - clone
[INFO] [stdout]   27:                0x0 - <unknown>
[INFO] [stdout] 
[INFO] [stdout] 
[INFO] [stdout] failures:
[INFO] [stdout]     process::http_serve::tests::test_file_handler
[INFO] [stdout] 
[INFO] [stdout] test result: FAILED. 6 passed; 1 failed; 0 ignored; 0 measured; 0 filtered out; finished in 0.01s
[INFO] [stdout] 
[INFO] [stderr] error: test failed, to rerun pass `--lib`
[INFO] running `Command { std: "docker" "inspect" "e5bcab7c9762b5d044b334fbb5baf45c3cffc9766ae4bbd3635fb2f00d5fafac", kill_on_drop: false }`
[INFO] running `Command { std: "docker" "rm" "-f" "e5bcab7c9762b5d044b334fbb5baf45c3cffc9766ae4bbd3635fb2f00d5fafac", kill_on_drop: false }`
[INFO] [stdout] e5bcab7c9762b5d044b334fbb5baf45c3cffc9766ae4bbd3635fb2f00d5fafac
