[INFO] cloning repository https://github.com/chiral-data/chiral-client-rust
[INFO] running `Command { std: "git" "-c" "credential.helper=" "-c" "credential.helper=/workspace/cargo-home/bin/git-credential-null" "clone" "--bare" "https://github.com/chiral-data/chiral-client-rust" "/workspace/cache/git-repos/https%3A%2F%2Fgithub.com%2Fchiral-data%2Fchiral-client-rust", kill_on_drop: false }`
[INFO] [stderr] Cloning into bare repository '/workspace/cache/git-repos/https%3A%2F%2Fgithub.com%2Fchiral-data%2Fchiral-client-rust'...
[INFO] running `Command { std: "git" "rev-parse" "HEAD", kill_on_drop: false }`
[INFO] [stdout] 32ee1b3342646367a0e596e15ae913bf4a6a84cd
[INFO] testing chiral-data/chiral-client-rust against 1.99.0-beta.8+cargoflags=--release for beta-release-1.100-2
[INFO] running `Command { std: "git" "clone" "/workspace/cache/git-repos/https%3A%2F%2Fgithub.com%2Fchiral-data%2Fchiral-client-rust" "/workspace/builds/worker-2-tc1/source", kill_on_drop: false }`
[INFO] [stderr] Cloning into '/workspace/builds/worker-2-tc1/source'...
[INFO] [stderr] done.
[INFO] started tweaking git repo https://github.com/chiral-data/chiral-client-rust
[INFO] finished tweaking git repo https://github.com/chiral-data/chiral-client-rust
[INFO] tweaked toml for git repo https://github.com/chiral-data/chiral-client-rust written to /workspace/builds/worker-2-tc1/source/Cargo.toml
[INFO] validating manifest of git repo https://github.com/chiral-data/chiral-client-rust on toolchain 1.99.0-beta.8
[INFO] running `Command { std: CARGO_HOME="/workspace/cargo-home" RUSTUP_HOME="/workspace/rustup-home" "/workspace/cargo-home/bin/cargo" "+1.99.0-beta.8" "metadata" "--manifest-path" "Cargo.toml" "--no-deps", kill_on_drop: false }`
[INFO] crate git repo https://github.com/chiral-data/chiral-client-rust already has a lockfile, it will not be regenerated
[INFO] running `Command { std: CARGO_HOME="/workspace/cargo-home" RUSTUP_HOME="/workspace/rustup-home" "/workspace/cargo-home/bin/cargo" "+1.99.0-beta.8" "fetch" "--manifest-path" "Cargo.toml", kill_on_drop: false }`
[INFO] [stderr]     Updating crates.io index
[INFO] [stderr]  Downloading crates ...
[INFO] [stderr]   Downloaded std_prelude v0.2.12
[INFO] [stderr]   Downloaded path_abs v0.5.1
[INFO] [stderr]   Downloaded unftp-sbe-fs v0.2.6
[INFO] [stderr]   Downloaded proxy-protocol v0.5.0
[INFO] [stderr]   Downloaded slog-stdlog v4.1.1
[INFO] [stderr]   Downloaded stfu8 v0.2.7
[INFO] [stderr]   Downloaded libunftp v0.20.3
[INFO] [stderr]   Downloaded slog-scope v4.4.0
[INFO] [stderr]   Downloaded slog v2.7.0
[INFO] [stderr]   Downloaded arc-swap v1.7.1
[INFO] [stderr]   Downloaded snafu v0.6.10
[INFO] [stderr]   Downloaded snafu-derive v0.6.10
[INFO] [stderr]   Downloaded prometheus v0.13.4
[INFO] [stderr]   Downloaded generator v0.8.5
[INFO] [stderr]   Downloaded aws-lc-rs v1.13.1
[INFO] [stderr]   Downloaded cap-std v3.4.4
[INFO] [stderr]   Downloaded moka v0.12.10
[INFO] [stderr]   Downloaded cap-primitives v3.4.4
[INFO] [stderr]   Downloaded utf8-ranges v0.1.3
[INFO] [stderr]   Downloaded ftp v3.0.1
[INFO] [stderr]   Downloaded thread-id v2.0.0
[INFO] [stderr]   Downloaded memchr v0.1.11
[INFO] [stderr]   Downloaded chrono v0.2.25
[INFO] [stderr]   Downloaded thread_local v0.2.7
[INFO] [stderr]   Downloaded regex-syntax v0.3.9
[INFO] [stderr]   Downloaded regex v0.1.80
[INFO] [stderr]   Downloaded aho-corasick v0.5.3
[INFO] [stderr]   Downloaded lazy_static v0.1.16
[INFO] [stderr]   Downloaded aws-lc-sys v0.29.0
[INFO] running `Command { std: "docker" "create" "-v" "/var/lib/crater-agent-workspace/builds/worker-2-tc1/source:/opt/rustwide/workdir:ro,Z" "-v" "/var/lib/crater-agent-workspace/builds/worker-2-tc1/target:/opt/rustwide/target:rw,Z" "-v" "/var/lib/crater-agent-workspace/cargo-home:/opt/rustwide/cargo-home:ro,Z" "-v" "/var/lib/crater-agent-workspace/rustup-home:/opt/rustwide/rustup-home:ro,Z" "-m" "1610612736" "--network" "none" "ghcr.io/rust-lang/crates-build-env/linux@sha256:77db811e55d90add9212f6832c23229e3de5f1c1f9905e8cb07319ea15df73ac" "sleep" "infinity", kill_on_drop: false }`
[INFO] [stdout] d03945fc59cc6709a384f57bc5bdd5e43e8283d86f13b4ea288758d5ad5dcb92
[INFO] running `Command { std: "docker" "start" "d03945fc59cc6709a384f57bc5bdd5e43e8283d86f13b4ea288758d5ad5dcb92", kill_on_drop: false }`
[INFO] running `Command { std: "docker" "inspect" "d03945fc59cc6709a384f57bc5bdd5e43e8283d86f13b4ea288758d5ad5dcb92", kill_on_drop: false }`
[INFO] running `Command { std: "docker" "exec" "-e" "SOURCE_DIR=/opt/rustwide/workdir" "-e" "CARGO_HOME=/opt/rustwide/cargo-home" "-e" "RUSTUP_HOME=/opt/rustwide/rustup-home" "-e" "CARGO_TARGET_DIR=/opt/rustwide/target" "-w" "/opt/rustwide/workdir" "--user" "0:0" "d03945fc59cc6709a384f57bc5bdd5e43e8283d86f13b4ea288758d5ad5dcb92" "/opt/rustwide/cargo-home/bin/cargo" "+1.99.0-beta.8" "metadata" "--no-deps" "--format-version=1", kill_on_drop: false }`
[INFO] running `Command { std: "docker" "inspect" "d03945fc59cc6709a384f57bc5bdd5e43e8283d86f13b4ea288758d5ad5dcb92", kill_on_drop: false }`
[INFO] running `Command { std: "docker" "exec" "-e" "SOURCE_DIR=/opt/rustwide/workdir" "-e" "CARGO_HOME=/opt/rustwide/cargo-home" "-e" "RUSTUP_HOME=/opt/rustwide/rustup-home" "-e" "CARGO_TARGET_DIR=/opt/rustwide/target" "-e" "CARGO_INCREMENTAL=0" "-e" "RUST_BACKTRACE=full" "-e" "RUSTFLAGS=--cap-lints=warn" "-e" "RUSTDOCFLAGS=--cap-lints=warn" "-w" "/opt/rustwide/workdir" "--user" "0:0" "d03945fc59cc6709a384f57bc5bdd5e43e8283d86f13b4ea288758d5ad5dcb92" "/opt/rustwide/cargo-home/bin/cargo" "+1.99.0-beta.8" "build" "--frozen" "--message-format=json" "--release", kill_on_drop: false }`
[INFO] [stderr]    Compiling syn v2.0.104
[INFO] [stderr]    Compiling libc v0.2.174
[INFO] [stderr]    Compiling getrandom v0.3.3
[INFO] [stderr]    Compiling cc v1.2.27
[INFO] [stderr]    Compiling fs_extra v1.3.0
[INFO] [stderr]    Compiling dunce v1.0.5
[INFO] [stderr]    Compiling slab v0.4.10
[INFO] [stderr]    Compiling either v1.15.0
[INFO] [stderr]    Compiling num-integer v0.1.46
[INFO] [stderr]    Compiling tracing-core v0.1.34
[INFO] [stderr]    Compiling rustversion v1.0.21
[INFO] [stderr]    Compiling futures-util v0.3.31
[INFO] [stderr]    Compiling itertools v0.12.1
[INFO] [stderr]    Compiling aws-lc-rs v1.13.1
[INFO] [stderr]    Compiling time-macros v0.2.22
[INFO] [stderr]    Compiling rustix v1.0.7
[INFO] [stderr]    Compiling syn v1.0.109
[INFO] [stderr]    Compiling io-lifetimes v2.0.4
[INFO] [stderr]    Compiling cmake v0.1.54
[INFO] [stderr]    Compiling kernel32-sys v0.2.2
[INFO] [stderr]    Compiling serde v1.0.219
[INFO] [stderr]    Compiling rusticata-macros v4.1.0
[INFO] [stderr]    Compiling bitflags v2.9.1
[INFO] [stderr]    Compiling linux-raw-sys v0.9.4
[INFO] [stderr]    Compiling time v0.3.41
[INFO] [stderr]    Compiling prettyplease v0.2.35
[INFO] [stderr]    Compiling slog v2.7.0
[INFO] [stderr]    Compiling hashbrown v0.15.4
[INFO] [stderr]    Compiling aws-lc-sys v0.29.0
[INFO] [stderr]    Compiling regex-syntax v0.8.5
[INFO] [stderr]    Compiling parking_lot_core v0.9.11
[INFO] [stderr]    Compiling signal-hook-registry v1.4.5
[INFO] [stderr]    Compiling mio v1.0.4
[INFO] [stderr]    Compiling parking_lot v0.12.4
[INFO] [stderr]    Compiling socket2 v0.5.10
[INFO] [stderr]    Compiling getrandom v0.2.16
[INFO] [stderr]    Compiling bytes v1.10.1
[INFO] [stderr]    Compiling doc-comment v0.3.3
[INFO] [stderr]    Compiling indexmap v2.10.0
[INFO] [stderr]    Compiling regex-automata v0.4.9
[INFO] [stderr]    Compiling synstructure v0.13.2
[INFO] [stderr]    Compiling rand_core v0.6.4
[INFO] [stderr]    Compiling indexmap v1.9.3
[INFO] [stderr]    Compiling fixedbitset v0.4.2
[INFO] [stderr]    Compiling tokio-macros v2.5.0
[INFO] [stderr]    Compiling tracing-attributes v0.1.30
[INFO] [stderr]    Compiling thiserror-impl v1.0.69
[INFO] [stderr]    Compiling tokio v1.46.0
[INFO] [stderr]    Compiling prost-derive v0.12.6
[INFO] [stderr]    Compiling tracing v0.1.41
[INFO] [stderr]    Compiling thiserror v1.0.69
[INFO] [stderr]    Compiling asn1-rs-derive v0.5.1
[INFO] [stderr]    Compiling serde_derive v1.0.219
[INFO] [stderr]    Compiling displaydoc v0.2.5
[INFO] [stderr]    Compiling asn1-rs-impl v0.2.0
[INFO] [stderr]    Compiling prost v0.12.6
[INFO] [stderr]    Compiling asn1-rs v0.6.2
[INFO] [stderr]    Compiling async-trait v0.1.88
[INFO] [stderr]    Compiling oid-registry v0.7.1
[INFO] [stderr]    Compiling fastrand v2.3.0
[INFO] [stderr]    Compiling io-extras v0.18.4
[INFO] [stderr]    Compiling rustls v0.23.28
[INFO] [stderr]    Compiling tempfile v3.20.0
[INFO] [stderr]    Compiling nix v0.29.0
[INFO] [stderr]    Compiling snafu-derive v0.6.10
[INFO] [stderr]    Compiling prost-types v0.12.6
[INFO] [stderr]    Compiling pin-project-internal v1.1.10
[INFO] [stderr]    Compiling petgraph v0.6.5
[INFO] [stderr]    Compiling regex v1.11.1
[INFO] [stderr]    Compiling rand_chacha v0.3.1
[INFO] [stderr]    Compiling axum-core v0.3.4
[INFO] [stderr]    Compiling tokio-util v0.7.15
[INFO] [stderr]    Compiling num-bigint v0.4.6
[INFO] [stderr]    Compiling multimap v0.10.1
[INFO] [stderr]    Compiling cap-primitives v3.4.4
[INFO] [stderr]    Compiling prometheus v0.13.4
[INFO] [stderr]    Compiling hashbrown v0.12.3
[INFO] [stderr]    Compiling moka v0.12.10
[INFO] [stderr]    Compiling arc-swap v1.7.1
[INFO] [stderr]    Compiling prost-build v0.12.6
[INFO] [stderr]    Compiling slog-scope v4.4.0
[INFO] [stderr]    Compiling h2 v0.3.26
[INFO] [stderr]    Compiling snafu v0.6.10
[INFO] [stderr]    Compiling digest v0.10.7
[INFO] [stderr]    Compiling rand v0.8.5
[INFO] [stderr]    Compiling uuid v1.17.0
[INFO] [stderr]    Compiling pin-project v1.1.10
[INFO] [stderr]    Compiling der-parser v9.0.0
[INFO] [stderr]    Compiling thread-id v2.0.0
[INFO] [stderr]    Compiling portable-atomic v1.11.1
[INFO] [stderr]    Compiling rustix-linux-procfs v0.1.1
[INFO] [stderr]    Compiling fs-set-times v0.20.3
[INFO] [stderr]    Compiling crossbeam-epoch v0.9.18
[INFO] [stderr]    Compiling memchr v0.1.11
[INFO] [stderr]    Compiling axum v0.6.20
[INFO] [stderr]    Compiling num-iter v0.1.45
[INFO] [stderr]    Compiling ambient-authority v0.0.2
[INFO] [stderr]    Compiling tagptr v0.2.0
[INFO] [stderr]    Compiling hashbrown v0.14.5
[INFO] [stderr]    Compiling data-encoding v2.9.0
[INFO] [stderr]    Compiling maybe-owned v0.3.4
[INFO] [stderr]    Compiling iana-time-zone v0.1.63
[INFO] [stderr]    Compiling convert_case v0.4.0
[INFO] [stderr]    Compiling cap-std v3.4.4
[INFO] [stderr]    Compiling dashmap v5.5.3
[INFO] [stderr]    Compiling derive_more v0.99.20
[INFO] [stderr]    Compiling chrono v0.4.41
[INFO] [stderr]    Compiling hyper v0.14.32
[INFO] [stderr]    Compiling x509-parser v0.16.0
[INFO] [stderr]    Compiling num v0.1.43
[INFO] [stderr]    Compiling aho-corasick v0.5.3
[INFO] [stderr]    Compiling thread_local v0.2.7
[INFO] [stderr]    Compiling tower v0.4.13
[INFO] [stderr]    Compiling md-5 v0.10.6
[INFO] [stderr]    Compiling proxy-protocol v0.5.0
[INFO] [stderr]    Compiling tonic-build v0.11.0
[INFO] [stderr]    Compiling slog-stdlog v4.1.1
[INFO] [stderr]    Compiling tokio-stream v0.1.17
[INFO] [stderr]    Compiling tokio-io-timeout v1.2.0
[INFO] [stderr]    Compiling async-stream-impl v0.3.6
[INFO] [stderr]    Compiling time v0.1.45
[INFO] [stderr]    Compiling rustls-pemfile v2.2.0
[INFO] [stderr]    Compiling utf8-ranges v0.1.3
[INFO] [stderr]    Compiling regex-syntax v0.3.9
[INFO] [stderr]    Compiling bitflags v1.3.2
[INFO] [stderr]    Compiling serde_json v1.0.140
[INFO] [stderr]    Compiling std_prelude v0.2.12
[INFO] [stderr]    Compiling matchit v0.7.3
[INFO] [stderr]    Compiling stfu8 v0.2.7
[INFO] [stderr]    Compiling chiral-client v0.2.2 (/opt/rustwide/workdir)
[INFO] [stderr]    Compiling hyper-timeout v0.4.1
[INFO] [stderr]    Compiling path_abs v0.5.1
[INFO] [stderr]    Compiling async-stream v0.3.6
[INFO] [stderr]    Compiling regex v0.1.80
[INFO] [stderr]    Compiling chrono v0.2.25
[INFO] [stderr]    Compiling futures v0.3.31
[INFO] [stderr]    Compiling lazy_static v0.1.16
[INFO] [stderr]    Compiling ftp v3.0.1
[INFO] [stderr]    Compiling dotenvy v0.15.7
[INFO] [stderr]    Compiling tonic v0.11.0
[INFO] [stderr]    Compiling rustls-webpki v0.103.3
[INFO] [stderr]    Compiling tokio-rustls v0.26.2
[INFO] [stderr]    Compiling libunftp v0.20.3
[INFO] [stderr]    Compiling unftp-sbe-fs v0.2.6
[INFO] [stderr]     Finished `release` profile [optimized] target(s) in 5m 35s
[INFO] running `Command { std: "docker" "inspect" "d03945fc59cc6709a384f57bc5bdd5e43e8283d86f13b4ea288758d5ad5dcb92", kill_on_drop: false }`
[INFO] running `Command { std: "docker" "exec" "-e" "SOURCE_DIR=/opt/rustwide/workdir" "-e" "CARGO_HOME=/opt/rustwide/cargo-home" "-e" "RUSTUP_HOME=/opt/rustwide/rustup-home" "-e" "CARGO_TARGET_DIR=/opt/rustwide/target" "-e" "CARGO_INCREMENTAL=0" "-e" "RUST_BACKTRACE=full" "-e" "RUSTFLAGS=--cap-lints=warn" "-e" "RUSTDOCFLAGS=--cap-lints=warn" "-w" "/opt/rustwide/workdir" "--user" "0:0" "d03945fc59cc6709a384f57bc5bdd5e43e8283d86f13b4ea288758d5ad5dcb92" "/opt/rustwide/cargo-home/bin/cargo" "+1.99.0-beta.8" "test" "--frozen" "--no-run" "--message-format=json" "--release", kill_on_drop: false }`
[INFO] [stderr]    Compiling chiral-client v0.2.2 (/opt/rustwide/workdir)
[INFO] [stdout] warning: unused variable: `handle`
[INFO] [stdout]    --> src/file.rs:492:14
[INFO] [stdout]     |
[INFO] [stdout] 492 |         let (handle, addr, shutdown_tx) = spawn_test_ftp_server_with_shutdown_ready();
[INFO] [stdout]     |              ^^^^^^ help: if this is intentional, prefix it with an underscore: `_handle`
[INFO] [stdout]     |
[INFO] [stdout]     = note: `#[warn(unused_variables)]` (part of `#[warn(unused)]`) on by default
[INFO] [stdout] 
[INFO] [stdout] 
[INFO] [stdout] warning: unused variable: `shutdown_tx`
[INFO] [stdout]    --> src/file.rs:492:28
[INFO] [stdout]     |
[INFO] [stdout] 492 |         let (handle, addr, shutdown_tx) = spawn_test_ftp_server_with_shutdown_ready();
[INFO] [stdout]     |                            ^^^^^^^^^^^ help: if this is intentional, prefix it with an underscore: `_shutdown_tx`
[INFO] [stdout] 
[INFO] [stdout] 
[INFO] [stdout] warning: unused `Result` that must be used
[INFO] [stdout]    --> src/file.rs:512:9
[INFO] [stdout]     |
[INFO] [stdout] 512 |         client.change_directory("upload1");
[INFO] [stdout]     |         ^^^^^^^^^^^^^^^^^^^^^^^^^^^^^^^^^^
[INFO] [stdout]     |
[INFO] [stdout]     = note: this `Result` may be an `Err` variant, which should be handled
[INFO] [stdout]     = note: `#[warn(unused_must_use)]` (part of `#[warn(unused)]`) on by default
[INFO] [stdout] help: use `let _ = ...` to ignore the resulting value
[INFO] [stdout]     |
[INFO] [stdout] 512 |         let _ = client.change_directory("upload1");
[INFO] [stdout]     |         +++++++
[INFO] [stdout] 
[INFO] [stdout] 
[INFO] [stderr]     Finished `release` profile [optimized] target(s) in 56.21s
[INFO] running `Command { std: "docker" "inspect" "d03945fc59cc6709a384f57bc5bdd5e43e8283d86f13b4ea288758d5ad5dcb92", kill_on_drop: false }`
[INFO] running `Command { std: "docker" "exec" "-e" "SOURCE_DIR=/opt/rustwide/workdir" "-e" "CARGO_HOME=/opt/rustwide/cargo-home" "-e" "RUSTUP_HOME=/opt/rustwide/rustup-home" "-e" "CARGO_TARGET_DIR=/opt/rustwide/target" "-e" "CARGO_INCREMENTAL=0" "-e" "RUST_BACKTRACE=full" "-e" "RUSTFLAGS=--cap-lints=warn" "-e" "RUSTDOCFLAGS=--cap-lints=warn" "-w" "/opt/rustwide/workdir" "--user" "0:0" "d03945fc59cc6709a384f57bc5bdd5e43e8283d86f13b4ea288758d5ad5dcb92" "/opt/rustwide/cargo-home/bin/cargo" "+1.99.0-beta.8" "test" "--frozen" "--release", kill_on_drop: false }`
[INFO] [stderr] warning: unused variable: `handle`
[INFO] [stderr]    --> src/file.rs:492:14
[INFO] [stderr]     |
[INFO] [stderr] 492 |         let (handle, addr, shutdown_tx) = spawn_test_ftp_server_with_shutdown_ready();
[INFO] [stderr]     |              ^^^^^^ help: if this is intentional, prefix it with an underscore: `_handle`
[INFO] [stderr]     |
[INFO] [stderr]     = note: `#[warn(unused_variables)]` (part of `#[warn(unused)]`) on by default
[INFO] [stderr] 
[INFO] [stderr] warning: unused variable: `shutdown_tx`
[INFO] [stderr]    --> src/file.rs:492:28
[INFO] [stderr]     |
[INFO] [stderr] 492 |         let (handle, addr, shutdown_tx) = spawn_test_ftp_server_with_shutdown_ready();
[INFO] [stderr]     |                            ^^^^^^^^^^^ help: if this is intentional, prefix it with an underscore: `_shutdown_tx`
[INFO] [stderr] 
[INFO] [stderr] warning: unused `Result` that must be used
[INFO] [stderr]    --> src/file.rs:512:9
[INFO] [stderr]     |
[INFO] [stderr] 512 |         client.change_directory("upload1");
[INFO] [stderr]     |         ^^^^^^^^^^^^^^^^^^^^^^^^^^^^^^^^^^
[INFO] [stderr]     |
[INFO] [stderr]     = note: this `Result` may be an `Err` variant, which should be handled
[INFO] [stderr]     = note: `#[warn(unused_must_use)]` (part of `#[warn(unused)]`) on by default
[INFO] [stderr] help: use `let _ = ...` to ignore the resulting value
[INFO] [stderr]     |
[INFO] [stderr] 512 |         let _ = client.change_directory("upload1");
[INFO] [stderr]     |         +++++++
[INFO] [stderr] 
[INFO] [stderr] warning: `chiral-client` (lib test) generated 3 warnings (run `cargo fix --lib -p chiral-client --tests` to apply 2 suggestions)
[INFO] [stderr]     Finished `release` profile [optimized] target(s) in 0.34s
[INFO] [stderr]      Running unittests src/lib.rs (/opt/rustwide/target/release/deps/chiral_client-32f17456a7bbae0a)
[INFO] [stdout] 
[INFO] [stdout] running 18 tests
[INFO] [stdout] test api::client::tests::test_create_client ... FAILED
[INFO] [stdout] test api::jobs::tests::test_submit_test_job ... FAILED
[INFO] [stdout] test api::jobs::tests::test_get_job ... FAILED
[INFO] [stdout] test api::projects::tests::test_import_example_project ... FAILED
[INFO] [stdout] test api::projects::tests::test_get_project_files ... FAILED
[INFO] [stdout] test api::credits::tests::test_get_credit_points ... FAILED
[INFO] [stdout] test api::jobs::tests::test_submit_job ... FAILED
[INFO] [stdout] test api::projects::tests::test_list_of_project_files ... FAILED
[INFO] [stdout] test api::token::tests::test_get_token_api ... FAILED
[INFO] [stdout] test api::projects::tests::test_list_of_projects ... FAILED
[INFO] [stdout] test api::projects::tests::test_list_of_example_projects ... FAILED
[INFO] [stdout] test api::jobs::tests::test_get_jobs ... FAILED
[INFO] [stdout] test api::token::tests::test_refresh_token_api ... FAILED
[INFO] [stdout] test file::tests::test_connection ... ok
[INFO] [stdout] test file::tests::test_check_if_directory_exists ... ok
[INFO] [stdout] test file::tests::test_file_upload_and_download ... FAILED
[INFO] [stdout] test file::tests::test_make_and_change_directory ... ok
[INFO] [stdout] test file::tests::test_recursive_delete_directory ... ok
[INFO] [stdout] 
[INFO] [stdout] failures:
[INFO] [stdout] 
[INFO] [stdout] ---- api::client::tests::test_create_client stdout ----
[INFO] [stdout] 
[INFO] [stdout] thread 'api::client::tests::test_create_client' (3928) panicked at src/api/client.rs:16:14:
[INFO] [stdout] Missing env: NotPresent
[INFO] [stdout] stack backtrace:
[INFO] [stdout]    0:     0x61854fe42551 - <<std[70759c8f55707aa4]::sys::backtrace::BacktraceLock>::print::DisplayBacktrace as core[df12db4294e9bfd3]::fmt::Display>::fmt
[INFO] [stdout]    1:     0x61854fe5b4aa - core[df12db4294e9bfd3]::fmt::write
[INFO] [stdout]    2:     0x61854fe475ec - <alloc[2182bb758b4b3781]::vec::Vec<u8> as core[df12db4294e9bfd3]::io::write::Write>::write_fmt
[INFO] [stdout]    3:     0x61854fe1c076 - std[70759c8f55707aa4]::panicking::default_hook::{closure#0}
[INFO] [stdout]    4:     0x61854fe39999 - std[70759c8f55707aa4]::panicking::default_hook
[INFO] [stdout]    5:     0x61854fa101d0 - test[9d35eded1c95d3be]::test_main_inner::<test[9d35eded1c95d3be]::test_main_static::{closure#0}>::{closure#0}
[INFO] [stdout]    6:     0x61854fe39cc2 - std[70759c8f55707aa4]::panicking::panic_with_hook
[INFO] [stdout]    7:     0x61854fe1c122 - std[70759c8f55707aa4]::panicking::panic_handler::{closure#0}
[INFO] [stdout]    8:     0x61854fe149f9 - std[70759c8f55707aa4]::sys::backtrace::__rust_end_short_backtrace::<std[70759c8f55707aa4]::panicking::panic_handler::{closure#0}, !>
[INFO] [stdout]    9:     0x61854fe1cfad - __rustc[8fa7c3cbc660c2b3]::rust_begin_unwind
[INFO] [stdout]   10:     0x61854fe5bc0c - core[df12db4294e9bfd3]::panicking::panic_fmt
[INFO] [stdout]   11:     0x61854fe5b9e2 - core[df12db4294e9bfd3]::result::unwrap_failed
[INFO] [stdout]   12:     0x61854f8ac7b3 - chiral_client[9598ae83e8a44056]::api::client::tests::test_create_client::{closure#0}
[INFO] [stdout]   13:     0x61854f9ccab3 - <tokio[1f38309457be2011]::runtime::scheduler::current_thread::Context>::enter::<core[df12db4294e9bfd3]::task::poll::Poll<()>, <tokio[1f38309457be2011]::runtime::scheduler::current_thread::CoreGuard>::block_on<core[df12db4294e9bfd3]::pin::Pin<&mut core[df12db4294e9bfd3]::pin::Pin<&mut dyn core[df12db4294e9bfd3]::future::future::Future<Output = ()>>>>::{closure#0}::{closure#0}>
[INFO] [stdout]   14:     0x61854f8c48b9 - <std[70759c8f55707aa4]::thread::local::LocalKey<tokio[1f38309457be2011]::runtime::context::Context>>::with::<tokio[1f38309457be2011]::runtime::context::set_scheduler<(alloc[2182bb758b4b3781]::boxed::Box<tokio[1f38309457be2011]::runtime::scheduler::current_thread::Core>, core[df12db4294e9bfd3]::option::Option<()>), <tokio[1f38309457be2011]::runtime::scheduler::current_thread::CoreGuard>::enter<<tokio[1f38309457be2011]::runtime::scheduler::current_thread::CoreGuard>::block_on<core[df12db4294e9bfd3]::pin::Pin<&mut core[df12db4294e9bfd3]::pin::Pin<&mut dyn core[df12db4294e9bfd3]::future::future::Future<Output = ()>>>>::{closure#0}, core[df12db4294e9bfd3]::option::Option<()>>::{closure#0}>::{closure#0}, (alloc[2182bb758b4b3781]::boxed::Box<tokio[1f38309457be2011]::runtime::scheduler::current_thread::Core>, core[df12db4294e9bfd3]::option::Option<()>)>
[INFO] [stdout]   15:     0x61854f9cdcf7 - <tokio[1f38309457be2011]::runtime::scheduler::current_thread::CoreGuard>::block_on::<core[df12db4294e9bfd3]::pin::Pin<&mut core[df12db4294e9bfd3]::pin::Pin<&mut dyn core[df12db4294e9bfd3]::future::future::Future<Output = ()>>>>
[INFO] [stdout]   16:     0x61854f8da767 - tokio[1f38309457be2011]::runtime::context::runtime::enter_runtime::<<tokio[1f38309457be2011]::runtime::scheduler::current_thread::CurrentThread>::block_on<core[df12db4294e9bfd3]::pin::Pin<&mut dyn core[df12db4294e9bfd3]::future::future::Future<Output = ()>>>::{closure#0}, ()>
[INFO] [stdout]   17:     0x61854f9c9375 - <tokio[1f38309457be2011]::runtime::runtime::Runtime>::block_on::<core[df12db4294e9bfd3]::pin::Pin<&mut dyn core[df12db4294e9bfd3]::future::future::Future<Output = ()>>>
[INFO] [stdout]   18:     0x61854f8bdc6b - chiral_client[9598ae83e8a44056]::api::client::tests::test_create_client
[INFO] [stdout]   19:     0x61854f94cb69 - <chiral_client[9598ae83e8a44056]::api::client::tests::test_create_client::{closure#0} as core[df12db4294e9bfd3]::ops::function::FnOnce<()>>::call_once
[INFO] [stdout]   20:     0x61854fa034bb - test[9d35eded1c95d3be]::__rust_begin_short_backtrace::<core[df12db4294e9bfd3]::result::Result<(), alloc[2182bb758b4b3781]::string::String>, fn() -> core[df12db4294e9bfd3]::result::Result<(), alloc[2182bb758b4b3781]::string::String>>
[INFO] [stdout]   21:     0x61854fa10b25 - test[9d35eded1c95d3be]::run_test::{closure#0}
[INFO] [stdout]   22:     0x61854fa0a3e4 - std[70759c8f55707aa4]::sys::backtrace::__rust_begin_short_backtrace::<test[9d35eded1c95d3be]::run_test::{closure#1}, ()>
[INFO] [stdout]   23:     0x61854fa13c82 - <std[70759c8f55707aa4]::thread::lifecycle::spawn_unchecked<test[9d35eded1c95d3be]::run_test::{closure#1}, ()>::{closure#1} as core[df12db4294e9bfd3]::ops::function::FnOnce<()>>::call_once::{shim:vtable#0}
[INFO] [stdout]   24:     0x61854fe41119 - <std[70759c8f55707aa4]::sys::thread::unix::Thread>::new::thread_start
[INFO] [stdout]   25:     0x76d706e8adfa - <unknown>
[INFO] [stdout]   26:     0x76d706f1e3d4 - clone
[INFO] [stdout]   27:                0x0 - <unknown>
[INFO] [stdout] 
[INFO] [stdout] ---- api::jobs::tests::test_submit_test_job stdout ----
[INFO] [stdout] 
[INFO] [stdout] thread 'api::jobs::tests::test_submit_test_job' (3933) panicked at src/api/jobs.rs:174:59:
[INFO] [stdout] Missing env: NotPresent
[INFO] [stdout] stack backtrace:
[INFO] [stdout]    0:     0x61854fe42551 - <<std[70759c8f55707aa4]::sys::backtrace::BacktraceLock>::print::DisplayBacktrace as core[df12db4294e9bfd3]::fmt::Display>::fmt
[INFO] [stdout]    1:     0x61854fe5b4aa - core[df12db4294e9bfd3]::fmt::write
[INFO] [stdout]    2:     0x61854fe475ec - <alloc[2182bb758b4b3781]::vec::Vec<u8> as core[df12db4294e9bfd3]::io::write::Write>::write_fmt
[INFO] [stdout]    3:     0x61854fe1c076 - std[70759c8f55707aa4]::panicking::default_hook::{closure#0}
[INFO] [stdout]    4:     0x61854fe39999 - std[70759c8f55707aa4]::panicking::default_hook
[INFO] [stdout]    5:     0x61854fa101d0 - test[9d35eded1c95d3be]::test_main_inner::<test[9d35eded1c95d3be]::test_main_static::{closure#0}>::{closure#0}
[INFO] [stdout]    6:     0x61854fe39cc2 - std[70759c8f55707aa4]::panicking::panic_with_hook
[INFO] [stdout]    7:     0x61854fe1c122 - std[70759c8f55707aa4]::panicking::panic_handler::{closure#0}
[INFO] [stdout]    8:     0x61854fe149f9 - std[70759c8f55707aa4]::sys::backtrace::__rust_end_short_backtrace::<std[70759c8f55707aa4]::panicking::panic_handler::{closure#0}, !>
[INFO] [stdout]    9:     0x61854fe1cfad - __rustc[8fa7c3cbc660c2b3]::rust_begin_unwind
[INFO] [stdout]   10:     0x61854fe5bc0c - core[df12db4294e9bfd3]::panicking::panic_fmt
[INFO] [stdout]   11:     0x61854fe5b9e2 - core[df12db4294e9bfd3]::result::unwrap_failed
[INFO] [stdout]   12:     0x61854f9fa681 - chiral_client[9598ae83e8a44056]::api::jobs::tests::test_submit_test_job::{closure#0}
[INFO] [stdout]   13:     0x61854f9ccab3 - <tokio[1f38309457be2011]::runtime::scheduler::current_thread::Context>::enter::<core[df12db4294e9bfd3]::task::poll::Poll<()>, <tokio[1f38309457be2011]::runtime::scheduler::current_thread::CoreGuard>::block_on<core[df12db4294e9bfd3]::pin::Pin<&mut core[df12db4294e9bfd3]::pin::Pin<&mut dyn core[df12db4294e9bfd3]::future::future::Future<Output = ()>>>>::{closure#0}::{closure#0}>
[INFO] [stdout]   14:     0x61854f8c48b9 - <std[70759c8f55707aa4]::thread::local::LocalKey<tokio[1f38309457be2011]::runtime::context::Context>>::with::<tokio[1f38309457be2011]::runtime::context::set_scheduler<(alloc[2182bb758b4b3781]::boxed::Box<tokio[1f38309457be2011]::runtime::scheduler::current_thread::Core>, core[df12db4294e9bfd3]::option::Option<()>), <tokio[1f38309457be2011]::runtime::scheduler::current_thread::CoreGuard>::enter<<tokio[1f38309457be2011]::runtime::scheduler::current_thread::CoreGuard>::block_on<core[df12db4294e9bfd3]::pin::Pin<&mut core[df12db4294e9bfd3]::pin::Pin<&mut dyn core[df12db4294e9bfd3]::future::future::Future<Output = ()>>>>::{closure#0}, core[df12db4294e9bfd3]::option::Option<()>>::{closure#0}>::{closure#0}, (alloc[2182bb758b4b3781]::boxed::Box<tokio[1f38309457be2011]::runtime::scheduler::current_thread::Core>, core[df12db4294e9bfd3]::option::Option<()>)>
[INFO] [stdout]   15:     0x61854f9cdcf7 - <tokio[1f38309457be2011]::runtime::scheduler::current_thread::CoreGuard>::block_on::<core[df12db4294e9bfd3]::pin::Pin<&mut core[df12db4294e9bfd3]::pin::Pin<&mut dyn core[df12db4294e9bfd3]::future::future::Future<Output = ()>>>>
[INFO] [stdout]   16:     0x61854f8da767 - tokio[1f38309457be2011]::runtime::context::runtime::enter_runtime::<<tokio[1f38309457be2011]::runtime::scheduler::current_thread::CurrentThread>::block_on<core[df12db4294e9bfd3]::pin::Pin<&mut dyn core[df12db4294e9bfd3]::future::future::Future<Output = ()>>>::{closure#0}, ()>
[INFO] [stdout]   17:     0x61854f9c9375 - <tokio[1f38309457be2011]::runtime::runtime::Runtime>::block_on::<core[df12db4294e9bfd3]::pin::Pin<&mut dyn core[df12db4294e9bfd3]::future::future::Future<Output = ()>>>
[INFO] [stdout]   18:     0x61854f9fd40b - chiral_client[9598ae83e8a44056]::api::jobs::tests::test_submit_test_job
[INFO] [stdout]   19:     0x61854f94c889 - <chiral_client[9598ae83e8a44056]::api::jobs::tests::test_submit_test_job::{closure#0} as core[df12db4294e9bfd3]::ops::function::FnOnce<()>>::call_once
[INFO] [stdout]   20:     0x61854fa034bb - test[9d35eded1c95d3be]::__rust_begin_short_backtrace::<core[df12db4294e9bfd3]::result::Result<(), alloc[2182bb758b4b3781]::string::String>, fn() -> core[df12db4294e9bfd3]::result::Result<(), alloc[2182bb758b4b3781]::string::String>>
[INFO] [stdout]   21:     0x61854fa10b25 - test[9d35eded1c95d3be]::run_test::{closure#0}
[INFO] [stdout]   22:     0x61854fa0a3e4 - std[70759c8f55707aa4]::sys::backtrace::__rust_begin_short_backtrace::<test[9d35eded1c95d3be]::run_test::{closure#1}, ()>
[INFO] [stdout]   23:     0x61854fa13c82 - <std[70759c8f55707aa4]::thread::lifecycle::spawn_unchecked<test[9d35eded1c95d3be]::run_test::{closure#1}, ()>::{closure#1} as core[df12db4294e9bfd3]::ops::function::FnOnce<()>>::call_once::{shim:vtable#0}
[INFO] [stdout]   24:     0x61854fe41119 - <std[70759c8f55707aa4]::sys::thread::unix::Thread>::new::thread_start
[INFO] [stdout]   25:     0x76d706e8adfa - <unknown>
[INFO] [stdout]   26:     0x76d706f1e3d4 - clone
[INFO] [stdout]   27:                0x0 - <unknown>
[INFO] [stdout] 
[INFO] [stdout] ---- api::jobs::tests::test_get_job stdout ----
[INFO] [stdout] 
[INFO] [stdout] thread 'api::jobs::tests::test_get_job' (3930) panicked at src/api/jobs.rs:198:59:
[INFO] [stdout] Missing env: NotPresent
[INFO] [stdout] stack backtrace:
[INFO] [stdout]    0:     0x61854fe42551 - <<std[70759c8f55707aa4]::sys::backtrace::BacktraceLock>::print::DisplayBacktrace as core[df12db4294e9bfd3]::fmt::Display>::fmt
[INFO] [stdout]    1:     0x61854fe5b4aa - core[df12db4294e9bfd3]::fmt::write
[INFO] [stdout]    2:     0x61854fe475ec - <alloc[2182bb758b4b3781]::vec::Vec<u8> as core[df12db4294e9bfd3]::io::write::Write>::write_fmt
[INFO] [stdout]    3:     0x61854fe1c076 - std[70759c8f55707aa4]::panicking::default_hook::{closure#0}
[INFO] [stdout]    4:     0x61854fe39999 - std[70759c8f55707aa4]::panicking::default_hook
[INFO] [stdout]    5:     0x61854fa101d0 - test[9d35eded1c95d3be]::test_main_inner::<test[9d35eded1c95d3be]::test_main_static::{closure#0}>::{closure#0}
[INFO] [stdout]    6:     0x61854fe39cc2 - std[70759c8f55707aa4]::panicking::panic_with_hook
[INFO] [stdout]    7:     0x61854fe1c122 - std[70759c8f55707aa4]::panicking::panic_handler::{closure#0}
[INFO] [stdout]    8:     0x61854fe149f9 - std[70759c8f55707aa4]::sys::backtrace::__rust_end_short_backtrace::<std[70759c8f55707aa4]::panicking::panic_handler::{closure#0}, !>
[INFO] [stdout]    9:     0x61854fe1cfad - __rustc[8fa7c3cbc660c2b3]::rust_begin_unwind
[INFO] [stdout]   10:     0x61854fe5bc0c - core[df12db4294e9bfd3]::panicking::panic_fmt
[INFO] [stdout]   11:     0x61854fe5b9e2 - core[df12db4294e9bfd3]::result::unwrap_failed
[INFO] [stdout]   12:     0x61854f9f6dd0 - chiral_client[9598ae83e8a44056]::api::jobs::tests::test_get_job::{closure#0}
[INFO] [stdout]   13:     0x61854f9ccab3 - <tokio[1f38309457be2011]::runtime::scheduler::current_thread::Context>::enter::<core[df12db4294e9bfd3]::task::poll::Poll<()>, <tokio[1f38309457be2011]::runtime::scheduler::current_thread::CoreGuard>::block_on<core[df12db4294e9bfd3]::pin::Pin<&mut core[df12db4294e9bfd3]::pin::Pin<&mut dyn core[df12db4294e9bfd3]::future::future::Future<Output = ()>>>>::{closure#0}::{closure#0}>
[INFO] [stdout]   14:     0x61854f8c48b9 - <std[70759c8f55707aa4]::thread::local::LocalKey<tokio[1f38309457be2011]::runtime::context::Context>>::with::<tokio[1f38309457be2011]::runtime::context::set_scheduler<(alloc[2182bb758b4b3781]::boxed::Box<tokio[1f38309457be2011]::runtime::scheduler::current_thread::Core>, core[df12db4294e9bfd3]::option::Option<()>), <tokio[1f38309457be2011]::runtime::scheduler::current_thread::CoreGuard>::enter<<tokio[1f38309457be2011]::runtime::scheduler::current_thread::CoreGuard>::block_on<core[df12db4294e9bfd3]::pin::Pin<&mut core[df12db4294e9bfd3]::pin::Pin<&mut dyn core[df12db4294e9bfd3]::future::future::Future<Output = ()>>>>::{closure#0}, core[df12db4294e9bfd3]::option::Option<()>>::{closure#0}>::{closure#0}, (alloc[2182bb758b4b3781]::boxed::Box<tokio[1f38309457be2011]::runtime::scheduler::current_thread::Core>, core[df12db4294e9bfd3]::option::Option<()>)>
[INFO] [stdout]   15:     0x61854f9cdcf7 - <tokio[1f38309457be2011]::runtime::scheduler::current_thread::CoreGuard>::block_on::<core[df12db4294e9bfd3]::pin::Pin<&mut core[df12db4294e9bfd3]::pin::Pin<&mut dyn core[df12db4294e9bfd3]::future::future::Future<Output = ()>>>>
[INFO] [stdout]   16:     0x61854f8da767 - tokio[1f38309457be2011]::runtime::context::runtime::enter_runtime::<<tokio[1f38309457be2011]::runtime::scheduler::current_thread::CurrentThread>::block_on<core[df12db4294e9bfd3]::pin::Pin<&mut dyn core[df12db4294e9bfd3]::future::future::Future<Output = ()>>>::{closure#0}, ()>
[INFO] [stdout]   17:     0x61854f9c9375 - <tokio[1f38309457be2011]::runtime::runtime::Runtime>::block_on::<core[df12db4294e9bfd3]::pin::Pin<&mut dyn core[df12db4294e9bfd3]::future::future::Future<Output = ()>>>
[INFO] [stdout]   18:     0x61854f9fd01b - chiral_client[9598ae83e8a44056]::api::jobs::tests::test_get_job
[INFO] [stdout]   19:     0x61854f94c829 - <chiral_client[9598ae83e8a44056]::api::jobs::tests::test_get_job::{closure#0} as core[df12db4294e9bfd3]::ops::function::FnOnce<()>>::call_once
[INFO] [stdout]   20:     0x61854fa034bb - test[9d35eded1c95d3be]::__rust_begin_short_backtrace::<core[df12db4294e9bfd3]::result::Result<(), alloc[2182bb758b4b3781]::string::String>, fn() -> core[df12db4294e9bfd3]::result::Result<(), alloc[2182bb758b4b3781]::string::String>>
[INFO] [stdout]   21:     0x61854fa10b25 - test[9d35eded1c95d3be]::run_test::{closure#0}
[INFO] [stdout]   22:     0x61854fa0a3e4 - std[70759c8f55707aa4]::sys::backtrace::__rust_begin_short_backtrace::<test[9d35eded1c95d3be]::run_test::{closure#1}, ()>
[INFO] [stdout]   23:     0x61854fa13c82 - <std[70759c8f55707aa4]::thread::lifecycle::spawn_unchecked<test[9d35eded1c95d3be]::run_test::{closure#1}, ()>::{closure#1} as core[df12db4294e9bfd3]::ops::function::FnOnce<()>>::call_once::{shim:vtable#0}
[INFO] [stdout]   24:     0x61854fe41119 - <std[70759c8f55707aa4]::sys::thread::unix::Thread>::new::thread_start
[INFO] [stdout]   25:     0x76d706e8adfa - <unknown>
[INFO] [stdout]   26:     0x76d706f1e3d4 - clone
[INFO] [stdout]   27:                0x0 - <unknown>
[INFO] [stdout] 
[INFO] [stdout] ---- api::projects::tests::test_import_example_project stdout ----
[INFO] [stdout] 
[INFO] [stdout] thread 'api::projects::tests::test_import_example_project' (3935) panicked at src/api/projects.rs:251:59:
[INFO] [stdout] Missing env: NotPresent
[INFO] [stdout] stack backtrace:
[INFO] [stdout]    0:     0x61854fe42551 - <<std[70759c8f55707aa4]::sys::backtrace::BacktraceLock>::print::DisplayBacktrace as core[df12db4294e9bfd3]::fmt::Display>::fmt
[INFO] [stdout]    1:     0x61854fe5b4aa - core[df12db4294e9bfd3]::fmt::write
[INFO] [stdout]    2:     0x61854fe475ec - <alloc[2182bb758b4b3781]::vec::Vec<u8> as core[df12db4294e9bfd3]::io::write::Write>::write_fmt
[INFO] [stdout]    3:     0x61854fe1c076 - std[70759c8f55707aa4]::panicking::default_hook::{closure#0}
[INFO] [stdout]    4:     0x61854fe39999 - std[70759c8f55707aa4]::panicking::default_hook
[INFO] [stdout]    5:     0x61854fa101d0 - test[9d35eded1c95d3be]::test_main_inner::<test[9d35eded1c95d3be]::test_main_static::{closure#0}>::{closure#0}
[INFO] [stdout]    6:     0x61854fe39cc2 - std[70759c8f55707aa4]::panicking::panic_with_hook
[INFO] [stdout]    7:     0x61854fe1c122 - std[70759c8f55707aa4]::panicking::panic_handler::{closure#0}
[INFO] [stdout]    8:     0x61854fe149f9 - std[70759c8f55707aa4]::sys::backtrace::__rust_end_short_backtrace::<std[70759c8f55707aa4]::panicking::panic_handler::{closure#0}, !>
[INFO] [stdout]    9:     0x61854fe1cfad - __rustc[8fa7c3cbc660c2b3]::rust_begin_unwind
[INFO] [stdout]   10:     0x61854fe5bc0c - core[df12db4294e9bfd3]::panicking::panic_fmt
[INFO] [stdout]   11:     0x61854fe5b9e2 - core[df12db4294e9bfd3]::result::unwrap_failed
[INFO] [stdout]   12:     0x61854f97e173 - chiral_client[9598ae83e8a44056]::api::projects::tests::test_import_example_project::{closure#0}
[INFO] [stdout]   13:     0x61854f9ccab3 - <tokio[1f38309457be2011]::runtime::scheduler::current_thread::Context>::enter::<core[df12db4294e9bfd3]::task::poll::Poll<()>, <tokio[1f38309457be2011]::runtime::scheduler::current_thread::CoreGuard>::block_on<core[df12db4294e9bfd3]::pin::Pin<&mut core[df12db4294e9bfd3]::pin::Pin<&mut dyn core[df12db4294e9bfd3]::future::future::Future<Output = ()>>>>::{closure#0}::{closure#0}>
[INFO] [stdout]   14:     0x61854f8c48b9 - <std[70759c8f55707aa4]::thread::local::LocalKey<tokio[1f38309457be2011]::runtime::context::Context>>::with::<tokio[1f38309457be2011]::runtime::context::set_scheduler<(alloc[2182bb758b4b3781]::boxed::Box<tokio[1f38309457be2011]::runtime::scheduler::current_thread::Core>, core[df12db4294e9bfd3]::option::Option<()>), <tokio[1f38309457be2011]::runtime::scheduler::current_thread::CoreGuard>::enter<<tokio[1f38309457be2011]::runtime::scheduler::current_thread::CoreGuard>::block_on<core[df12db4294e9bfd3]::pin::Pin<&mut core[df12db4294e9bfd3]::pin::Pin<&mut dyn core[df12db4294e9bfd3]::future::future::Future<Output = ()>>>>::{closure#0}, core[df12db4294e9bfd3]::option::Option<()>>::{closure#0}>::{closure#0}, (alloc[2182bb758b4b3781]::boxed::Box<tokio[1f38309457be2011]::runtime::scheduler::current_thread::Core>, core[df12db4294e9bfd3]::option::Option<()>)>
[INFO] [stdout]   15:     0x61854f9cdcf7 - <tokio[1f38309457be2011]::runtime::scheduler::current_thread::CoreGuard>::block_on::<core[df12db4294e9bfd3]::pin::Pin<&mut core[df12db4294e9bfd3]::pin::Pin<&mut dyn core[df12db4294e9bfd3]::future::future::Future<Output = ()>>>>
[INFO] [stdout]   16:     0x61854f8da767 - tokio[1f38309457be2011]::runtime::context::runtime::enter_runtime::<<tokio[1f38309457be2011]::runtime::scheduler::current_thread::CurrentThread>::block_on<core[df12db4294e9bfd3]::pin::Pin<&mut dyn core[df12db4294e9bfd3]::future::future::Future<Output = ()>>>::{closure#0}, ()>
[INFO] [stdout]   17:     0x61854f9c9375 - <tokio[1f38309457be2011]::runtime::runtime::Runtime>::block_on::<core[df12db4294e9bfd3]::pin::Pin<&mut dyn core[df12db4294e9bfd3]::future::future::Future<Output = ()>>>
[INFO] [stdout]   18:     0x61854f9826cb - chiral_client[9598ae83e8a44056]::api::projects::tests::test_import_example_project
[INFO] [stdout]   19:     0x61854f94cc09 - <chiral_client[9598ae83e8a44056]::api::projects::tests::test_import_example_project::{closure#0} as core[df12db4294e9bfd3]::ops::function::FnOnce<()>>::call_once
[INFO] [stdout]   20:     0x61854fa034bb - test[9d35eded1c95d3be]::__rust_begin_short_backtrace::<core[df12db4294e9bfd3]::result::Result<(), alloc[2182bb758b4b3781]::string::String>, fn() -> core[df12db4294e9bfd3]::result::Result<(), alloc[2182bb758b4b3781]::string::String>>
[INFO] [stdout]   21:     0x61854fa10b25 - test[9d35eded1c95d3be]::run_test::{closure#0}
[INFO] [stdout]   22:     0x61854fa0a3e4 - std[70759c8f55707aa4]::sys::backtrace::__rust_begin_short_backtrace::<test[9d35eded1c95d3be]::run_test::{closure#1}, ()>
[INFO] [stdout]   23:     0x61854fa13c82 - <std[70759c8f55707aa4]::thread::lifecycle::spawn_unchecked<test[9d35eded1c95d3be]::run_test::{closure#1}, ()>::{closure#1} as core[df12db4294e9bfd3]::ops::function::FnOnce<()>>::call_once::{shim:vtable#0}
[INFO] [stdout]   24:     0x61854fe41119 - <std[70759c8f55707aa4]::sys::thread::unix::Thread>::new::thread_start
[INFO] [stdout]   25:     0x76d706e8adfa - <unknown>
[INFO] [stdout]   26:     0x76d706f1e3d4 - clone
[INFO] [stdout]   27:                0x0 - <unknown>
[INFO] [stdout] 
[INFO] [stdout] ---- api::projects::tests::test_get_project_files stdout ----
[INFO] [stdout] 
[INFO] [stdout] thread 'api::projects::tests::test_get_project_files' (3934) panicked at src/api/projects.rs:293:59:
[INFO] [stdout] Missing env: NotPresent
[INFO] [stdout] stack backtrace:
[INFO] [stdout]    0:     0x61854fe42551 - <<std[70759c8f55707aa4]::sys::backtrace::BacktraceLock>::print::DisplayBacktrace as core[df12db4294e9bfd3]::fmt::Display>::fmt
[INFO] [stdout]    1:     0x61854fe5b4aa - core[df12db4294e9bfd3]::fmt::write
[INFO] [stdout]    2:     0x61854fe475ec - <alloc[2182bb758b4b3781]::vec::Vec<u8> as core[df12db4294e9bfd3]::io::write::Write>::write_fmt
[INFO] [stdout]    3:     0x61854fe1c076 - std[70759c8f55707aa4]::panicking::default_hook::{closure#0}
[INFO] [stdout]    4:     0x61854fe39999 - std[70759c8f55707aa4]::panicking::default_hook
[INFO] [stdout]    5:     0x61854fa101d0 - test[9d35eded1c95d3be]::test_main_inner::<test[9d35eded1c95d3be]::test_main_static::{closure#0}>::{closure#0}
[INFO] [stdout]    6:     0x61854fe39cc2 - std[70759c8f55707aa4]::panicking::panic_with_hook
[INFO] [stdout]    7:     0x61854fe1c122 - std[70759c8f55707aa4]::panicking::panic_handler::{closure#0}
[INFO] [stdout]    8:     0x61854fe149f9 - std[70759c8f55707aa4]::sys::backtrace::__rust_end_short_backtrace::<std[70759c8f55707aa4]::panicking::panic_handler::{closure#0}, !>
[INFO] [stdout]    9:     0x61854fe1cfad - __rustc[8fa7c3cbc660c2b3]::rust_begin_unwind
[INFO] [stdout]   10:     0x61854fe5bc0c - core[df12db4294e9bfd3]::panicking::panic_fmt
[INFO] [stdout]   11:     0x61854fe5b9e2 - core[df12db4294e9bfd3]::result::unwrap_failed
[INFO] [stdout]   12:     0x61854f97a8a4 - chiral_client[9598ae83e8a44056]::api::projects::tests::test_get_project_files::{closure#0}
[INFO] [stdout]   13:     0x61854f9ccab3 - <tokio[1f38309457be2011]::runtime::scheduler::current_thread::Context>::enter::<core[df12db4294e9bfd3]::task::poll::Poll<()>, <tokio[1f38309457be2011]::runtime::scheduler::current_thread::CoreGuard>::block_on<core[df12db4294e9bfd3]::pin::Pin<&mut core[df12db4294e9bfd3]::pin::Pin<&mut dyn core[df12db4294e9bfd3]::future::future::Future<Output = ()>>>>::{closure#0}::{closure#0}>
[INFO] [stdout]   14:     0x61854f8c48b9 - <std[70759c8f55707aa4]::thread::local::LocalKey<tokio[1f38309457be2011]::runtime::context::Context>>::with::<tokio[1f38309457be2011]::runtime::context::set_scheduler<(alloc[2182bb758b4b3781]::boxed::Box<tokio[1f38309457be2011]::runtime::scheduler::current_thread::Core>, core[df12db4294e9bfd3]::option::Option<()>), <tokio[1f38309457be2011]::runtime::scheduler::current_thread::CoreGuard>::enter<<tokio[1f38309457be2011]::runtime::scheduler::current_thread::CoreGuard>::block_on<core[df12db4294e9bfd3]::pin::Pin<&mut core[df12db4294e9bfd3]::pin::Pin<&mut dyn core[df12db4294e9bfd3]::future::future::Future<Output = ()>>>>::{closure#0}, core[df12db4294e9bfd3]::option::Option<()>>::{closure#0}>::{closure#0}, (alloc[2182bb758b4b3781]::boxed::Box<tokio[1f38309457be2011]::runtime::scheduler::current_thread::Core>, core[df12db4294e9bfd3]::option::Option<()>)>
[INFO] [stdout]   15:     0x61854f9cdcf7 - <tokio[1f38309457be2011]::runtime::scheduler::current_thread::CoreGuard>::block_on::<core[df12db4294e9bfd3]::pin::Pin<&mut core[df12db4294e9bfd3]::pin::Pin<&mut dyn core[df12db4294e9bfd3]::future::future::Future<Output = ()>>>>
[INFO] [stdout]   16:     0x61854f8da767 - tokio[1f38309457be2011]::runtime::context::runtime::enter_runtime::<<tokio[1f38309457be2011]::runtime::scheduler::current_thread::CurrentThread>::block_on<core[df12db4294e9bfd3]::pin::Pin<&mut dyn core[df12db4294e9bfd3]::future::future::Future<Output = ()>>>::{closure#0}, ()>
[INFO] [stdout]   17:     0x61854f9c9375 - <tokio[1f38309457be2011]::runtime::runtime::Runtime>::block_on::<core[df12db4294e9bfd3]::pin::Pin<&mut dyn core[df12db4294e9bfd3]::future::future::Future<Output = ()>>>
[INFO] [stdout]   18:     0x61854f98242b - chiral_client[9598ae83e8a44056]::api::projects::tests::test_get_project_files
[INFO] [stdout]   19:     0x61854f94cbc9 - <chiral_client[9598ae83e8a44056]::api::projects::tests::test_get_project_files::{closure#0} as core[df12db4294e9bfd3]::ops::function::FnOnce<()>>::call_once
[INFO] [stdout]   20:     0x61854fa034bb - test[9d35eded1c95d3be]::__rust_begin_short_backtrace::<core[df12db4294e9bfd3]::result::Result<(), alloc[2182bb758b4b3781]::string::String>, fn() -> core[df12db4294e9bfd3]::result::Result<(), alloc[2182bb758b4b3781]::string::String>>
[INFO] [stdout]   21:     0x61854fa10b25 - test[9d35eded1c95d3be]::run_test::{closure#0}
[INFO] [stdout]   22:     0x61854fa0a3e4 - std[70759c8f55707aa4]::sys::backtrace::__rust_begin_short_backtrace::<test[9d35eded1c95d3be]::run_test::{closure#1}, ()>
[INFO] [stdout]   23:     0x61854fa13c82 - <std[70759c8f55707aa4]::thread::lifecycle::spawn_unchecked<test[9d35eded1c95d3be]::run_test::{closure#1}, ()>::{closure#1} as core[df12db4294e9bfd3]::ops::function::FnOnce<()>>::call_once::{shim:vtable#0}
[INFO] [stdout]   24:     0x61854fe41119 - <std[70759c8f55707aa4]::sys::thread::unix::Thread>::new::thread_start
[INFO] [stdout]   25:     0x76d706e8adfa - <unknown>
[INFO] [stdout]   26:     0x76d706f1e3d4 - clone
[INFO] [stdout]   27:                0x0 - <unknown>
[INFO] [stdout] 
[INFO] [stdout] ---- api::credits::tests::test_get_credit_points stdout ----
[INFO] [stdout] 
[INFO] [stdout] thread 'api::credits::tests::test_get_credit_points' (3929) panicked at src/api/credits.rs:43:59:
[INFO] [stdout] Missing env: NotPresent
[INFO] [stdout] stack backtrace:
[INFO] [stdout]    0:     0x61854fe42551 - <<std[70759c8f55707aa4]::sys::backtrace::BacktraceLock>::print::DisplayBacktrace as core[df12db4294e9bfd3]::fmt::Display>::fmt
[INFO] [stdout]    1:     0x61854fe5b4aa - core[df12db4294e9bfd3]::fmt::write
[INFO] [stdout]    2:     0x61854fe475ec - <alloc[2182bb758b4b3781]::vec::Vec<u8> as core[df12db4294e9bfd3]::io::write::Write>::write_fmt
[INFO] [stdout]    3:     0x61854fe1c076 - std[70759c8f55707aa4]::panicking::default_hook::{closure#0}
[INFO] [stdout]    4:     0x61854fe39999 - std[70759c8f55707aa4]::panicking::default_hook
[INFO] [stdout]    5:     0x61854fa101d0 - test[9d35eded1c95d3be]::test_main_inner::<test[9d35eded1c95d3be]::test_main_static::{closure#0}>::{closure#0}
[INFO] [stdout]    6:     0x61854fe39cc2 - std[70759c8f55707aa4]::panicking::panic_with_hook
[INFO] [stdout]    7:     0x61854fe1c122 - std[70759c8f55707aa4]::panicking::panic_handler::{closure#0}
[INFO] [stdout]    8:     0x61854fe149f9 - std[70759c8f55707aa4]::sys::backtrace::__rust_end_short_backtrace::<std[70759c8f55707aa4]::panicking::panic_handler::{closure#0}, !>
[INFO] [stdout]    9:     0x61854fe1cfad - __rustc[8fa7c3cbc660c2b3]::rust_begin_unwind
[INFO] [stdout]   10:     0x61854fe5bc0c - core[df12db4294e9bfd3]::panicking::panic_fmt
[INFO] [stdout]   11:     0x61854fe5b9e2 - core[df12db4294e9bfd3]::result::unwrap_failed
[INFO] [stdout]   12:     0x61854f8aef05 - chiral_client[9598ae83e8a44056]::api::credits::tests::test_get_credit_points::{closure#0}
[INFO] [stdout]   13:     0x61854f9ccab3 - <tokio[1f38309457be2011]::runtime::scheduler::current_thread::Context>::enter::<core[df12db4294e9bfd3]::task::poll::Poll<()>, <tokio[1f38309457be2011]::runtime::scheduler::current_thread::CoreGuard>::block_on<core[df12db4294e9bfd3]::pin::Pin<&mut core[df12db4294e9bfd3]::pin::Pin<&mut dyn core[df12db4294e9bfd3]::future::future::Future<Output = ()>>>>::{closure#0}::{closure#0}>
[INFO] [stdout]   14:     0x61854f8c48b9 - <std[70759c8f55707aa4]::thread::local::LocalKey<tokio[1f38309457be2011]::runtime::context::Context>>::with::<tokio[1f38309457be2011]::runtime::context::set_scheduler<(alloc[2182bb758b4b3781]::boxed::Box<tokio[1f38309457be2011]::runtime::scheduler::current_thread::Core>, core[df12db4294e9bfd3]::option::Option<()>), <tokio[1f38309457be2011]::runtime::scheduler::current_thread::CoreGuard>::enter<<tokio[1f38309457be2011]::runtime::scheduler::current_thread::CoreGuard>::block_on<core[df12db4294e9bfd3]::pin::Pin<&mut core[df12db4294e9bfd3]::pin::Pin<&mut dyn core[df12db4294e9bfd3]::future::future::Future<Output = ()>>>>::{closure#0}, core[df12db4294e9bfd3]::option::Option<()>>::{closure#0}>::{closure#0}, (alloc[2182bb758b4b3781]::boxed::Box<tokio[1f38309457be2011]::runtime::scheduler::current_thread::Core>, core[df12db4294e9bfd3]::option::Option<()>)>
[INFO] [stdout]   15:     0x61854f9cdcf7 - <tokio[1f38309457be2011]::runtime::scheduler::current_thread::CoreGuard>::block_on::<core[df12db4294e9bfd3]::pin::Pin<&mut core[df12db4294e9bfd3]::pin::Pin<&mut dyn core[df12db4294e9bfd3]::future::future::Future<Output = ()>>>>
[INFO] [stdout]   16:     0x61854f8da767 - tokio[1f38309457be2011]::runtime::context::runtime::enter_runtime::<<tokio[1f38309457be2011]::runtime::scheduler::current_thread::CurrentThread>::block_on<core[df12db4294e9bfd3]::pin::Pin<&mut dyn core[df12db4294e9bfd3]::future::future::Future<Output = ()>>>::{closure#0}, ()>
[INFO] [stdout]   17:     0x61854f9c9375 - <tokio[1f38309457be2011]::runtime::runtime::Runtime>::block_on::<core[df12db4294e9bfd3]::pin::Pin<&mut dyn core[df12db4294e9bfd3]::future::future::Future<Output = ()>>>
[INFO] [stdout]   18:     0x61854f8bde1b - chiral_client[9598ae83e8a44056]::api::credits::tests::test_get_credit_points
[INFO] [stdout]   19:     0x61854f94cb89 - <chiral_client[9598ae83e8a44056]::api::credits::tests::test_get_credit_points::{closure#0} as core[df12db4294e9bfd3]::ops::function::FnOnce<()>>::call_once
[INFO] [stdout]   20:     0x61854fa034bb - test[9d35eded1c95d3be]::__rust_begin_short_backtrace::<core[df12db4294e9bfd3]::result::Result<(), alloc[2182bb758b4b3781]::string::String>, fn() -> core[df12db4294e9bfd3]::result::Result<(), alloc[2182bb758b4b3781]::string::String>>
[INFO] [stdout]   21:     0x61854fa10b25 - test[9d35eded1c95d3be]::run_test::{closure#0}
[INFO] [stdout]   22:     0x61854fa0a3e4 - std[70759c8f55707aa4]::sys::backtrace::__rust_begin_short_backtrace::<test[9d35eded1c95d3be]::run_test::{closure#1}, ()>
[INFO] [stdout]   23:     0x61854fa13c82 - <std[70759c8f55707aa4]::thread::lifecycle::spawn_unchecked<test[9d35eded1c95d3be]::run_test::{closure#1}, ()>::{closure#1} as core[df12db4294e9bfd3]::ops::function::FnOnce<()>>::call_once::{shim:vtable#0}
[INFO] [stdout]   24:     0x61854fe41119 - <std[70759c8f55707aa4]::sys::thread::unix::Thread>::new::thread_start
[INFO] [stdout]   25:     0x76d706e8adfa - <unknown>
[INFO] [stdout]   26:     0x76d706f1e3d4 - clone
[INFO] [stdout]   27:                0x0 - <unknown>
[INFO] [stdout] 
[INFO] [stdout] ---- api::jobs::tests::test_submit_job stdout ----
[INFO] [stdout] 
[INFO] [stdout] thread 'api::jobs::tests::test_submit_job' (3932) panicked at src/api/jobs.rs:155:59:
[INFO] [stdout] Missing env: NotPresent
[INFO] [stdout] stack backtrace:
[INFO] [stdout]    0:     0x61854fe42551 - <<std[70759c8f55707aa4]::sys::backtrace::BacktraceLock>::print::DisplayBacktrace as core[df12db4294e9bfd3]::fmt::Display>::fmt
[INFO] [stdout]    1:     0x61854fe5b4aa - core[df12db4294e9bfd3]::fmt::write
[INFO] [stdout]    2:     0x61854fe475ec - <alloc[2182bb758b4b3781]::vec::Vec<u8> as core[df12db4294e9bfd3]::io::write::Write>::write_fmt
[INFO] [stdout]    3:     0x61854fe1c076 - std[70759c8f55707aa4]::panicking::default_hook::{closure#0}
[INFO] [stdout]    4:     0x61854fe39999 - std[70759c8f55707aa4]::panicking::default_hook
[INFO] [stdout]    5:     0x61854fa101d0 - test[9d35eded1c95d3be]::test_main_inner::<test[9d35eded1c95d3be]::test_main_static::{closure#0}>::{closure#0}
[INFO] [stdout]    6:     0x61854fe39cc2 - std[70759c8f55707aa4]::panicking::panic_with_hook
[INFO] [stdout]    7:     0x61854fe1c122 - std[70759c8f55707aa4]::panicking::panic_handler::{closure#0}
[INFO] [stdout]    8:     0x61854fe149f9 - std[70759c8f55707aa4]::sys::backtrace::__rust_end_short_backtrace::<std[70759c8f55707aa4]::panicking::panic_handler::{closure#0}, !>
[INFO] [stdout]    9:     0x61854fe1cfad - __rustc[8fa7c3cbc660c2b3]::rust_begin_unwind
[INFO] [stdout]   10:     0x61854fe5bc0c - core[df12db4294e9bfd3]::panicking::panic_fmt
[INFO] [stdout]   11:     0x61854fe5b9e2 - core[df12db4294e9bfd3]::result::unwrap_failed
[INFO] [stdout]   12:     0x61854f9f9067 - chiral_client[9598ae83e8a44056]::api::jobs::tests::test_submit_job::{closure#0}
[INFO] [stdout]   13:     0x61854f9ccab3 - <tokio[1f38309457be2011]::runtime::scheduler::current_thread::Context>::enter::<core[df12db4294e9bfd3]::task::poll::Poll<()>, <tokio[1f38309457be2011]::runtime::scheduler::current_thread::CoreGuard>::block_on<core[df12db4294e9bfd3]::pin::Pin<&mut core[df12db4294e9bfd3]::pin::Pin<&mut dyn core[df12db4294e9bfd3]::future::future::Future<Output = ()>>>>::{closure#0}::{closure#0}>
[INFO] [stdout]   14:     0x61854f8c48b9 - <std[70759c8f55707aa4]::thread::local::LocalKey<tokio[1f38309457be2011]::runtime::context::Context>>::with::<tokio[1f38309457be2011]::runtime::context::set_scheduler<(alloc[2182bb758b4b3781]::boxed::Box<tokio[1f38309457be2011]::runtime::scheduler::current_thread::Core>, core[df12db4294e9bfd3]::option::Option<()>), <tokio[1f38309457be2011]::runtime::scheduler::current_thread::CoreGuard>::enter<<tokio[1f38309457be2011]::runtime::scheduler::current_thread::CoreGuard>::block_on<core[df12db4294e9bfd3]::pin::Pin<&mut core[df12db4294e9bfd3]::pin::Pin<&mut dyn core[df12db4294e9bfd3]::future::future::Future<Output = ()>>>>::{closure#0}, core[df12db4294e9bfd3]::option::Option<()>>::{closure#0}>::{closure#0}, (alloc[2182bb758b4b3781]::boxed::Box<tokio[1f38309457be2011]::runtime::scheduler::current_thread::Core>, core[df12db4294e9bfd3]::option::Option<()>)>
[INFO] [stdout]   15:     0x61854f9cdcf7 - <tokio[1f38309457be2011]::runtime::scheduler::current_thread::CoreGuard>::block_on::<core[df12db4294e9bfd3]::pin::Pin<&mut core[df12db4294e9bfd3]::pin::Pin<&mut dyn core[df12db4294e9bfd3]::future::future::Future<Output = ()>>>>
[INFO] [stdout]   16:     0x61854f8da767 - tokio[1f38309457be2011]::runtime::context::runtime::enter_runtime::<<tokio[1f38309457be2011]::runtime::scheduler::current_thread::CurrentThread>::block_on<core[df12db4294e9bfd3]::pin::Pin<&mut dyn core[df12db4294e9bfd3]::future::future::Future<Output = ()>>>::{closure#0}, ()>
[INFO] [stdout]   17:     0x61854f9c9375 - <tokio[1f38309457be2011]::runtime::runtime::Runtime>::block_on::<core[df12db4294e9bfd3]::pin::Pin<&mut dyn core[df12db4294e9bfd3]::future::future::Future<Output = ()>>>
[INFO] [stdout]   18:     0x61854f9fd2bb - chiral_client[9598ae83e8a44056]::api::jobs::tests::test_submit_job
[INFO] [stdout]   19:     0x61854f94c869 - <chiral_client[9598ae83e8a44056]::api::jobs::tests::test_submit_job::{closure#0} as core[df12db4294e9bfd3]::ops::function::FnOnce<()>>::call_once
[INFO] [stdout]   20:     0x61854fa034bb - test[9d35eded1c95d3be]::__rust_begin_short_backtrace::<core[df12db4294e9bfd3]::result::Result<(), alloc[2182bb758b4b3781]::string::String>, fn() -> core[df12db4294e9bfd3]::result::Result<(), alloc[2182bb758b4b3781]::string::String>>
[INFO] [stdout]   21:     0x61854fa10b25 - test[9d35eded1c95d3be]::run_test::{closure#0}
[INFO] [stdout]   22:     0x61854fa0a3e4 - std[70759c8f55707aa4]::sys::backtrace::__rust_begin_short_backtrace::<test[9d35eded1c95d3be]::run_test::{closure#1}, ()>
[INFO] [stdout]   23:     0x61854fa13c82 - <std[70759c8f55707aa4]::thread::lifecycle::spawn_unchecked<test[9d35eded1c95d3be]::run_test::{closure#1}, ()>::{closure#1} as core[df12db4294e9bfd3]::ops::function::FnOnce<()>>::call_once::{shim:vtable#0}
[INFO] [stdout]   24:     0x61854fe41119 - <std[70759c8f55707aa4]::sys::thread::unix::Thread>::new::thread_start
[INFO] [stdout]   25:     0x76d706e8adfa - <unknown>
[INFO] [stdout]   26:     0x76d706f1e3d4 - clone
[INFO] [stdout]   27:                0x0 - <unknown>
[INFO] [stdout] 
[INFO] [stdout] ---- api::projects::tests::test_list_of_project_files stdout ----
[INFO] [stdout] 
[INFO] [stdout] thread 'api::projects::tests::test_list_of_project_files' (3937) panicked at src/api/projects.rs:222:59:
[INFO] [stdout] Missing env: NotPresent
[INFO] [stdout] stack backtrace:
[INFO] [stdout]    0:     0x61854fe42551 - <<std[70759c8f55707aa4]::sys::backtrace::BacktraceLock>::print::DisplayBacktrace as core[df12db4294e9bfd3]::fmt::Display>::fmt
[INFO] [stdout]    1:     0x61854fe5b4aa - core[df12db4294e9bfd3]::fmt::write
[INFO] [stdout]    2:     0x61854fe475ec - <alloc[2182bb758b4b3781]::vec::Vec<u8> as core[df12db4294e9bfd3]::io::write::Write>::write_fmt
[INFO] [stdout]    3:     0x61854fe1c076 - std[70759c8f55707aa4]::panicking::default_hook::{closure#0}
[INFO] [stdout]    4:     0x61854fe39999 - std[70759c8f55707aa4]::panicking::default_hook
[INFO] [stdout]    5:     0x61854fa101d0 - test[9d35eded1c95d3be]::test_main_inner::<test[9d35eded1c95d3be]::test_main_static::{closure#0}>::{closure#0}
[INFO] [stdout]    6:     0x61854fe39cc2 - std[70759c8f55707aa4]::panicking::panic_with_hook
[INFO] [stdout]    7:     0x61854fe1c122 - std[70759c8f55707aa4]::panicking::panic_handler::{closure#0}
[INFO] [stdout]    8:     0x61854fe149f9 - std[70759c8f55707aa4]::sys::backtrace::__rust_end_short_backtrace::<std[70759c8f55707aa4]::panicking::panic_handler::{closure#0}, !>
[INFO] [stdout]    9:     0x61854fe1cfad - __rustc[8fa7c3cbc660c2b3]::rust_begin_unwind
[INFO] [stdout]   10:     0x61854fe5bc0c - core[df12db4294e9bfd3]::panicking::panic_fmt
[INFO] [stdout]   11:     0x61854fe5b9e2 - core[df12db4294e9bfd3]::result::unwrap_failed
[INFO] [stdout]   12:     0x61854f97c852 - chiral_client[9598ae83e8a44056]::api::projects::tests::test_list_of_project_files::{closure#0}
[INFO] [stdout]   13:     0x61854f9ccab3 - <tokio[1f38309457be2011]::runtime::scheduler::current_thread::Context>::enter::<core[df12db4294e9bfd3]::task::poll::Poll<()>, <tokio[1f38309457be2011]::runtime::scheduler::current_thread::CoreGuard>::block_on<core[df12db4294e9bfd3]::pin::Pin<&mut core[df12db4294e9bfd3]::pin::Pin<&mut dyn core[df12db4294e9bfd3]::future::future::Future<Output = ()>>>>::{closure#0}::{closure#0}>
[INFO] [stdout]   14:     0x61854f8c48b9 - <std[70759c8f55707aa4]::thread::local::LocalKey<tokio[1f38309457be2011]::runtime::context::Context>>::with::<tokio[1f38309457be2011]::runtime::context::set_scheduler<(alloc[2182bb758b4b3781]::boxed::Box<tokio[1f38309457be2011]::runtime::scheduler::current_thread::Core>, core[df12db4294e9bfd3]::option::Option<()>), <tokio[1f38309457be2011]::runtime::scheduler::current_thread::CoreGuard>::enter<<tokio[1f38309457be2011]::runtime::scheduler::current_thread::CoreGuard>::block_on<core[df12db4294e9bfd3]::pin::Pin<&mut core[df12db4294e9bfd3]::pin::Pin<&mut dyn core[df12db4294e9bfd3]::future::future::Future<Output = ()>>>>::{closure#0}, core[df12db4294e9bfd3]::option::Option<()>>::{closure#0}>::{closure#0}, (alloc[2182bb758b4b3781]::boxed::Box<tokio[1f38309457be2011]::runtime::scheduler::current_thread::Core>, core[df12db4294e9bfd3]::option::Option<()>)>
[INFO] [stdout]   15:     0x61854f9cdcf7 - <tokio[1f38309457be2011]::runtime::scheduler::current_thread::CoreGuard>::block_on::<core[df12db4294e9bfd3]::pin::Pin<&mut core[df12db4294e9bfd3]::pin::Pin<&mut dyn core[df12db4294e9bfd3]::future::future::Future<Output = ()>>>>
[INFO] [stdout]   16:     0x61854f8da767 - tokio[1f38309457be2011]::runtime::context::runtime::enter_runtime::<<tokio[1f38309457be2011]::runtime::scheduler::current_thread::CurrentThread>::block_on<core[df12db4294e9bfd3]::pin::Pin<&mut dyn core[df12db4294e9bfd3]::future::future::Future<Output = ()>>>::{closure#0}, ()>
[INFO] [stdout]   17:     0x61854f9c9375 - <tokio[1f38309457be2011]::runtime::runtime::Runtime>::block_on::<core[df12db4294e9bfd3]::pin::Pin<&mut dyn core[df12db4294e9bfd3]::future::future::Future<Output = ()>>>
[INFO] [stdout]   18:     0x61854f98257b - chiral_client[9598ae83e8a44056]::api::projects::tests::test_list_of_project_files
[INFO] [stdout]   19:     0x61854f94cbe9 - <chiral_client[9598ae83e8a44056]::api::projects::tests::test_list_of_project_files::{closure#0} as core[df12db4294e9bfd3]::ops::function::FnOnce<()>>::call_once
[INFO] [stdout]   20:     0x61854fa034bb - test[9d35eded1c95d3be]::__rust_begin_short_backtrace::<core[df12db4294e9bfd3]::result::Result<(), alloc[2182bb758b4b3781]::string::String>, fn() -> core[df12db4294e9bfd3]::result::Result<(), alloc[2182bb758b4b3781]::string::String>>
[INFO] [stdout]   21:     0x61854fa10b25 - test[9d35eded1c95d3be]::run_test::{closure#0}
[INFO] [stdout]   22:     0x61854fa0a3e4 - std[70759c8f55707aa4]::sys::backtrace::__rust_begin_short_backtrace::<test[9d35eded1c95d3be]::run_test::{closure#1}, ()>
[INFO] [stdout]   23:     0x61854fa13c82 - <std[70759c8f55707aa4]::thread::lifecycle::spawn_unchecked<test[9d35eded1c95d3be]::run_test::{closure#1}, ()>::{closure#1} as core[df12db4294e9bfd3]::ops::function::FnOnce<()>>::call_once::{shim:vtable#0}
[INFO] [stdout]   24:     0x61854fe41119 - <std[70759c8f55707aa4]::sys::thread::unix::Thread>::new::thread_start
[INFO] [stdout]   25:     0x76d706e8adfa - <unknown>
[INFO] [stdout]   26:     0x76d706f1e3d4 - clone
[INFO] [stdout]   27:                0x0 - <unknown>
[INFO] [stdout] 
[INFO] [stdout] ---- api::token::tests::test_get_token_api stdout ----
[INFO] [stdout] 
[INFO] [stdout] thread 'api::token::tests::test_get_token_api' (3939) panicked at src/api/token.rs:72:59:
[INFO] [stdout] Missing env: NotPresent
[INFO] [stdout] stack backtrace:
[INFO] [stdout]    0:     0x61854fe42551 - <<std[70759c8f55707aa4]::sys::backtrace::BacktraceLock>::print::DisplayBacktrace as core[df12db4294e9bfd3]::fmt::Display>::fmt
[INFO] [stdout]    1:     0x61854fe5b4aa - core[df12db4294e9bfd3]::fmt::write
[INFO] [stdout]    2:     0x61854fe475ec - <alloc[2182bb758b4b3781]::vec::Vec<u8> as core[df12db4294e9bfd3]::io::write::Write>::write_fmt
[INFO] [stdout]    3:     0x61854fe1c076 - std[70759c8f55707aa4]::panicking::default_hook::{closure#0}
[INFO] [stdout]    4:     0x61854fe39999 - std[70759c8f55707aa4]::panicking::default_hook
[INFO] [stdout]    5:     0x61854fa101d0 - test[9d35eded1c95d3be]::test_main_inner::<test[9d35eded1c95d3be]::test_main_static::{closure#0}>::{closure#0}
[INFO] [stdout]    6:     0x61854fe39cc2 - std[70759c8f55707aa4]::panicking::panic_with_hook
[INFO] [stdout]    7:     0x61854fe1c122 - std[70759c8f55707aa4]::panicking::panic_handler::{closure#0}
[INFO] [stdout]    8:     0x61854fe149f9 - std[70759c8f55707aa4]::sys::backtrace::__rust_end_short_backtrace::<std[70759c8f55707aa4]::panicking::panic_handler::{closure#0}, !>
[INFO] [stdout]    9:     0x61854fe1cfad - __rustc[8fa7c3cbc660c2b3]::rust_begin_unwind
[INFO] [stdout]   10:     0x61854fe5bc0c - core[df12db4294e9bfd3]::panicking::panic_fmt
[INFO] [stdout]   11:     0x61854fe5b9e2 - core[df12db4294e9bfd3]::result::unwrap_failed
[INFO] [stdout]   12:     0x61854f93ea0d - chiral_client[9598ae83e8a44056]::api::token::tests::test_get_token_api::{closure#0}
[INFO] [stdout]   13:     0x61854f9ccab3 - <tokio[1f38309457be2011]::runtime::scheduler::current_thread::Context>::enter::<core[df12db4294e9bfd3]::task::poll::Poll<()>, <tokio[1f38309457be2011]::runtime::scheduler::current_thread::CoreGuard>::block_on<core[df12db4294e9bfd3]::pin::Pin<&mut core[df12db4294e9bfd3]::pin::Pin<&mut dyn core[df12db4294e9bfd3]::future::future::Future<Output = ()>>>>::{closure#0}::{closure#0}>
[INFO] [stdout]   14:     0x61854f8c48b9 - <std[70759c8f55707aa4]::thread::local::LocalKey<tokio[1f38309457be2011]::runtime::context::Context>>::with::<tokio[1f38309457be2011]::runtime::context::set_scheduler<(alloc[2182bb758b4b3781]::boxed::Box<tokio[1f38309457be2011]::runtime::scheduler::current_thread::Core>, core[df12db4294e9bfd3]::option::Option<()>), <tokio[1f38309457be2011]::runtime::scheduler::current_thread::CoreGuard>::enter<<tokio[1f38309457be2011]::runtime::scheduler::current_thread::CoreGuard>::block_on<core[df12db4294e9bfd3]::pin::Pin<&mut core[df12db4294e9bfd3]::pin::Pin<&mut dyn core[df12db4294e9bfd3]::future::future::Future<Output = ()>>>>::{closure#0}, core[df12db4294e9bfd3]::option::Option<()>>::{closure#0}>::{closure#0}, (alloc[2182bb758b4b3781]::boxed::Box<tokio[1f38309457be2011]::runtime::scheduler::current_thread::Core>, core[df12db4294e9bfd3]::option::Option<()>)>
[INFO] [stdout]   15:     0x61854f9cdcf7 - <tokio[1f38309457be2011]::runtime::scheduler::current_thread::CoreGuard>::block_on::<core[df12db4294e9bfd3]::pin::Pin<&mut core[df12db4294e9bfd3]::pin::Pin<&mut dyn core[df12db4294e9bfd3]::future::future::Future<Output = ()>>>>
[INFO] [stdout]   16:     0x61854f8da767 - tokio[1f38309457be2011]::runtime::context::runtime::enter_runtime::<<tokio[1f38309457be2011]::runtime::scheduler::current_thread::CurrentThread>::block_on<core[df12db4294e9bfd3]::pin::Pin<&mut dyn core[df12db4294e9bfd3]::future::future::Future<Output = ()>>>::{closure#0}, ()>
[INFO] [stdout]   17:     0x61854f9c9375 - <tokio[1f38309457be2011]::runtime::runtime::Runtime>::block_on::<core[df12db4294e9bfd3]::pin::Pin<&mut dyn core[df12db4294e9bfd3]::future::future::Future<Output = ()>>>
[INFO] [stdout]   18:     0x61854f94c93e - <chiral_client[9598ae83e8a44056]::api::token::tests::test_get_token_api::{closure#0} as core[df12db4294e9bfd3]::ops::function::FnOnce<()>>::call_once
[INFO] [stdout]   19:     0x61854fa034bb - test[9d35eded1c95d3be]::__rust_begin_short_backtrace::<core[df12db4294e9bfd3]::result::Result<(), alloc[2182bb758b4b3781]::string::String>, fn() -> core[df12db4294e9bfd3]::result::Result<(), alloc[2182bb758b4b3781]::string::String>>
[INFO] [stdout]   20:     0x61854fa10b25 - test[9d35eded1c95d3be]::run_test::{closure#0}
[INFO] [stdout]   21:     0x61854fa0a3e4 - std[70759c8f55707aa4]::sys::backtrace::__rust_begin_short_backtrace::<test[9d35eded1c95d3be]::run_test::{closure#1}, ()>
[INFO] [stdout]   22:     0x61854fa13c82 - <std[70759c8f55707aa4]::thread::lifecycle::spawn_unchecked<test[9d35eded1c95d3be]::run_test::{closure#1}, ()>::{closure#1} as core[df12db4294e9bfd3]::ops::function::FnOnce<()>>::call_once::{shim:vtable#0}
[INFO] [stdout]   23:     0x61854fe41119 - <std[70759c8f55707aa4]::sys::thread::unix::Thread>::new::thread_start
[INFO] [stdout]   24:     0x76d706e8adfa - <unknown>
[INFO] [stdout]   25:     0x76d706f1e3d4 - clone
[INFO] [stdout]   26:                0x0 - <unknown>
[INFO] [stdout] 
[INFO] [stdout] ---- api::projects::tests::test_list_of_projects stdout ----
[INFO] [stdout] 
[INFO] [stdout] thread 'api::projects::tests::test_list_of_projects' (3938) panicked at src/api/projects.rs:163:59:
[INFO] [stdout] Missing env: NotPresent
[INFO] [stdout] stack backtrace:
[INFO] [stdout]    0:     0x61854fe42551 - <<std[70759c8f55707aa4]::sys::backtrace::BacktraceLock>::print::DisplayBacktrace as core[df12db4294e9bfd3]::fmt::Display>::fmt
[INFO] [stdout]    1:     0x61854fe5b4aa - core[df12db4294e9bfd3]::fmt::write
[INFO] [stdout]    2:     0x61854fe475ec - <alloc[2182bb758b4b3781]::vec::Vec<u8> as core[df12db4294e9bfd3]::io::write::Write>::write_fmt
[INFO] [stdout]    3:     0x61854fe1c076 - std[70759c8f55707aa4]::panicking::default_hook::{closure#0}
[INFO] [stdout]    4:     0x61854fe39999 - std[70759c8f55707aa4]::panicking::default_hook
[INFO] [stdout]    5:     0x61854fa101d0 - test[9d35eded1c95d3be]::test_main_inner::<test[9d35eded1c95d3be]::test_main_static::{closure#0}>::{closure#0}
[INFO] [stdout]    6:     0x61854fe39cc2 - std[70759c8f55707aa4]::panicking::panic_with_hook
[INFO] [stdout]    7:     0x61854fe1c122 - std[70759c8f55707aa4]::panicking::panic_handler::{closure#0}
[INFO] [stdout]    8:     0x61854fe149f9 - std[70759c8f55707aa4]::sys::backtrace::__rust_end_short_backtrace::<std[70759c8f55707aa4]::panicking::panic_handler::{closure#0}, !>
[INFO] [stdout]    9:     0x61854fe1cfad - __rustc[8fa7c3cbc660c2b3]::rust_begin_unwind
[INFO] [stdout]   10:     0x61854fe5bc0c - core[df12db4294e9bfd3]::panicking::panic_fmt
[INFO] [stdout]   11:     0x61854fe5b9e2 - core[df12db4294e9bfd3]::result::unwrap_failed
[INFO] [stdout]   12:     0x61854f979bcf - chiral_client[9598ae83e8a44056]::api::projects::tests::test_list_of_projects::{closure#0}
[INFO] [stdout]   13:     0x61854f9ccab3 - <tokio[1f38309457be2011]::runtime::scheduler::current_thread::Context>::enter::<core[df12db4294e9bfd3]::task::poll::Poll<()>, <tokio[1f38309457be2011]::runtime::scheduler::current_thread::CoreGuard>::block_on<core[df12db4294e9bfd3]::pin::Pin<&mut core[df12db4294e9bfd3]::pin::Pin<&mut dyn core[df12db4294e9bfd3]::future::future::Future<Output = ()>>>>::{closure#0}::{closure#0}>
[INFO] [stdout]   14:     0x61854f8c48b9 - <std[70759c8f55707aa4]::thread::local::LocalKey<tokio[1f38309457be2011]::runtime::context::Context>>::with::<tokio[1f38309457be2011]::runtime::context::set_scheduler<(alloc[2182bb758b4b3781]::boxed::Box<tokio[1f38309457be2011]::runtime::scheduler::current_thread::Core>, core[df12db4294e9bfd3]::option::Option<()>), <tokio[1f38309457be2011]::runtime::scheduler::current_thread::CoreGuard>::enter<<tokio[1f38309457be2011]::runtime::scheduler::current_thread::CoreGuard>::block_on<core[df12db4294e9bfd3]::pin::Pin<&mut core[df12db4294e9bfd3]::pin::Pin<&mut dyn core[df12db4294e9bfd3]::future::future::Future<Output = ()>>>>::{closure#0}, core[df12db4294e9bfd3]::option::Option<()>>::{closure#0}>::{closure#0}, (alloc[2182bb758b4b3781]::boxed::Box<tokio[1f38309457be2011]::runtime::scheduler::current_thread::Core>, core[df12db4294e9bfd3]::option::Option<()>)>
[INFO] [stdout]   15:     0x61854f9cdcf7 - <tokio[1f38309457be2011]::runtime::scheduler::current_thread::CoreGuard>::block_on::<core[df12db4294e9bfd3]::pin::Pin<&mut core[df12db4294e9bfd3]::pin::Pin<&mut dyn core[df12db4294e9bfd3]::future::future::Future<Output = ()>>>>
[INFO] [stdout]   16:     0x61854f8da767 - tokio[1f38309457be2011]::runtime::context::runtime::enter_runtime::<<tokio[1f38309457be2011]::runtime::scheduler::current_thread::CurrentThread>::block_on<core[df12db4294e9bfd3]::pin::Pin<&mut dyn core[df12db4294e9bfd3]::future::future::Future<Output = ()>>>::{closure#0}, ()>
[INFO] [stdout]   17:     0x61854f9c9375 - <tokio[1f38309457be2011]::runtime::runtime::Runtime>::block_on::<core[df12db4294e9bfd3]::pin::Pin<&mut dyn core[df12db4294e9bfd3]::future::future::Future<Output = ()>>>
[INFO] [stdout]   18:     0x61854f9822db - chiral_client[9598ae83e8a44056]::api::projects::tests::test_list_of_projects
[INFO] [stdout]   19:     0x61854f94cba9 - <chiral_client[9598ae83e8a44056]::api::projects::tests::test_list_of_projects::{closure#0} as core[df12db4294e9bfd3]::ops::function::FnOnce<()>>::call_once
[INFO] [stdout]   20:     0x61854fa034bb - test[9d35eded1c95d3be]::__rust_begin_short_backtrace::<core[df12db4294e9bfd3]::result::Result<(), alloc[2182bb758b4b3781]::string::String>, fn() -> core[df12db4294e9bfd3]::result::Result<(), alloc[2182bb758b4b3781]::string::String>>
[INFO] [stdout]   21:     0x61854fa10b25 - test[9d35eded1c95d3be]::run_test::{closure#0}
[INFO] [stdout]   22:     0x61854fa0a3e4 - std[70759c8f55707aa4]::sys::backtrace::__rust_begin_short_backtrace::<test[9d35eded1c95d3be]::run_test::{closure#1}, ()>
[INFO] [stdout]   23:     0x61854fa13c82 - <std[70759c8f55707aa4]::thread::lifecycle::spawn_unchecked<test[9d35eded1c95d3be]::run_test::{closure#1}, ()>::{closure#1} as core[df12db4294e9bfd3]::ops::function::FnOnce<()>>::call_once::{shim:vtable#0}
[INFO] [stdout]   24:     0x61854fe41119 - <std[70759c8f55707aa4]::sys::thread::unix::Thread>::new::thread_start
[INFO] [stdout]   25:     0x76d706e8adfa - <unknown>
[INFO] [stdout]   26:     0x76d706f1e3d4 - clone
[INFO] [stdout]   27:                0x0 - <unknown>
[INFO] [stdout] 
[INFO] [stdout] ---- api::projects::tests::test_list_of_example_projects stdout ----
[INFO] [stdout] 
[INFO] [stdout] thread 'api::projects::tests::test_list_of_example_projects' (3936) panicked at src/api/projects.rs:193:59:
[INFO] [stdout] Missing env: NotPresent
[INFO] [stdout] stack backtrace:
[INFO] [stdout]    0:     0x61854fe42551 - <<std[70759c8f55707aa4]::sys::backtrace::BacktraceLock>::print::DisplayBacktrace as core[df12db4294e9bfd3]::fmt::Display>::fmt
[INFO] [stdout]    1:     0x61854fe5b4aa - core[df12db4294e9bfd3]::fmt::write
[INFO] [stdout]    2:     0x61854fe475ec - <alloc[2182bb758b4b3781]::vec::Vec<u8> as core[df12db4294e9bfd3]::io::write::Write>::write_fmt
[INFO] [stdout]    3:     0x61854fe1c076 - std[70759c8f55707aa4]::panicking::default_hook::{closure#0}
[INFO] [stdout]    4:     0x61854fe39999 - std[70759c8f55707aa4]::panicking::default_hook
[INFO] [stdout]    5:     0x61854fa101d0 - test[9d35eded1c95d3be]::test_main_inner::<test[9d35eded1c95d3be]::test_main_static::{closure#0}>::{closure#0}
[INFO] [stdout]    6:     0x61854fe39cc2 - std[70759c8f55707aa4]::panicking::panic_with_hook
[INFO] [stdout]    7:     0x61854fe1c122 - std[70759c8f55707aa4]::panicking::panic_handler::{closure#0}
[INFO] [stdout]    8:     0x61854fe149f9 - std[70759c8f55707aa4]::sys::backtrace::__rust_end_short_backtrace::<std[70759c8f55707aa4]::panicking::panic_handler::{closure#0}, !>
[INFO] [stdout]    9:     0x61854fe1cfad - __rustc[8fa7c3cbc660c2b3]::rust_begin_unwind
[INFO] [stdout]   10:     0x61854fe5bc0c - core[df12db4294e9bfd3]::panicking::panic_fmt
[INFO] [stdout]   11:     0x61854fe5b9e2 - core[df12db4294e9bfd3]::result::unwrap_failed
[INFO] [stdout]   12:     0x61854f97f00f - chiral_client[9598ae83e8a44056]::api::projects::tests::test_list_of_example_projects::{closure#0}
[INFO] [stdout]   13:     0x61854f9ccab3 - <tokio[1f38309457be2011]::runtime::scheduler::current_thread::Context>::enter::<core[df12db4294e9bfd3]::task::poll::Poll<()>, <tokio[1f38309457be2011]::runtime::scheduler::current_thread::CoreGuard>::block_on<core[df12db4294e9bfd3]::pin::Pin<&mut core[df12db4294e9bfd3]::pin::Pin<&mut dyn core[df12db4294e9bfd3]::future::future::Future<Output = ()>>>>::{closure#0}::{closure#0}>
[INFO] [stdout]   14:     0x61854f8c48b9 - <std[70759c8f55707aa4]::thread::local::LocalKey<tokio[1f38309457be2011]::runtime::context::Context>>::with::<tokio[1f38309457be2011]::runtime::context::set_scheduler<(alloc[2182bb758b4b3781]::boxed::Box<tokio[1f38309457be2011]::runtime::scheduler::current_thread::Core>, core[df12db4294e9bfd3]::option::Option<()>), <tokio[1f38309457be2011]::runtime::scheduler::current_thread::CoreGuard>::enter<<tokio[1f38309457be2011]::runtime::scheduler::current_thread::CoreGuard>::block_on<core[df12db4294e9bfd3]::pin::Pin<&mut core[df12db4294e9bfd3]::pin::Pin<&mut dyn core[df12db4294e9bfd3]::future::future::Future<Output = ()>>>>::{closure#0}, core[df12db4294e9bfd3]::option::Option<()>>::{closure#0}>::{closure#0}, (alloc[2182bb758b4b3781]::boxed::Box<tokio[1f38309457be2011]::runtime::scheduler::current_thread::Core>, core[df12db4294e9bfd3]::option::Option<()>)>
[INFO] [stdout]   15:     0x61854f9cdcf7 - <tokio[1f38309457be2011]::runtime::scheduler::current_thread::CoreGuard>::block_on::<core[df12db4294e9bfd3]::pin::Pin<&mut core[df12db4294e9bfd3]::pin::Pin<&mut dyn core[df12db4294e9bfd3]::future::future::Future<Output = ()>>>>
[INFO] [stdout]   16:     0x61854f8da767 - tokio[1f38309457be2011]::runtime::context::runtime::enter_runtime::<<tokio[1f38309457be2011]::runtime::scheduler::current_thread::CurrentThread>::block_on<core[df12db4294e9bfd3]::pin::Pin<&mut dyn core[df12db4294e9bfd3]::future::future::Future<Output = ()>>>::{closure#0}, ()>
[INFO] [stdout]   17:     0x61854f9c9375 - <tokio[1f38309457be2011]::runtime::runtime::Runtime>::block_on::<core[df12db4294e9bfd3]::pin::Pin<&mut dyn core[df12db4294e9bfd3]::future::future::Future<Output = ()>>>
[INFO] [stdout]   18:     0x61854f98281b - chiral_client[9598ae83e8a44056]::api::projects::tests::test_list_of_example_projects
[INFO] [stdout]   19:     0x61854f94cc29 - <chiral_client[9598ae83e8a44056]::api::projects::tests::test_list_of_example_projects::{closure#0} as core[df12db4294e9bfd3]::ops::function::FnOnce<()>>::call_once
[INFO] [stdout]   20:     0x61854fa034bb - test[9d35eded1c95d3be]::__rust_begin_short_backtrace::<core[df12db4294e9bfd3]::result::Result<(), alloc[2182bb758b4b3781]::string::String>, fn() -> core[df12db4294e9bfd3]::result::Result<(), alloc[2182bb758b4b3781]::string::String>>
[INFO] [stdout]   21:     0x61854fa10b25 - test[9d35eded1c95d3be]::run_test::{closure#0}
[INFO] [stdout]   22:     0x61854fa0a3e4 - std[70759c8f55707aa4]::sys::backtrace::__rust_begin_short_backtrace::<test[9d35eded1c95d3be]::run_test::{closure#1}, ()>
[INFO] [stdout]   23:     0x61854fa13c82 - <std[70759c8f55707aa4]::thread::lifecycle::spawn_unchecked<test[9d35eded1c95d3be]::run_test::{closure#1}, ()>::{closure#1} as core[df12db4294e9bfd3]::ops::function::FnOnce<()>>::call_once::{shim:vtable#0}
[INFO] [stdout]   24:     0x61854fe41119 - <std[70759c8f55707aa4]::sys::thread::unix::Thread>::new::thread_start
[INFO] [stdout]   25:     0x76d706e8adfa - <unknown>
[INFO] [stdout]   26:     0x76d706f1e3d4 - clone
[INFO] [stdout]   27:                0x0 - <unknown>
[INFO] [stdout] 
[INFO] [stdout] ---- api::jobs::tests::test_get_jobs stdout ----
[INFO] [stdout] 
[INFO] [stdout] thread 'api::jobs::tests::test_get_jobs' (3931) panicked at src/api/jobs.rs:221:59:
[INFO] [stdout] Missing env: NotPresent
[INFO] [stdout] stack backtrace:
[INFO] [stdout]    0:     0x61854fe42551 - <<std[70759c8f55707aa4]::sys::backtrace::BacktraceLock>::print::DisplayBacktrace as core[df12db4294e9bfd3]::fmt::Display>::fmt
[INFO] [stdout]    1:     0x61854fe5b4aa - core[df12db4294e9bfd3]::fmt::write
[INFO] [stdout]    2:     0x61854fe475ec - <alloc[2182bb758b4b3781]::vec::Vec<u8> as core[df12db4294e9bfd3]::io::write::Write>::write_fmt
[INFO] [stdout]    3:     0x61854fe1c076 - std[70759c8f55707aa4]::panicking::default_hook::{closure#0}
[INFO] [stdout]    4:     0x61854fe39999 - std[70759c8f55707aa4]::panicking::default_hook
[INFO] [stdout]    5:     0x61854fa101d0 - test[9d35eded1c95d3be]::test_main_inner::<test[9d35eded1c95d3be]::test_main_static::{closure#0}>::{closure#0}
[INFO] [stdout]    6:     0x61854fe39cc2 - std[70759c8f55707aa4]::panicking::panic_with_hook
[INFO] [stdout]    7:     0x61854fe1c122 - std[70759c8f55707aa4]::panicking::panic_handler::{closure#0}
[INFO] [stdout]    8:     0x61854fe149f9 - std[70759c8f55707aa4]::sys::backtrace::__rust_end_short_backtrace::<std[70759c8f55707aa4]::panicking::panic_handler::{closure#0}, !>
[INFO] [stdout]    9:     0x61854fe1cfad - __rustc[8fa7c3cbc660c2b3]::rust_begin_unwind
[INFO] [stdout]   10:     0x61854fe5bc0c - core[df12db4294e9bfd3]::panicking::panic_fmt
[INFO] [stdout]   11:     0x61854fe5b9e2 - core[df12db4294e9bfd3]::result::unwrap_failed
[INFO] [stdout]   12:     0x61854f9f83b7 - chiral_client[9598ae83e8a44056]::api::jobs::tests::test_get_jobs::{closure#0}
[INFO] [stdout]   13:     0x61854f9ccab3 - <tokio[1f38309457be2011]::runtime::scheduler::current_thread::Context>::enter::<core[df12db4294e9bfd3]::task::poll::Poll<()>, <tokio[1f38309457be2011]::runtime::scheduler::current_thread::CoreGuard>::block_on<core[df12db4294e9bfd3]::pin::Pin<&mut core[df12db4294e9bfd3]::pin::Pin<&mut dyn core[df12db4294e9bfd3]::future::future::Future<Output = ()>>>>::{closure#0}::{closure#0}>
[INFO] [stdout]   14:     0x61854f8c48b9 - <std[70759c8f55707aa4]::thread::local::LocalKey<tokio[1f38309457be2011]::runtime::context::Context>>::with::<tokio[1f38309457be2011]::runtime::context::set_scheduler<(alloc[2182bb758b4b3781]::boxed::Box<tokio[1f38309457be2011]::runtime::scheduler::current_thread::Core>, core[df12db4294e9bfd3]::option::Option<()>), <tokio[1f38309457be2011]::runtime::scheduler::current_thread::CoreGuard>::enter<<tokio[1f38309457be2011]::runtime::scheduler::current_thread::CoreGuard>::block_on<core[df12db4294e9bfd3]::pin::Pin<&mut core[df12db4294e9bfd3]::pin::Pin<&mut dyn core[df12db4294e9bfd3]::future::future::Future<Output = ()>>>>::{closure#0}, core[df12db4294e9bfd3]::option::Option<()>>::{closure#0}>::{closure#0}, (alloc[2182bb758b4b3781]::boxed::Box<tokio[1f38309457be2011]::runtime::scheduler::current_thread::Core>, core[df12db4294e9bfd3]::option::Option<()>)>
[INFO] [stdout]   15:     0x61854f9cdcf7 - <tokio[1f38309457be2011]::runtime::scheduler::current_thread::CoreGuard>::block_on::<core[df12db4294e9bfd3]::pin::Pin<&mut core[df12db4294e9bfd3]::pin::Pin<&mut dyn core[df12db4294e9bfd3]::future::future::Future<Output = ()>>>>
[INFO] [stdout]   16:     0x61854f8da767 - tokio[1f38309457be2011]::runtime::context::runtime::enter_runtime::<<tokio[1f38309457be2011]::runtime::scheduler::current_thread::CurrentThread>::block_on<core[df12db4294e9bfd3]::pin::Pin<&mut dyn core[df12db4294e9bfd3]::future::future::Future<Output = ()>>>::{closure#0}, ()>
[INFO] [stdout]   17:     0x61854f9c9375 - <tokio[1f38309457be2011]::runtime::runtime::Runtime>::block_on::<core[df12db4294e9bfd3]::pin::Pin<&mut dyn core[df12db4294e9bfd3]::future::future::Future<Output = ()>>>
[INFO] [stdout]   18:     0x61854f9fd16b - chiral_client[9598ae83e8a44056]::api::jobs::tests::test_get_jobs
[INFO] [stdout]   19:     0x61854f94c849 - <chiral_client[9598ae83e8a44056]::api::jobs::tests::test_get_jobs::{closure#0} as core[df12db4294e9bfd3]::ops::function::FnOnce<()>>::call_once
[INFO] [stdout]   20:     0x61854fa034bb - test[9d35eded1c95d3be]::__rust_begin_short_backtrace::<core[df12db4294e9bfd3]::result::Result<(), alloc[2182bb758b4b3781]::string::String>, fn() -> core[df12db4294e9bfd3]::result::Result<(), alloc[2182bb758b4b3781]::string::String>>
[INFO] [stdout]   21:     0x61854fa10b25 - test[9d35eded1c95d3be]::run_test::{closure#0}
[INFO] [stdout]   22:     0x61854fa0a3e4 - std[70759c8f55707aa4]::sys::backtrace::__rust_begin_short_backtrace::<test[9d35eded1c95d3be]::run_test::{closure#1}, ()>
[INFO] [stdout]   23:     0x61854fa13c82 - <std[70759c8f55707aa4]::thread::lifecycle::spawn_unchecked<test[9d35eded1c95d3be]::run_test::{closure#1}, ()>::{closure#1} as core[df12db4294e9bfd3]::ops::function::FnOnce<()>>::call_once::{shim:vtable#0}
[INFO] [stdout]   24:     0x61854fe41119 - <std[70759c8f55707aa4]::sys::thread::unix::Thread>::new::thread_start
[INFO] [stdout]   25:     0x76d706e8adfa - <unknown>
[INFO] [stdout]   26:     0x76d706f1e3d4 - clone
[INFO] [stdout]   27:                0x0 - <unknown>
[INFO] [stdout] 
[INFO] [stdout] ---- api::token::tests::test_refresh_token_api stdout ----
[INFO] [stdout] 
[INFO] [stdout] thread 'api::token::tests::test_refresh_token_api' (3940) panicked at src/api/token.rs:83:59:
[INFO] [stdout] Missing env: NotPresent
[INFO] [stdout] stack backtrace:
[INFO] [stdout]    0:     0x61854fe42551 - <<std[70759c8f55707aa4]::sys::backtrace::BacktraceLock>::print::DisplayBacktrace as core[df12db4294e9bfd3]::fmt::Display>::fmt
[INFO] [stdout]    1:     0x61854fe5b4aa - core[df12db4294e9bfd3]::fmt::write
[INFO] [stdout]    2:     0x61854fe475ec - <alloc[2182bb758b4b3781]::vec::Vec<u8> as core[df12db4294e9bfd3]::io::write::Write>::write_fmt
[INFO] [stdout]    3:     0x61854fe1c076 - std[70759c8f55707aa4]::panicking::default_hook::{closure#0}
[INFO] [stdout]    4:     0x61854fe39999 - std[70759c8f55707aa4]::panicking::default_hook
[INFO] [stdout]    5:     0x61854fa101d0 - test[9d35eded1c95d3be]::test_main_inner::<test[9d35eded1c95d3be]::test_main_static::{closure#0}>::{closure#0}
[INFO] [stdout]    6:     0x61854fe39cc2 - std[70759c8f55707aa4]::panicking::panic_with_hook
[INFO] [stdout]    7:     0x61854fe1c122 - std[70759c8f55707aa4]::panicking::panic_handler::{closure#0}
[INFO] [stdout]    8:     0x61854fe149f9 - std[70759c8f55707aa4]::sys::backtrace::__rust_end_short_backtrace::<std[70759c8f55707aa4]::panicking::panic_handler::{closure#0}, !>
[INFO] [stdout]    9:     0x61854fe1cfad - __rustc[8fa7c3cbc660c2b3]::rust_begin_unwind
[INFO] [stdout]   10:     0x61854fe5bc0c - core[df12db4294e9bfd3]::panicking::panic_fmt
[INFO] [stdout]   11:     0x61854fe5b9e2 - core[df12db4294e9bfd3]::result::unwrap_failed
[INFO] [stdout]   12:     0x61854f93fc9d - chiral_client[9598ae83e8a44056]::api::token::tests::test_refresh_token_api::{closure#0}
[INFO] [stdout]   13:     0x61854f9ccab3 - <tokio[1f38309457be2011]::runtime::scheduler::current_thread::Context>::enter::<core[df12db4294e9bfd3]::task::poll::Poll<()>, <tokio[1f38309457be2011]::runtime::scheduler::current_thread::CoreGuard>::block_on<core[df12db4294e9bfd3]::pin::Pin<&mut core[df12db4294e9bfd3]::pin::Pin<&mut dyn core[df12db4294e9bfd3]::future::future::Future<Output = ()>>>>::{closure#0}::{closure#0}>
[INFO] [stdout]   14:     0x61854f8c48b9 - <std[70759c8f55707aa4]::thread::local::LocalKey<tokio[1f38309457be2011]::runtime::context::Context>>::with::<tokio[1f38309457be2011]::runtime::context::set_scheduler<(alloc[2182bb758b4b3781]::boxed::Box<tokio[1f38309457be2011]::runtime::scheduler::current_thread::Core>, core[df12db4294e9bfd3]::option::Option<()>), <tokio[1f38309457be2011]::runtime::scheduler::current_thread::CoreGuard>::enter<<tokio[1f38309457be2011]::runtime::scheduler::current_thread::CoreGuard>::block_on<core[df12db4294e9bfd3]::pin::Pin<&mut core[df12db4294e9bfd3]::pin::Pin<&mut dyn core[df12db4294e9bfd3]::future::future::Future<Output = ()>>>>::{closure#0}, core[df12db4294e9bfd3]::option::Option<()>>::{closure#0}>::{closure#0}, (alloc[2182bb758b4b3781]::boxed::Box<tokio[1f38309457be2011]::runtime::scheduler::current_thread::Core>, core[df12db4294e9bfd3]::option::Option<()>)>
[INFO] [stdout]   15:     0x61854f9cdcf7 - <tokio[1f38309457be2011]::runtime::scheduler::current_thread::CoreGuard>::block_on::<core[df12db4294e9bfd3]::pin::Pin<&mut core[df12db4294e9bfd3]::pin::Pin<&mut dyn core[df12db4294e9bfd3]::future::future::Future<Output = ()>>>>
[INFO] [stdout]   16:     0x61854f8da767 - tokio[1f38309457be2011]::runtime::context::runtime::enter_runtime::<<tokio[1f38309457be2011]::runtime::scheduler::current_thread::CurrentThread>::block_on<core[df12db4294e9bfd3]::pin::Pin<&mut dyn core[df12db4294e9bfd3]::future::future::Future<Output = ()>>>::{closure#0}, ()>
[INFO] [stdout]   17:     0x61854f9c9375 - <tokio[1f38309457be2011]::runtime::runtime::Runtime>::block_on::<core[df12db4294e9bfd3]::pin::Pin<&mut dyn core[df12db4294e9bfd3]::future::future::Future<Output = ()>>>
[INFO] [stdout]   18:     0x61854f94ca9e - <chiral_client[9598ae83e8a44056]::api::token::tests::test_refresh_token_api::{closure#0} as core[df12db4294e9bfd3]::ops::function::FnOnce<()>>::call_once
[INFO] [stdout]   19:     0x61854fa034bb - test[9d35eded1c95d3be]::__rust_begin_short_backtrace::<core[df12db4294e9bfd3]::result::Result<(), alloc[2182bb758b4b3781]::string::String>, fn() -> core[df12db4294e9bfd3]::result::Result<(), alloc[2182bb758b4b3781]::string::String>>
[INFO] [stdout]   20:     0x61854fa10b25 - test[9d35eded1c95d3be]::run_test::{closure#0}
[INFO] [stdout]   21:     0x61854fa0a3e4 - std[70759c8f55707aa4]::sys::backtrace::__rust_begin_short_backtrace::<test[9d35eded1c95d3be]::run_test::{closure#1}, ()>
[INFO] [stdout]   22:     0x61854fa13c82 - <std[70759c8f55707aa4]::thread::lifecycle::spawn_unchecked<test[9d35eded1c95d3be]::run_test::{closure#1}, ()>::{closure#1} as core[df12db4294e9bfd3]::ops::function::FnOnce<()>>::call_once::{shim:vtable#0}
[INFO] [stdout]   23:     0x61854fe41119 - <std[70759c8f55707aa4]::sys::thread::unix::Thread>::new::thread_start
[INFO] [stdout]   24:     0x76d706e8adfa - <unknown>
[INFO] [stdout]   25:     0x76d706f1e3d4 - clone
[INFO] [stdout]   26:                0x0 - <unknown>
[INFO] [stdout] 
[INFO] [stdout] ---- file::tests::test_file_upload_and_download stdout ----
[INFO] [stdout] Directory 'test_user' exists. Switched into it.
[INFO] [stdout] Connected and current directory: /test_user
[INFO] [stdout] Directory 'test_user' exists. Switched into it.
[INFO] [stdout] Connected and current directory: /test_user
[INFO] [stdout] Created directory: upload
[INFO] [stdout] 
[INFO] [stdout] thread 'file::tests::test_file_upload_and_download' (3943) panicked at src/file.rs:438:49:
[INFO] [stdout] called `Result::unwrap()` on an `Err` value: Os { code: 30, kind: ReadOnlyFilesystem, message: "Read-only file system" }
[INFO] [stdout] stack backtrace:
[INFO] [stdout]    0:     0x61854fe42551 - <<std[70759c8f55707aa4]::sys::backtrace::BacktraceLock>::print::DisplayBacktrace as core[df12db4294e9bfd3]::fmt::Display>::fmt
[INFO] [stdout]    1:     0x61854fe5b4aa - core[df12db4294e9bfd3]::fmt::write
[INFO] [stdout]    2:     0x61854fe475ec - <alloc[2182bb758b4b3781]::vec::Vec<u8> as core[df12db4294e9bfd3]::io::write::Write>::write_fmt
[INFO] [stdout]    3:     0x61854fe1c076 - std[70759c8f55707aa4]::panicking::default_hook::{closure#0}
[INFO] [stdout]    4:     0x61854fe39999 - std[70759c8f55707aa4]::panicking::default_hook
[INFO] [stdout]    5:     0x61854fa101d0 - test[9d35eded1c95d3be]::test_main_inner::<test[9d35eded1c95d3be]::test_main_static::{closure#0}>::{closure#0}
[INFO] [stdout]    6:     0x61854fe39cc2 - std[70759c8f55707aa4]::panicking::panic_with_hook
[INFO] [stdout]    7:     0x61854fe1c122 - std[70759c8f55707aa4]::panicking::panic_handler::{closure#0}
[INFO] [stdout]    8:     0x61854fe149f9 - std[70759c8f55707aa4]::sys::backtrace::__rust_end_short_backtrace::<std[70759c8f55707aa4]::panicking::panic_handler::{closure#0}, !>
[INFO] [stdout]    9:     0x61854fe1cfad - __rustc[8fa7c3cbc660c2b3]::rust_begin_unwind
[INFO] [stdout]   10:     0x61854fe5bc0c - core[df12db4294e9bfd3]::panicking::panic_fmt
[INFO] [stdout]   11:     0x61854fe5b9e2 - core[df12db4294e9bfd3]::result::unwrap_failed
[INFO] [stdout]   12:     0x61854f90aae3 - chiral_client[9598ae83e8a44056]::file::tests::test_file_upload_and_download
[INFO] [stdout]   13:     0x61854f94c7a9 - <chiral_client[9598ae83e8a44056]::file::tests::test_file_upload_and_download::{closure#0} as core[df12db4294e9bfd3]::ops::function::FnOnce<()>>::call_once
[INFO] [stdout]   14:     0x61854fa034bb - test[9d35eded1c95d3be]::__rust_begin_short_backtrace::<core[df12db4294e9bfd3]::result::Result<(), alloc[2182bb758b4b3781]::string::String>, fn() -> core[df12db4294e9bfd3]::result::Result<(), alloc[2182bb758b4b3781]::string::String>>
[INFO] [stdout]   15:     0x61854fa10b25 - test[9d35eded1c95d3be]::run_test::{closure#0}
[INFO] [stdout]   16:     0x61854fa0a3e4 - std[70759c8f55707aa4]::sys::backtrace::__rust_begin_short_backtrace::<test[9d35eded1c95d3be]::run_test::{closure#1}, ()>
[INFO] [stdout]   17:     0x61854fa13c82 - <std[70759c8f55707aa4]::thread::lifecycle::spawn_unchecked<test[9d35eded1c95d3be]::run_test::{closure#1}, ()>::{closure#1} as core[df12db4294e9bfd3]::ops::function::FnOnce<()>>::call_once::{shim:vtable#0}
[INFO] [stdout]   18:     0x61854fe41119 - <std[70759c8f55707aa4]::sys::thread::unix::Thread>::new::thread_start
[INFO] [stdout]   19:     0x76d706e8adfa - <unknown>
[INFO] [stdout]   20:     0x76d706f1e3d4 - clone
[INFO] [stdout]   21:                0x0 - <unknown>
[INFO] [stdout] 
[INFO] [stdout] 
[INFO] [stdout] failures:
[INFO] [stdout]     api::client::tests::test_create_client
[INFO] [stdout]     api::credits::tests::test_get_credit_points
[INFO] [stdout]     api::jobs::tests::test_get_job
[INFO] [stdout]     api::jobs::tests::test_get_jobs
[INFO] [stdout]     api::jobs::tests::test_submit_job
[INFO] [stdout]     api::jobs::tests::test_submit_test_job
[INFO] [stdout]     api::projects::tests::test_get_project_files
[INFO] [stdout]     api::projects::tests::test_import_example_project
[INFO] [stdout]     api::projects::tests::test_list_of_example_projects
[INFO] [stdout]     api::projects::tests::test_list_of_project_files
[INFO] [stdout]     api::projects::tests::test_list_of_projects
[INFO] [stdout]     api::token::tests::test_get_token_api
[INFO] [stdout]     api::token::tests::test_refresh_token_api
[INFO] [stdout]     file::tests::test_file_upload_and_download
[INFO] [stdout] 
[INFO] [stdout] test result: FAILED. 4 passed; 14 failed; 0 ignored; 0 measured; 0 filtered out; finished in 0.33s
[INFO] [stdout] 
[INFO] [stderr] error: test failed, to rerun pass `--lib`
[INFO] running `Command { std: "docker" "inspect" "d03945fc59cc6709a384f57bc5bdd5e43e8283d86f13b4ea288758d5ad5dcb92", kill_on_drop: false }`
[INFO] running `Command { std: "docker" "rm" "-f" "d03945fc59cc6709a384f57bc5bdd5e43e8283d86f13b4ea288758d5ad5dcb92", kill_on_drop: false }`
[INFO] [stdout] d03945fc59cc6709a384f57bc5bdd5e43e8283d86f13b4ea288758d5ad5dcb92
