[INFO] cloning repository https://github.com/chasebryan/JLR
[INFO] running `Command { std: "git" "-c" "credential.helper=" "-c" "credential.helper=/workspace/cargo-home/bin/git-credential-null" "clone" "--bare" "https://github.com/chasebryan/JLR" "/workspace/cache/git-repos/https%3A%2F%2Fgithub.com%2Fchasebryan%2FJLR", kill_on_drop: false }`
[INFO] [stderr] Cloning into bare repository '/workspace/cache/git-repos/https%3A%2F%2Fgithub.com%2Fchasebryan%2FJLR'...
[INFO] running `Command { std: "git" "rev-parse" "HEAD", kill_on_drop: false }`
[INFO] [stdout] 24ac056b4aabfe2b03fcb89cee84a9b27722be92
[INFO] testing chasebryan/JLR against 1.100.0-beta.1+cargoflags=--release for beta-release-1.100-2
[INFO] running `Command { std: "git" "clone" "/workspace/cache/git-repos/https%3A%2F%2Fgithub.com%2Fchasebryan%2FJLR" "/workspace/builds/worker-1-tc2/source", kill_on_drop: false }`
[INFO] [stderr] Cloning into '/workspace/builds/worker-1-tc2/source'...
[INFO] [stderr] done.
[INFO] removed /workspace/builds/worker-1-tc2/source/rust-toolchain.toml
[INFO] started tweaking git repo https://github.com/chasebryan/JLR
[INFO] finished tweaking git repo https://github.com/chasebryan/JLR
[INFO] tweaked toml for git repo https://github.com/chasebryan/JLR written to /workspace/builds/worker-1-tc2/source/Cargo.toml
[INFO] validating manifest of git repo https://github.com/chasebryan/JLR on toolchain 1.100.0-beta.1
[INFO] running `Command { std: CARGO_HOME="/workspace/cargo-home" RUSTUP_HOME="/workspace/rustup-home" "/workspace/cargo-home/bin/cargo" "+1.100.0-beta.1" "metadata" "--manifest-path" "Cargo.toml" "--no-deps", kill_on_drop: false }`
[INFO] crate git repo https://github.com/chasebryan/JLR already has a lockfile, it will not be regenerated
[INFO] running `Command { std: CARGO_HOME="/workspace/cargo-home" RUSTUP_HOME="/workspace/rustup-home" "/workspace/cargo-home/bin/cargo" "+1.100.0-beta.1" "fetch" "--manifest-path" "Cargo.toml", kill_on_drop: false }`
[INFO] [stderr] warning: unused workspace dependency `base64`
[INFO] [stderr]   --> Cargo.toml:21:1
[INFO] [stderr]    |
[INFO] [stderr] 21 | base64 = "0.23.1"
[INFO] [stderr]    | ^^^^^^
[INFO] [stderr]    |
[INFO] [stderr]    = note: `cargo::unused_workspace_dependencies` is set to `warn` by default
[INFO] [stderr] help: consider removing the workspace dependency `base64`
[INFO] [stderr] warning: unused workspace dependency `thiserror`
[INFO] [stderr]   --> Cargo.toml:32:1
[INFO] [stderr]    |
[INFO] [stderr] 32 | thiserror = "2.0.21"
[INFO] [stderr]    | ^^^^^^^^^
[INFO] [stderr]    |
[INFO] [stderr] help: consider removing the workspace dependency `thiserror`
[INFO] [stderr] warning: unused field `repository` in `workspace.package`
[INFO] [stderr]   --> Cargo.toml:96:1
[INFO] [stderr]    |
[INFO] [stderr] 96 | repository = "https://github.com/chasebryan/JLR"
[INFO] [stderr]    | ^^^^^^^^^^
[INFO] [stderr]    |
[INFO] [stderr]    = note: `cargo::unused_workspace_package_fields` is set to `warn` by default
[INFO] [stderr] help: consider removing the field `workspace.package.repository`
[INFO] [stderr] warning: workspace (manifest) generated 3 warnings
[INFO] running `Command { std: "docker" "create" "-v" "/var/lib/crater-agent-workspace/builds/worker-1-tc2/source:/opt/rustwide/workdir:ro,Z" "-v" "/var/lib/crater-agent-workspace/builds/worker-1-tc2/target:/opt/rustwide/target:rw,Z" "-v" "/var/lib/crater-agent-workspace/cargo-home:/opt/rustwide/cargo-home:ro,Z" "-v" "/var/lib/crater-agent-workspace/rustup-home:/opt/rustwide/rustup-home:ro,Z" "-m" "1610612736" "--network" "none" "ghcr.io/rust-lang/crates-build-env/linux@sha256:77db811e55d90add9212f6832c23229e3de5f1c1f9905e8cb07319ea15df73ac" "sleep" "infinity", kill_on_drop: false }`
[INFO] [stdout] ee9638c4f502e46c63863b9c1f6b2c87052be02a166ded73276bf7e693e08762
[INFO] running `Command { std: "docker" "start" "ee9638c4f502e46c63863b9c1f6b2c87052be02a166ded73276bf7e693e08762", kill_on_drop: false }`
[INFO] running `Command { std: "docker" "inspect" "ee9638c4f502e46c63863b9c1f6b2c87052be02a166ded73276bf7e693e08762", kill_on_drop: false }`
[INFO] running `Command { std: "docker" "exec" "-e" "SOURCE_DIR=/opt/rustwide/workdir" "-e" "CARGO_HOME=/opt/rustwide/cargo-home" "-e" "RUSTUP_HOME=/opt/rustwide/rustup-home" "-e" "CARGO_TARGET_DIR=/opt/rustwide/target" "-w" "/opt/rustwide/workdir" "--user" "0:0" "ee9638c4f502e46c63863b9c1f6b2c87052be02a166ded73276bf7e693e08762" "/opt/rustwide/cargo-home/bin/cargo" "+1.100.0-beta.1" "metadata" "--no-deps" "--format-version=1", kill_on_drop: false }`
[INFO] running `Command { std: "docker" "inspect" "ee9638c4f502e46c63863b9c1f6b2c87052be02a166ded73276bf7e693e08762", kill_on_drop: false }`
[INFO] running `Command { std: "docker" "exec" "-e" "SOURCE_DIR=/opt/rustwide/workdir" "-e" "CARGO_HOME=/opt/rustwide/cargo-home" "-e" "RUSTUP_HOME=/opt/rustwide/rustup-home" "-e" "CARGO_TARGET_DIR=/opt/rustwide/target" "-e" "CARGO_INCREMENTAL=0" "-e" "RUST_BACKTRACE=full" "-e" "RUSTFLAGS=--cap-lints=warn" "-e" "RUSTDOCFLAGS=--cap-lints=warn" "-w" "/opt/rustwide/workdir" "--user" "0:0" "ee9638c4f502e46c63863b9c1f6b2c87052be02a166ded73276bf7e693e08762" "/opt/rustwide/cargo-home/bin/cargo" "+1.100.0-beta.1" "build" "--frozen" "--message-format=json" "--release", kill_on_drop: false }`
[INFO] [stderr] warning: unused workspace dependency `base64`
[INFO] [stderr]   --> Cargo.toml:21:1
[INFO] [stderr]    |
[INFO] [stderr] 21 | base64 = "0.23.1"
[INFO] [stderr]    | ^^^^^^
[INFO] [stderr]    |
[INFO] [stderr]    = note: `cargo::unused_workspace_dependencies` is set to `warn` by default
[INFO] [stderr] help: consider removing the workspace dependency `base64`
[INFO] [stderr] warning: unused workspace dependency `thiserror`
[INFO] [stderr]   --> Cargo.toml:32:1
[INFO] [stderr]    |
[INFO] [stderr] 32 | thiserror = "2.0.21"
[INFO] [stderr]    | ^^^^^^^^^
[INFO] [stderr]    |
[INFO] [stderr] help: consider removing the workspace dependency `thiserror`
[INFO] [stderr] warning: unused field `repository` in `workspace.package`
[INFO] [stderr]   --> Cargo.toml:96:1
[INFO] [stderr]    |
[INFO] [stderr] 96 | repository = "https://github.com/chasebryan/JLR"
[INFO] [stderr]    | ^^^^^^^^^^
[INFO] [stderr]    |
[INFO] [stderr]    = note: `cargo::unused_workspace_package_fields` is set to `warn` by default
[INFO] [stderr] help: consider removing the field `workspace.package.repository`
[INFO] [stderr] warning: workspace (manifest) generated 3 warnings
[INFO] [stderr]    Compiling proc-macro2 v1.0.107
[INFO] [stderr]    Compiling unicode-ident v1.0.26
[INFO] [stderr]    Compiling quote v1.0.47
[INFO] [stderr]    Compiling libc v0.2.189
[INFO] [stderr]    Compiling typenum v1.20.1
[INFO] [stderr]    Compiling cfg-if v1.0.5
[INFO] [stderr]    Compiling const-oid v0.10.2
[INFO] [stderr]    Compiling semver v1.0.28
[INFO] [stderr]    Compiling cpufeatures v0.3.1
[INFO] [stderr]    Compiling subtle v2.6.1
[INFO] [stderr]    Compiling getrandom v0.4.3
[INFO] [stderr]    Compiling signature v3.0.0
[INFO] [stderr]    Compiling jlr-cbor v0.1.0 (/opt/rustwide/workdir/crates/jlr-cbor)
[INFO] [stderr]    Compiling autocfg v1.5.1
[INFO] [stderr]    Compiling cfg_aliases v0.2.2
[INFO] [stderr]    Compiling bitflags v2.13.2
[INFO] [stderr]    Compiling serde_core v1.0.229
[INFO] [stderr]    Compiling thiserror v2.0.21
[INFO] [stderr]    Compiling utf8parse v0.2.2
[INFO] [stderr]    Compiling nix v0.31.3
[INFO] [stderr]    Compiling is_terminal_polyfill v1.70.2
[INFO] [stderr]    Compiling ed25519 v3.0.0
[INFO] [stderr]    Compiling anstyle-parse v1.0.0
[INFO] [stderr]    Compiling anstyle v1.0.14
[INFO] [stderr]    Compiling anstyle-query v1.1.5
[INFO] [stderr]    Compiling colorchoice v1.0.5
[INFO] [stderr]    Compiling zmij v1.0.23
[INFO] [stderr]    Compiling winnow v1.0.4
[INFO] [stderr]    Compiling clap_lex v1.1.1
[INFO] [stderr]    Compiling heck v0.5.0
[INFO] [stderr]    Compiling serde v1.0.229
[INFO] [stderr]    Compiling serde_json v1.0.151
[INFO] [stderr]    Compiling rustc_version v0.4.1
[INFO] [stderr]    Compiling strsim v0.11.1
[INFO] [stderr]    Compiling signal-hook v0.4.4
[INFO] [stderr]    Compiling itoa v1.0.18
[INFO] [stderr]    Compiling toml_writer v1.1.2+spec-1.1.0
[INFO] [stderr]    Compiling anstream v1.0.0
[INFO] [stderr]    Compiling memchr v2.8.3
[INFO] [stderr]    Compiling curve25519-dalek v5.0.0
[INFO] [stderr]    Compiling memoffset v0.9.1
[INFO] [stderr]    Compiling hybrid-array v0.4.15
[INFO] [stderr]    Compiling clap_builder v4.6.7
[INFO] [stderr]    Compiling toml_parser v1.1.3+spec-1.1.0
[INFO] [stderr]    Compiling syn v2.0.119
[INFO] [stderr]    Compiling syn v3.0.6
[INFO] [stderr]    Compiling crypto-common v0.2.2
[INFO] [stderr]    Compiling block-buffer v0.12.1
[INFO] [stderr]    Compiling digest v0.11.3
[INFO] [stderr]    Compiling sha2 v0.11.0
[INFO] [stderr]    Compiling md-5 v0.11.0
[INFO] [stderr]    Compiling seccompiler v0.5.0
[INFO] [stderr]    Compiling caps v0.5.6
[INFO] [stderr]    Compiling errno v0.3.14
[INFO] [stderr]    Compiling signal-hook-registry v1.4.8
[INFO] [stderr]    Compiling serde_spanned v1.1.1
[INFO] [stderr]    Compiling toml_datetime v1.1.1+spec-1.1.0
[INFO] [stderr]    Compiling toml v1.1.6+spec-1.1.0
[INFO] [stderr]    Compiling thiserror-impl v2.0.21
[INFO] [stderr]    Compiling serde_derive v1.0.229
[INFO] [stderr]    Compiling clap_derive v4.6.7
[INFO] [stderr]    Compiling clap v4.6.7
[INFO] [stderr]    Compiling zeroize_derive v1.5.0
[INFO] [stderr]    Compiling curve25519-dalek-derive v0.1.1
[INFO] [stderr]    Compiling enumflags2_derive v0.7.12
[INFO] [stderr]    Compiling enumflags2 v0.7.12
[INFO] [stderr]    Compiling landlock v0.4.7
[INFO] [stderr]    Compiling zeroize v1.9.0
[INFO] [stderr]    Compiling ed25519-dalek v3.0.0
[INFO] [stderr]    Compiling jlr-crypto v0.1.0 (/opt/rustwide/workdir/crates/jlr-crypto)
[INFO] [stderr]    Compiling jlr-model v0.1.0 (/opt/rustwide/workdir/crates/jlr-model)
[INFO] [stderr]    Compiling jlr-cell v0.1.0 (/opt/rustwide/workdir/crates/jlr-cell)
[INFO] [stderr]    Compiling jlr-ledger v0.1.0 (/opt/rustwide/workdir/crates/jlr-ledger)
[INFO] [stderr]    Compiling jlr-measure v0.1.0 (/opt/rustwide/workdir/crates/jlr-measure)
[INFO] [stderr]    Compiling jlr-policy v0.1.0 (/opt/rustwide/workdir/crates/jlr-policy)
[INFO] [stderr]    Compiling jlr-boot v0.1.0 (/opt/rustwide/workdir/crates/jlr-boot)
[INFO] [stderr]    Compiling jlr-engine v0.1.0 (/opt/rustwide/workdir/crates/jlr-engine)
[INFO] [stderr]    Compiling jlr v0.1.0 (/opt/rustwide/workdir/crates/jlr)
[INFO] [stderr]    Compiling jlrd v0.1.0 (/opt/rustwide/workdir/crates/jlrd)
[INFO] [stderr] warning: unused dependency `jlr-boot`
[INFO] [stderr]   --> crates/jlr/Cargo.toml:23:1
[INFO] [stderr]    |
[INFO] [stderr] 23 | jlr-boot.workspace = true
[INFO] [stderr]    | ^^^^^^^^
[INFO] [stderr]    |
[INFO] [stderr]    = note: `cargo::unused_dependencies` is set to `warn` by default
[INFO] [stderr] help: consider removing the dependency on `jlr-boot`
[INFO] [stderr] warning: unused dependency `serde_json`
[INFO] [stderr]   --> crates/jlr/Cargo.toml:24:1
[INFO] [stderr]    |
[INFO] [stderr] 24 | serde_json.workspace = true
[INFO] [stderr]    | ^^^^^^^^^^
[INFO] [stderr]    |
[INFO] [stderr] help: consider removing the dependency on `serde_json`
[INFO] [stderr] warning: `jlr` (manifest) generated 2 warnings
[INFO] [stderr]     Finished `release` profile [optimized] target(s) in 1m 02s
[INFO] running `Command { std: "docker" "inspect" "ee9638c4f502e46c63863b9c1f6b2c87052be02a166ded73276bf7e693e08762", kill_on_drop: false }`
[INFO] running `Command { std: "docker" "exec" "-e" "SOURCE_DIR=/opt/rustwide/workdir" "-e" "CARGO_HOME=/opt/rustwide/cargo-home" "-e" "RUSTUP_HOME=/opt/rustwide/rustup-home" "-e" "CARGO_TARGET_DIR=/opt/rustwide/target" "-e" "CARGO_INCREMENTAL=0" "-e" "RUST_BACKTRACE=full" "-e" "RUSTFLAGS=--cap-lints=warn" "-e" "RUSTDOCFLAGS=--cap-lints=warn" "-w" "/opt/rustwide/workdir" "--user" "0:0" "ee9638c4f502e46c63863b9c1f6b2c87052be02a166ded73276bf7e693e08762" "/opt/rustwide/cargo-home/bin/cargo" "+1.100.0-beta.1" "test" "--frozen" "--no-run" "--message-format=json" "--release", kill_on_drop: false }`
[INFO] [stderr] warning: unused workspace dependency `base64`
[INFO] [stderr]   --> Cargo.toml:21:1
[INFO] [stderr]    |
[INFO] [stderr] 21 | base64 = "0.23.1"
[INFO] [stderr]    | ^^^^^^
[INFO] [stderr]    |
[INFO] [stderr]    = note: `cargo::unused_workspace_dependencies` is set to `warn` by default
[INFO] [stderr] help: consider removing the workspace dependency `base64`
[INFO] [stderr] warning: unused workspace dependency `thiserror`
[INFO] [stderr]   --> Cargo.toml:32:1
[INFO] [stderr]    |
[INFO] [stderr] 32 | thiserror = "2.0.21"
[INFO] [stderr]    | ^^^^^^^^^
[INFO] [stderr]    |
[INFO] [stderr] help: consider removing the workspace dependency `thiserror`
[INFO] [stderr] warning: unused field `repository` in `workspace.package`
[INFO] [stderr]   --> Cargo.toml:96:1
[INFO] [stderr]    |
[INFO] [stderr] 96 | repository = "https://github.com/chasebryan/JLR"
[INFO] [stderr]    | ^^^^^^^^^^
[INFO] [stderr]    |
[INFO] [stderr]    = note: `cargo::unused_workspace_package_fields` is set to `warn` by default
[INFO] [stderr] help: consider removing the field `workspace.package.repository`
[INFO] [stderr] warning: workspace (manifest) generated 3 warnings
[INFO] [stderr]    Compiling cfg-if v1.0.5
[INFO] [stderr]    Compiling typenum v1.20.1
[INFO] [stderr]    Compiling const-oid v0.10.2
[INFO] [stderr]    Compiling cpufeatures v0.3.1
[INFO] [stderr]    Compiling subtle v2.6.1
[INFO] [stderr]    Compiling signature v3.0.0
[INFO] [stderr]    Compiling jlr-cbor v0.1.0 (/opt/rustwide/workdir/crates/jlr-cbor)
[INFO] [stderr]    Compiling bitflags v2.13.2
[INFO] [stderr]    Compiling libc v0.2.189
[INFO] [stderr]    Compiling rustix v1.1.5
[INFO] [stderr]    Compiling linux-raw-sys v0.12.1
[INFO] [stderr]    Compiling once_cell v1.21.4
[INFO] [stderr]    Compiling fastrand v2.5.0
[INFO] [stderr]    Compiling zeroize v1.9.0
[INFO] [stderr]    Compiling memoffset v0.9.1
[INFO] [stderr]    Compiling getrandom v0.3.4
[INFO] [stderr]    Compiling zerocopy v0.8.58
[INFO] [stderr]    Compiling enumflags2 v0.7.12
[INFO] [stderr]    Compiling thiserror v2.0.21
[INFO] [stderr]    Compiling ed25519 v3.0.0
[INFO] [stderr]    Compiling num-traits v0.2.19
[INFO] [stderr]    Compiling fnv v1.0.7
[INFO] [stderr]    Compiling bit-vec v0.8.0
[INFO] [stderr]    Compiling quick-error v1.2.3
[INFO] [stderr]    Compiling unarray v0.1.4
[INFO] [stderr]    Compiling regex-syntax v0.8.11
[INFO] [stderr]    Compiling hex v0.4.3
[INFO] [stderr]    Compiling serde_core v1.0.229
[INFO] [stderr]    Compiling utf8parse v0.2.2
[INFO] [stderr]    Compiling anstyle v1.0.14
[INFO] [stderr]    Compiling colorchoice v1.0.5
[INFO] [stderr]    Compiling is_terminal_polyfill v1.70.2
[INFO] [stderr]    Compiling anstyle-query v1.1.5
[INFO] [stderr]    Compiling anstyle-parse v1.0.0
[INFO] [stderr]    Compiling clap_lex v1.1.1
[INFO] [stderr]    Compiling winnow v1.0.4
[INFO] [stderr]    Compiling strsim v0.11.1
[INFO] [stderr]    Compiling nix v0.31.3
[INFO] [stderr]    Compiling zmij v1.0.23
[INFO] [stderr]    Compiling toml_writer v1.1.2+spec-1.1.0
[INFO] [stderr]    Compiling bit-set v0.8.0
[INFO] [stderr]    Compiling anstream v1.0.0
[INFO] [stderr]    Compiling memchr v2.8.3
[INFO] [stderr]    Compiling itoa v1.0.18
[INFO] [stderr]    Compiling toml_parser v1.1.3+spec-1.1.0
[INFO] [stderr]    Compiling clap_builder v4.6.7
[INFO] [stderr]    Compiling hybrid-array v0.4.15
[INFO] [stderr]    Compiling crypto-common v0.2.2
[INFO] [stderr]    Compiling block-buffer v0.12.1
[INFO] [stderr]    Compiling digest v0.11.3
[INFO] [stderr]    Compiling sha2 v0.11.0
[INFO] [stderr]    Compiling curve25519-dalek v5.0.0
[INFO] [stderr]    Compiling md-5 v0.11.0
[INFO] [stderr]    Compiling getrandom v0.4.3
[INFO] [stderr]    Compiling caps v0.5.6
[INFO] [stderr]    Compiling landlock v0.4.7
[INFO] [stderr]    Compiling wait-timeout v0.2.1
[INFO] [stderr]    Compiling seccompiler v0.5.0
[INFO] [stderr]    Compiling errno v0.3.14
[INFO] [stderr]    Compiling ed25519-dalek v3.0.0
[INFO] [stderr]    Compiling rand_core v0.9.5
[INFO] [stderr]    Compiling signal-hook-registry v1.4.8
[INFO] [stderr]    Compiling rand_xorshift v0.4.0
[INFO] [stderr]    Compiling jlr-crypto v0.1.0 (/opt/rustwide/workdir/crates/jlr-crypto)
[INFO] [stderr]    Compiling rand v0.9.5
[INFO] [stderr]    Compiling signal-hook v0.4.4
[INFO] [stderr]    Compiling jlr-model v0.1.0 (/opt/rustwide/workdir/crates/jlr-model)
[INFO] [stderr]    Compiling jlr-measure v0.1.0 (/opt/rustwide/workdir/crates/jlr-measure)
[INFO] [stderr]    Compiling jlr-ledger v0.1.0 (/opt/rustwide/workdir/crates/jlr-ledger)
[INFO] [stderr]    Compiling jlr-policy v0.1.0 (/opt/rustwide/workdir/crates/jlr-policy)
[INFO] [stderr]    Compiling tempfile v3.27.0
[INFO] [stderr]    Compiling rusty-fork v0.3.1
[INFO] [stderr]    Compiling toml_datetime v1.1.1+spec-1.1.0
[INFO] [stderr]    Compiling serde_spanned v1.1.1
[INFO] [stderr]    Compiling serde v1.0.229
[INFO] [stderr]    Compiling serde_json v1.0.151
[INFO] [stderr]    Compiling jlr-boot v0.1.0 (/opt/rustwide/workdir/crates/jlr-boot)
[INFO] [stderr]    Compiling jlr-cell v0.1.0 (/opt/rustwide/workdir/crates/jlr-cell)
[INFO] [stderr]    Compiling toml v1.1.6+spec-1.1.0
[INFO] [stderr]    Compiling clap v4.6.7
[INFO] [stderr]    Compiling jlr-engine v0.1.0 (/opt/rustwide/workdir/crates/jlr-engine)
[INFO] [stderr]    Compiling ppv-lite86 v0.2.21
[INFO] [stderr]    Compiling rand_chacha v0.9.0
[INFO] [stderr]    Compiling proptest v1.11.0
[INFO] [stderr]    Compiling jlr v0.1.0 (/opt/rustwide/workdir/crates/jlr)
[INFO] [stderr]    Compiling jlrd v0.1.0 (/opt/rustwide/workdir/crates/jlrd)
[INFO] [stderr]     Finished `release` profile [optimized] target(s) in 3m 30s
[INFO] running `Command { std: "docker" "inspect" "ee9638c4f502e46c63863b9c1f6b2c87052be02a166ded73276bf7e693e08762", kill_on_drop: false }`
[INFO] running `Command { std: "docker" "exec" "-e" "SOURCE_DIR=/opt/rustwide/workdir" "-e" "CARGO_HOME=/opt/rustwide/cargo-home" "-e" "RUSTUP_HOME=/opt/rustwide/rustup-home" "-e" "CARGO_TARGET_DIR=/opt/rustwide/target" "-e" "CARGO_INCREMENTAL=0" "-e" "RUST_BACKTRACE=full" "-e" "RUSTFLAGS=--cap-lints=warn" "-e" "RUSTDOCFLAGS=--cap-lints=warn" "-w" "/opt/rustwide/workdir" "--user" "0:0" "ee9638c4f502e46c63863b9c1f6b2c87052be02a166ded73276bf7e693e08762" "/opt/rustwide/cargo-home/bin/cargo" "+1.100.0-beta.1" "test" "--frozen" "--release", kill_on_drop: false }`
[INFO] [stderr] warning: unused workspace dependency `base64`
[INFO] [stderr]   --> Cargo.toml:21:1
[INFO] [stderr]    |
[INFO] [stderr] 21 | base64 = "0.23.1"
[INFO] [stderr]    | ^^^^^^
[INFO] [stderr]    |
[INFO] [stderr]    = note: `cargo::unused_workspace_dependencies` is set to `warn` by default
[INFO] [stderr] help: consider removing the workspace dependency `base64`
[INFO] [stderr] warning: unused workspace dependency `thiserror`
[INFO] [stderr]   --> Cargo.toml:32:1
[INFO] [stderr]    |
[INFO] [stderr] 32 | thiserror = "2.0.21"
[INFO] [stderr]    | ^^^^^^^^^
[INFO] [stderr]    |
[INFO] [stderr] help: consider removing the workspace dependency `thiserror`
[INFO] [stderr] warning: unused field `repository` in `workspace.package`
[INFO] [stderr]   --> Cargo.toml:96:1
[INFO] [stderr]    |
[INFO] [stderr] 96 | repository = "https://github.com/chasebryan/JLR"
[INFO] [stderr]    | ^^^^^^^^^^
[INFO] [stderr]    |
[INFO] [stderr]    = note: `cargo::unused_workspace_package_fields` is set to `warn` by default
[INFO] [stderr] help: consider removing the field `workspace.package.repository`
[INFO] [stderr] warning: workspace (manifest) generated 3 warnings
[INFO] [stderr]     Finished `release` profile [optimized] target(s) in 0.27s
[INFO] [stderr]      Running unittests src/main.rs (/opt/rustwide/target/release/build/jlr/a97131c938ab9227/out/jlr-a97131c938ab9227)
[INFO] [stdout] 
[INFO] [stdout] running 3 tests
[INFO] [stdout] test policy_source::tests::unsafe_policies_do_not_compile ... ok
[INFO] [stdout] test policy_source::tests::unknown_fields_and_names_are_errors ... ok
[INFO] [stdout] test policy_source::tests::built_in_policies_round_trip_through_toml ... ok
[INFO] [stdout] 
[INFO] [stdout] test result: ok. 3 passed; 0 failed; 0 ignored; 0 measured; 0 filtered out; finished in 0.00s
[INFO] [stdout] 
[INFO] [stderr]      Running tests/vectors.rs (/opt/rustwide/target/release/build/jlr/32b4da067e92e2a6/out/vectors-32b4da067e92e2a6)
[INFO] [stdout] 
[INFO] [stdout] running 2 tests
[INFO] [stdout] test protocol_vectors_match_the_checked_in_file ... ok
[INFO] [stderr]      Running unittests src/lib.rs (/opt/rustwide/target/release/build/jlr-boot/a5f14a218c9153f6/out/jlr_boot-a5f14a218c9153f6)
[INFO] [stdout] test vectors_are_deterministic ... ok
[INFO] [stdout] 
[INFO] [stdout] test result: ok. 2 passed; 0 failed; 0 ignored; 0 measured; 0 filtered out; finished in 0.00s
[INFO] [stdout] 
[INFO] [stdout] 
[INFO] [stdout] running 33 tests
[INFO] [stdout] test tests::confirm_tests::a_read_that_verifies_is_used_without_a_second_read ... ok
[INFO] [stdout] test tests::confirm_tests::size_and_digest_mismatches_are_never_the_same_answer ... ok
[INFO] [stdout] test tests::a_crashing_update_falls_back_to_the_old_slot_after_its_tries ... ok
[INFO] [stdout] test tests::a_slot_whose_image_failed_is_never_chosen_again ... ok
[INFO] [stdout] test tests::boot_state_round_trips_and_rejects_garbage ... ok
[INFO] [stdout] test tests::confirm_tests::reads_that_disagree_prove_nothing ... ok
[INFO] [stdout] test tests::confirm_tests::a_transient_failure_ends_the_attempt_and_is_not_confirmed ... ok
[INFO] [stdout] test tests::floor_never_decreases ... ok
[INFO] [stdout] test tests::confirm_tests::the_same_wrong_answer_twice_is_proof ... ok
[INFO] [stdout] test tests::a_manifest_signed_for_another_record_type_is_refused ... ok
[INFO] [stdout] test tests::inconsistent_manifests_are_refused ... ok
[INFO] [stdout] test tests::fresh_state_boots_slot_a ... ok
[INFO] [stdout] test tests::confirm_tests::a_fluke_is_cleared_when_the_confirming_read_verifies ... ok
[INFO] [stdout] test tests::a_new_unproven_slot_is_preferred_and_consumes_a_try_before_booting ... ok
[INFO] [stdout] test tests::media_tests::only_content_that_is_provably_bad_retires_a_slot ... ok
[INFO] [stdout] test tests::media_tests::a_torn_replacement_beside_no_state_is_a_fresh_medium_not_a_brick ... ok
[INFO] [stdout] test tests::rollback_floor_is_enforced ... ok
[INFO] [stdout] test tests::recovery_tests::a_torn_replacement_is_removed_and_promotes_nothing ... ok
[INFO] [stdout] test tests::choose_never_violates_its_invariants ... ok
[INFO] [stdout] test tests::signed_manifest_verifies_and_round_trips ... ok
[INFO] [stdout] test tests::success_raises_the_floor_and_strands_older_releases ... ok
[INFO] [stdout] test tests::media_tests::a_failed_write_leaves_no_partial_file_and_a_later_write_supersedes_a_recovered_copy ... ok
[INFO] [stdout] test tests::media_tests::state_round_trips_and_leaves_no_temporary_file ... ok
[INFO] [stdout] test tests::media_tests::filesystem_ids_are_read_from_superblocks ... ok
[INFO] [stdout] test tests::recovery_tests::a_complete_replacement_beside_no_state_file_becomes_the_state_file ... ok
[INFO] [stdout] test tests::unverified_slots_are_never_chosen_whatever_the_state_says ... ok
[INFO] [stdout] test tests::media_tests::media_pins_parse_strictly ... ok
[INFO] [stdout] test tests::recovery_tests::a_replacement_that_cannot_be_read_is_never_removed ... ok
[INFO] [stdout] test tests::recovery_tests::write_state_promotes_a_recovered_copy_before_it_can_touch_it ... ok
[INFO] [stdout] test tests::media_tests::an_interrupted_rename_does_not_reset_the_floor ... ok
[INFO] [stdout] test tests::media_tests::a_missing_state_file_is_a_fresh_medium_and_nothing_else_is ... ok
[INFO] [stdout] test tests::manifest_signature_failures_are_refused ... ok
[INFO] [stdout] test tests::image_is_hashed_while_copied_and_mismatches_are_refused ... ok
[INFO] [stderr]      Running unittests src/bin/jlr-init.rs (/opt/rustwide/target/release/build/jlr-boot/2c53652474207f23/out/jlr_init-2c53652474207f23)
[INFO] [stdout] 
[INFO] [stdout] test result: ok. 33 passed; 0 failed; 0 ignored; 0 measured; 0 filtered out; finished in 0.14s
[INFO] [stdout] 
[INFO] [stdout] 
[INFO] [stderr]      Running unittests src/bin/jlr-release.rs (/opt/rustwide/target/release/build/jlr-boot/7dc37aa82a62ceae/out/jlr_release-7dc37aa82a62ceae)
[INFO] [stdout] running 0 tests
[INFO] [stdout] 
[INFO] [stdout] test result: ok. 0 passed; 0 failed; 0 ignored; 0 measured; 0 filtered out; finished in 0.00s
[INFO] [stdout] 
[INFO] [stderr]      Running tests/qemu.rs (/opt/rustwide/target/release/build/jlr-boot/cebe2194969aea71/out/qemu-cebe2194969aea71)
[INFO] [stdout] 
[INFO] [stdout] running 0 tests
[INFO] [stdout] 
[INFO] [stdout] test result: ok. 0 passed; 0 failed; 0 ignored; 0 measured; 0 filtered out; finished in 0.00s
[INFO] [stdout] 
[INFO] [stdout] 
[INFO] [stdout] running 20 tests
[INFO] [stdout] test a_broken_update_falls_back_to_the_proven_slot ... ok
[INFO] [stdout] test an_unreadable_boot_state_stops_the_boot_instead_of_resetting_the_floor ... ok
[INFO] [stdout] test filesystem_ids_agree_with_what_mke2fs_writes ... ok
[INFO] [stdout] test a_good_update_boots_proves_itself_and_raises_the_rollback_floor ... ok
[INFO] [stdout] test a_release_signed_by_a_key_with_the_wrong_role_is_refused ... ok
[INFO] [stdout] test a_tampered_image_is_refused_before_anything_from_it_runs ... ok
[INFO] [stdout] test a_valid_signed_release_boots_from_ram_and_proves_itself ... ok
[INFO] [stdout] test governance_works_inside_the_verified_ram_base_under_a_real_kernel ... ok
[INFO] [stdout] test a_second_disk_with_an_older_release_cannot_downgrade_the_machine ... ok
[INFO] [stdout] test media_without_a_jlr_directory_is_not_trusted ... ok
[INFO] [stdout] test a_tampered_manifest_is_refused ... ok
[INFO] [stdout] test the_highest_floor_on_any_medium_is_written_to_the_medium_that_boots ... ok
[INFO] [stdout] test rollback_below_the_floor_is_refused_even_with_a_valid_signature ... ok
[INFO] [stdout] test an_unpinned_boot_says_so_in_the_log ... ok
[INFO] [stdout] test missing_media_is_refused ... ok
[INFO] [stdout] test a_truncated_image_is_refused ... ok
[INFO] [stdout] test a_write_protected_medium_boots_its_proven_slot_and_skips_an_unproven_one ... ok
[INFO] [stdout] test a_release_signed_by_an_unknown_key_is_refused ... ok
[INFO] [stderr]      Running unittests src/lib.rs (/opt/rustwide/target/release/build/jlr-cbor/89fc402be776befe/out/jlr_cbor-89fc402be776befe)
[INFO] [stdout] test a_pinned_boot_never_uses_or_mounts_another_disk ... ok
[INFO] [stdout] test the_exec_gate_audits_then_enforces_and_notices_tampering_under_a_real_kernel ... ok
[INFO] [stdout] 
[INFO] [stdout] test result: ok. 20 passed; 0 failed; 0 ignored; 0 measured; 0 filtered out; finished in 0.01s
[INFO] [stdout] 
[INFO] [stdout] 
[INFO] [stdout] running 21 tests
[INFO] [stdout] test tests::record_tests::record_type_mismatches_are_errors ... ok
[INFO] [stdout] test tests::diagnostic_notation ... ok
[INFO] [stdout] test tests::rejects_floats_undefined_and_other_simple_values ... ok
[INFO] [stdout] test tests::record_tests::record_rejects_unknown_missing_and_explicit_null ... ok
[INFO] [stdout] test tests::record_tests::record_roundtrip_omits_none ... ok
[INFO] [stdout] test tests::rejects_non_shortest_arguments ... ok
[INFO] [stdout] test tests::fields_reject_unknown_and_missing ... ok
[INFO] [stdout] test tests::duplicate_key_on_insert_is_an_error ... ok
[INFO] [stdout] test tests::rejects_invalid_utf8_and_truncation_and_trailing_bytes ... ok
[INFO] [stdout] test tests::signed_integer_conversion ... ok
[INFO] [stdout] test tests::rejects_unsorted_and_duplicate_map_keys ... ok
[INFO] [stdout] test tests::map_keys_are_sorted_by_encoded_bytes_regardless_of_insertion_order ... ok
[INFO] [stdout] test tests::optional_null_counts_as_absent_when_reading_fields ... ok
[INFO] [stdout] test tests::rejects_reserved_additional_info ... ok
[INFO] [stdout] test tests::rfc8949_appendix_a_vectors ... ok
[INFO] [stdout] test tests::huge_declared_lengths_do_not_allocate ... ok
[INFO] [stdout] test tests::accepted_input_is_canonical ... ok
[INFO] [stdout] test tests::depth_is_bounded ... ok
[INFO] [stdout] test tests::rejects_indefinite_length_items ... ok
[INFO] [stdout] test tests::decoder_never_panics_on_mutations ... ok
[INFO] [stdout] test tests::roundtrip ... ok
[INFO] [stderr]      Running unittests src/lib.rs (/opt/rustwide/target/release/build/jlr-cell/0d93e5a9469437d8/out/jlr_cell-0d93e5a9469437d8)
[INFO] [stdout] 
[INFO] [stdout] test result: ok. 21 passed; 0 failed; 0 ignored; 0 measured; 0 filtered out; finished in 0.05s
[INFO] [stdout] 
[INFO] [stdout] 
[INFO] [stdout] running 1 test
[INFO] [stdout] test init::tests::the_private_root_is_never_assembled_over_a_granted_path ... ok
[INFO] [stdout] 
[INFO] [stdout] test result: ok. 1 passed; 0 failed; 0 ignored; 0 measured; 0 filtered out; finished in 0.03s
[INFO] [stdout] 
[INFO] [stderr]      Running unittests src/bin/jlr-cell-init.rs (/opt/rustwide/target/release/build/jlr-cell/5c51ffff809cea5c/out/jlr_cell_init-5c51ffff809cea5c)
[INFO] [stdout] 
[INFO] [stdout] running 0 tests
[INFO] [stdout] 
[INFO] [stdout] test result: ok. 0 passed; 0 failed; 0 ignored; 0 measured; 0 filtered out; finished in 0.00s
[INFO] [stdout] 
[INFO] [stderr]      Running tests/cell.rs (/opt/rustwide/target/release/build/jlr-cell/cbfbeb73a22cdbe4/out/cell-cbfbeb73a22cdbe4)
[INFO] [stdout] 
[INFO] [stdout] running 26 tests
[INFO] [stdout] test decision_to_spec_is_pure_and_refuses_states_that_may_not_run ... ok
[INFO] [stdout] test executed_bytes_are_the_measured_bytes_even_if_the_file_is_replaced_or_edited ... ok
[INFO] [stdout] test a_grant_of_root_refuses_the_launch_for_the_reason_it_names ... FAILED
[INFO] [stdout] test missing_mandatory_control_refuses_and_runs_nothing ... ok
[INFO] [stdout] test a_grant_that_cannot_be_applied_is_reported_and_makes_the_report_partial ... ok
[INFO] [stdout] test dangerous_syscalls_are_denied ... ok
[INFO] [stdout] test pid_namespace_hides_host_processes ... ok
[INFO] [stdout] test environment_comes_only_from_the_spec ... ok
[INFO] [stdout] test sealing_refuses_content_that_changed_after_measurement ... ok
[INFO] [stdout] test host_files_are_invisible ... ok
[INFO] [stdout] test filesystem_capabilities_bind_exact_paths ... ok
[INFO] [stdout] test a_grant_below_tmp_is_applied_even_though_the_root_is_assembled_in_a_tmpfs ... ok
[INFO] [stdout] test filesystem_is_read_only_except_scratch_and_nothing_persists ... ok
[INFO] [stdout] test descriptors_left_open_by_the_launcher_do_not_reach_the_workload ... ok
[INFO] [stdout] test sealed_memfd_cannot_be_written ... ok
[INFO] [stdout] test privileges_are_dropped ... ok
[INFO] [stdout] test program_runs_and_exit_code_propagates ... ok
[INFO] [stdout] test a_terminal_cannot_be_used_to_type_into_the_operators_shell ... ok
[INFO] [stdout] test report_accounts_for_every_requested_control ... ok
[INFO] [stdout] test wall_clock_limit_kills_the_cell ... ok
[INFO] [stdout] test the_report_pipe_is_not_open_in_the_workload ... ok
[INFO] [stdout] test network_is_unreachable_even_on_host_loopback ... ok
[INFO] [stdout] test loopback_only_cell_reaches_its_own_loopback_but_not_the_hosts ... ok
[INFO] [stdout] test the_destination_allow_list_is_enforced_by_landlock_and_reported_as_active ... ok
[INFO] [stdout] test the_host_kernel_log_cannot_be_read_from_inside_a_cell ... ok
[INFO] [stdout] test the_workload_has_no_controlling_terminal_even_when_started_from_one ... ok
[INFO] [stdout] 
[INFO] [stdout] failures:
[INFO] [stdout] 
[INFO] [stdout] ---- a_grant_of_root_refuses_the_launch_for_the_reason_it_names stdout ----
[INFO] [stdout] 
[INFO] [stdout] thread 'a_grant_of_root_refuses_the_launch_for_the_reason_it_names' (4180) panicked at crates/jlr-cell/tests/cell.rs:650:13:
[INFO] [stdout] the refusal must name its real reason: ["user-ns: unshare: EPERM: Operation not permitted", "mount-ns: unshare: EPERM: Operation not permitted", "pid-ns: unshare: EPERM: Operation not permitted", "ipc-ns: unshare: EPERM: Operation not permitted", "uts-ns: unshare: EPERM: Operation not permitted", "net-ns: unshare: EPERM: Operation not permitted", "mount-ns: cannot create namespaces: EPERM: Operation not permitted", "no-new-privs: not established", "cap-drop: not established", "seccomp: not established", "landlock-fs: not established", "rlimits: not established", "cgroup: not established"]
[INFO] [stdout] stack backtrace:
[INFO] [stdout]    0:     0x57586eae8806 - <unknown>
[INFO] [stdout]    1:     0x57586ea82c5a - <unknown>
[INFO] [stdout]    2:     0x57586eaeec6c - <unknown>
[INFO] [stdout]    3:     0x57586eac32b2 - <unknown>
[INFO] [stdout]    4:     0x57586eadf541 - <unknown>
[INFO] [stdout]    5:     0x57586eadf722 - <unknown>
[INFO] [stdout]    6:     0x57586eac3362 - <unknown>
[INFO] [stdout]    7:     0x57586eabbe79 - <unknown>
[INFO] [stdout]    8:     0x57586eac41cd - <unknown>
[INFO] [stdout]    9:     0x57586ea8334c - <unknown>
[INFO] [stdout]   10:     0x57586ea78d06 - <unknown>
[INFO] [stdout]   11:     0x57586eaf122b - <unknown>
[INFO] [stdout]   12:     0x57586eaff0d4 - <unknown>
[INFO] [stdout]   13:     0x57586eaf8804 - <unknown>
[INFO] [stdout]   14:     0x57586eb02e92 - <unknown>
[INFO] [stdout]   15:     0x57586eae7144 - <unknown>
[INFO] [stdout]   16:     0x73b5bb4f9dfa - <unknown>
[INFO] [stdout]   17:     0x73b5bb58d3d4 - clone
[INFO] [stdout]   18:                0x0 - <unknown>
[INFO] [stdout] 
[INFO] [stdout] 
[INFO] [stdout] failures:
[INFO] [stdout]     a_grant_of_root_refuses_the_launch_for_the_reason_it_names
[INFO] [stdout] 
[INFO] [stdout] test result: FAILED. 25 passed; 1 failed; 0 ignored; 0 measured; 0 filtered out; finished in 0.07s
[INFO] [stdout] 
[INFO] [stderr] error: test failed, to rerun pass `-p jlr-cell --test cell`
[INFO] running `Command { std: "docker" "inspect" "ee9638c4f502e46c63863b9c1f6b2c87052be02a166ded73276bf7e693e08762", kill_on_drop: false }`
[INFO] running `Command { std: "docker" "rm" "-f" "ee9638c4f502e46c63863b9c1f6b2c87052be02a166ded73276bf7e693e08762", kill_on_drop: false }`
[INFO] [stdout] ee9638c4f502e46c63863b9c1f6b2c87052be02a166ded73276bf7e693e08762
