[INFO] cloning repository https://github.com/cgilldev/terminal-rpg
[INFO] running `Command { std: "git" "-c" "credential.helper=" "-c" "credential.helper=/workspace/cargo-home/bin/git-credential-null" "clone" "--bare" "https://github.com/cgilldev/terminal-rpg" "/workspace/cache/git-repos/https%3A%2F%2Fgithub.com%2Fcgilldev%2Fterminal-rpg", kill_on_drop: false }`
[INFO] [stderr] Cloning into bare repository '/workspace/cache/git-repos/https%3A%2F%2Fgithub.com%2Fcgilldev%2Fterminal-rpg'...
[INFO] running `Command { std: "git" "rev-parse" "HEAD", kill_on_drop: false }`
[INFO] [stdout] 589a968ea73ab1786d4f4aa0df7c2cd1f5c1559e
[INFO] testing cgilldev/terminal-rpg against 1.99.0-beta.8+cargoflags=--release for beta-release-1.100-2
[INFO] running `Command { std: "git" "clone" "/workspace/cache/git-repos/https%3A%2F%2Fgithub.com%2Fcgilldev%2Fterminal-rpg" "/workspace/builds/worker-6-tc1/source", kill_on_drop: false }`
[INFO] [stderr] Cloning into '/workspace/builds/worker-6-tc1/source'...
[INFO] [stderr] done.
[INFO] started tweaking git repo https://github.com/cgilldev/terminal-rpg
[INFO] finished tweaking git repo https://github.com/cgilldev/terminal-rpg
[INFO] tweaked toml for git repo https://github.com/cgilldev/terminal-rpg written to /workspace/builds/worker-6-tc1/source/Cargo.toml
[INFO] validating manifest of git repo https://github.com/cgilldev/terminal-rpg on toolchain 1.99.0-beta.8
[INFO] running `Command { std: CARGO_HOME="/workspace/cargo-home" RUSTUP_HOME="/workspace/rustup-home" "/workspace/cargo-home/bin/cargo" "+1.99.0-beta.8" "metadata" "--manifest-path" "Cargo.toml" "--no-deps", kill_on_drop: false }`
[INFO] crate git repo https://github.com/cgilldev/terminal-rpg already has a lockfile, it will not be regenerated
[INFO] running `Command { std: CARGO_HOME="/workspace/cargo-home" RUSTUP_HOME="/workspace/rustup-home" "/workspace/cargo-home/bin/cargo" "+1.99.0-beta.8" "fetch" "--manifest-path" "Cargo.toml", kill_on_drop: false }`
[INFO] [stderr]     Updating crates.io index
[INFO] [stderr]  Downloading crates ...
[INFO] [stderr]   Downloaded aes-gcm v0.11.0
[INFO] [stderr]   Downloaded wnaf v0.14.0
[INFO] [stderr]   Downloaded blake2 v0.11.0-rc.6
[INFO] [stderr]   Downloaded keccak v0.2.1
[INFO] [stderr]   Downloaded argon2 v0.6.0-rc.8
[INFO] [stderr]   Downloaded russh v0.62.5
[INFO] [stderr]   Downloaded generic-array v1.4.4
[INFO] [stderr]   Downloaded internal-russh-num-bigint v0.5.0
[INFO] [stderr]   Downloaded pageant v0.2.1
[INFO] [stderr]   Downloaded ratatui-widgets v0.3.2
[INFO] [stderr]   Downloaded ratatui v0.30.2
[INFO] [stderr]   Downloaded palette_math v0.7.7
[INFO] [stderr]   Downloaded ratatui-core v0.1.2
[INFO] [stderr]   Downloaded palette_derive v0.7.7
[INFO] [stderr]   Downloaded palette v0.7.7
[INFO] [stderr]   Downloaded lru v0.18.2
[INFO] [stderr]   Downloaded instability v0.3.13
[INFO] [stderr]   Downloaded line-clipping v0.3.8
[INFO] [stderr]   Downloaded ratatui-termwiz v0.1.2
[INFO] [stderr]   Downloaded ratatui-crossterm v0.1.2
[INFO] [stderr]   Downloaded ratatui-termina v0.1.0
[INFO] [stderr]   Downloaded pest_derive v2.8.8
[INFO] [stderr]   Downloaded pest_generator v2.8.8
[INFO] [stderr]   Downloaded pest v2.8.8
[INFO] [stderr]   Downloaded termina v0.3.3
[INFO] [stderr]   Downloaded ratatui-macros v0.7.2
[INFO] [stderr]   Downloaded pest_meta v2.8.8
[INFO] running `Command { std: "docker" "create" "-v" "/var/lib/crater-agent-workspace/builds/worker-6-tc1/source:/opt/rustwide/workdir:ro,Z" "-v" "/var/lib/crater-agent-workspace/builds/worker-6-tc1/target:/opt/rustwide/target:rw,Z" "-v" "/var/lib/crater-agent-workspace/cargo-home:/opt/rustwide/cargo-home:ro,Z" "-v" "/var/lib/crater-agent-workspace/rustup-home:/opt/rustwide/rustup-home:ro,Z" "-m" "1610612736" "--network" "none" "ghcr.io/rust-lang/crates-build-env/linux@sha256:77db811e55d90add9212f6832c23229e3de5f1c1f9905e8cb07319ea15df73ac" "sleep" "infinity", kill_on_drop: false }`
[INFO] [stdout] 11c36c152abfdbd411ec2ff203a0ce05ab82c75244b7c1b53ecd3a3ec975b090
[INFO] running `Command { std: "docker" "start" "11c36c152abfdbd411ec2ff203a0ce05ab82c75244b7c1b53ecd3a3ec975b090", kill_on_drop: false }`
[INFO] running `Command { std: "docker" "inspect" "11c36c152abfdbd411ec2ff203a0ce05ab82c75244b7c1b53ecd3a3ec975b090", kill_on_drop: false }`
[INFO] running `Command { std: "docker" "exec" "-e" "SOURCE_DIR=/opt/rustwide/workdir" "-e" "CARGO_HOME=/opt/rustwide/cargo-home" "-e" "RUSTUP_HOME=/opt/rustwide/rustup-home" "-e" "CARGO_TARGET_DIR=/opt/rustwide/target" "-w" "/opt/rustwide/workdir" "--user" "0:0" "11c36c152abfdbd411ec2ff203a0ce05ab82c75244b7c1b53ecd3a3ec975b090" "/opt/rustwide/cargo-home/bin/cargo" "+1.99.0-beta.8" "metadata" "--no-deps" "--format-version=1", kill_on_drop: false }`
[INFO] running `Command { std: "docker" "inspect" "11c36c152abfdbd411ec2ff203a0ce05ab82c75244b7c1b53ecd3a3ec975b090", kill_on_drop: false }`
[INFO] running `Command { std: "docker" "exec" "-e" "SOURCE_DIR=/opt/rustwide/workdir" "-e" "CARGO_HOME=/opt/rustwide/cargo-home" "-e" "RUSTUP_HOME=/opt/rustwide/rustup-home" "-e" "CARGO_TARGET_DIR=/opt/rustwide/target" "-e" "CARGO_INCREMENTAL=0" "-e" "RUST_BACKTRACE=full" "-e" "RUSTFLAGS=--cap-lints=warn" "-e" "RUSTDOCFLAGS=--cap-lints=warn" "-w" "/opt/rustwide/workdir" "--user" "0:0" "11c36c152abfdbd411ec2ff203a0ce05ab82c75244b7c1b53ecd3a3ec975b090" "/opt/rustwide/cargo-home/bin/cargo" "+1.99.0-beta.8" "build" "--frozen" "--message-format=json" "--release", kill_on_drop: false }`
[INFO] [stderr]    Compiling libc v0.2.189
[INFO] [stderr]    Compiling cfg-if v1.0.4
[INFO] [stderr]    Compiling typenum v1.20.1
[INFO] [stderr]    Compiling zeroize v1.9.0
[INFO] [stderr]    Compiling subtle v2.6.1
[INFO] [stderr]    Compiling cmov v0.5.4
[INFO] [stderr]    Compiling rand_core v0.10.1
[INFO] [stderr]    Compiling getrandom v0.4.3
[INFO] [stderr]    Compiling proc-macro2 v1.0.107
[INFO] [stderr]    Compiling unicode-ident v1.0.24
[INFO] [stderr]    Compiling quote v1.0.47
[INFO] [stderr]    Compiling const-oid v0.10.2
[INFO] [stderr]    Compiling cpufeatures v0.3.0
[INFO] [stderr]    Compiling ctutils v0.4.2
[INFO] [stderr]    Compiling cpubits v0.1.1
[INFO] [stderr]    Compiling autocfg v1.5.1
[INFO] [stderr]    Compiling base64ct v1.8.3
[INFO] [stderr]    Compiling log v0.4.33
[INFO] [stderr]    Compiling itoa v1.0.18
[INFO] [stderr]    Compiling bytes v1.12.1
[INFO] [stderr]    Compiling pin-project-lite v0.2.17
[INFO] [stderr]    Compiling smallvec v1.15.2
[INFO] [stderr]    Compiling pem-rfc7468 v1.0.0
[INFO] [stderr]    Compiling num-traits v0.2.19
[INFO] [stderr]    Compiling parking_lot_core v0.9.12
[INFO] [stderr]    Compiling scopeguard v1.2.0
[INFO] [stderr]    Compiling der v0.8.1
[INFO] [stderr]    Compiling lock_api v0.4.14
[INFO] [stderr]    Compiling version_check v0.9.5
[INFO] [stderr]    Compiling futures-core v0.3.33
[INFO] [stderr]    Compiling thiserror v2.0.20
[INFO] [stderr]    Compiling hybrid-array v0.4.14
[INFO] [stderr]    Compiling generic-array v0.14.7
[INFO] [stderr]    Compiling syn v2.0.119
[INFO] [stderr]    Compiling syn v3.0.3
[INFO] [stderr]    Compiling ff v0.14.0
[INFO] [stderr]    Compiling rustversion v1.0.23
[INFO] [stderr]    Compiling bitflags v2.13.1
[INFO] [stderr]    Compiling errno v0.3.14
[INFO] [stderr]    Compiling mio v1.2.2
[INFO] [stderr]    Compiling signal-hook-registry v1.4.8
[INFO] [stderr]    Compiling crypto-common v0.2.2
[INFO] [stderr]    Compiling block-buffer v0.12.1
[INFO] [stderr]    Compiling block-padding v0.4.2
[INFO] [stderr]    Compiling crypto-bigint v0.7.5
[INFO] [stderr]    Compiling inout v0.2.2
[INFO] [stderr]    Compiling spki v0.8.0
[INFO] [stderr]    Compiling parking_lot v0.12.5
[INFO] [stderr]    Compiling futures-sink v0.3.33
[INFO] [stderr]    Compiling futures-channel v0.3.33
[INFO] [stderr]    Compiling digest v0.11.3
[INFO] [stderr]    Compiling cipher v0.5.2
[INFO] [stderr]    Compiling universal-hash v0.6.1
[INFO] [stderr]    Compiling polyval v0.7.3
[INFO] [stderr]    Compiling hmac v0.13.0
[INFO] [stderr]    Compiling pbkdf2 v0.13.0
[INFO] [stderr]    Compiling aes v0.9.2
[INFO] [stderr]    Compiling ctr v0.10.1
[INFO] [stderr]    Compiling ghash v0.6.0
[INFO] [stderr]    Compiling sha2 v0.11.0
[INFO] [stderr]    Compiling aead v0.6.1
[INFO] [stderr]    Compiling salsa20 v0.11.0
[INFO] [stderr]    Compiling cbc v0.2.1
[INFO] [stderr]    Compiling signature v3.0.0
[INFO] [stderr]    Compiling aes-gcm v0.11.0
[INFO] [stderr]    Compiling group v0.14.0
[INFO] [stderr]    Compiling foldhash v0.2.0
[INFO] [stderr]    Compiling equivalent v1.0.2
[INFO] [stderr]    Compiling base16ct v1.0.0
[INFO] [stderr]    Compiling heck v0.5.0
[INFO] [stderr]    Compiling allocator-api2 v0.2.21
[INFO] [stderr]    Compiling sec1 v0.8.1
[INFO] [stderr]    Compiling hkdf v0.13.0
[INFO] [stderr]    Compiling socket2 v0.6.5
[INFO] [stderr]    Compiling scrypt v0.12.0
[INFO] [stderr]    Compiling pkcs5 v0.8.1
[INFO] [stderr]    Compiling jobserver v0.1.35
[INFO] [stderr]    Compiling http v1.5.0
[INFO] [stderr]    Compiling memchr v2.8.3
[INFO] [stderr]    Compiling strsim v0.11.1
[INFO] [stderr]    Compiling pkcs8 v0.11.0
[INFO] [stderr]    Compiling ryu v1.0.23
[INFO] [stderr]    Compiling find-msvc-tools v0.1.10
[INFO] [stderr]    Compiling shlex v2.0.1
[INFO] [stderr]    Compiling zerocopy v0.8.56
[INFO] [stderr]    Compiling ident_case v1.0.1
[INFO] [stderr]    Compiling getrandom v0.3.4
[INFO] [stderr]    Compiling darling_core v0.24.0
[INFO] [stderr]    Compiling cc v1.4.2
[INFO] [stderr]    Compiling futures-macro v0.3.33
[INFO] [stderr]    Compiling thiserror-impl v2.0.20
[INFO] [stderr]    Compiling tokio-macros v2.7.2
[INFO] [stderr]    Compiling elliptic-curve v0.14.1
[INFO] [stderr]    Compiling tokio v1.53.1
[INFO] [stderr]    Compiling futures-io v0.3.33
[INFO] [stderr]    Compiling either v1.17.0
[INFO] [stderr]    Compiling slab v0.4.12
[INFO] [stderr]    Compiling httparse v1.10.1
[INFO] [stderr]    Compiling semver v1.0.28
[INFO] [stderr]    Compiling serde_core v1.0.229
[INFO] [stderr]    Compiling futures-task v0.3.33
[INFO] [stderr]    Compiling once_cell v1.21.4
[INFO] [stderr]    Compiling itertools v0.14.0
[INFO] [stderr]    Compiling futures-util v0.3.33
[INFO] [stderr]    Compiling rustc_version v0.4.1
[INFO] [stderr]    Compiling tracing-core v0.1.36
[INFO] [stderr]    Compiling cmake v0.1.58
[INFO] [stderr]    Compiling strum_macros v0.28.0
[INFO] [stderr]    Compiling primefield v0.14.0
[INFO] [stderr]    Compiling rfc6979 v0.6.0
[INFO] [stderr]    Compiling hashbrown v0.17.1
[INFO] [stderr]    Compiling darling_macro v0.24.0
[INFO] [stderr]    Compiling hashbrown v0.16.1
[INFO] [stderr]    Compiling wnaf v0.14.0
[INFO] [stderr]    Compiling castaway v0.2.4
[INFO] [stderr]    Compiling signal-hook v0.3.18
[INFO] [stderr]    Compiling instability v0.3.13
[INFO] [stderr]    Compiling unicode-segmentation v1.13.3
[INFO] [stderr]    Compiling dunce v1.0.5
[INFO] [stderr]    Compiling unicode-width v0.2.2
[INFO] [stderr]    Compiling fs_extra v1.3.0
[INFO] [stderr]    Compiling static_assertions v1.1.0
[INFO] [stderr]    Compiling pkg-config v0.3.33
[INFO] [stderr]    Compiling compact_str v0.9.1
[INFO] [stderr]    Compiling convert_case v0.10.0
[INFO] [stderr]    Compiling unicode-truncate v2.0.1
[INFO] [stderr]    Compiling kasuari v0.4.12
[INFO] [stderr]    Compiling strum v0.28.0
[INFO] [stderr]    Compiling lru v0.18.2
[INFO] [stderr]    Compiling aws-lc-sys v0.44.0
[INFO] [stderr]    Compiling primeorder v0.14.0
[INFO] [stderr]    Compiling darling v0.24.0
[INFO] [stderr]    Compiling ecdsa v0.17.0
[INFO] [stderr]    Compiling rand_core v0.9.5
[INFO] [stderr]    Compiling curve25519-dalek v5.0.0
[INFO] [stderr]    Compiling tracing-attributes v0.1.31
[INFO] [stderr]    Compiling http-body v1.1.0
[INFO] [stderr]    Compiling chacha20 v0.10.1
[INFO] [stderr]    Compiling block-buffer v0.10.4
[INFO] [stderr]    Compiling crypto-common v0.1.7
[INFO] [stderr]    Compiling cfg_aliases v0.2.2
[INFO] [stderr]    Compiling critical-section v1.2.0
[INFO] [stderr]    Compiling rustix v1.1.4
[INFO] [stderr]    Compiling indoc v2.0.7
[INFO] [stderr]    Compiling ratatui-core v0.1.2
[INFO] [stderr]    Compiling nix v0.31.3
[INFO] [stderr]    Compiling digest v0.10.7
[INFO] [stderr]    Compiling derive_more-impl v2.1.1
[INFO] [stderr]    Compiling tracing v0.1.44
[INFO] [stderr]    Compiling ppv-lite86 v0.2.21
[INFO] [stderr]    Compiling curve25519-dalek-derive v0.1.1
[INFO] [stderr]    Compiling ssh-encoding v0.3.0
[INFO] [stderr]    Compiling rand_chacha v0.9.0
[INFO] [stderr]    Compiling keccak v0.2.1
[INFO] [stderr]    Compiling tower-service v0.3.3
[INFO] [stderr]    Compiling powerfmt v0.2.0
[INFO] [stderr]    Compiling num-conv v0.2.2
[INFO] [stderr]    Compiling litrs v1.0.0
[INFO] [stderr]    Compiling byteorder v1.5.0
[INFO] [stderr]    Compiling cpufeatures v0.2.17
[INFO] [stderr]    Compiling serde v1.0.229
[INFO] [stderr]    Compiling time-core v0.1.9
[INFO] [stderr]    Compiling zmij v1.0.23
[INFO] [stderr]    Compiling data-encoding v2.11.1
[INFO] [stderr]    Compiling num_threads v0.1.7
[INFO] [stderr]    Compiling utf8parse v0.2.2
[INFO] [stderr]    Compiling deranged v0.5.8
[INFO] [stderr]    Compiling crc32fast v1.5.0
[INFO] [stderr]    Compiling linux-raw-sys v0.12.1
[INFO] [stderr]    Compiling document-features v0.2.12
[INFO] [stderr]    Compiling anstyle-parse v1.0.0
[INFO] [stderr]    Compiling sha1 v0.10.7
[INFO] [stderr]    Compiling blowfish v0.10.0
[INFO] [stderr]    Compiling rand v0.9.5
[INFO] [stderr]    Compiling time v0.3.55
[INFO] [stderr]    Compiling derive_more v2.1.1
[INFO] [stderr]    Compiling signal-hook-mio v0.2.5
[INFO] [stderr]    Compiling serde_derive v1.0.229
[INFO] [stderr]    Compiling ed25519 v3.0.0
[INFO] [stderr]    Compiling crypto-primes v0.7.2
[INFO] [stderr]    Compiling blake2 v0.11.0-rc.6
[INFO] [stderr]    Compiling poly1305 v0.9.1
[INFO] [stderr]    Compiling pkcs1 v0.8.0-rc.4
[INFO] [stderr]    Compiling num-integer v0.1.46
[INFO] [stderr]    Compiling line-clipping v0.3.8
[INFO] [stderr]    Compiling anstyle-query v1.1.5
[INFO] [stderr]    Compiling sync_wrapper v1.0.2
[INFO] [stderr]    Compiling simd-adler32 v0.3.10
[INFO] [stderr]    Compiling httpdate v1.0.3
[INFO] [stderr]    Compiling serde_json v1.0.151
[INFO] [stderr]    Compiling is_terminal_polyfill v1.70.2
[INFO] [stderr]    Compiling aws-lc-rs v1.18.0
[INFO] [stderr]    Compiling colorchoice v1.0.5
[INFO] [stderr]    Compiling tower-layer v0.3.3
[INFO] [stderr]    Compiling percent-encoding v2.3.2
[INFO] [stderr]    Compiling atomic-waker v1.1.2
[INFO] [stderr]    Compiling adler2 v2.0.1
[INFO] [stderr]    Compiling anstyle v1.0.14
[INFO] [stderr]    Compiling regex-syntax v0.8.11
[INFO] [stderr]    Compiling anstream v1.0.0
[INFO] [stderr]    Compiling miniz_oxide v0.8.9
[INFO] [stderr]    Compiling hyper v1.11.0
[INFO] [stderr]    Compiling form_urlencoded v1.2.2
[INFO] [stderr]    Compiling ratatui-widgets v0.3.2
[INFO] [stderr]    Compiling rsa v0.10.0-rc.18
[INFO] [stderr]    Compiling ssh-cipher v0.3.0
[INFO] [stderr]    Compiling regex-automata v0.4.18
[INFO] [stderr]    Compiling argon2 v0.6.0-rc.8
[INFO] [stderr]    Compiling ed25519-dalek v3.0.0
[INFO] [stderr]    Compiling crossterm v0.29.0
[INFO] [stderr]    Compiling tungstenite v0.29.0
[INFO] [stderr]    Compiling bcrypt-pbkdf v0.11.0
[INFO] [stderr]    Compiling sha3 v0.11.0
[INFO] [stderr]    Compiling rand v0.10.2
[INFO] [stderr]    Compiling http-body-util v0.1.4
[INFO] [stderr]    Compiling p256 v0.14.0
[INFO] [stderr]    Compiling p384 v0.14.0
[INFO] [stderr]    Compiling p521 v0.14.0
[INFO] [stderr]    Compiling futures-executor v0.3.33
[INFO] [stderr]    Compiling sha1 v0.11.0
[INFO] [stderr]    Compiling kem v0.3.0
[INFO] [stderr]    Compiling module-lattice v0.2.3
[INFO] [stderr]    Compiling sponge-cursor v0.1.0
[INFO] [stderr]    Compiling untrusted v0.7.1
[INFO] [stderr]    Compiling lazy_static v1.5.0
[INFO] [stderr]    Compiling anyhow v1.0.104
[INFO] [stderr]    Compiling clap_lex v1.1.0
[INFO] [stderr]    Compiling mime v0.3.17
[INFO] [stderr]    Compiling hex v0.4.3
[INFO] [stderr]    Compiling axum-core v0.5.6
[INFO] [stderr]    Compiling clap_builder v4.6.6
[INFO] [stderr]    Compiling sharded-slab v0.1.7
[INFO] [stderr]    Compiling enum_dispatch v0.3.13
[INFO] [stderr]    Compiling ml-kem v0.3.2
[INFO] [stderr]    Compiling sha3 v0.12.0
[INFO] [stderr]    Compiling futures v0.3.33
[INFO] [stderr]    Compiling internal-russh-num-bigint v0.5.0
[INFO] [stderr]    Compiling flate2 v1.1.9
[INFO] [stderr]    Compiling ratatui-crossterm v0.1.2
[INFO] [stderr]    Compiling tokio-tungstenite v0.29.0
[INFO] [stderr]    Compiling russh-cryptovec v0.62.0
[INFO] [stderr]    Compiling ssh-key v0.7.0-rc.11
[INFO] [stderr]    Compiling matchers v0.2.0
[INFO] [stderr]    Compiling ratatui-macros v0.7.2
[INFO] [stderr]    Compiling hyper-util v0.1.20
[INFO] [stderr]    Compiling serde_urlencoded v0.7.1
[INFO] [stderr]    Compiling tower v0.5.3
[INFO] [stderr]    Compiling num-bigint v0.4.8
[INFO] [stderr]    Compiling serde_path_to_error v0.1.20
[INFO] [stderr]    Compiling russh-util v0.52.0
[INFO] [stderr]    Compiling tracing-log v0.2.0
[INFO] [stderr]    Compiling clap_derive v4.6.4
[INFO] [stderr]    Compiling delegate v0.13.5
[INFO] [stderr]    Compiling generic-array v1.4.4
[INFO] [stderr]    Compiling thread_local v1.1.10
[INFO] [stderr]    Compiling hex-literal v1.1.0
[INFO] [stderr]    Compiling matchit v0.8.4
[INFO] [stderr]    Compiling nu-ansi-term v0.50.3
[INFO] [stderr]    Compiling md5 v0.8.1
[INFO] [stderr]    Compiling base64 v0.22.1
[INFO] [stderr]    Compiling clap v4.6.6
[INFO] [stderr]    Compiling tracing-subscriber v0.3.23
[INFO] [stderr]    Compiling ratatui v0.30.2
[INFO] [stderr]    Compiling axum v0.8.9
[INFO] [stderr]    Compiling russh v0.62.5
[INFO] [stderr]    Compiling terminal-rpg v0.1.0 (/opt/rustwide/workdir)
[INFO] [stderr]     Finished `release` profile [optimized] target(s) in 7m 24s
[INFO] running `Command { std: "docker" "inspect" "11c36c152abfdbd411ec2ff203a0ce05ab82c75244b7c1b53ecd3a3ec975b090", kill_on_drop: false }`
[INFO] running `Command { std: "docker" "exec" "-e" "SOURCE_DIR=/opt/rustwide/workdir" "-e" "CARGO_HOME=/opt/rustwide/cargo-home" "-e" "RUSTUP_HOME=/opt/rustwide/rustup-home" "-e" "CARGO_TARGET_DIR=/opt/rustwide/target" "-e" "CARGO_INCREMENTAL=0" "-e" "RUST_BACKTRACE=full" "-e" "RUSTFLAGS=--cap-lints=warn" "-e" "RUSTDOCFLAGS=--cap-lints=warn" "-w" "/opt/rustwide/workdir" "--user" "0:0" "11c36c152abfdbd411ec2ff203a0ce05ab82c75244b7c1b53ecd3a3ec975b090" "/opt/rustwide/cargo-home/bin/cargo" "+1.99.0-beta.8" "test" "--frozen" "--no-run" "--message-format=json" "--release", kill_on_drop: false }`
[INFO] [stderr]    Compiling rustix v1.1.4
[INFO] [stderr]    Compiling regex-syntax v0.8.11
[INFO] [stderr]    Compiling fastrand v2.5.0
[INFO] [stderr]    Compiling wait-timeout v0.2.1
[INFO] [stderr]    Compiling bit-vec v0.8.0
[INFO] [stderr]    Compiling quick-error v1.2.3
[INFO] [stderr]    Compiling rand_xorshift v0.4.0
[INFO] [stderr]    Compiling console v0.16.4
[INFO] [stderr]    Compiling similar v2.7.0
[INFO] [stderr]    Compiling unarray v0.1.4
[INFO] [stderr]    Compiling bit-set v0.8.0
[INFO] [stderr]    Compiling regex-automata v0.4.18
[INFO] [stderr]    Compiling crossterm v0.29.0
[INFO] [stderr]    Compiling tempfile v3.27.0
[INFO] [stderr]    Compiling rusty-fork v0.3.1
[INFO] [stderr]    Compiling insta v1.48.0
[INFO] [stderr]    Compiling proptest v1.11.0
[INFO] [stderr]    Compiling ratatui-crossterm v0.1.2
[INFO] [stderr]    Compiling ratatui v0.30.2
[INFO] [stderr]    Compiling matchers v0.2.0
[INFO] [stderr]    Compiling tracing-subscriber v0.3.23
[INFO] [stderr]    Compiling terminal-rpg v0.1.0 (/opt/rustwide/workdir)
[INFO] [stderr]     Finished `release` profile [optimized] target(s) in 2m 40s
[INFO] running `Command { std: "docker" "inspect" "11c36c152abfdbd411ec2ff203a0ce05ab82c75244b7c1b53ecd3a3ec975b090", kill_on_drop: false }`
[INFO] running `Command { std: "docker" "exec" "-e" "SOURCE_DIR=/opt/rustwide/workdir" "-e" "CARGO_HOME=/opt/rustwide/cargo-home" "-e" "RUSTUP_HOME=/opt/rustwide/rustup-home" "-e" "CARGO_TARGET_DIR=/opt/rustwide/target" "-e" "CARGO_INCREMENTAL=0" "-e" "RUST_BACKTRACE=full" "-e" "RUSTFLAGS=--cap-lints=warn" "-e" "RUSTDOCFLAGS=--cap-lints=warn" "-w" "/opt/rustwide/workdir" "--user" "0:0" "11c36c152abfdbd411ec2ff203a0ce05ab82c75244b7c1b53ecd3a3ec975b090" "/opt/rustwide/cargo-home/bin/cargo" "+1.99.0-beta.8" "test" "--frozen" "--release", kill_on_drop: false }`
[INFO] [stderr]     Finished `release` profile [optimized] target(s) in 0.53s
[INFO] [stderr]      Running unittests src/lib.rs (/opt/rustwide/target/release/deps/terminal_rpg-6392217e8451cc86)
[INFO] [stdout] 
[INFO] [stdout] running 85 tests
[INFO] [stdout] test game::inspection::tests::every_typed_inspectable_variant_has_specific_metadata ... ok
[INFO] [stdout] test game::classes::tests::catalogs_validate_multiple_classes_loadouts_and_serialization ... ok
[INFO] [stdout] test game::classes::tests::catalogs_reject_duplicate_invalid_and_unsupported_definitions ... ok
[INFO] [stdout] test game::items::tests::potion_heals_caps_consumes_and_only_success_advances ... ok
[INFO] [stdout] test game::classes::tests::mana_metadata_is_validated ... ok
[INFO] [stdout] test game::items::tests::serialized_item_references_are_explicitly_validated ... ok
[INFO] [stdout] test game::tests::armor_never_reduces_a_successful_hit_below_one_and_defeat_removes_actor ... ok
[INFO] [stdout] test game::tests::alternate_catalog_class_uses_generic_construction_execution_and_restart ... ok
[INFO] [stdout] test game::items::tests::torch_extends_occluded_visibility_without_stacking ... ok
[INFO] [stdout] test game::items::tests::player_inspection_includes_carried_definitions_but_other_tiles_do_not ... ok
[INFO] [stdout] test game::items::tests::item_mode_is_exclusive_and_seeded_restart_restores_placement ... ok
[INFO] [stdout] test game::items::tests::item_catalog_validates_ids_effects_and_serializes ... ok
[INFO] [stdout] test game::tests::cleave_hits_all_adjacent_targets_in_stable_id_order ... ok
[INFO] [stdout] test game::tests::combat_stream_replays_and_restarts_without_changing_world_generation ... ok
[INFO] [stdout] test game::tests::bump_attacks_use_seeded_variable_damage_and_hold_position ... ok
[INFO] [stdout] test game::tests::bumping_a_door_opens_it_for_one_turn_without_moving ... ok
[INFO] [stdout] test game::tests::cleave_rejections_are_free_and_four_later_turns_restore_it ... ok
[INFO] [stdout] test game::tests::combat_rolls_are_bounded_variable_and_count_only_successful_hits ... ok
[INFO] [stdout] test game::tests::cultist_hex_telegraphs_and_can_be_evaded_while_cultists_keep_distance ... ok
[INFO] [stdout] test game::tests::default_and_explicit_grave_knight_construction_are_identical ... ok
[INFO] [stdout] test game::items::tests::pickup_uses_lowest_slot_costs_one_turn_and_rejects_failures ... ok
[INFO] [stdout] test game::tests::exit_victory_precedes_enemy_response_with_living_hostiles ... ok
[INFO] [stdout] test game::tests::detection_uses_independent_los_radius_and_activation_persists ... ok
[INFO] [stdout] test game::tests::enemies_act_in_stable_id_order_and_can_kill_the_player ... ok
[INFO] [stdout] test game::tests::entering_the_exit_wins_immediately ... ok
[INFO] [stdout] test game::tests::explicit_restart_repeats_and_unseeded_restart_uses_candidate ... ok
[INFO] [stdout] test game::tests::explored_memory_survives_after_visibility_moves_away ... ok
[INFO] [stdout] test game::tests::ghoul_lunge_telegraphs_then_hits_or_moves_to_an_evaded_mark ... ok
[INFO] [stdout] test game::tests::diagonals_cannot_cut_either_blocked_corner ... ok
[INFO] [stdout] test game::tests::grave_bolt_targeting_is_deterministic_free_until_confirmed_and_serializable ... ok
[INFO] [stdout] test game::tests::identical_seed_and_commands_reproduce_complete_exploration_state ... ok
[INFO] [stdout] test game::tests::inspect_cursor_is_bounded_modal_and_entirely_turn_free ... ok
[INFO] [stdout] test game::tests::inspection_respects_fog_and_orders_live_facts_stably ... ok
[INFO] [stdout] test game::tests::movement_wait_walls_and_turn_rules_are_authoritative ... ok
[INFO] [stdout] test game::tests::mana_costs_regenerate_only_on_advanced_turns_and_restart_full ... ok
[INFO] [stdout] test game::tests::movement_cannot_leave_map_bounds ... ok
[INFO] [stdout] test game::tests::player_damage_uses_armor_and_death_is_immediate ... ok
[INFO] [stdout] test game::tests::title_and_help_are_free_state_changes ... ok
[INFO] [stdout] test game::tests::walls_doors_and_corners_occlude_field_of_view ... ok
[INFO] [stdout] test game::tests::skeletons_pursue_open_doors_and_attack ... ok
[INFO] [stdout] test game::tests::target_validation_cursor_bounds_cancel_and_invalid_confirm_are_free ... ok
[INFO] [stdout] test game::tests::populated_victory_and_death_restart_without_state_leakage ... ok
[INFO] [stdout] test server::tests::terminal_output_saturation_is_not_acknowledged ... ok
[INFO] [stdout] test server::tests::host_key_is_persisted_and_reloaded ... ok
[INFO] [stdout] test server::tests::ratatui_draw_surfaces_output_saturation ... ok
[INFO] [stdout] test session::tests::decoder_maps_spatial_keys_arrows_and_skill_slots ... ok
[INFO] [stdout] test session::tests::dispatch_keeps_sessions_independent_and_empty_skills_free ... ok
[INFO] [stdout] test server::tests::ssh_escape_timer_generation_cannot_flush_a_later_sequence ... ok
[INFO] [stdout] test session::tests::inspect_dispatch_preserves_cursor_across_help_and_is_session_local ... ok
[INFO] [stdout] test session::tests::item_intents_are_modal_turn_free_until_a_valid_slot_is_used ... ok
[INFO] [stdout] test ui::local::tests::local_terminal_maps_targeting_control_keys ... ok
[INFO] [stdout] test ui::tests::decoder_maps_spatial_movement_arrows_skills_and_quit ... ok
[INFO] [stdout] test ui::tests::decoder_bounds_spam_linearly_and_recovers_for_later_input ... ok
[INFO] [stdout] test ui::tests::alternate_class_identity_renders_in_every_run_state_without_overflow ... ok
[INFO] [stdout] test ui::tests::dimensions_are_capped ... ok
[INFO] [stdout] test ui::tests::ascii_profile_never_renders_non_ascii_symbols ... ok
[INFO] [stdout] test ui::tests::gameplay_intents_are_ignored_below_minimum_size ... ok
[INFO] [stdout] test ui::tests::character_menu_popup_hides_the_map_beneath_it ... ok
[INFO] [stdout] test ui::tests::partial_terminal_setup_restores_every_possible_acquisition_once ... ok
[INFO] [stdout] test ui::tests::no_color_profile_resets_all_foreground_and_background_colors ... ok
[INFO] [stdout] test ui::tests::resource_bars_clamp_and_support_ascii_and_unicode ... ok
[INFO] [stdout] test ui::tests::portrait_layout_moves_status_below_map_but_landscape_keeps_side_panel ... ok
[INFO] [stdout] test ui::tests::shared_game_intents_keep_sessions_independent ... ok
[INFO] [stdout] test ui::tests::skill_slots_dispatch_cleave_and_empty_slots_are_free ... ok
[INFO] [stdout] test ui::tests::semantic_palette_colors_representative_game_elements ... ok
[INFO] [stdout] test ui::tests::targeting_modes_are_snapshot_tested ... ok
[INFO] [stdout] test ui::tests::character_menu_profiles_are_snapshot_tested ... ok
[INFO] [stdout] test ui::tests::unseen_features_are_hidden_and_explored_terrain_uses_memory_glyphs ... ok
[INFO] [stdout] test web::tests::browser_terminal_resizes_without_a_host_tty ... ok
[INFO] [stdout] test web::tests::http_assets_have_security_and_cache_headers ... ok
[INFO] [stdout] test web::tests::output_saturation_is_reported_without_advancing_terminal_state ... ok
[INFO] [stdout] test web::tests::protocol_validates_versions_shapes_sizes_and_dimensions ... ok
[INFO] [stdout] test web::tests::routes_reject_unknown_methods_paths_and_invalid_upgrades ... ok
[INFO] [stdout] test ui::tests::exploration_and_victory_profiles_are_snapshot_tested ... ok
[INFO] [stdout] test web::tests::websocket_origin_must_exactly_match_the_http_host ... ok
[INFO] [stdout] test world::tests::extreme_configs_are_rejected_before_allocation ... ok
[INFO] [stdout] test world::tests::invalid_configs_are_rejected ... ok
[INFO] [stdout] test world::tests::tile_semantics_distinguish_closed_doors ... ok
[INFO] [stdout] test web::tests::targeting_state_is_announced_only_when_it_changes ... ok
[INFO] [stdout] test web::tests::browser_adapter_preserves_fragmented_targeting_input_and_session_isolation ... ok
[INFO] [stdout] test ui::tests::item_ground_inventory_use_and_inspection_are_snapshot_tested ... ok
[INFO] [stdout] test ui::tests::inspection_modes_are_snapshot_tested ... ok
[INFO] [stdout] test game::items::tests::generated_items_are_deterministic_distinct_and_legal ... ok
[INFO] [stdout] test ui::tests::title_screen_profiles_are_snapshot_tested ... FAILED
[INFO] [stdout] test game::tests::one_thousand_runs_have_legal_deterministic_enemy_populations ... ok
[INFO] [stdout] 
[INFO] [stdout] failures:
[INFO] [stdout] 
[INFO] [stdout] ---- ui::tests::title_screen_profiles_are_snapshot_tested stdout ----
[INFO] [stdout] ━━━━━━━━━━━━━━━━━━━━━━━━━━━━━━━ Snapshot Summary ━━━━━━━━━━━━━━━━━━━━━━━━━━━━━━━
[INFO] [stdout] Snapshot file: src/ui/snapshots/terminal_rpg__ui__tests__title_screen_unicode.snap
[INFO] [stdout] Snapshot: title_screen_unicode
[INFO] [stdout] Source: src/ui/mod.rs:1886
[INFO] [stdout] ────────────────────────────────────────────────────────────────────────────────
[INFO] [stdout] Expression: rendered_game(DisplayProfile::default(), RunStatus::Title)
[INFO] [stdout] ────────────────────────────────────────────────────────────────────────────────
[INFO] [stdout] +new results
[INFO] [stdout] ────────────┬───────────────────────────────────────────────────────────────────
[INFO] [stdout]           1 │+
[INFO] [stdout]           2 │+
[INFO] [stdout]           3 │+
[INFO] [stdout]           4 │+
[INFO] [stdout]           5 │+┌ Grave Knight ────────────────────────────────────────────────────────────────┐
[INFO] [stdout]           6 │+│        ███  ████   ███  █   █ █████ █   █ █   █ █████  ███  █   █ █████      │
[INFO] [stdout]           7 │+│       █     █   █ █   █ █   █ █     █  █  ██  █   █   █     █   █   █        │
[INFO] [stdout]           8 │+│       █ ███ ████  █████ █   █ ████  ███   █ █ █   █   █ ███ █████   █        │
[INFO] [stdout]           9 │+│       █   █ █  █  █   █  █ █  █     █  █  █  ██   █   █   █ █   █   █        │
[INFO] [stdout]          10 │+│        ███  █   █ █   █   █   █████ █   █ █   █ █████  ███  █   █   █        │
[INFO] [stdout]          11 │+│                                                                              │
[INFO] [stdout]          12 │+│                                 TERMINAL RPG                                 │
[INFO] [stdout]          13 │+│                                                                              │
[INFO] [stdout]          14 │+│                   A dark-fantasy descent into the Ossuary.                   │
[INFO] [stdout]          15 │+│                                                                              │
[INFO] [stdout]          16 │+│                           Seed 54347  Generator v1                           │
[INFO] [stdout]          17 │+│                                                                              │
[INFO] [stdout]          18 │+│                   Press Enter to descend. Press Q to quit.                   │
[INFO] [stdout]          19 │+└──────────────────────────────────────────────────────────────────────────────┘
[INFO] [stdout] ────────────┴───────────────────────────────────────────────────────────────────
[INFO] [stdout] 
[INFO] [stdout] thread 'ui::tests::title_screen_profiles_are_snapshot_tested' (5950) panicked at src/ui/mod.rs:1886:9:
[INFO] [stdout] called `Result::unwrap()` on an `Err` value: FileIo(Os { code: 30, kind: ReadOnlyFilesystem, message: "Read-only file system" }, "/opt/rustwide/workdir/src/ui/snapshots/terminal_rpg__ui__tests__title_screen_unicode.snap.new")
[INFO] [stdout] stack backtrace:
[INFO] [stdout]    0:     0x625f79446c11 - <<std[70759c8f55707aa4]::sys::backtrace::BacktraceLock>::print::DisplayBacktrace as core[df12db4294e9bfd3]::fmt::Display>::fmt
[INFO] [stdout]    1:     0x625f794602ca - core[df12db4294e9bfd3]::fmt::write
[INFO] [stdout]    2:     0x625f7944bf2c - <alloc[2182bb758b4b3781]::vec::Vec<u8> as core[df12db4294e9bfd3]::io::write::Write>::write_fmt
[INFO] [stdout]    3:     0x625f7941f086 - std[70759c8f55707aa4]::panicking::default_hook::{closure#0}
[INFO] [stdout]    4:     0x625f7943d779 - std[70759c8f55707aa4]::panicking::default_hook
[INFO] [stdout]    5:     0x625f7925f640 - test[9d35eded1c95d3be]::test_main_inner::<test[9d35eded1c95d3be]::test_main_static::{closure#0}>::{closure#0}
[INFO] [stdout]    6:     0x625f7943daa2 - std[70759c8f55707aa4]::panicking::panic_with_hook
[INFO] [stdout]    7:     0x625f7941f132 - std[70759c8f55707aa4]::panicking::panic_handler::{closure#0}
[INFO] [stdout]    8:     0x625f79417419 - std[70759c8f55707aa4]::sys::backtrace::__rust_end_short_backtrace::<std[70759c8f55707aa4]::panicking::panic_handler::{closure#0}, !>
[INFO] [stdout]    9:     0x625f7941fedd - __rustc[8fa7c3cbc660c2b3]::rust_begin_unwind
[INFO] [stdout]   10:     0x625f79460a2c - core[df12db4294e9bfd3]::panicking::panic_fmt
[INFO] [stdout]   11:     0x625f79460802 - core[df12db4294e9bfd3]::result::unwrap_failed
[INFO] [stdout]   12:     0x625f7912820f - terminal_rpg[68cbceb18fe98ecd]::ui::tests::title_screen_profiles_are_snapshot_tested
[INFO] [stdout]   13:     0x625f791e1c79 - <terminal_rpg[68cbceb18fe98ecd]::ui::tests::title_screen_profiles_are_snapshot_tested::{closure#0} as core[df12db4294e9bfd3]::ops::function::FnOnce<()>>::call_once
[INFO] [stdout]   14:     0x625f7925292b - test[9d35eded1c95d3be]::__rust_begin_short_backtrace::<core[df12db4294e9bfd3]::result::Result<(), alloc[2182bb758b4b3781]::string::String>, fn() -> core[df12db4294e9bfd3]::result::Result<(), alloc[2182bb758b4b3781]::string::String>>
[INFO] [stdout]   15:     0x625f7925ff95 - test[9d35eded1c95d3be]::run_test::{closure#0}
[INFO] [stdout]   16:     0x625f79259854 - std[70759c8f55707aa4]::sys::backtrace::__rust_begin_short_backtrace::<test[9d35eded1c95d3be]::run_test::{closure#1}, ()>
[INFO] [stdout]   17:     0x625f792630f2 - <std[70759c8f55707aa4]::thread::lifecycle::spawn_unchecked<test[9d35eded1c95d3be]::run_test::{closure#1}, ()>::{closure#1} as core[df12db4294e9bfd3]::ops::function::FnOnce<()>>::call_once::{shim:vtable#0}
[INFO] [stdout]   18:     0x625f794457f9 - <std[70759c8f55707aa4]::sys::thread::unix::Thread>::new::thread_start
[INFO] [stdout]   19:     0x7704a4f1cdfa - <unknown>
[INFO] [stdout]   20:     0x7704a4fb03d4 - clone
[INFO] [stdout]   21:                0x0 - <unknown>
[INFO] [stdout] 
[INFO] [stdout] 
[INFO] [stdout] failures:
[INFO] [stdout]     ui::tests::title_screen_profiles_are_snapshot_tested
[INFO] [stdout] 
[INFO] [stdout] test result: FAILED. 84 passed; 1 failed; 0 ignored; 0 measured; 0 filtered out; finished in 1.58s
[INFO] [stdout] 
[INFO] [stderr] error: test failed, to rerun pass `--lib`
[INFO] running `Command { std: "docker" "inspect" "11c36c152abfdbd411ec2ff203a0ce05ab82c75244b7c1b53ecd3a3ec975b090", kill_on_drop: false }`
[INFO] running `Command { std: "docker" "rm" "-f" "11c36c152abfdbd411ec2ff203a0ce05ab82c75244b7c1b53ecd3a3ec975b090", kill_on_drop: false }`
[INFO] [stdout] 11c36c152abfdbd411ec2ff203a0ce05ab82c75244b7c1b53ecd3a3ec975b090
