[INFO] cloning repository https://github.com/camark/RustMingUtils
[INFO] running `Command { std: "git" "-c" "credential.helper=" "-c" "credential.helper=/workspace/cargo-home/bin/git-credential-null" "clone" "--bare" "https://github.com/camark/RustMingUtils" "/workspace/cache/git-repos/https%3A%2F%2Fgithub.com%2Fcamark%2FRustMingUtils", kill_on_drop: false }`
[INFO] [stderr] Cloning into bare repository '/workspace/cache/git-repos/https%3A%2F%2Fgithub.com%2Fcamark%2FRustMingUtils'...
[INFO] running `Command { std: "git" "rev-parse" "HEAD", kill_on_drop: false }`
[INFO] [stdout] c8a31b3157b81dbab319ab8652786758c61ea6f3
[INFO] testing camark/RustMingUtils against 1.100.0-beta.1+cargoflags=--release for beta-release-1.100-2
[INFO] running `Command { std: "git" "clone" "/workspace/cache/git-repos/https%3A%2F%2Fgithub.com%2Fcamark%2FRustMingUtils" "/workspace/builds/worker-2-tc2/source", kill_on_drop: false }`
[INFO] [stderr] Cloning into '/workspace/builds/worker-2-tc2/source'...
[INFO] [stderr] done.
[INFO] started tweaking git repo https://github.com/camark/RustMingUtils
[INFO] finished tweaking git repo https://github.com/camark/RustMingUtils
[INFO] tweaked toml for git repo https://github.com/camark/RustMingUtils written to /workspace/builds/worker-2-tc2/source/Cargo.toml
[INFO] validating manifest of git repo https://github.com/camark/RustMingUtils on toolchain 1.100.0-beta.1
[INFO] running `Command { std: CARGO_HOME="/workspace/cargo-home" RUSTUP_HOME="/workspace/rustup-home" "/workspace/cargo-home/bin/cargo" "+1.100.0-beta.1" "metadata" "--manifest-path" "Cargo.toml" "--no-deps", kill_on_drop: false }`
[INFO] crate git repo https://github.com/camark/RustMingUtils already has a lockfile, it will not be regenerated
[INFO] running `Command { std: CARGO_HOME="/workspace/cargo-home" RUSTUP_HOME="/workspace/rustup-home" "/workspace/cargo-home/bin/cargo" "+1.100.0-beta.1" "fetch" "--manifest-path" "Cargo.toml", kill_on_drop: false }`
[INFO] running `Command { std: "docker" "create" "-v" "/var/lib/crater-agent-workspace/builds/worker-2-tc2/source:/opt/rustwide/workdir:ro,Z" "-v" "/var/lib/crater-agent-workspace/builds/worker-2-tc2/target:/opt/rustwide/target:rw,Z" "-v" "/var/lib/crater-agent-workspace/cargo-home:/opt/rustwide/cargo-home:ro,Z" "-v" "/var/lib/crater-agent-workspace/rustup-home:/opt/rustwide/rustup-home:ro,Z" "-m" "1610612736" "--network" "none" "ghcr.io/rust-lang/crates-build-env/linux@sha256:77db811e55d90add9212f6832c23229e3de5f1c1f9905e8cb07319ea15df73ac" "sleep" "infinity", kill_on_drop: false }`
[INFO] [stdout] e9889fad64b6d926ac622a2f8636cd025c1047d0cb9f0b55bf8556124dd9f392
[INFO] running `Command { std: "docker" "start" "e9889fad64b6d926ac622a2f8636cd025c1047d0cb9f0b55bf8556124dd9f392", kill_on_drop: false }`
[INFO] running `Command { std: "docker" "inspect" "e9889fad64b6d926ac622a2f8636cd025c1047d0cb9f0b55bf8556124dd9f392", kill_on_drop: false }`
[INFO] running `Command { std: "docker" "exec" "-e" "SOURCE_DIR=/opt/rustwide/workdir" "-e" "CARGO_HOME=/opt/rustwide/cargo-home" "-e" "RUSTUP_HOME=/opt/rustwide/rustup-home" "-e" "CARGO_TARGET_DIR=/opt/rustwide/target" "-w" "/opt/rustwide/workdir" "--user" "0:0" "e9889fad64b6d926ac622a2f8636cd025c1047d0cb9f0b55bf8556124dd9f392" "/opt/rustwide/cargo-home/bin/cargo" "+1.100.0-beta.1" "metadata" "--no-deps" "--format-version=1", kill_on_drop: false }`
[INFO] running `Command { std: "docker" "inspect" "e9889fad64b6d926ac622a2f8636cd025c1047d0cb9f0b55bf8556124dd9f392", kill_on_drop: false }`
[INFO] running `Command { std: "docker" "exec" "-e" "SOURCE_DIR=/opt/rustwide/workdir" "-e" "CARGO_HOME=/opt/rustwide/cargo-home" "-e" "RUSTUP_HOME=/opt/rustwide/rustup-home" "-e" "CARGO_TARGET_DIR=/opt/rustwide/target" "-e" "CARGO_INCREMENTAL=0" "-e" "RUST_BACKTRACE=full" "-e" "RUSTFLAGS=--cap-lints=warn" "-e" "RUSTDOCFLAGS=--cap-lints=warn" "-w" "/opt/rustwide/workdir" "--user" "0:0" "e9889fad64b6d926ac622a2f8636cd025c1047d0cb9f0b55bf8556124dd9f392" "/opt/rustwide/cargo-home/bin/cargo" "+1.100.0-beta.1" "build" "--frozen" "--message-format=json" "--release", kill_on_drop: false }`
[INFO] [stderr]    Compiling getrandom v0.2.17
[INFO] [stderr]    Compiling num-traits v0.2.19
[INFO] [stderr]    Compiling typenum v1.20.1
[INFO] [stderr]    Compiling smallvec v1.15.2
[INFO] [stderr]    Compiling syn v3.0.4
[INFO] [stderr]    Compiling syn v2.0.119
[INFO] [stderr]    Compiling zerocopy v0.8.56
[INFO] [stderr]    Compiling crc32fast v1.5.1
[INFO] [stderr]    Compiling rand_core v0.6.4
[INFO] [stderr]    Compiling simd-adler32 v0.3.10
[INFO] [stderr]    Compiling miniz_oxide v0.8.9
[INFO] [stderr]    Compiling uuid v1.25.0
[INFO] [stderr]    Compiling serde_core v1.0.229
[INFO] [stderr]    Compiling generic-array v0.14.7
[INFO] [stderr]    Compiling mio v1.2.2
[INFO] [stderr]    Compiling chrono v0.4.45
[INFO] [stderr]    Compiling flate2 v1.1.9
[INFO] [stderr]    Compiling crypto-common v0.1.7
[INFO] [stderr]    Compiling find-msvc-tools v0.1.11
[INFO] [stderr]    Compiling num-integer v0.1.47
[INFO] [stderr]    Compiling cc v1.4.4
[INFO] [stderr]    Compiling block-padding v0.3.3
[INFO] [stderr]    Compiling inout v0.1.4
[INFO] [stderr]    Compiling block-buffer v0.10.4
[INFO] [stderr]    Compiling http-body v1.1.0
[INFO] [stderr]    Compiling digest v0.10.7
[INFO] [stderr]    Compiling cipher v0.4.4
[INFO] [stderr]    Compiling futures-task v0.3.34
[INFO] [stderr]    Compiling synstructure v0.13.2
[INFO] [stderr]    Compiling slab v0.4.12
[INFO] [stderr]    Compiling bytemuck v1.25.2
[INFO] [stderr]    Compiling futures-util v0.3.34
[INFO] [stderr]    Compiling num-iter v0.1.46
[INFO] [stderr]    Compiling rustls v0.23.43
[INFO] [stderr]    Compiling der v0.7.10
[INFO] [stderr]    Compiling ring v0.17.14
[INFO] [stderr]    Compiling zerofrom-derive v0.1.7
[INFO] [stderr]    Compiling yoke-derive v0.8.2
[INFO] [stderr]    Compiling zerofrom v0.1.8
[INFO] [stderr]    Compiling thiserror-impl v1.0.69
[INFO] [stderr]    Compiling yoke v0.8.3
[INFO] [stderr]    Compiling ppv-lite86 v0.2.21
[INFO] [stderr]    Compiling serde_json v1.0.151
[INFO] [stderr]    Compiling thiserror v1.0.69
[INFO] [stderr]    Compiling rand_chacha v0.3.1
[INFO] [stderr]    Compiling safe_arch v0.7.4
[INFO] [stderr]    Compiling tracing-core v0.1.36
[INFO] [stderr]    Compiling num-bigint v0.4.8
[INFO] [stderr]    Compiling displaydoc v0.2.7
[INFO] [stderr]    Compiling zerovec-derive v0.11.6
[INFO] [stderr]    Compiling rand v0.8.7
[INFO] [stderr]    Compiling zerotrie v0.2.5
[INFO] [stderr]    Compiling tokio-macros v2.7.2
[INFO] [stderr]    Compiling serde_derive v1.0.229
[INFO] [stderr]    Compiling num-complex v0.4.6
[INFO] [stderr]    Compiling zerovec v0.11.8
[INFO] [stderr]    Compiling tokio v1.53.1
[INFO] [stderr]    Compiling matrixmultiply v0.3.11
[INFO] [stderr]    Compiling compression-core v0.4.32
[INFO] [stderr]    Compiling log v0.4.34
[INFO] [stderr]    Compiling compression-codecs v0.4.38
[INFO] [stderr]    Compiling num-rational v0.4.2
[INFO] [stderr]    Compiling wide v0.7.33
[INFO] [stderr]    Compiling tinystr v0.8.4
[INFO] [stderr]    Compiling icu_locale_core v2.3.0
[INFO] [stderr]    Compiling potential_utf v0.1.6
[INFO] [stderr]    Compiling icu_collections v2.3.0
[INFO] [stderr]    Compiling tracing v0.1.44
[INFO] [stderr]    Compiling icu_provider v2.3.1
[INFO] [stderr]    Compiling spki v0.7.3
[INFO] [stderr]    Compiling icu_normalizer v2.3.0
[INFO] [stderr]    Compiling icu_properties v2.3.0
[INFO] [stderr]    Compiling serde v1.0.229
[INFO] [stderr]    Compiling universal-hash v0.5.1
[INFO] [stderr]    Compiling approx v0.5.1
[INFO] [stderr]    Compiling sync_wrapper v1.0.2
[INFO] [stderr]    Compiling fdeflate v0.3.7
[INFO] [stderr]    Compiling ttf-parser v0.25.1
[INFO] [stderr]    Compiling rawpointer v0.2.1
[INFO] [stderr]    Compiling futures-sink v0.3.34
[INFO] [stderr]    Compiling ipnet v2.12.1
[INFO] [stderr]    Compiling spin v0.9.9
[INFO] [stderr]    Compiling pxfm v0.1.30
[INFO] [stderr]    Compiling idna_adapter v1.2.2
[INFO] [stderr]    Compiling idna v1.1.0
[INFO] [stderr]    Compiling png v0.18.1
[INFO] [stderr]    Compiling url v2.5.8
[INFO] [stderr]    Compiling hyper v1.11.0
[INFO] [stderr]    Compiling ming-utils-core v0.1.0 (/opt/rustwide/workdir/crates/ming-utils-core)
[INFO] [stderr]    Compiling moxcms v0.8.1
[INFO] [stderr]    Compiling owned_ttf_parser v0.25.1
[INFO] [stderr]    Compiling hyper-util v0.1.20
[INFO] [stderr]    Compiling async-compression v0.4.43
[INFO] [stderr]    Compiling tokio-util v0.7.19
[INFO] [stderr]    Compiling rustls-webpki v0.103.15
[INFO] [stderr]    Compiling tower v0.5.3
[INFO] [stderr]    Compiling lazy_static v1.5.0
[INFO] [stderr]    Compiling polyval v0.6.2
[INFO] [stderr]    Compiling simba v0.8.1
[INFO] [stderr]    Compiling pkcs8 v0.10.2
[INFO] [stderr]    Compiling thiserror-impl v2.0.20
[INFO] [stderr]    Compiling webpki-roots v1.0.9
[INFO] [stderr]    Compiling http-body-util v0.1.5
[INFO] [stderr]    Compiling bumpalo v3.20.3
[INFO] [stderr]    Compiling ab_glyph_rasterizer v0.1.10
[INFO] [stderr]    Compiling zip v2.4.2
[INFO] [stderr]    Compiling byteorder-lite v0.1.0
[INFO] [stderr]    Compiling either v1.18.0
[INFO] [stderr]    Compiling byteorder v1.5.0
[INFO] [stderr]    Compiling itertools v0.12.1
[INFO] [stderr]    Compiling blowfish v0.9.1
[INFO] [stderr]    Compiling thiserror v2.0.20
[INFO] [stderr]    Compiling image v0.25.10
[INFO] [stderr]    Compiling ab_glyph v0.2.32
[INFO] [stderr]    Compiling zopfli v0.8.3
[INFO] [stderr]    Compiling regex-automata v0.4.18
[INFO] [stderr]    Compiling tokio-rustls v0.26.4
[INFO] [stderr]    Compiling hyper-rustls v0.27.9
[INFO] [stderr]    Compiling tower-http v0.6.11
[INFO] [stderr]    Compiling pkcs1 v0.7.5
[INFO] [stderr]    Compiling ghash v0.5.1
[INFO] [stderr]    Compiling num-bigint-dig v0.8.6
[INFO] [stderr]    Compiling nalgebra v0.32.6
[INFO] [stderr]    Compiling ming-utils-json v0.1.0 (/opt/rustwide/workdir/crates/ming-utils-json)
[INFO] [stderr]    Compiling serde_urlencoded v0.7.1
[INFO] [stderr]    Compiling num v0.4.3
[INFO] [stderr]    Compiling rand_distr v0.4.3
[INFO] [stderr]    Compiling aes v0.8.4
[INFO] [stderr]    Compiling signature v2.2.0
[INFO] [stderr]    Compiling ctr v0.9.2
[INFO] [stderr]    Compiling aead v0.5.2
[INFO] [stderr]    Compiling aes-gcm v0.10.3
[INFO] [stderr]    Compiling rsa v0.9.10
[INFO] [stderr]    Compiling reqwest v0.12.28
[INFO] [stderr]    Compiling regex v1.13.1
[INFO] [stderr]    Compiling imageproc v0.25.1
[INFO] [stderr]    Compiling bcrypt v0.15.1
[INFO] [stderr]    Compiling ming-utils-cache v0.1.0 (/opt/rustwide/workdir/crates/ming-utils-cache)
[INFO] [stderr]    Compiling sha1 v0.10.7
[INFO] [stderr]    Compiling sha2 v0.10.9
[INFO] [stderr]    Compiling hmac v0.12.1
[INFO] [stderr]    Compiling md-5 v0.10.6
[INFO] [stderr]    Compiling cbc v0.1.2
[INFO] [stderr]    Compiling csv-core v0.1.13
[INFO] [stderr]    Compiling quick-xml v0.37.5
[INFO] [stderr]    Compiling csv v1.4.0
[INFO] [stderr]    Compiling ming-utils-crypto v0.1.0 (/opt/rustwide/workdir/crates/ming-utils-crypto)
[INFO] [stderr]    Compiling ming-utils-xml v0.1.0 (/opt/rustwide/workdir/crates/ming-utils-xml)
[INFO] [stderr]    Compiling ming-utils-captcha v0.1.0 (/opt/rustwide/workdir/crates/ming-utils-captcha)
[INFO] [stderr]    Compiling ming-utils-zip v0.1.0 (/opt/rustwide/workdir/crates/ming-utils-zip)
[INFO] [stderr]    Compiling ming-utils-regex v0.1.0 (/opt/rustwide/workdir/crates/ming-utils-regex)
[INFO] [stderr]    Compiling ming-utils-http v0.1.0 (/opt/rustwide/workdir/crates/ming-utils-http)
[INFO] [stderr]    Compiling ming-utils-bean v0.1.0 (/opt/rustwide/workdir/crates/ming-utils-bean)
[INFO] [stderr]    Compiling ming-utils-snowflake v0.1.0 (/opt/rustwide/workdir/crates/ming-utils-snowflake)
[INFO] [stderr]    Compiling ming-utils-lunar v0.1.0 (/opt/rustwide/workdir/crates/ming-utils-lunar)
[INFO] [stderr]    Compiling ming-utils-poi v0.1.0 (/opt/rustwide/workdir/crates/ming-utils-poi)
[INFO] [stderr]    Compiling ming-utils-io v0.1.0 (/opt/rustwide/workdir/crates/ming-utils-io)
[INFO] [stderr]    Compiling ming-utils-signal v0.1.0 (/opt/rustwide/workdir/crates/ming-utils-signal)
[INFO] [stderr]    Compiling ming-utils-demo v0.1.0 (/opt/rustwide/workdir/crates/ming-utils-demo)
[INFO] [stderr]     Finished `release` profile [optimized] target(s) in 5m 22s
[INFO] running `Command { std: "docker" "inspect" "e9889fad64b6d926ac622a2f8636cd025c1047d0cb9f0b55bf8556124dd9f392", kill_on_drop: false }`
[INFO] running `Command { std: "docker" "exec" "-e" "SOURCE_DIR=/opt/rustwide/workdir" "-e" "CARGO_HOME=/opt/rustwide/cargo-home" "-e" "RUSTUP_HOME=/opt/rustwide/rustup-home" "-e" "CARGO_TARGET_DIR=/opt/rustwide/target" "-e" "CARGO_INCREMENTAL=0" "-e" "RUST_BACKTRACE=full" "-e" "RUSTFLAGS=--cap-lints=warn" "-e" "RUSTDOCFLAGS=--cap-lints=warn" "-w" "/opt/rustwide/workdir" "--user" "0:0" "e9889fad64b6d926ac622a2f8636cd025c1047d0cb9f0b55bf8556124dd9f392" "/opt/rustwide/cargo-home/bin/cargo" "+1.100.0-beta.1" "test" "--frozen" "--no-run" "--message-format=json" "--release", kill_on_drop: false }`
[INFO] [stderr]    Compiling zerocopy v0.8.56
[INFO] [stderr]    Compiling syn v2.0.119
[INFO] [stderr]    Compiling serde_core v1.0.229
[INFO] [stderr]    Compiling serde v1.0.229
[INFO] [stderr]    Compiling crossbeam-utils v0.8.22
[INFO] [stderr]    Compiling crossbeam-epoch v0.9.20
[INFO] [stderr]    Compiling crossbeam-deque v0.8.7
[INFO] [stderr]    Compiling anstyle v1.0.14
[INFO] [stderr]    Compiling clap_lex v1.1.0
[INFO] [stderr]    Compiling itertools v0.10.5
[INFO] [stderr]    Compiling plotters v0.3.7
[INFO] [stderr]    Compiling clap_builder v4.6.6
[INFO] [stderr]    Compiling is-terminal v0.4.17
[INFO] [stderr]    Compiling ming-utils-lunar v0.1.0 (/opt/rustwide/workdir/crates/ming-utils-lunar)
[INFO] [stderr]    Compiling rayon-core v1.13.0
[INFO] [stderr]    Compiling criterion-plot v0.5.0
[INFO] [stderr]    Compiling rayon v1.12.0
[INFO] [stderr]    Compiling clap v4.6.6
[INFO] [stderr]    Compiling serde_json v1.0.151
[INFO] [stderr]    Compiling csv v1.4.0
[INFO] [stderr]    Compiling serde_urlencoded v0.7.1
[INFO] [stderr]    Compiling synstructure v0.13.2
[INFO] [stderr]    Compiling tinytemplate v1.2.1
[INFO] [stderr]    Compiling ming-utils-xml v0.1.0 (/opt/rustwide/workdir/crates/ming-utils-xml)
[INFO] [stderr]    Compiling zerofrom-derive v0.1.7
[INFO] [stderr]    Compiling yoke-derive v0.8.2
[INFO] [stderr]    Compiling zerocopy-derive v0.8.56
[INFO] [stderr]    Compiling thiserror-impl v1.0.69
[INFO] [stderr]    Compiling zerofrom v0.1.8
[INFO] [stderr]    Compiling yoke v0.8.3
[INFO] [stderr]    Compiling thiserror v1.0.69
[INFO] [stderr]    Compiling ming-utils-signal v0.1.0 (/opt/rustwide/workdir/crates/ming-utils-signal)
[INFO] [stderr]    Compiling zerovec v0.11.8
[INFO] [stderr]    Compiling zerotrie v0.2.5
[INFO] [stderr]    Compiling tinystr v0.8.4
[INFO] [stderr]    Compiling potential_utf v0.1.6
[INFO] [stderr]    Compiling icu_collections v2.3.0
[INFO] [stderr]    Compiling icu_locale_core v2.3.0
[INFO] [stderr]    Compiling icu_provider v2.3.1
[INFO] [stderr]    Compiling icu_normalizer v2.3.0
[INFO] [stderr]    Compiling icu_properties v2.3.0
[INFO] [stderr]    Compiling idna_adapter v1.2.2
[INFO] [stderr]    Compiling idna v1.1.0
[INFO] [stderr]    Compiling url v2.5.8
[INFO] [stderr]    Compiling tower-http v0.6.11
[INFO] [stderr]    Compiling ppv-lite86 v0.2.21
[INFO] [stderr]    Compiling half v2.7.1
[INFO] [stderr]    Compiling rand_chacha v0.3.1
[INFO] [stderr]    Compiling ciborium-ll v0.2.2
[INFO] [stderr]    Compiling ciborium v0.2.2
[INFO] [stderr]    Compiling reqwest v0.12.28
[INFO] [stderr]    Compiling rand v0.8.7
[INFO] [stderr]    Compiling criterion v0.5.1
[INFO] [stderr]    Compiling ming-utils-core v0.1.0 (/opt/rustwide/workdir/crates/ming-utils-core)
[INFO] [stderr]    Compiling rand_distr v0.4.3
[INFO] [stderr]    Compiling num-bigint-dig v0.8.6
[INFO] [stderr]    Compiling ming-utils-json v0.1.0 (/opt/rustwide/workdir/crates/ming-utils-json)
[INFO] [stderr]    Compiling ming-utils-cache v0.1.0 (/opt/rustwide/workdir/crates/ming-utils-cache)
[INFO] [stderr]    Compiling imageproc v0.25.1
[INFO] [stderr]    Compiling ming-utils-bean v0.1.0 (/opt/rustwide/workdir/crates/ming-utils-bean)
[INFO] [stderr]    Compiling ming-utils-snowflake v0.1.0 (/opt/rustwide/workdir/crates/ming-utils-snowflake)
[INFO] [stderr]    Compiling ming-utils-zip v0.1.0 (/opt/rustwide/workdir/crates/ming-utils-zip)
[INFO] [stderr]    Compiling rsa v0.9.10
[INFO] [stderr]    Compiling ming-utils-http v0.1.0 (/opt/rustwide/workdir/crates/ming-utils-http)
[INFO] [stderr]    Compiling ming-utils-crypto v0.1.0 (/opt/rustwide/workdir/crates/ming-utils-crypto)
[INFO] [stderr]    Compiling ming-utils-captcha v0.1.0 (/opt/rustwide/workdir/crates/ming-utils-captcha)
[INFO] [stderr]    Compiling ming-utils-regex v0.1.0 (/opt/rustwide/workdir/crates/ming-utils-regex)
[INFO] [stderr]    Compiling ming-utils-poi v0.1.0 (/opt/rustwide/workdir/crates/ming-utils-poi)
[INFO] [stderr]    Compiling ming-utils-io v0.1.0 (/opt/rustwide/workdir/crates/ming-utils-io)
[INFO] [stderr]    Compiling ming-utils-demo v0.1.0 (/opt/rustwide/workdir/crates/ming-utils-demo)
[INFO] [stderr]     Finished `release` profile [optimized] target(s) in 3m 03s
[INFO] running `Command { std: "docker" "inspect" "e9889fad64b6d926ac622a2f8636cd025c1047d0cb9f0b55bf8556124dd9f392", kill_on_drop: false }`
[INFO] running `Command { std: "docker" "exec" "-e" "SOURCE_DIR=/opt/rustwide/workdir" "-e" "CARGO_HOME=/opt/rustwide/cargo-home" "-e" "RUSTUP_HOME=/opt/rustwide/rustup-home" "-e" "CARGO_TARGET_DIR=/opt/rustwide/target" "-e" "CARGO_INCREMENTAL=0" "-e" "RUST_BACKTRACE=full" "-e" "RUSTFLAGS=--cap-lints=warn" "-e" "RUSTDOCFLAGS=--cap-lints=warn" "-w" "/opt/rustwide/workdir" "--user" "0:0" "e9889fad64b6d926ac622a2f8636cd025c1047d0cb9f0b55bf8556124dd9f392" "/opt/rustwide/cargo-home/bin/cargo" "+1.100.0-beta.1" "test" "--frozen" "--release", kill_on_drop: false }`
[INFO] [stderr]     Finished `release` profile [optimized] target(s) in 0.33s
[INFO] [stderr]      Running unittests src/lib.rs (/opt/rustwide/target/release/build/ming-utils-bean/82bca6245bf5c264/out/ming_utils_bean-82bca6245bf5c264)
[INFO] [stdout] 
[INFO] [stdout] running 6 tests
[INFO] [stdout] test bean_util::tests::test_copy_properties ... ok
[INFO] [stderr]      Running unittests src/lib.rs (/opt/rustwide/target/release/build/ming-utils-cache/15a6f68b3998c765/out/ming_utils_cache-15a6f68b3998c765)
[INFO] [stdout] test bean_util::tests::test_convert ... ok
[INFO] [stdout] test bean_util::tests::test_to_from_json_obj ... ok
[INFO] [stdout] test bean_util::tests::test_to_from_map ... ok
[INFO] [stdout] test bean_util::tests::test_shallow_copy ... ok
[INFO] [stdout] test bean_util::tests::test_to_from_json_str ... ok
[INFO] [stdout] 
[INFO] [stdout] test result: ok. 6 passed; 0 failed; 0 ignored; 0 measured; 0 filtered out; finished in 0.02s
[INFO] [stdout] 
[INFO] [stdout] 
[INFO] [stdout] running 10 tests
[INFO] [stdout] test fifo::tests::test_evict_first ... ok
[INFO] [stdout] test weak::tests::test_weak_drops_when_outer_released ... ok
[INFO] [stdout] test lru::tests::test_basic_put_get ... ok
[INFO] [stdout] test fifo::tests::test_put_get ... ok
[INFO] [stdout] test lru::tests::test_touch_updates_order ... ok
[INFO] [stdout] test lru::tests::test_eviction ... ok
[INFO] [stdout] test timed::tests::test_put_get_no_ttl ... ok
[INFO] [stdout] test lru::tests::test_remove ... ok
[INFO] [stdout] test weak::tests::test_weak_holds_value ... ok
[INFO] [stderr]      Running unittests src/lib.rs (/opt/rustwide/target/release/build/ming-utils-captcha/655f7571fe519644/out/ming_utils_captcha-655f7571fe519644)
[INFO] [stdout] test timed::tests::test_ttl_expiry ... ok
[INFO] [stdout] 
[INFO] [stdout] test result: ok. 10 passed; 0 failed; 0 ignored; 0 measured; 0 filtered out; finished in 0.10s
[INFO] [stdout] 
[INFO] [stdout] 
[INFO] [stdout] running 9 tests
[INFO] [stdout] test math::tests::test_math_captcha_sub ... ok
[INFO] [stdout] test math::tests::test_verify ... ok
[INFO] [stdout] test math::tests::test_base64_not_empty ... ok
[INFO] [stdout] test circle::tests::test_circle_captcha ... ok
[INFO] [stdout] test line::tests::test_line_captcha ... ok
[INFO] [stdout] test math::tests::test_math_captcha_mul ... ok
[INFO] [stdout] test math::tests::test_math_captcha_basic ... ok
[INFO] [stdout] test math::tests::test_math_captcha_add ... ok
[INFO] [stderr]      Running unittests src/lib.rs (/opt/rustwide/target/release/build/ming-utils-core/36d13c3574fa2d89/out/ming_utils_core-36d13c3574fa2d89)
[INFO] [stdout] test shear::tests::test_shear_captcha ... ok
[INFO] [stdout] 
[INFO] [stdout] test result: ok. 9 passed; 0 failed; 0 ignored; 0 measured; 0 filtered out; finished in 0.01s
[INFO] [stdout] 
[INFO] [stdout] 
[INFO] [stdout] running 59 tests
[INFO] [stdout] test base64_util::tests::test_encode_decode ... ok
[INFO] [stdout] test coll_util::tests::test_filter_map_sub ... ok
[INFO] [stdout] test base64_util::tests::test_url_safe ... ok
[INFO] [stdout] test convert::tests::test_bytes_hex_round_trip ... ok
[INFO] [stdout] test coll_util::tests::test_intersection_union_diff ... ok
[INFO] [stdout] test coll_util::tests::test_group_by ... ok
[INFO] [stdout] test coll_util::tests::test_partition ... ok
[INFO] [stdout] test convert::tests::test_to_int_long_f64 ... ok
[INFO] [stdout] test convert::tests::test_to_list ... ok
[INFO] [stdout] test date_util::tests::test_is_leap_year ... ok
[INFO] [stdout] test convert::tests::test_to_bool ... ok
[INFO] [stdout] test coll_util::tests::test_join_distinct ... ok
[INFO] [stdout] test coll_util::tests::test_new_and_empty ... ok
[INFO] [stdout] test date_util::tests::test_days_in_month ... ok
[INFO] [stdout] test datetime::tests::test_format_pattern ... ok
[INFO] [stdout] test date_util::tests::test_begin_end_of_day ... ok
[INFO] [stdout] test datetime::tests::test_between ... ok
[INFO] [stdout] test date_util::tests::test_day_of_week_name ... ok
[INFO] [stdout] test datetime::tests::test_offset ... ok
[INFO] [stdout] test datetime::tests::test_now_and_format ... ok
[INFO] [stdout] test datetime::tests::test_parse ... ok
[INFO] [stdout] test id_util::tests::test_random_uuid ... ok
[INFO] [stdout] test datetime::tests::test_is_same_day ... ok
[INFO] [stdout] test hex_util::tests::test_encode_decode ... ok
[INFO] [stdout] test hex_util::tests::test_encode_upper ... ok
[INFO] [stdout] test date_util::tests::test_week_quarter ... ok
[INFO] [stdout] test date_util::tests::test_today_yesterday_tomorrow ... ok
[INFO] [stdout] test number_util::tests::test_round ... ok
[INFO] [stdout] test id_util::tests::test_simple_uuid ... ok
[INFO] [stdout] test number_util::tests::test_is_number ... ok
[INFO] [stdout] test number_util::tests::test_percentage ... ok
[INFO] [stdout] test object_util::tests::test_null_check ... ok
[INFO] [stdout] test number_util::tests::test_random_int ... ok
[INFO] [stdout] test object_util::tests::test_default_if_null ... ok
[INFO] [stdout] test object_util::tests::test_equal ... ok
[INFO] [stdout] test random_util::tests::test_random_str ... ok
[INFO] [stdout] test number_util::tests::test_parse ... ok
[INFO] [stdout] test hash_util::tests::test_djb2 ... ok
[INFO] [stdout] test random_util::tests::test_random_ele ... ok
[INFO] [stdout] test hash_util::tests::test_fnv1a_64 ... ok
[INFO] [stdout] test str_util::tests::test_is_blank ... ok
[INFO] [stdout] test str_util::tests::test_format ... ok
[INFO] [stdout] test str_util::tests::test_is_empty ... ok
[INFO] [stdout] test str_util::tests::test_remove_fix ... ok
[INFO] [stdout] test str_util::tests::test_camel_underline ... ok
[INFO] [stdout] test str_util::tests::test_contains ... ok
[INFO] [stdout] test str_util::tests::test_pad ... ok
[INFO] [stdout] test str_util::tests::test_trim ... ok
[INFO] [stdout] test str_util::tests::test_upper_lower ... ok
[INFO] [stdout] test str_util::tests::test_count_length ... ok
[INFO] [stdout] test random_util::tests::test_random_eles ... ok
[INFO] [stdout] test random_util::tests::test_random_int ... ok
[INFO] [stdout] test url_util::tests::test_encode_decode ... ok
[INFO] [stdout] test url_util::tests::test_url_parts ... ok
[INFO] [stdout] test str_util::tests::test_replace ... ok
[INFO] [stdout] test str_util::tests::test_reverse_repeat ... ok
[INFO] [stdout] test str_util::tests::test_split_join ... ok
[INFO] [stdout] test str_util::tests::test_sub_splice ... ok
[INFO] [stdout] test url_encode::tests::test_encode_decode ... ok
[INFO] [stdout] 
[INFO] [stdout] test result: ok. 59 passed; 0 failed; 0 ignored; 0 measured; 0 filtered out; finished in 0.03s
[INFO] [stdout] 
[INFO] [stderr]      Running unittests src/lib.rs (/opt/rustwide/target/release/build/ming-utils-crypto/2ac8c8e6aff68ee5/out/ming_utils_crypto-2ac8c8e6aff68ee5)
[INFO] [stdout] 
[INFO] [stdout] running 21 tests
[INFO] [stdout] test aes::tests::test_gcm_round_trip_128 ... ok
[INFO] [stdout] test aes::tests::test_base64 ... ok
[INFO] [stdout] test aes::tests::test_gcm_round_trip_256 ... ok
[INFO] [stdout] test aes::tests::test_gcm_tamper_detection ... ok
[INFO] [stdout] test aes::tests::test_gcm_wrong_nonce ... ok
[INFO] [stdout] test aes::tests::test_round_trip_256 ... ok
[INFO] [stdout] test aes::tests::test_invalid_key ... ok
[INFO] [stdout] test aes::tests::test_round_trip_128 ... ok
[INFO] [stdout] test digest::tests::test_sha256 ... ok
[INFO] [stdout] test hmac::tests::test_hmac_md5 ... ok
[INFO] [stdout] test digest::tests::test_crc32 ... ok
[INFO] [stdout] test digest::tests::test_dispatch ... ok
[INFO] [stdout] test digest::tests::test_md5 ... ok
[INFO] [stdout] test hmac::tests::test_hmac_sha256 ... ok
[INFO] [stdout] test secure::tests::test_smoke ... ok
[INFO] [stdout] test rsa::tests::test_base64 ... ok
[INFO] [stdout] test rsa::tests::test_sign_verify_base64 ... ok
[INFO] [stdout] test rsa::tests::test_pem_export_import ... ok
[INFO] [stdout] test rsa::tests::test_sign_verify ... ok
[INFO] [stdout] test rsa::tests::test_generate_round_trip ... ok
[INFO] [stdout] test bcrypt::tests::test_hash_verify ... ok
[INFO] [stdout] 
[INFO] [stdout] test result: ok. 21 passed; 0 failed; 0 ignored; 0 measured; 0 filtered out; finished in 2.44s
[INFO] [stdout] 
[INFO] [stderr]      Running unittests src/main.rs (/opt/rustwide/target/release/build/ming-utils-demo/d20bcbbe5ead5ac5/out/ming_utils_demo-d20bcbbe5ead5ac5)
[INFO] [stdout] 
[INFO] [stdout] running 0 tests
[INFO] [stdout] 
[INFO] [stdout] test result: ok. 0 passed; 0 failed; 0 ignored; 0 measured; 0 filtered out; finished in 0.00s
[INFO] [stdout] 
[INFO] [stderr]      Running unittests src/lib.rs (/opt/rustwide/target/release/build/ming-utils-http/6959db76a6284119/out/ming_utils_http-6959db76a6284119)
[INFO] [stdout] 
[INFO] [stdout] running 0 tests
[INFO] [stdout] 
[INFO] [stderr]      Running unittests src/lib.rs (/opt/rustwide/target/release/build/ming-utils-io/d0b17ce249d1afd3/out/ming_utils_io-d0b17ce249d1afd3)
[INFO] [stdout] test result: ok. 0 passed; 0 failed; 0 ignored; 0 measured; 0 filtered out; finished in 0.00s
[INFO] [stdout] 
[INFO] [stdout] 
[INFO] [stdout] running 10 tests
[INFO] [stdout] test io_util::tests::test_read_all_string_stream ... ok
[INFO] [stdout] test io_util::tests::test_read_lines ... FAILED
[INFO] [stdout] test io_util::tests::test_append ... FAILED
[INFO] [stdout] test io_util::tests::test_read_write_string ... FAILED
[INFO] [stdout] test io_util::tests::test_copy_rename_delete ... FAILED
[INFO] [stdout] test io_util::tests::test_list_dir ... FAILED
[INFO] [stdout] test io_util::tests::test_stream_ops ... ok
[INFO] [stdout] test io_util::tests::test_size ... FAILED
[INFO] [stdout] test io_util::tests::test_exists_is_file_is_dir ... ok
[INFO] [stdout] test io_util::tests::test_read_write_bytes ... FAILED
[INFO] [stdout] 
[INFO] [stdout] failures:
[INFO] [stdout] 
[INFO] [stdout] ---- io_util::tests::test_read_lines stdout ----
[INFO] [stdout] 
[INFO] [stdout] thread 'io_util::tests::test_read_lines' (4580) panicked at crates/ming-utils-io/src/io_util.rs:154:59:
[INFO] [stdout] called `Result::unwrap()` on an `Err` value: Os { code: 30, kind: ReadOnlyFilesystem, message: "Read-only file system" }
[INFO] [stdout] stack backtrace:
[INFO] [stdout]    0:     0x5876b73e6051 - <<std[617be2ca0a6fd877]::sys::backtrace::BacktraceLock>::print::DisplayBacktrace as core[a373ad73a504971]::fmt::Display>::fmt
[INFO] [stdout]    1:     0x5876b73fa2fa - core[a373ad73a504971]::fmt::write
[INFO] [stdout]    2:     0x5876b73ea53c - <alloc[2e1b2a31b91974c5]::vec::Vec<u8> as core[a373ad73a504971]::io::write::Write>::write_fmt
[INFO] [stdout]    3:     0x5876b73bf8c6 - std[617be2ca0a6fd877]::panicking::default_hook::{closure#0}
[INFO] [stdout]    4:     0x5876b73dc699 - std[617be2ca0a6fd877]::panicking::default_hook
[INFO] [stdout]    5:     0x5876b7377960 - test[aada8e7e76ba119b]::test_main_inner::{closure#0}
[INFO] [stdout]    6:     0x5876b73dc852 - std[617be2ca0a6fd877]::panicking::panic_with_hook
[INFO] [stdout]    7:     0x5876b73bf972 - std[617be2ca0a6fd877]::panicking::panic_handler::{closure#0}
[INFO] [stdout]    8:     0x5876b73b82d9 - std[617be2ca0a6fd877]::sys::backtrace::__rust_end_short_backtrace::<std[617be2ca0a6fd877]::panicking::panic_handler::{closure#0}, !>
[INFO] [stdout]    9:     0x5876b73c066d - __rustc[ea4f61d10b84890b]::rust_begin_unwind
[INFO] [stdout]   10:     0x5876b73faa2c - core[a373ad73a504971]::panicking::panic_fmt
[INFO] [stdout]   11:     0x5876b73fa802 - core[a373ad73a504971]::result::unwrap_failed
[INFO] [stdout]   12:     0x5876b7369ece - <ming_utils_io[fed916b2d28a54da]::io_util::tests::test_read_lines::{closure#0} as core[a373ad73a504971]::ops::function::FnOnce<()>>::call_once
[INFO] [stdout]   13:     0x5876b736adab - test[aada8e7e76ba119b]::__rust_begin_short_backtrace::<core[a373ad73a504971]::result::Result<(), alloc[2e1b2a31b91974c5]::string::String>, fn() -> core[a373ad73a504971]::result::Result<(), alloc[2e1b2a31b91974c5]::string::String>>
[INFO] [stdout]   14:     0x5876b7377f85 - test[aada8e7e76ba119b]::run_test::{closure#0}
[INFO] [stdout]   15:     0x5876b7371874 - std[617be2ca0a6fd877]::sys::backtrace::__rust_begin_short_backtrace::<test[aada8e7e76ba119b]::run_test::{closure#1}, ()>
[INFO] [stdout]   16:     0x5876b737b012 - <std[617be2ca0a6fd877]::thread::lifecycle::spawn_unchecked<test[aada8e7e76ba119b]::run_test::{closure#1}, ()>::{closure#1} as core[a373ad73a504971]::ops::function::FnOnce<()>>::call_once::{shim:vtable#0}
[INFO] [stdout]   17:     0x5876b73e4f9f - <std[617be2ca0a6fd877]::sys::thread::unix::Thread>::new::thread_start
[INFO] [stdout]   18:     0x78676efebdfa - <unknown>
[INFO] [stdout]   19:     0x78676f07f3d4 - clone
[INFO] [stdout]   20:                0x0 - <unknown>
[INFO] [stdout] 
[INFO] [stdout] ---- io_util::tests::test_append stdout ----
[INFO] [stdout] 
[INFO] [stdout] thread 'io_util::tests::test_append' (4575) panicked at crates/ming-utils-io/src/io_util.rs:163:45:
[INFO] [stdout] called `Result::unwrap()` on an `Err` value: Os { code: 30, kind: ReadOnlyFilesystem, message: "Read-only file system" }
[INFO] [stdout] stack backtrace:
[INFO] [stdout]    0:     0x5876b73e6051 - <<std[617be2ca0a6fd877]::sys::backtrace::BacktraceLock>::print::DisplayBacktrace as core[a373ad73a504971]::fmt::Display>::fmt
[INFO] [stdout]    1:     0x5876b73fa2fa - core[a373ad73a504971]::fmt::write
[INFO] [stdout]    2:     0x5876b73ea53c - <alloc[2e1b2a31b91974c5]::vec::Vec<u8> as core[a373ad73a504971]::io::write::Write>::write_fmt
[INFO] [stdout]    3:     0x5876b73bf8c6 - std[617be2ca0a6fd877]::panicking::default_hook::{closure#0}
[INFO] [stdout]    4:     0x5876b73dc699 - std[617be2ca0a6fd877]::panicking::default_hook
[INFO] [stdout]    5:     0x5876b7377960 - test[aada8e7e76ba119b]::test_main_inner::{closure#0}
[INFO] [stdout]    6:     0x5876b73dc852 - std[617be2ca0a6fd877]::panicking::panic_with_hook
[INFO] [stdout]    7:     0x5876b73bf972 - std[617be2ca0a6fd877]::panicking::panic_handler::{closure#0}
[INFO] [stdout]    8:     0x5876b73b82d9 - std[617be2ca0a6fd877]::sys::backtrace::__rust_end_short_backtrace::<std[617be2ca0a6fd877]::panicking::panic_handler::{closure#0}, !>
[INFO] [stdout]    9:     0x5876b73c066d - __rustc[ea4f61d10b84890b]::rust_begin_unwind
[INFO] [stdout]   10:     0x5876b73faa2c - core[a373ad73a504971]::panicking::panic_fmt
[INFO] [stdout]   11:     0x5876b73fa802 - core[a373ad73a504971]::result::unwrap_failed
[INFO] [stdout]   12:     0x5876b7368f96 - <ming_utils_io[fed916b2d28a54da]::io_util::tests::test_append::{closure#0} as core[a373ad73a504971]::ops::function::FnOnce<()>>::call_once
[INFO] [stdout]   13:     0x5876b736adab - test[aada8e7e76ba119b]::__rust_begin_short_backtrace::<core[a373ad73a504971]::result::Result<(), alloc[2e1b2a31b91974c5]::string::String>, fn() -> core[a373ad73a504971]::result::Result<(), alloc[2e1b2a31b91974c5]::string::String>>
[INFO] [stdout]   14:     0x5876b7377f85 - test[aada8e7e76ba119b]::run_test::{closure#0}
[INFO] [stdout]   15:     0x5876b7371874 - std[617be2ca0a6fd877]::sys::backtrace::__rust_begin_short_backtrace::<test[aada8e7e76ba119b]::run_test::{closure#1}, ()>
[INFO] [stdout]   16:     0x5876b737b012 - <std[617be2ca0a6fd877]::thread::lifecycle::spawn_unchecked<test[aada8e7e76ba119b]::run_test::{closure#1}, ()>::{closure#1} as core[a373ad73a504971]::ops::function::FnOnce<()>>::call_once::{shim:vtable#0}
[INFO] [stdout]   17:     0x5876b73e4f9f - <std[617be2ca0a6fd877]::sys::thread::unix::Thread>::new::thread_start
[INFO] [stdout]   18:     0x78676efebdfa - <unknown>
[INFO] [stdout]   19:     0x78676f07f3d4 - clone
[INFO] [stdout]   20:                0x0 - <unknown>
[INFO] [stdout] 
[INFO] [stdout] ---- io_util::tests::test_read_write_string stdout ----
[INFO] [stdout] 
[INFO] [stdout] thread 'io_util::tests::test_read_write_string' (4582) panicked at crates/ming-utils-io/src/io_util.rs:136:51:
[INFO] [stdout] called `Result::unwrap()` on an `Err` value: Os { code: 30, kind: ReadOnlyFilesystem, message: "Read-only file system" }
[INFO] [stdout] stack backtrace:
[INFO] [stdout]    0:     0x5876b73e6051 - <<std[617be2ca0a6fd877]::sys::backtrace::BacktraceLock>::print::DisplayBacktrace as core[a373ad73a504971]::fmt::Display>::fmt
[INFO] [stdout]    1:     0x5876b73fa2fa - core[a373ad73a504971]::fmt::write
[INFO] [stdout]    2:     0x5876b73ea53c - <alloc[2e1b2a31b91974c5]::vec::Vec<u8> as core[a373ad73a504971]::io::write::Write>::write_fmt
[INFO] [stdout]    3:     0x5876b73bf8c6 - std[617be2ca0a6fd877]::panicking::default_hook::{closure#0}
[INFO] [stdout]    4:     0x5876b73dc699 - std[617be2ca0a6fd877]::panicking::default_hook
[INFO] [stdout]    5:     0x5876b7377960 - test[aada8e7e76ba119b]::test_main_inner::{closure#0}
[INFO] [stdout]    6:     0x5876b73dc852 - std[617be2ca0a6fd877]::panicking::panic_with_hook
[INFO] [stdout]    7:     0x5876b73bf972 - std[617be2ca0a6fd877]::panicking::panic_handler::{closure#0}
[INFO] [stdout]    8:     0x5876b73b82d9 - std[617be2ca0a6fd877]::sys::backtrace::__rust_end_short_backtrace::<std[617be2ca0a6fd877]::panicking::panic_handler::{closure#0}, !>
[INFO] [stdout]    9:     0x5876b73c066d - __rustc[ea4f61d10b84890b]::rust_begin_unwind
[INFO] [stdout]   10:     0x5876b73faa2c - core[a373ad73a504971]::panicking::panic_fmt
[INFO] [stdout]   11:     0x5876b73fa802 - core[a373ad73a504971]::result::unwrap_failed
[INFO] [stdout]   12:     0x5876b736a3ef - <ming_utils_io[fed916b2d28a54da]::io_util::tests::test_read_write_string::{closure#0} as core[a373ad73a504971]::ops::function::FnOnce<()>>::call_once
[INFO] [stdout]   13:     0x5876b736adab - test[aada8e7e76ba119b]::__rust_begin_short_backtrace::<core[a373ad73a504971]::result::Result<(), alloc[2e1b2a31b91974c5]::string::String>, fn() -> core[a373ad73a504971]::result::Result<(), alloc[2e1b2a31b91974c5]::string::String>>
[INFO] [stdout]   14:     0x5876b7377f85 - test[aada8e7e76ba119b]::run_test::{closure#0}
[INFO] [stdout]   15:     0x5876b7371874 - std[617be2ca0a6fd877]::sys::backtrace::__rust_begin_short_backtrace::<test[aada8e7e76ba119b]::run_test::{closure#1}, ()>
[INFO] [stdout]   16:     0x5876b737b012 - <std[617be2ca0a6fd877]::thread::lifecycle::spawn_unchecked<test[aada8e7e76ba119b]::run_test::{closure#1}, ()>::{closure#1} as core[a373ad73a504971]::ops::function::FnOnce<()>>::call_once::{shim:vtable#0}
[INFO] [stdout]   17:     0x5876b73e4f9f - <std[617be2ca0a6fd877]::sys::thread::unix::Thread>::new::thread_start
[INFO] [stdout]   18:     0x78676efebdfa - <unknown>
[INFO] [stdout]   19:     0x78676f07f3d4 - clone
[INFO] [stdout]   20:                0x0 - <unknown>
[INFO] [stdout] 
[INFO] [stdout] ---- io_util::tests::test_copy_rename_delete stdout ----
[INFO] [stdout] 
[INFO] [stdout] thread 'io_util::tests::test_copy_rename_delete' (4576) panicked at crates/ming-utils-io/src/io_util.rs:174:43:
[INFO] [stdout] called `Result::unwrap()` on an `Err` value: Os { code: 30, kind: ReadOnlyFilesystem, message: "Read-only file system" }
[INFO] [stdout] stack backtrace:
[INFO] [stdout]    0:     0x5876b73e6051 - <<std[617be2ca0a6fd877]::sys::backtrace::BacktraceLock>::print::DisplayBacktrace as core[a373ad73a504971]::fmt::Display>::fmt
[INFO] [stdout]    1:     0x5876b73fa2fa - core[a373ad73a504971]::fmt::write
[INFO] [stdout]    2:     0x5876b73ea53c - <alloc[2e1b2a31b91974c5]::vec::Vec<u8> as core[a373ad73a504971]::io::write::Write>::write_fmt
[INFO] [stdout]    3:     0x5876b73bf8c6 - std[617be2ca0a6fd877]::panicking::default_hook::{closure#0}
[INFO] [stdout]    4:     0x5876b73dc699 - std[617be2ca0a6fd877]::panicking::default_hook
[INFO] [stdout]    5:     0x5876b7377960 - test[aada8e7e76ba119b]::test_main_inner::{closure#0}
[INFO] [stdout]    6:     0x5876b73dc852 - std[617be2ca0a6fd877]::panicking::panic_with_hook
[INFO] [stdout]    7:     0x5876b73bf972 - std[617be2ca0a6fd877]::panicking::panic_handler::{closure#0}
[INFO] [stdout]    8:     0x5876b73b82d9 - std[617be2ca0a6fd877]::sys::backtrace::__rust_end_short_backtrace::<std[617be2ca0a6fd877]::panicking::panic_handler::{closure#0}, !>
[INFO] [stdout]    9:     0x5876b73c066d - __rustc[ea4f61d10b84890b]::rust_begin_unwind
[INFO] [stdout]   10:     0x5876b73faa2c - core[a373ad73a504971]::panicking::panic_fmt
[INFO] [stdout]   11:     0x5876b73fa802 - core[a373ad73a504971]::result::unwrap_failed
[INFO] [stdout]   12:     0x5876b736a6f8 - <ming_utils_io[fed916b2d28a54da]::io_util::tests::test_copy_rename_delete::{closure#0} as core[a373ad73a504971]::ops::function::FnOnce<()>>::call_once
[INFO] [stdout]   13:     0x5876b736adab - test[aada8e7e76ba119b]::__rust_begin_short_backtrace::<core[a373ad73a504971]::result::Result<(), alloc[2e1b2a31b91974c5]::string::String>, fn() -> core[a373ad73a504971]::result::Result<(), alloc[2e1b2a31b91974c5]::string::String>>
[INFO] [stdout]   14:     0x5876b7377f85 - test[aada8e7e76ba119b]::run_test::{closure#0}
[INFO] [stdout]   15:     0x5876b7371874 - std[617be2ca0a6fd877]::sys::backtrace::__rust_begin_short_backtrace::<test[aada8e7e76ba119b]::run_test::{closure#1}, ()>
[INFO] [stdout]   16:     0x5876b737b012 - <std[617be2ca0a6fd877]::thread::lifecycle::spawn_unchecked<test[aada8e7e76ba119b]::run_test::{closure#1}, ()>::{closure#1} as core[a373ad73a504971]::ops::function::FnOnce<()>>::call_once::{shim:vtable#0}
[INFO] [stdout]   17:     0x5876b73e4f9f - <std[617be2ca0a6fd877]::sys::thread::unix::Thread>::new::thread_start
[INFO] [stdout]   18:     0x78676efebdfa - <unknown>
[INFO] [stdout]   19:     0x78676f07f3d4 - clone
[INFO] [stdout]   20:                0x0 - <unknown>
[INFO] [stdout] 
[INFO] [stdout] ---- io_util::tests::test_list_dir stdout ----
[INFO] [stdout] 
[INFO] [stdout] thread 'io_util::tests::test_list_dir' (4578) panicked at crates/ming-utils-io/src/io_util.rs:207:33:
[INFO] [stdout] called `Result::unwrap()` on an `Err` value: Os { code: 30, kind: ReadOnlyFilesystem, message: "Read-only file system" }
[INFO] [stdout] stack backtrace:
[INFO] [stdout]    0:     0x5876b73e6051 - <<std[617be2ca0a6fd877]::sys::backtrace::BacktraceLock>::print::DisplayBacktrace as core[a373ad73a504971]::fmt::Display>::fmt
[INFO] [stdout]    1:     0x5876b73fa2fa - core[a373ad73a504971]::fmt::write
[INFO] [stdout]    2:     0x5876b73ea53c - <alloc[2e1b2a31b91974c5]::vec::Vec<u8> as core[a373ad73a504971]::io::write::Write>::write_fmt
[INFO] [stdout]    3:     0x5876b73bf8c6 - std[617be2ca0a6fd877]::panicking::default_hook::{closure#0}
[INFO] [stdout]    4:     0x5876b73dc699 - std[617be2ca0a6fd877]::panicking::default_hook
[INFO] [stdout]    5:     0x5876b7377960 - test[aada8e7e76ba119b]::test_main_inner::{closure#0}
[INFO] [stdout]    6:     0x5876b73dc852 - std[617be2ca0a6fd877]::panicking::panic_with_hook
[INFO] [stdout]    7:     0x5876b73bf972 - std[617be2ca0a6fd877]::panicking::panic_handler::{closure#0}
[INFO] [stdout]    8:     0x5876b73b82d9 - std[617be2ca0a6fd877]::sys::backtrace::__rust_end_short_backtrace::<std[617be2ca0a6fd877]::panicking::panic_handler::{closure#0}, !>
[INFO] [stdout]    9:     0x5876b73c066d - __rustc[ea4f61d10b84890b]::rust_begin_unwind
[INFO] [stdout]   10:     0x5876b73faa2c - core[a373ad73a504971]::panicking::panic_fmt
[INFO] [stdout]   11:     0x5876b73fa802 - core[a373ad73a504971]::result::unwrap_failed
[INFO] [stdout]   12:     0x5876b7369646 - <ming_utils_io[fed916b2d28a54da]::io_util::tests::test_list_dir::{closure#0} as core[a373ad73a504971]::ops::function::FnOnce<()>>::call_once
[INFO] [stdout]   13:     0x5876b736adab - test[aada8e7e76ba119b]::__rust_begin_short_backtrace::<core[a373ad73a504971]::result::Result<(), alloc[2e1b2a31b91974c5]::string::String>, fn() -> core[a373ad73a504971]::result::Result<(), alloc[2e1b2a31b91974c5]::string::String>>
[INFO] [stdout]   14:     0x5876b7377f85 - test[aada8e7e76ba119b]::run_test::{closure#0}
[INFO] [stdout]   15:     0x5876b7371874 - std[617be2ca0a6fd877]::sys::backtrace::__rust_begin_short_backtrace::<test[aada8e7e76ba119b]::run_test::{closure#1}, ()>
[INFO] [stdout]   16:     0x5876b737b012 - <std[617be2ca0a6fd877]::thread::lifecycle::spawn_unchecked<test[aada8e7e76ba119b]::run_test::{closure#1}, ()>::{closure#1} as core[a373ad73a504971]::ops::function::FnOnce<()>>::call_once::{shim:vtable#0}
[INFO] [stdout]   17:     0x5876b73e4f9f - <std[617be2ca0a6fd877]::sys::thread::unix::Thread>::new::thread_start
[INFO] [stdout]   18:     0x78676efebdfa - <unknown>
[INFO] [stdout]   19:     0x78676f07f3d4 - clone
[INFO] [stdout]   20:                0x0 - <unknown>
[INFO] [stdout] 
[INFO] [stdout] ---- io_util::tests::test_size stdout ----
[INFO] [stdout] 
[INFO] [stdout] thread 'io_util::tests::test_size' (4583) panicked at crates/ming-utils-io/src/io_util.rs:199:45:
[INFO] [stdout] called `Result::unwrap()` on an `Err` value: Os { code: 30, kind: ReadOnlyFilesystem, message: "Read-only file system" }
[INFO] [stdout] stack backtrace:
[INFO] [stdout]    0:     0x5876b73e6051 - <<std[617be2ca0a6fd877]::sys::backtrace::BacktraceLock>::print::DisplayBacktrace as core[a373ad73a504971]::fmt::Display>::fmt
[INFO] [stdout]    1:     0x5876b73fa2fa - core[a373ad73a504971]::fmt::write
[INFO] [stdout]    2:     0x5876b73ea53c - <alloc[2e1b2a31b91974c5]::vec::Vec<u8> as core[a373ad73a504971]::io::write::Write>::write_fmt
[INFO] [stdout]    3:     0x5876b73bf8c6 - std[617be2ca0a6fd877]::panicking::default_hook::{closure#0}
[INFO] [stdout]    4:     0x5876b73dc699 - std[617be2ca0a6fd877]::panicking::default_hook
[INFO] [stdout]    5:     0x5876b7377960 - test[aada8e7e76ba119b]::test_main_inner::{closure#0}
[INFO] [stdout]    6:     0x5876b73dc852 - std[617be2ca0a6fd877]::panicking::panic_with_hook
[INFO] [stdout]    7:     0x5876b73bf972 - std[617be2ca0a6fd877]::panicking::panic_handler::{closure#0}
[INFO] [stdout]    8:     0x5876b73b82d9 - std[617be2ca0a6fd877]::sys::backtrace::__rust_end_short_backtrace::<std[617be2ca0a6fd877]::panicking::panic_handler::{closure#0}, !>
[INFO] [stdout]    9:     0x5876b73c066d - __rustc[ea4f61d10b84890b]::rust_begin_unwind
[INFO] [stdout]   10:     0x5876b73faa2c - core[a373ad73a504971]::panicking::panic_fmt
[INFO] [stdout]   11:     0x5876b73fa802 - core[a373ad73a504971]::result::unwrap_failed
[INFO] [stdout]   12:     0x5876b736ac9d - <ming_utils_io[fed916b2d28a54da]::io_util::tests::test_size::{closure#0} as core[a373ad73a504971]::ops::function::FnOnce<()>>::call_once
[INFO] [stdout]   13:     0x5876b736adab - test[aada8e7e76ba119b]::__rust_begin_short_backtrace::<core[a373ad73a504971]::result::Result<(), alloc[2e1b2a31b91974c5]::string::String>, fn() -> core[a373ad73a504971]::result::Result<(), alloc[2e1b2a31b91974c5]::string::String>>
[INFO] [stdout]   14:     0x5876b7377f85 - test[aada8e7e76ba119b]::run_test::{closure#0}
[INFO] [stdout]   15:     0x5876b7371874 - std[617be2ca0a6fd877]::sys::backtrace::__rust_begin_short_backtrace::<test[aada8e7e76ba119b]::run_test::{closure#1}, ()>
[INFO] [stdout]   16:     0x5876b737b012 - <std[617be2ca0a6fd877]::thread::lifecycle::spawn_unchecked<test[aada8e7e76ba119b]::run_test::{closure#1}, ()>::{closure#1} as core[a373ad73a504971]::ops::function::FnOnce<()>>::call_once::{shim:vtable#0}
[INFO] [stdout]   17:     0x5876b73e4f9f - <std[617be2ca0a6fd877]::sys::thread::unix::Thread>::new::thread_start
[INFO] [stdout]   18:     0x78676efebdfa - <unknown>
[INFO] [stdout]   19:     0x78676f07f3d4 - clone
[INFO] [stdout]   20:                0x0 - <unknown>
[INFO] [stdout] 
[INFO] [stdout] ---- io_util::tests::test_read_write_bytes stdout ----
[INFO] [stdout] 
[INFO] [stdout] thread 'io_util::tests::test_read_write_bytes' (4581) panicked at crates/ming-utils-io/src/io_util.rs:145:47:
[INFO] [stdout] called `Result::unwrap()` on an `Err` value: Os { code: 30, kind: ReadOnlyFilesystem, message: "Read-only file system" }
[INFO] [stdout] stack backtrace:
[INFO] [stdout]    0:     0x5876b73e6051 - <<std[617be2ca0a6fd877]::sys::backtrace::BacktraceLock>::print::DisplayBacktrace as core[a373ad73a504971]::fmt::Display>::fmt
[INFO] [stdout]    1:     0x5876b73fa2fa - core[a373ad73a504971]::fmt::write
[INFO] [stdout]    2:     0x5876b73ea53c - <alloc[2e1b2a31b91974c5]::vec::Vec<u8> as core[a373ad73a504971]::io::write::Write>::write_fmt
[INFO] [stdout]    3:     0x5876b73bf8c6 - std[617be2ca0a6fd877]::panicking::default_hook::{closure#0}
[INFO] [stdout]    4:     0x5876b73dc699 - std[617be2ca0a6fd877]::panicking::default_hook
[INFO] [stdout]    5:     0x5876b7377960 - test[aada8e7e76ba119b]::test_main_inner::{closure#0}
[INFO] [stdout]    6:     0x5876b73dc852 - std[617be2ca0a6fd877]::panicking::panic_with_hook
[INFO] [stdout]    7:     0x5876b73bf972 - std[617be2ca0a6fd877]::panicking::panic_handler::{closure#0}
[INFO] [stdout]    8:     0x5876b73b82d9 - std[617be2ca0a6fd877]::sys::backtrace::__rust_end_short_backtrace::<std[617be2ca0a6fd877]::panicking::panic_handler::{closure#0}, !>
[INFO] [stdout]    9:     0x5876b73c066d - __rustc[ea4f61d10b84890b]::rust_begin_unwind
[INFO] [stdout]   10:     0x5876b73faa2c - core[a373ad73a504971]::panicking::panic_fmt
[INFO] [stdout]   11:     0x5876b73fa802 - core[a373ad73a504971]::result::unwrap_failed
[INFO] [stdout]   12:     0x5876b736a1da - <ming_utils_io[fed916b2d28a54da]::io_util::tests::test_read_write_bytes::{closure#0} as core[a373ad73a504971]::ops::function::FnOnce<()>>::call_once
[INFO] [stdout]   13:     0x5876b736adab - test[aada8e7e76ba119b]::__rust_begin_short_backtrace::<core[a373ad73a504971]::result::Result<(), alloc[2e1b2a31b91974c5]::string::String>, fn() -> core[a373ad73a504971]::result::Result<(), alloc[2e1b2a31b91974c5]::string::String>>
[INFO] [stdout]   14:     0x5876b7377f85 - test[aada8e7e76ba119b]::run_test::{closure#0}
[INFO] [stdout]   15:     0x5876b7371874 - std[617be2ca0a6fd877]::sys::backtrace::__rust_begin_short_backtrace::<test[aada8e7e76ba119b]::run_test::{closure#1}, ()>
[INFO] [stdout]   16:     0x5876b737b012 - <std[617be2ca0a6fd877]::thread::lifecycle::spawn_unchecked<test[aada8e7e76ba119b]::run_test::{closure#1}, ()>::{closure#1} as core[a373ad73a504971]::ops::function::FnOnce<()>>::call_once::{shim:vtable#0}
[INFO] [stdout]   17:     0x5876b73e4f9f - <std[617be2ca0a6fd877]::sys::thread::unix::Thread>::new::thread_start
[INFO] [stdout]   18:     0x78676efebdfa - <unknown>
[INFO] [stdout]   19:     0x78676f07f3d4 - clone
[INFO] [stdout]   20:                0x0 - <unknown>
[INFO] [stdout] 
[INFO] [stdout] 
[INFO] [stdout] failures:
[INFO] [stdout]     io_util::tests::test_append
[INFO] [stdout]     io_util::tests::test_copy_rename_delete
[INFO] [stdout]     io_util::tests::test_list_dir
[INFO] [stdout]     io_util::tests::test_read_lines
[INFO] [stdout]     io_util::tests::test_read_write_bytes
[INFO] [stdout]     io_util::tests::test_read_write_string
[INFO] [stdout]     io_util::tests::test_size
[INFO] [stdout] 
[INFO] [stdout] test result: FAILED. 3 passed; 7 failed; 0 ignored; 0 measured; 0 filtered out; finished in 0.01s
[INFO] [stdout] 
[INFO] [stderr] error: test failed, to rerun pass `-p ming-utils-io --lib`
[INFO] running `Command { std: "docker" "inspect" "e9889fad64b6d926ac622a2f8636cd025c1047d0cb9f0b55bf8556124dd9f392", kill_on_drop: false }`
[INFO] running `Command { std: "docker" "rm" "-f" "e9889fad64b6d926ac622a2f8636cd025c1047d0cb9f0b55bf8556124dd9f392", kill_on_drop: false }`
[INFO] [stdout] e9889fad64b6d926ac622a2f8636cd025c1047d0cb9f0b55bf8556124dd9f392
