[INFO] cloning repository https://github.com/builtDifferentCoder/rust-api-gateway
[INFO] running `Command { std: "git" "-c" "credential.helper=" "-c" "credential.helper=/workspace/cargo-home/bin/git-credential-null" "clone" "--bare" "https://github.com/builtDifferentCoder/rust-api-gateway" "/workspace/cache/git-repos/https%3A%2F%2Fgithub.com%2FbuiltDifferentCoder%2Frust-api-gateway", kill_on_drop: false }`
[INFO] [stderr] Cloning into bare repository '/workspace/cache/git-repos/https%3A%2F%2Fgithub.com%2FbuiltDifferentCoder%2Frust-api-gateway'...
[INFO] running `Command { std: "git" "rev-parse" "HEAD", kill_on_drop: false }`
[INFO] [stdout] 4b6377d0c6420936f94be84f559a9381e0280e9c
[INFO] testing builtDifferentCoder/rust-api-gateway against 1.99.0-beta.8+cargoflags=--release for beta-release-1.100-2
[INFO] running `Command { std: "git" "clone" "/workspace/cache/git-repos/https%3A%2F%2Fgithub.com%2FbuiltDifferentCoder%2Frust-api-gateway" "/workspace/builds/worker-3-tc1/source", kill_on_drop: false }`
[INFO] [stderr] Cloning into '/workspace/builds/worker-3-tc1/source'...
[INFO] [stderr] done.
[INFO] started tweaking git repo https://github.com/builtDifferentCoder/rust-api-gateway
[INFO] finished tweaking git repo https://github.com/builtDifferentCoder/rust-api-gateway
[INFO] tweaked toml for git repo https://github.com/builtDifferentCoder/rust-api-gateway written to /workspace/builds/worker-3-tc1/source/Cargo.toml
[INFO] validating manifest of git repo https://github.com/builtDifferentCoder/rust-api-gateway on toolchain 1.99.0-beta.8
[INFO] running `Command { std: CARGO_HOME="/workspace/cargo-home" RUSTUP_HOME="/workspace/rustup-home" "/workspace/cargo-home/bin/cargo" "+1.99.0-beta.8" "metadata" "--manifest-path" "Cargo.toml" "--no-deps", kill_on_drop: false }`
[INFO] crate git repo https://github.com/builtDifferentCoder/rust-api-gateway already has a lockfile, it will not be regenerated
[INFO] running `Command { std: CARGO_HOME="/workspace/cargo-home" RUSTUP_HOME="/workspace/rustup-home" "/workspace/cargo-home/bin/cargo" "+1.99.0-beta.8" "fetch" "--manifest-path" "Cargo.toml", kill_on_drop: false }`
[INFO] running `Command { std: "docker" "create" "-v" "/var/lib/crater-agent-workspace/builds/worker-3-tc1/source:/opt/rustwide/workdir:ro,Z" "-v" "/var/lib/crater-agent-workspace/builds/worker-3-tc1/target:/opt/rustwide/target:rw,Z" "-v" "/var/lib/crater-agent-workspace/cargo-home:/opt/rustwide/cargo-home:ro,Z" "-v" "/var/lib/crater-agent-workspace/rustup-home:/opt/rustwide/rustup-home:ro,Z" "-m" "1610612736" "--network" "none" "ghcr.io/rust-lang/crates-build-env/linux@sha256:77db811e55d90add9212f6832c23229e3de5f1c1f9905e8cb07319ea15df73ac" "sleep" "infinity", kill_on_drop: false }`
[INFO] [stdout] 50581a48a3a416420d6a76ee4e28ff95478a22fe45fbcca51dfcc16d1948c71a
[INFO] running `Command { std: "docker" "start" "50581a48a3a416420d6a76ee4e28ff95478a22fe45fbcca51dfcc16d1948c71a", kill_on_drop: false }`
[INFO] running `Command { std: "docker" "inspect" "50581a48a3a416420d6a76ee4e28ff95478a22fe45fbcca51dfcc16d1948c71a", kill_on_drop: false }`
[INFO] running `Command { std: "docker" "exec" "-e" "SOURCE_DIR=/opt/rustwide/workdir" "-e" "CARGO_HOME=/opt/rustwide/cargo-home" "-e" "RUSTUP_HOME=/opt/rustwide/rustup-home" "-e" "CARGO_TARGET_DIR=/opt/rustwide/target" "-w" "/opt/rustwide/workdir" "--user" "0:0" "50581a48a3a416420d6a76ee4e28ff95478a22fe45fbcca51dfcc16d1948c71a" "/opt/rustwide/cargo-home/bin/cargo" "+1.99.0-beta.8" "metadata" "--no-deps" "--format-version=1", kill_on_drop: false }`
[INFO] running `Command { std: "docker" "inspect" "50581a48a3a416420d6a76ee4e28ff95478a22fe45fbcca51dfcc16d1948c71a", kill_on_drop: false }`
[INFO] running `Command { std: "docker" "exec" "-e" "SOURCE_DIR=/opt/rustwide/workdir" "-e" "CARGO_HOME=/opt/rustwide/cargo-home" "-e" "RUSTUP_HOME=/opt/rustwide/rustup-home" "-e" "CARGO_TARGET_DIR=/opt/rustwide/target" "-e" "CARGO_INCREMENTAL=0" "-e" "RUST_BACKTRACE=full" "-e" "RUSTFLAGS=--cap-lints=warn" "-e" "RUSTDOCFLAGS=--cap-lints=warn" "-w" "/opt/rustwide/workdir" "--user" "0:0" "50581a48a3a416420d6a76ee4e28ff95478a22fe45fbcca51dfcc16d1948c71a" "/opt/rustwide/cargo-home/bin/cargo" "+1.99.0-beta.8" "build" "--frozen" "--message-format=json" "--release", kill_on_drop: false }`
[INFO] [stderr]    Compiling cc v1.2.62
[INFO] [stderr]    Compiling futures-util v0.3.32
[INFO] [stderr]    Compiling num-traits v0.2.19
[INFO] [stderr]    Compiling tracing v0.1.44
[INFO] [stderr]    Compiling tokio v1.52.3
[INFO] [stderr]    Compiling http v0.2.12
[INFO] [stderr]    Compiling rustls v0.21.12
[INFO] [stderr]    Compiling thiserror v2.0.18
[INFO] [stderr]    Compiling zerofrom v0.1.8
[INFO] [stderr]    Compiling serde_json v1.0.149
[INFO] [stderr]    Compiling time-macros v0.2.27
[INFO] [stderr]    Compiling socket2 v0.5.10
[INFO] [stderr]    Compiling serde_urlencoded v0.7.1
[INFO] [stderr]    Compiling toml_datetime v0.6.11
[INFO] [stderr]    Compiling serde_spanned v0.6.9
[INFO] [stderr]    Compiling rustls-pemfile v1.0.4
[INFO] [stderr]    Compiling yoke v0.8.2
[INFO] [stderr]    Compiling pem v3.0.6
[INFO] [stderr]    Compiling tracing-serde v0.2.0
[INFO] [stderr]    Compiling serde_path_to_error v0.1.20
[INFO] [stderr]    Compiling tracing-log v0.2.0
[INFO] [stderr]    Compiling matchit v0.7.3
[INFO] [stderr]    Compiling toml_edit v0.22.27
[INFO] [stderr]    Compiling zerovec v0.11.6
[INFO] [stderr]    Compiling zerotrie v0.2.4
[INFO] [stderr]    Compiling webpki-roots v0.25.4
[INFO] [stderr]    Compiling tower-http v0.6.11
[INFO] [stderr]    Compiling tower v0.4.13
[INFO] [stderr]    Compiling prometheus v0.13.4
[INFO] [stderr]    Compiling ring v0.17.14
[INFO] [stderr]    Compiling time v0.3.47
[INFO] [stderr]    Compiling http-body v0.4.6
[INFO] [stderr]    Compiling num-integer v0.1.46
[INFO] [stderr]    Compiling chrono v0.4.44
[INFO] [stderr]    Compiling tinystr v0.8.3
[INFO] [stderr]    Compiling potential_utf v0.1.5
[INFO] [stderr]    Compiling icu_locale_core v2.2.0
[INFO] [stderr]    Compiling icu_collections v2.2.0
[INFO] [stderr]    Compiling num-bigint v0.4.6
[INFO] [stderr]    Compiling tracing-subscriber v0.3.23
[INFO] [stderr]    Compiling icu_provider v2.2.0
[INFO] [stderr]    Compiling axum-core v0.4.5
[INFO] [stderr]    Compiling toml v0.8.23
[INFO] [stderr]    Compiling simple_asn1 v0.6.4
[INFO] [stderr]    Compiling icu_properties v2.2.0
[INFO] [stderr]    Compiling icu_normalizer v2.2.0
[INFO] [stderr]    Compiling idna_adapter v1.2.2
[INFO] [stderr]    Compiling idna v1.1.0
[INFO] [stderr]    Compiling url v2.5.8
[INFO] [stderr]    Compiling tokio-util v0.7.18
[INFO] [stderr]    Compiling tower v0.5.3
[INFO] [stderr]    Compiling h2 v0.4.13
[INFO] [stderr]    Compiling h2 v0.3.27
[INFO] [stderr]    Compiling hyper v0.14.32
[INFO] [stderr]    Compiling hyper v1.9.0
[INFO] [stderr]    Compiling rustls-webpki v0.101.7
[INFO] [stderr]    Compiling sct v0.7.1
[INFO] [stderr]    Compiling jsonwebtoken v9.3.1
[INFO] [stderr]    Compiling hyper-util v0.1.20
[INFO] [stderr]    Compiling axum v0.7.9
[INFO] [stderr]    Compiling tokio-rustls v0.24.1
[INFO] [stderr]    Compiling hyper-rustls v0.24.2
[INFO] [stderr]    Compiling reqwest v0.11.27
[INFO] [stderr]    Compiling rust-api-gateway v0.1.0 (/opt/rustwide/workdir)
[INFO] [stderr]     Finished `release` profile [optimized] target(s) in 1m 45s
[INFO] running `Command { std: "docker" "inspect" "50581a48a3a416420d6a76ee4e28ff95478a22fe45fbcca51dfcc16d1948c71a", kill_on_drop: false }`
[INFO] running `Command { std: "docker" "exec" "-e" "SOURCE_DIR=/opt/rustwide/workdir" "-e" "CARGO_HOME=/opt/rustwide/cargo-home" "-e" "RUSTUP_HOME=/opt/rustwide/rustup-home" "-e" "CARGO_TARGET_DIR=/opt/rustwide/target" "-e" "CARGO_INCREMENTAL=0" "-e" "RUST_BACKTRACE=full" "-e" "RUSTFLAGS=--cap-lints=warn" "-e" "RUSTDOCFLAGS=--cap-lints=warn" "-w" "/opt/rustwide/workdir" "--user" "0:0" "50581a48a3a416420d6a76ee4e28ff95478a22fe45fbcca51dfcc16d1948c71a" "/opt/rustwide/cargo-home/bin/cargo" "+1.99.0-beta.8" "test" "--frozen" "--no-run" "--message-format=json" "--release", kill_on_drop: false }`
[INFO] [stderr]    Compiling rust-api-gateway v0.1.0 (/opt/rustwide/workdir)
[INFO] [stderr]     Finished `release` profile [optimized] target(s) in 9.57s
[INFO] running `Command { std: "docker" "inspect" "50581a48a3a416420d6a76ee4e28ff95478a22fe45fbcca51dfcc16d1948c71a", kill_on_drop: false }`
[INFO] running `Command { std: "docker" "exec" "-e" "SOURCE_DIR=/opt/rustwide/workdir" "-e" "CARGO_HOME=/opt/rustwide/cargo-home" "-e" "RUSTUP_HOME=/opt/rustwide/rustup-home" "-e" "CARGO_TARGET_DIR=/opt/rustwide/target" "-e" "CARGO_INCREMENTAL=0" "-e" "RUST_BACKTRACE=full" "-e" "RUSTFLAGS=--cap-lints=warn" "-e" "RUSTDOCFLAGS=--cap-lints=warn" "-w" "/opt/rustwide/workdir" "--user" "0:0" "50581a48a3a416420d6a76ee4e28ff95478a22fe45fbcca51dfcc16d1948c71a" "/opt/rustwide/cargo-home/bin/cargo" "+1.99.0-beta.8" "test" "--frozen" "--release", kill_on_drop: false }`
[INFO] [stderr]     Finished `release` profile [optimized] target(s) in 0.18s
[INFO] [stderr]      Running unittests src/lib.rs (/opt/rustwide/target/release/deps/rust_api_gateway-e26ac1324f28d177)
[INFO] [stdout] 
[INFO] [stdout] running 21 tests
[INFO] [stdout] test health::registry::tests::test_get_healthy_upstreams ... ok
[INFO] [stdout] test health::registry::tests::test_mark_healthy ... ok
[INFO] [stdout] test health::checker::tests::test_health_check_config_with_timeout ... ok
[INFO] [stdout] test middleware::rate_limiter::tests::test_rate_limiter_different_ips ... ok
[INFO] [stdout] test health::checker::tests::test_health_check_config ... ok
[INFO] [stdout] test middleware::auth::tests::test_invalid_token_rejected ... ok
[INFO] [stdout] test middleware::auth::tests::test_missing_bearer_prefix ... ok
[INFO] [stdout] test health::registry::tests::test_mark_unhealthy ... ok
[INFO] [stdout] test middleware::rate_limiter::tests::test_token_bucket_creation ... ok
[INFO] [stdout] test observability::tracing_config::tests::test_tracing_initialization ... ok
[INFO] [stdout] test middleware::auth::tests::test_generate_and_validate_token ... ok
[INFO] [stdout] test observability::metrics::tests::test_encode_metrics ... FAILED
[INFO] [stdout] test observability::metrics::tests::test_metrics_initialization ... ok
[INFO] [stdout] test observability::metrics::tests::test_record_request ... ok
[INFO] [stdout] test health::registry::tests::test_register_upstream ... ok
[INFO] [stdout] test middleware::rate_limiter::tests::test_token_consumption ... ok
[INFO] [stdout] test middleware::rate_limiter::tests::test_token_consumption_exceeds_available ... ok
[INFO] [stdout] test health::checker::tests::test_health_checker_creation ... ok
[INFO] [stdout] test middleware::rate_limiter::tests::test_rate_limiter_config ... ok
[INFO] [stdout] test middleware::auth::tests::test_extract_bearer_token ... ok
[INFO] [stdout] test middleware::rate_limiter::tests::test_rate_limiter_allows_requests_within_limit ... ok
[INFO] [stdout] 
[INFO] [stdout] failures:
[INFO] [stdout] 
[INFO] [stdout] ---- observability::metrics::tests::test_encode_metrics stdout ----
[INFO] [stdout] Prometheus metrics initialized
[INFO] [stdout] 
[INFO] [stdout] thread 'observability::metrics::tests::test_encode_metrics' (1683) panicked at src/observability/metrics.rs:214:9:
[INFO] [stdout] assertion failed: metrics_text.contains("api_gateway_http_requests_total") ||
[INFO] [stdout]     metrics_text.contains("http_requests_total")
[INFO] [stdout] stack backtrace:
[INFO] [stdout]    0:     0x60a5540e79e1 - <<std[70759c8f55707aa4]::sys::backtrace::BacktraceLock>::print::DisplayBacktrace as core[df12db4294e9bfd3]::fmt::Display>::fmt
[INFO] [stdout]    1:     0x60a5540ff12a - core[df12db4294e9bfd3]::fmt::write
[INFO] [stdout]    2:     0x60a5540ec2fc - <alloc[2182bb758b4b3781]::vec::Vec<u8> as core[df12db4294e9bfd3]::io::write::Write>::write_fmt
[INFO] [stdout]    3:     0x60a5540c3446 - std[70759c8f55707aa4]::panicking::default_hook::{closure#0}
[INFO] [stdout]    4:     0x60a5540dfba9 - std[70759c8f55707aa4]::panicking::default_hook
[INFO] [stdout]    5:     0x60a553eceeb0 - test[9d35eded1c95d3be]::test_main_inner::<test[9d35eded1c95d3be]::test_main_static::{closure#0}>::{closure#0}
[INFO] [stdout]    6:     0x60a5540dfd62 - std[70759c8f55707aa4]::panicking::panic_with_hook
[INFO] [stdout]    7:     0x60a5540c3524 - std[70759c8f55707aa4]::panicking::panic_handler::{closure#0}
[INFO] [stdout]    8:     0x60a5540bc199 - std[70759c8f55707aa4]::sys::backtrace::__rust_end_short_backtrace::<std[70759c8f55707aa4]::panicking::panic_handler::{closure#0}, !>
[INFO] [stdout]    9:     0x60a5540c42dd - __rustc[8fa7c3cbc660c2b3]::rust_begin_unwind
[INFO] [stdout]   10:     0x60a5540ff88c - core[df12db4294e9bfd3]::panicking::panic_fmt
[INFO] [stdout]   11:     0x60a5540ff852 - core[df12db4294e9bfd3]::panicking::panic
[INFO] [stdout]   12:     0x60a553eae1ce - rust_api_gateway[9d85fabd7ee8bb69]::observability::metrics::tests::test_encode_metrics
[INFO] [stdout]   13:     0x60a553ec2049 - <rust_api_gateway[9d85fabd7ee8bb69]::observability::metrics::tests::test_encode_metrics::{closure#0} as core[df12db4294e9bfd3]::ops::function::FnOnce<()>>::call_once
[INFO] [stdout]   14:     0x60a553ec219b - test[9d35eded1c95d3be]::__rust_begin_short_backtrace::<core[df12db4294e9bfd3]::result::Result<(), alloc[2182bb758b4b3781]::string::String>, fn() -> core[df12db4294e9bfd3]::result::Result<(), alloc[2182bb758b4b3781]::string::String>>
[INFO] [stdout]   15:     0x60a553ecf805 - test[9d35eded1c95d3be]::run_test::{closure#0}
[INFO] [stdout]   16:     0x60a553ec90c4 - std[70759c8f55707aa4]::sys::backtrace::__rust_begin_short_backtrace::<test[9d35eded1c95d3be]::run_test::{closure#1}, ()>
[INFO] [stdout]   17:     0x60a553ed2962 - <std[70759c8f55707aa4]::thread::lifecycle::spawn_unchecked<test[9d35eded1c95d3be]::run_test::{closure#1}, ()>::{closure#1} as core[df12db4294e9bfd3]::ops::function::FnOnce<()>>::call_once::{shim:vtable#0}
[INFO] [stdout]   18:     0x60a5540e6f19 - <std[70759c8f55707aa4]::sys::thread::unix::Thread>::new::thread_start
[INFO] [stdout]   19:     0x72c157eaddfa - <unknown>
[INFO] [stdout]   20:     0x72c157f413d4 - clone
[INFO] [stdout]   21:                0x0 - <unknown>
[INFO] [stdout] 
[INFO] [stdout] 
[INFO] [stdout] failures:
[INFO] [stdout]     observability::metrics::tests::test_encode_metrics
[INFO] [stdout] 
[INFO] [stdout] test result: FAILED. 20 passed; 1 failed; 0 ignored; 0 measured; 0 filtered out; finished in 0.04s
[INFO] [stdout] 
[INFO] [stderr] error: test failed, to rerun pass `--lib`
[INFO] running `Command { std: "docker" "inspect" "50581a48a3a416420d6a76ee4e28ff95478a22fe45fbcca51dfcc16d1948c71a", kill_on_drop: false }`
[INFO] running `Command { std: "docker" "rm" "-f" "50581a48a3a416420d6a76ee4e28ff95478a22fe45fbcca51dfcc16d1948c71a", kill_on_drop: false }`
[INFO] [stdout] 50581a48a3a416420d6a76ee4e28ff95478a22fe45fbcca51dfcc16d1948c71a
