[INFO] cloning repository https://github.com/bryanmatteson/metes
[INFO] running `Command { std: "git" "-c" "credential.helper=" "-c" "credential.helper=/workspace/cargo-home/bin/git-credential-null" "clone" "--bare" "https://github.com/bryanmatteson/metes" "/workspace/cache/git-repos/https%3A%2F%2Fgithub.com%2Fbryanmatteson%2Fmetes", kill_on_drop: false }`
[INFO] [stderr] Cloning into bare repository '/workspace/cache/git-repos/https%3A%2F%2Fgithub.com%2Fbryanmatteson%2Fmetes'...
[INFO] running `Command { std: "git" "rev-parse" "HEAD", kill_on_drop: false }`
[INFO] [stdout] fd1066e14621ddd0c024dc794ca1be0265540a5d
[INFO] testing bryanmatteson/metes against 1.100.0-beta.1+cargoflags=--release for beta-release-1.100-2
[INFO] running `Command { std: "git" "clone" "/workspace/cache/git-repos/https%3A%2F%2Fgithub.com%2Fbryanmatteson%2Fmetes" "/workspace/builds/worker-2-tc2/source", kill_on_drop: false }`
[INFO] [stderr] Cloning into '/workspace/builds/worker-2-tc2/source'...
[INFO] [stderr] done.
[INFO] started tweaking git repo https://github.com/bryanmatteson/metes
[INFO] finished tweaking git repo https://github.com/bryanmatteson/metes
[INFO] tweaked toml for git repo https://github.com/bryanmatteson/metes written to /workspace/builds/worker-2-tc2/source/Cargo.toml
[INFO] validating manifest of git repo https://github.com/bryanmatteson/metes on toolchain 1.100.0-beta.1
[INFO] running `Command { std: CARGO_HOME="/workspace/cargo-home" RUSTUP_HOME="/workspace/rustup-home" "/workspace/cargo-home/bin/cargo" "+1.100.0-beta.1" "metadata" "--manifest-path" "Cargo.toml" "--no-deps", kill_on_drop: false }`
[INFO] crate git repo https://github.com/bryanmatteson/metes already has a lockfile, it will not be regenerated
[INFO] running `Command { std: CARGO_HOME="/workspace/cargo-home" RUSTUP_HOME="/workspace/rustup-home" "/workspace/cargo-home/bin/cargo" "+1.100.0-beta.1" "fetch" "--manifest-path" "Cargo.toml", kill_on_drop: false }`
[INFO] running `Command { std: "docker" "create" "-v" "/var/lib/crater-agent-workspace/builds/worker-2-tc2/source:/opt/rustwide/workdir:ro,Z" "-v" "/var/lib/crater-agent-workspace/builds/worker-2-tc2/target:/opt/rustwide/target:rw,Z" "-v" "/var/lib/crater-agent-workspace/cargo-home:/opt/rustwide/cargo-home:ro,Z" "-v" "/var/lib/crater-agent-workspace/rustup-home:/opt/rustwide/rustup-home:ro,Z" "-m" "1610612736" "--network" "none" "ghcr.io/rust-lang/crates-build-env/linux@sha256:77db811e55d90add9212f6832c23229e3de5f1c1f9905e8cb07319ea15df73ac" "sleep" "infinity", kill_on_drop: false }`
[INFO] [stdout] ee33df438786a4ceb921e76df0863a366cea8e9a92a7de9ae5beeef60f8022bb
[INFO] running `Command { std: "docker" "start" "ee33df438786a4ceb921e76df0863a366cea8e9a92a7de9ae5beeef60f8022bb", kill_on_drop: false }`
[INFO] running `Command { std: "docker" "inspect" "ee33df438786a4ceb921e76df0863a366cea8e9a92a7de9ae5beeef60f8022bb", kill_on_drop: false }`
[INFO] running `Command { std: "docker" "exec" "-e" "SOURCE_DIR=/opt/rustwide/workdir" "-e" "CARGO_HOME=/opt/rustwide/cargo-home" "-e" "RUSTUP_HOME=/opt/rustwide/rustup-home" "-e" "CARGO_TARGET_DIR=/opt/rustwide/target" "-w" "/opt/rustwide/workdir" "--user" "0:0" "ee33df438786a4ceb921e76df0863a366cea8e9a92a7de9ae5beeef60f8022bb" "/opt/rustwide/cargo-home/bin/cargo" "+1.100.0-beta.1" "metadata" "--no-deps" "--format-version=1", kill_on_drop: false }`
[INFO] running `Command { std: "docker" "inspect" "ee33df438786a4ceb921e76df0863a366cea8e9a92a7de9ae5beeef60f8022bb", kill_on_drop: false }`
[INFO] running `Command { std: "docker" "exec" "-e" "SOURCE_DIR=/opt/rustwide/workdir" "-e" "CARGO_HOME=/opt/rustwide/cargo-home" "-e" "RUSTUP_HOME=/opt/rustwide/rustup-home" "-e" "CARGO_TARGET_DIR=/opt/rustwide/target" "-e" "CARGO_INCREMENTAL=0" "-e" "RUST_BACKTRACE=full" "-e" "RUSTFLAGS=--cap-lints=warn" "-e" "RUSTDOCFLAGS=--cap-lints=warn" "-w" "/opt/rustwide/workdir" "--user" "0:0" "ee33df438786a4ceb921e76df0863a366cea8e9a92a7de9ae5beeef60f8022bb" "/opt/rustwide/cargo-home/bin/cargo" "+1.100.0-beta.1" "build" "--frozen" "--message-format=json" "--release", kill_on_drop: false }`
[INFO] [stderr]    Compiling proc-macro2 v1.0.107
[INFO] [stderr]    Compiling quote v1.0.47
[INFO] [stderr]    Compiling unicode-ident v1.0.24
[INFO] [stderr]    Compiling version_check v0.9.5
[INFO] [stderr]    Compiling serde_core v1.0.229
[INFO] [stderr]    Compiling autocfg v1.5.1
[INFO] [stderr]    Compiling typenum v1.20.1
[INFO] [stderr]    Compiling serde v1.0.229
[INFO] [stderr]    Compiling cfg-if v1.0.4
[INFO] [stderr]    Compiling thiserror v2.0.20
[INFO] [stderr]    Compiling semver v1.0.28
[INFO] [stderr]    Compiling crc32fast v1.5.0
[INFO] [stderr]    Compiling zmij v1.0.23
[INFO] [stderr]    Compiling generic-array v0.14.7
[INFO] [stderr]    Compiling simd-adler32 v0.3.10
[INFO] [stderr]    Compiling rustc_version v0.4.1
[INFO] [stderr]    Compiling cpufeatures v0.2.17
[INFO] [stderr]    Compiling num-traits v0.2.19
[INFO] [stderr]    Compiling adler2 v2.0.1
[INFO] [stderr]    Compiling serde_json v1.0.151
[INFO] [stderr]    Compiling crc32c v0.6.8
[INFO] [stderr]    Compiling miniz_oxide v0.8.9
[INFO] [stderr]    Compiling memchr v2.8.3
[INFO] [stderr]    Compiling itoa v1.0.18
[INFO] [stderr]    Compiling utf8parse v0.2.2
[INFO] [stderr]    Compiling syn v3.0.3
[INFO] [stderr]    Compiling anstyle-parse v1.0.0
[INFO] [stderr]    Compiling hex v0.4.3
[INFO] [stderr]    Compiling flate2 v1.1.9
[INFO] [stderr]    Compiling num-integer v0.1.47
[INFO] [stderr]    Compiling is_terminal_polyfill v1.70.2
[INFO] [stderr]    Compiling anstyle-query v1.1.5
[INFO] [stderr]    Compiling anstyle v1.0.14
[INFO] [stderr]    Compiling colorchoice v1.0.5
[INFO] [stderr]    Compiling anstream v1.0.0
[INFO] [stderr]    Compiling strsim v0.11.1
[INFO] [stderr]    Compiling heck v0.5.0
[INFO] [stderr]    Compiling block-buffer v0.10.4
[INFO] [stderr]    Compiling crypto-common v0.1.7
[INFO] [stderr]    Compiling clap_lex v1.1.0
[INFO] [stderr]    Compiling digest v0.10.7
[INFO] [stderr]    Compiling clap_builder v4.6.6
[INFO] [stderr]    Compiling sha2 v0.10.9
[INFO] [stderr]    Compiling serde_derive v1.0.229
[INFO] [stderr]    Compiling thiserror-impl v2.0.20
[INFO] [stderr]    Compiling clap_derive v4.6.4
[INFO] [stderr]    Compiling clap v4.6.6
[INFO] [stderr]    Compiling num-bigint v0.4.8
[INFO] [stderr]    Compiling metes-kernel v0.1.0 (/opt/rustwide/workdir/crates/metes-kernel)
[INFO] [stderr]    Compiling metes-stdlib v0.1.0 (/opt/rustwide/workdir/crates/metes-stdlib)
[INFO] [stderr]    Compiling metes-transport v0.1.0 (/opt/rustwide/workdir/crates/metes-transport)
[INFO] [stderr]    Compiling metes-checker v0.1.0 (/opt/rustwide/workdir/crates/metes-checker)
[INFO] [stderr]    Compiling metes-runtime v0.1.0 (/opt/rustwide/workdir/crates/metes-runtime)
[INFO] [stderr]    Compiling metes-surface v0.1.0 (/opt/rustwide/workdir/crates/metes-surface)
[INFO] [stderr]    Compiling metes-encode v0.1.0 (/opt/rustwide/workdir/crates/metes-encode)
[INFO] [stderr]    Compiling metes-codegen v0.1.0 (/opt/rustwide/workdir/crates/metes-codegen)
[INFO] [stderr]    Compiling metes-conformance v0.1.0 (/opt/rustwide/workdir/crates/metes-conformance)
[INFO] [stderr]    Compiling metes-cli v0.1.0 (/opt/rustwide/workdir/crates/metes-cli)
[INFO] [stderr]     Finished `release` profile [optimized] target(s) in 2m 05s
[INFO] running `Command { std: "docker" "inspect" "ee33df438786a4ceb921e76df0863a366cea8e9a92a7de9ae5beeef60f8022bb", kill_on_drop: false }`
[INFO] running `Command { std: "docker" "exec" "-e" "SOURCE_DIR=/opt/rustwide/workdir" "-e" "CARGO_HOME=/opt/rustwide/cargo-home" "-e" "RUSTUP_HOME=/opt/rustwide/rustup-home" "-e" "CARGO_TARGET_DIR=/opt/rustwide/target" "-e" "CARGO_INCREMENTAL=0" "-e" "RUST_BACKTRACE=full" "-e" "RUSTFLAGS=--cap-lints=warn" "-e" "RUSTDOCFLAGS=--cap-lints=warn" "-w" "/opt/rustwide/workdir" "--user" "0:0" "ee33df438786a4ceb921e76df0863a366cea8e9a92a7de9ae5beeef60f8022bb" "/opt/rustwide/cargo-home/bin/cargo" "+1.100.0-beta.1" "test" "--frozen" "--no-run" "--message-format=json" "--release", kill_on_drop: false }`
[INFO] [stderr]    Compiling libc v0.2.189
[INFO] [stderr]    Compiling getrandom v0.3.4
[INFO] [stderr]    Compiling zerocopy v0.8.56
[INFO] [stderr]    Compiling rustix v1.1.4
[INFO] [stderr]    Compiling getrandom v0.4.3
[INFO] [stderr]    Compiling bitflags v2.13.1
[INFO] [stderr]    Compiling linux-raw-sys v0.12.1
[INFO] [stderr]    Compiling once_cell v1.21.4
[INFO] [stderr]    Compiling fastrand v2.5.0
[INFO] [stderr]    Compiling bit-vec v0.8.0
[INFO] [stderr]    Compiling fnv v1.0.7
[INFO] [stderr]    Compiling quick-error v1.2.3
[INFO] [stderr]    Compiling unarray v0.1.4
[INFO] [stderr]    Compiling regex-syntax v0.8.11
[INFO] [stderr]    Compiling bit-set v0.8.0
[INFO] [stderr]    Compiling metes-cli v0.1.0 (/opt/rustwide/workdir/crates/metes-cli)
[INFO] [stderr]    Compiling metes-codegen v0.1.0 (/opt/rustwide/workdir/crates/metes-codegen)
[INFO] [stderr]    Compiling metes-conformance v0.1.0 (/opt/rustwide/workdir/crates/metes-conformance)
[INFO] [stderr]    Compiling metes-surface v0.1.0 (/opt/rustwide/workdir/crates/metes-surface)
[INFO] [stderr]    Compiling rand_core v0.9.5
[INFO] [stderr]    Compiling wait-timeout v0.2.1
[INFO] [stderr]    Compiling rand_xorshift v0.4.0
[INFO] [stderr]    Compiling rand v0.9.5
[INFO] [stderr]    Compiling tempfile v3.27.0
[INFO] [stderr]    Compiling rusty-fork v0.3.1
[INFO] [stderr]    Compiling metes-encode v0.1.0 (/opt/rustwide/workdir/crates/metes-encode)
[INFO] [stderr]    Compiling metes-runtime v0.1.0 (/opt/rustwide/workdir/crates/metes-runtime)
[INFO] [stderr]    Compiling ppv-lite86 v0.2.21
[INFO] [stderr]    Compiling rand_chacha v0.9.0
[INFO] [stderr]    Compiling metes-checker v0.1.0 (/opt/rustwide/workdir/crates/metes-checker)
[INFO] [stderr]    Compiling proptest v1.11.0
[INFO] [stderr]    Compiling metes-transport v0.1.0 (/opt/rustwide/workdir/crates/metes-transport)
[INFO] [stderr]    Compiling metes-kernel v0.1.0 (/opt/rustwide/workdir/crates/metes-kernel)
[INFO] [stderr]    Compiling metes-stdlib v0.1.0 (/opt/rustwide/workdir/crates/metes-stdlib)
[INFO] [stderr]     Finished `release` profile [optimized] target(s) in 5m 09s
[INFO] running `Command { std: "docker" "inspect" "ee33df438786a4ceb921e76df0863a366cea8e9a92a7de9ae5beeef60f8022bb", kill_on_drop: false }`
[INFO] running `Command { std: "docker" "exec" "-e" "SOURCE_DIR=/opt/rustwide/workdir" "-e" "CARGO_HOME=/opt/rustwide/cargo-home" "-e" "RUSTUP_HOME=/opt/rustwide/rustup-home" "-e" "CARGO_TARGET_DIR=/opt/rustwide/target" "-e" "CARGO_INCREMENTAL=0" "-e" "RUST_BACKTRACE=full" "-e" "RUSTFLAGS=--cap-lints=warn" "-e" "RUSTDOCFLAGS=--cap-lints=warn" "-w" "/opt/rustwide/workdir" "--user" "0:0" "ee33df438786a4ceb921e76df0863a366cea8e9a92a7de9ae5beeef60f8022bb" "/opt/rustwide/cargo-home/bin/cargo" "+1.100.0-beta.1" "test" "--frozen" "--release", kill_on_drop: false }`
[INFO] [stderr]     Finished `release` profile [optimized] target(s) in 0.21s
[INFO] [stderr]      Running unittests src/lib.rs (/opt/rustwide/target/release/build/metes-checker/acfdb39617639e81/out/metes_checker-acfdb39617639e81)
[INFO] [stdout] 
[INFO] [stdout] running 9 tests
[INFO] [stdout] test static_analysis::tests::encode_capability_requires_parse_capability ... ok
[INFO] [stdout] test bytecode::tests::program_id_detects_instruction_tampering ... ok
[INFO] [stdout] test bytecode::tests::kernel_validation_rejects_a_different_canonical_program ... ok
[INFO] [stdout] test bytecode::tests::verifier_rejects_missing_targets_and_structured_cycles ... ok
[INFO] [stdout] test partial::tests::membership_is_conditional_on_and_bound_to_the_anchor ... ok
[INFO] [stdout] test static_analysis::tests::rejects_byte_geometry_and_nonprogressing_loops ... ok
[INFO] [stdout] test partial::tests::selected_fact_is_evaluated_from_disclosed_canonical_operands ... ok
[INFO] [stdout] test static_analysis::tests::validates_prior_values_choice_totality_and_transcript ... ok
[INFO] [stdout] test bytecode::tests::lowering_and_transport_are_deterministic ... ok
[INFO] [stdout] 
[INFO] [stdout] test result: ok. 9 passed; 0 failed; 0 ignored; 0 measured; 0 filtered out; finished in 0.00s
[INFO] [stdout] 
[INFO] [stderr]      Running unittests src/main.rs (/opt/rustwide/target/release/build/metes-cli/d872e447d06895ea/out/metes-d872e447d06895ea)
[INFO] [stdout] 
[INFO] [stdout] running 5 tests
[INFO] [stdout] test tests::compiled_bytecode_runs_without_generated_rust ... ok
[INFO] [stdout] test tests::documented_surface_examples_cover_their_declared_formats ... ok
[INFO] [stdout] test tests::documented_surface_examples_compile ... ok
[INFO] [stdout] test tests::built_in_corpus_runs_through_product_boundary ... ok
[INFO] [stdout] test tests::generated_package_is_executed_by_parse_generated ... FAILED
[INFO] [stdout] 
[INFO] [stdout] failures:
[INFO] [stdout] 
[INFO] [stdout] ---- tests::generated_package_is_executed_by_parse_generated stdout ----
[INFO] [stdout] spec_id=8e4e7172df36fe98593c1e2a9b31be8adf6d1fd5c29efd6afdf5102911a0bcb7
[INFO] [stdout] 
[INFO] [stdout] thread 'tests::generated_package_is_executed_by_parse_generated' (1974) panicked at crates/metes-cli/src/main.rs:660:10:
[INFO] [stdout] run generated parser: Usage("error: failed to get `num-bigint` as a dependency of package `metes-generated-parser v0.0.0 (/tmp/metes-cli-generated-1969/generated)`\n\nCaused by:\n  failed to load source for dependency `num-bigint`\n\nCaused by:\n  unable to update registry `crates-io`\n\nCaused by:\n  download of config.json failed\n\nCaused by:\n  [6] Could not resolve hostname (Could not resolve host: index.crates.io)\n")
[INFO] [stdout] stack backtrace:
[INFO] [stdout]    0:     0x619769276146 - <<std[617be2ca0a6fd877]::sys::backtrace::BacktraceLock>::print::DisplayBacktrace as core[a373ad73a504971]::fmt::Display>::fmt
[INFO] [stdout]    1:     0x61976909f8ca - core[a373ad73a504971]::fmt::write
[INFO] [stdout]    2:     0x61976927b8dc - <alloc[2e1b2a31b91974c5]::vec::Vec<u8> as core[a373ad73a504971]::io::write::Write>::write_fmt
[INFO] [stdout]    3:     0x619769251932 - std[617be2ca0a6fd877]::panicking::default_hook::{closure#0}
[INFO] [stdout]    4:     0x61976926de21 - std[617be2ca0a6fd877]::panicking::default_hook
[INFO] [stdout]    5:     0x61976926e002 - std[617be2ca0a6fd877]::panicking::panic_with_hook
[INFO] [stdout]    6:     0x6197692519e2 - std[617be2ca0a6fd877]::panicking::panic_handler::{closure#0}
[INFO] [stdout]    7:     0x61976924a5a9 - std[617be2ca0a6fd877]::sys::backtrace::__rust_end_short_backtrace::<std[617be2ca0a6fd877]::panicking::panic_handler::{closure#0}, !>
[INFO] [stdout]    8:     0x6197692525fd - __rustc[ea4f61d10b84890b]::rust_begin_unwind
[INFO] [stdout]    9:     0x61976909ffbc - core[a373ad73a504971]::panicking::panic_fmt
[INFO] [stdout]   10:     0x61976909fd92 - core[a373ad73a504971]::result::unwrap_failed
[INFO] [stdout]   11:     0x6197690c76a9 - <metes[4aee9aba7c63277a]::tests::generated_package_is_executed_by_parse_generated::{closure#0} as core[a373ad73a504971]::ops::function::FnOnce<()>>::call_once
[INFO] [stdout]   12:     0x61976927d57b - test[aada8e7e76ba119b]::__rust_begin_short_backtrace::<core[a373ad73a504971]::result::Result<(), alloc[2e1b2a31b91974c5]::string::String>, fn() -> core[a373ad73a504971]::result::Result<(), alloc[2e1b2a31b91974c5]::string::String>>
[INFO] [stdout]   13:     0x61976928b424 - test[aada8e7e76ba119b]::run_test::{closure#0}
[INFO] [stdout]   14:     0x619769284b54 - std[617be2ca0a6fd877]::sys::backtrace::__rust_begin_short_backtrace::<test[aada8e7e76ba119b]::run_test::{closure#1}, ()>
[INFO] [stdout]   15:     0x61976928f1e2 - <std[617be2ca0a6fd877]::thread::lifecycle::spawn_unchecked<test[aada8e7e76ba119b]::run_test::{closure#1}, ()>::{closure#1} as core[a373ad73a504971]::ops::function::FnOnce<()>>::call_once::{shim:vtable#0}
[INFO] [stdout]   16:     0x619769274f54 - <std[617be2ca0a6fd877]::sys::thread::unix::Thread>::new::thread_start
[INFO] [stdout]   17:     0x77968100cdfa - <unknown>
[INFO] [stdout]   18:     0x7796810a03d4 - clone
[INFO] [stdout]   19:                0x0 - <unknown>
[INFO] [stdout] 
[INFO] [stdout] 
[INFO] [stdout] failures:
[INFO] [stdout]     tests::generated_package_is_executed_by_parse_generated
[INFO] [stdout] 
[INFO] [stdout] test result: FAILED. 4 passed; 1 failed; 0 ignored; 0 measured; 0 filtered out; finished in 22.16s
[INFO] [stdout] 
[INFO] [stderr] error: test failed, to rerun pass `-p metes-cli --bin metes`
[INFO] running `Command { std: "docker" "inspect" "ee33df438786a4ceb921e76df0863a366cea8e9a92a7de9ae5beeef60f8022bb", kill_on_drop: false }`
[INFO] running `Command { std: "docker" "rm" "-f" "ee33df438786a4ceb921e76df0863a366cea8e9a92a7de9ae5beeef60f8022bb", kill_on_drop: false }`
[INFO] [stdout] ee33df438786a4ceb921e76df0863a366cea8e9a92a7de9ae5beeef60f8022bb
