[INFO] cloning repository https://github.com/blueshift-gg/u128-intrinsics
[INFO] running `Command { std: "git" "-c" "credential.helper=" "-c" "credential.helper=/workspace/cargo-home/bin/git-credential-null" "clone" "--bare" "https://github.com/blueshift-gg/u128-intrinsics" "/workspace/cache/git-repos/https%3A%2F%2Fgithub.com%2Fblueshift-gg%2Fu128-intrinsics", kill_on_drop: false }`
[INFO] [stderr] Cloning into bare repository '/workspace/cache/git-repos/https%3A%2F%2Fgithub.com%2Fblueshift-gg%2Fu128-intrinsics'...
[INFO] running `Command { std: "git" "rev-parse" "HEAD", kill_on_drop: false }`
[INFO] [stdout] 63659e109040aa941004d8c948e3404bfe5ea509
[INFO] testing blueshift-gg/u128-intrinsics against 1.100.0-beta.1+cargoflags=--release for beta-release-1.100-2
[INFO] running `Command { std: "git" "clone" "/workspace/cache/git-repos/https%3A%2F%2Fgithub.com%2Fblueshift-gg%2Fu128-intrinsics" "/workspace/builds/worker-7-tc2/source", kill_on_drop: false }`
[INFO] [stderr] Cloning into '/workspace/builds/worker-7-tc2/source'...
[INFO] [stderr] done.
[INFO] removed /workspace/builds/worker-7-tc2/source/.cargo/config.toml
[INFO] started tweaking git repo https://github.com/blueshift-gg/u128-intrinsics
[INFO] finished tweaking git repo https://github.com/blueshift-gg/u128-intrinsics
[INFO] tweaked toml for git repo https://github.com/blueshift-gg/u128-intrinsics written to /workspace/builds/worker-7-tc2/source/Cargo.toml
[INFO] validating manifest of git repo https://github.com/blueshift-gg/u128-intrinsics on toolchain 1.100.0-beta.1
[INFO] running `Command { std: CARGO_HOME="/workspace/cargo-home" RUSTUP_HOME="/workspace/rustup-home" "/workspace/cargo-home/bin/cargo" "+1.100.0-beta.1" "metadata" "--manifest-path" "Cargo.toml" "--no-deps", kill_on_drop: false }`
[INFO] crate git repo https://github.com/blueshift-gg/u128-intrinsics already has a lockfile, it will not be regenerated
[INFO] running `Command { std: CARGO_HOME="/workspace/cargo-home" RUSTUP_HOME="/workspace/rustup-home" "/workspace/cargo-home/bin/cargo" "+1.100.0-beta.1" "fetch" "--manifest-path" "Cargo.toml", kill_on_drop: false }`
[INFO] running `Command { std: "docker" "create" "-v" "/var/lib/crater-agent-workspace/builds/worker-7-tc2/source:/opt/rustwide/workdir:ro,Z" "-v" "/var/lib/crater-agent-workspace/builds/worker-7-tc2/target:/opt/rustwide/target:rw,Z" "-v" "/var/lib/crater-agent-workspace/cargo-home:/opt/rustwide/cargo-home:ro,Z" "-v" "/var/lib/crater-agent-workspace/rustup-home:/opt/rustwide/rustup-home:ro,Z" "-m" "1610612736" "--network" "none" "ghcr.io/rust-lang/crates-build-env/linux@sha256:77db811e55d90add9212f6832c23229e3de5f1c1f9905e8cb07319ea15df73ac" "sleep" "infinity", kill_on_drop: false }`
[INFO] [stdout] ebea79e326fb4dec5c7f69ed4213062a0e950e3a629fe7b36f9871fde5c351d6
[INFO] running `Command { std: "docker" "start" "ebea79e326fb4dec5c7f69ed4213062a0e950e3a629fe7b36f9871fde5c351d6", kill_on_drop: false }`
[INFO] running `Command { std: "docker" "inspect" "ebea79e326fb4dec5c7f69ed4213062a0e950e3a629fe7b36f9871fde5c351d6", kill_on_drop: false }`
[INFO] running `Command { std: "docker" "exec" "-e" "SOURCE_DIR=/opt/rustwide/workdir" "-e" "CARGO_HOME=/opt/rustwide/cargo-home" "-e" "RUSTUP_HOME=/opt/rustwide/rustup-home" "-e" "CARGO_TARGET_DIR=/opt/rustwide/target" "-w" "/opt/rustwide/workdir" "--user" "0:0" "ebea79e326fb4dec5c7f69ed4213062a0e950e3a629fe7b36f9871fde5c351d6" "/opt/rustwide/cargo-home/bin/cargo" "+1.100.0-beta.1" "metadata" "--no-deps" "--format-version=1", kill_on_drop: false }`
[INFO] running `Command { std: "docker" "inspect" "ebea79e326fb4dec5c7f69ed4213062a0e950e3a629fe7b36f9871fde5c351d6", kill_on_drop: false }`
[INFO] running `Command { std: "docker" "exec" "-e" "SOURCE_DIR=/opt/rustwide/workdir" "-e" "CARGO_HOME=/opt/rustwide/cargo-home" "-e" "RUSTUP_HOME=/opt/rustwide/rustup-home" "-e" "CARGO_TARGET_DIR=/opt/rustwide/target" "-e" "CARGO_INCREMENTAL=0" "-e" "RUST_BACKTRACE=full" "-e" "RUSTFLAGS=--cap-lints=warn" "-e" "RUSTDOCFLAGS=--cap-lints=warn" "-w" "/opt/rustwide/workdir" "--user" "0:0" "ebea79e326fb4dec5c7f69ed4213062a0e950e3a629fe7b36f9871fde5c351d6" "/opt/rustwide/cargo-home/bin/cargo" "+1.100.0-beta.1" "build" "--frozen" "--message-format=json" "--release", kill_on_drop: false }`
[INFO] [stderr]    Compiling solana-program-error v3.0.0
[INFO] [stderr]    Compiling u128-intrinsics v0.1.0 (/opt/rustwide/workdir)
[INFO] [stdout] warning: unexpected `cfg` condition value: `solana`
[INFO] [stdout]  --> src/lib.rs:1:38
[INFO] [stdout]   |
[INFO] [stdout] 1 | #![cfg_attr(any(target_arch = "bpf", target_os = "solana"), no_std)]
[INFO] [stdout]   |                                      ^^^^^^^^^^^^^^^^^^^^
[INFO] [stdout]   |
[INFO] [stdout]   = note: expected values for `target_os` are: `aix`, `amdhsa`, `android`, `cuda`, `cygwin`, `dragonfly`, `emscripten`, `espidf`, `freebsd`, `fuchsia`, `haiku`, `helenos`, `hermit`, `horizon`, `hurd`, `illumos`, `ios`, `l4re`, `linux`, `lynxos178`, `macos`, `managarm`, `motor`, `netbsd`, `none`, `nto`, `nuttx`, `openbsd`, `ps3`, `psp`, `psx`, `qnx`, `qurt`, `redox`, and `rtems` and 16 more
[INFO] [stdout]   = note: see <https://doc.rust-lang.org/nightly/rustc/check-cfg/cargo-specifics.html> for more information about checking conditional configuration
[INFO] [stdout]   = note: `#[warn(unexpected_cfgs)]` on by default
[INFO] [stdout] 
[INFO] [stdout] 
[INFO] [stdout] warning: unexpected `cfg` condition value: `solana`
[INFO] [stdout]  --> src/lib.rs:3:32
[INFO] [stdout]   |
[INFO] [stdout] 3 | #[cfg(any(target_arch = "bpf", target_os = "solana"))]
[INFO] [stdout]   |                                ^^^^^^^^^^^^^^^^^^^^
[INFO] [stdout]   |
[INFO] [stdout]   = note: expected values for `target_os` are: `aix`, `amdhsa`, `android`, `cuda`, `cygwin`, `dragonfly`, `emscripten`, `espidf`, `freebsd`, `fuchsia`, `haiku`, `helenos`, `hermit`, `horizon`, `hurd`, `illumos`, `ios`, `l4re`, `linux`, `lynxos178`, `macos`, `managarm`, `motor`, `netbsd`, `none`, `nto`, `nuttx`, `openbsd`, `ps3`, `psp`, `psx`, `qnx`, `qurt`, `redox`, and `rtems` and 16 more
[INFO] [stdout]   = note: see <https://doc.rust-lang.org/nightly/rustc/check-cfg/cargo-specifics.html> for more information about checking conditional configuration
[INFO] [stdout] 
[INFO] [stdout] 
[INFO] [stdout] warning: unused import: `solana_program_error::ProgramError`
[INFO] [stdout]   --> src/lib.rs:23:5
[INFO] [stdout]    |
[INFO] [stdout] 23 | use solana_program_error::ProgramError;
[INFO] [stdout]    |     ^^^^^^^^^^^^^^^^^^^^^^^^^^^^^^^^^^
[INFO] [stdout]    |
[INFO] [stdout]    = note: `#[warn(unused_imports)]` (part of `#[warn(unused)]`) on by default
[INFO] [stdout] 
[INFO] [stdout] 
[INFO] [stderr]     Finished `release` profile [optimized] target(s) in 0.57s
[INFO] running `Command { std: "docker" "inspect" "ebea79e326fb4dec5c7f69ed4213062a0e950e3a629fe7b36f9871fde5c351d6", kill_on_drop: false }`
[INFO] running `Command { std: "docker" "exec" "-e" "SOURCE_DIR=/opt/rustwide/workdir" "-e" "CARGO_HOME=/opt/rustwide/cargo-home" "-e" "RUSTUP_HOME=/opt/rustwide/rustup-home" "-e" "CARGO_TARGET_DIR=/opt/rustwide/target" "-e" "CARGO_INCREMENTAL=0" "-e" "RUST_BACKTRACE=full" "-e" "RUSTFLAGS=--cap-lints=warn" "-e" "RUSTDOCFLAGS=--cap-lints=warn" "-w" "/opt/rustwide/workdir" "--user" "0:0" "ebea79e326fb4dec5c7f69ed4213062a0e950e3a629fe7b36f9871fde5c351d6" "/opt/rustwide/cargo-home/bin/cargo" "+1.100.0-beta.1" "test" "--frozen" "--no-run" "--message-format=json" "--release", kill_on_drop: false }`
[INFO] [stderr]    Compiling libc v0.2.179
[INFO] [stderr]    Compiling const-oid v0.9.6
[INFO] [stderr]    Compiling five8_core v1.0.0
[INFO] [stderr]    Compiling solana-sanitize v3.0.1
[INFO] [stderr]    Compiling solana-atomic-u64 v3.0.0
[INFO] [stderr]    Compiling generic-array v0.14.7
[INFO] [stderr]    Compiling num-traits v0.2.19
[INFO] [stderr]    Compiling zerocopy v0.8.33
[INFO] [stderr]    Compiling either v1.15.0
[INFO] [stderr]    Compiling quote v1.0.43
[INFO] [stderr]    Compiling curve25519-dalek v4.1.3
[INFO] [stderr]    Compiling bs58 v0.5.1
[INFO] [stderr]    Compiling once_cell v1.21.3
[INFO] [stderr]    Compiling solana-program-memory v3.1.0
[INFO] [stderr]    Compiling feature-probe v0.1.1
[INFO] [stderr]    Compiling memchr v2.7.6
[INFO] [stderr]    Compiling solana-define-syscall v4.0.1
[INFO] [stderr]    Compiling five8 v1.0.0
[INFO] [stderr]    Compiling five8_const v1.0.0
[INFO] [stderr]    Compiling serde_bytes v0.11.19
[INFO] [stderr]    Compiling typenum v1.19.0
[INFO] [stderr]    Compiling bv v0.11.1
[INFO] [stderr]    Compiling syn v2.0.114
[INFO] [stderr]    Compiling syn v1.0.109
[INFO] [stderr]    Compiling num-bigint v0.2.6
[INFO] [stderr]    Compiling itertools v0.10.5
[INFO] [stderr]    Compiling num-complex v0.2.4
[INFO] [stderr]    Compiling num-rational v0.2.4
[INFO] [stderr]    Compiling void v1.0.2
[INFO] [stderr]    Compiling five8_core v0.1.2
[INFO] [stderr]    Compiling itertools v0.13.0
[INFO] [stderr]    Compiling unreachable v1.0.0
[INFO] [stderr]    Compiling five8 v0.2.1
[INFO] [stderr]    Compiling solana-msg v3.0.0
[INFO] [stderr]    Compiling ascii v0.9.3
[INFO] [stderr]    Compiling subtle v2.6.1
[INFO] [stderr]    Compiling hashbrown v0.15.5
[INFO] [stderr]    Compiling hash32 v0.3.1
[INFO] [stderr]    Compiling base16ct v0.2.0
[INFO] [stderr]    Compiling solana-signature v3.1.0
[INFO] [stderr]    Compiling rustc-demangle v0.1.26
[INFO] [stderr]    Compiling find-msvc-tools v0.1.6
[INFO] [stderr]    Compiling cc v1.2.51
[INFO] [stderr]    Compiling combine v3.8.1
[INFO] [stderr]    Compiling solana-svm-feature-set v3.1.5 (https://github.com/blueshift-gg/agave?branch=u128-intrinsics#67963d68)
[INFO] [stderr]    Compiling eager v0.1.0
[INFO] [stderr]    Compiling aho-corasick v1.1.4
[INFO] [stderr]    Compiling itertools v0.12.1
[INFO] [stderr]    Compiling num-integer v0.1.46
[INFO] [stderr]    Compiling crunchy v0.2.4
[INFO] [stderr]    Compiling solana-svm-log-collector v3.1.5 (https://github.com/blueshift-gg/agave?branch=u128-intrinsics#67963d68)
[INFO] [stderr]    Compiling num-bigint v0.4.6
[INFO] [stderr]    Compiling digest v0.9.0
[INFO] [stderr]    Compiling solana-precompile-error v3.0.0
[INFO] [stderr]    Compiling solana-svm-measure v3.1.5 (https://github.com/blueshift-gg/agave?branch=u128-intrinsics#67963d68)
[INFO] [stderr]    Compiling libsecp256k1-core v0.2.2
[INFO] [stderr]    Compiling solana-fee-structure v3.0.0
[INFO] [stderr]    Compiling getrandom v0.2.16
[INFO] [stderr]    Compiling getrandom v0.3.4
[INFO] [stderr]    Compiling getrandom v0.1.16
[INFO] [stderr]    Compiling opaque-debug v0.3.1
[INFO] [stderr]    Compiling constant_time_eq v0.3.1
[INFO] [stderr]    Compiling rand_core v0.6.4
[INFO] [stderr]    Compiling num-iter v0.1.45
[INFO] [stderr]    Compiling ff v0.13.1
[INFO] [stderr]    Compiling rand_core v0.5.1
[INFO] [stderr]    Compiling errno v0.3.14
[INFO] [stderr]    Compiling group v0.13.0
[INFO] [stderr]    Compiling base64 v0.12.3
[INFO] [stderr]    Compiling signal-hook v0.3.18
[INFO] [stderr]    Compiling anstream v0.6.21
[INFO] [stderr]    Compiling signal-hook-registry v1.4.8
[INFO] [stderr]    Compiling solana-packet v3.0.0
[INFO] [stderr]    Compiling jiff v0.2.18
[INFO] [stderr]    Compiling libsecp256k1-gen-ecmult v0.2.1
[INFO] [stderr]    Compiling blake3 v1.8.2
[INFO] [stderr]    Compiling libsecp256k1-gen-genmult v0.2.1
[INFO] [stderr]    Compiling regex-automata v0.4.13
[INFO] [stderr]    Compiling libsecp256k1 v0.6.0
[INFO] [stderr]    Compiling ppv-lite86 v0.2.21
[INFO] [stderr]    Compiling ahash v0.8.12
[INFO] [stderr]    Compiling hashbrown v0.13.2
[INFO] [stderr]    Compiling rand_chacha v0.3.1
[INFO] [stderr]    Compiling rand_chacha v0.2.2
[INFO] [stderr]    Compiling rand v0.8.5
[INFO] [stderr]    Compiling num v0.2.1
[INFO] [stderr]    Compiling rand v0.7.3
[INFO] [stderr]    Compiling percentage v0.1.0
[INFO] [stderr]    Compiling solana-big-mod-exp v3.0.0
[INFO] [stderr]    Compiling ark-std v0.4.0
[INFO] [stderr]    Compiling ark-std v0.5.0
[INFO] [stderr]    Compiling solana-svm-type-overrides v3.1.5 (https://github.com/blueshift-gg/agave?branch=u128-intrinsics#67963d68)
[INFO] [stderr]    Compiling zeroize_derive v1.4.3
[INFO] [stderr]    Compiling serde_derive v1.0.228
[INFO] [stderr]    Compiling bytemuck_derive v1.10.2
[INFO] [stderr]    Compiling curve25519-dalek-derive v0.1.1
[INFO] [stderr]    Compiling solana-sdk-macro v3.0.0
[INFO] [stderr]    Compiling thiserror-impl v2.0.17
[INFO] [stderr]    Compiling enum-ordinalize-derive v4.3.2
[INFO] [stderr]    Compiling qualifier_attr v0.2.2
[INFO] [stderr]    Compiling ark-serialize-derive v0.4.2
[INFO] [stderr]    Compiling ark-ff-asm v0.4.2
[INFO] [stderr]    Compiling derivative v2.2.0
[INFO] [stderr]    Compiling ark-ff-macros v0.4.2
[INFO] [stderr]    Compiling ark-serialize-derive v0.5.0
[INFO] [stderr]    Compiling ark-ff-macros v0.5.0
[INFO] [stderr]    Compiling ark-ff-asm v0.5.0
[INFO] [stderr]    Compiling thiserror-impl v1.0.69
[INFO] [stderr]    Compiling enum-iterator-derive v1.5.0
[INFO] [stderr]    Compiling enum-ordinalize v4.3.2
[INFO] [stderr]    Compiling zeroize v1.8.2
[INFO] [stderr]    Compiling educe v0.6.0
[INFO] [stderr]    Compiling der v0.7.10
[INFO] [stderr]    Compiling thiserror v2.0.17
[INFO] [stderr]    Compiling bytemuck v1.24.0
[INFO] [stderr]    Compiling solana-sbpf v0.13.1 (https://github.com/blueshift-gg/solana-sbpf?branch=u128-intrinsics#faa6d614)
[INFO] [stderr]    Compiling enum-iterator v1.5.0
[INFO] [stderr]    Compiling regex v1.12.2
[INFO] [stderr]    Compiling block-buffer v0.10.4
[INFO] [stderr]    Compiling crypto-common v0.1.7
[INFO] [stderr]    Compiling thiserror v1.0.69
[INFO] [stderr]    Compiling digest v0.10.7
[INFO] [stderr]    Compiling crypto-bigint v0.5.5
[INFO] [stderr]    Compiling sha2 v0.10.9
[INFO] [stderr]    Compiling ark-serialize v0.4.2
[INFO] [stderr]    Compiling ark-serialize v0.5.0
[INFO] [stderr]    Compiling hmac v0.12.1
[INFO] [stderr]    Compiling signature v2.2.0
[INFO] [stderr]    Compiling block-buffer v0.9.0
[INFO] [stderr]    Compiling rfc6979 v0.4.0
[INFO] [stderr]    Compiling ark-ff v0.4.2
[INFO] [stderr]    Compiling sha2 v0.9.9
[INFO] [stderr]    Compiling sha3 v0.10.8
[INFO] [stderr]    Compiling env_filter v0.1.4
[INFO] [stderr]    Compiling spki v0.7.3
[INFO] [stderr]    Compiling sec1 v0.7.3
[INFO] [stderr]    Compiling pkcs8 v0.10.2
[INFO] [stderr]    Compiling serde v1.0.228
[INFO] [stderr]    Compiling elliptic-curve v0.13.8
[INFO] [stderr]    Compiling ark-ff v0.5.0
[INFO] [stderr]    Compiling env_logger v0.11.8
[INFO] [stderr]    Compiling ecdsa v0.16.9
[INFO] [stderr]    Compiling solana-logger v3.0.0
[INFO] [stderr]    Compiling k256 v0.13.4
[INFO] [stderr]    Compiling solana-hash v4.0.1
[INFO] [stderr]    Compiling solana-sha256-hasher v3.1.0
[INFO] [stderr]    Compiling solana-instruction-error v2.1.0
[INFO] [stderr]    Compiling bincode v1.3.3
[INFO] [stderr]    Compiling solana-hash v3.1.0
[INFO] [stderr]    Compiling solana-fee-calculator v3.0.0
[INFO] [stderr]    Compiling solana-secp256k1-recover v3.1.0
[INFO] [stderr]    Compiling solana-keccak-hasher v3.1.0
[INFO] [stderr]    Compiling solana-blake3-hasher v3.1.0
[INFO] [stderr]    Compiling solana-transaction-error v3.0.0
[INFO] [stderr]    Compiling solana-bincode v3.1.0
[INFO] [stderr]    Compiling solana-address v2.0.0
[INFO] [stderr]    Compiling solana-curve25519 v3.1.5 (https://github.com/blueshift-gg/agave?branch=u128-intrinsics#67963d68)
[INFO] [stderr]    Compiling solana-sdk-ids v3.1.0
[INFO] [stderr]    Compiling solana-pubkey v4.0.0
[INFO] [stderr]    Compiling solana-address v1.1.0
[INFO] [stderr]    Compiling solana-sysvar-id v3.1.0
[INFO] [stderr]    Compiling solana-account-info v3.1.0
[INFO] [stderr]    Compiling solana-instruction v3.1.0
[INFO] [stderr]    Compiling solana-epoch-schedule v3.0.0
[INFO] [stderr]    Compiling solana-pubkey v3.0.0
[INFO] [stderr]    Compiling solana-program-entrypoint v3.1.1
[INFO] [stderr]    Compiling solana-epoch-rewards v3.0.0
[INFO] [stderr]    Compiling solana-slot-history v3.0.0
[INFO] [stderr]    Compiling solana-slot-hashes v3.0.0
[INFO] [stderr]    Compiling solana-clock v3.0.0
[INFO] [stderr]    Compiling solana-rent v3.1.0
[INFO] [stderr]    Compiling solana-last-restart-slot v3.0.0
[INFO] [stderr]    Compiling solana-message v3.0.1
[INFO] [stderr]    Compiling solana-system-interface v2.0.0
[INFO] [stderr]    Compiling solana-serialize-utils v3.1.0
[INFO] [stderr]    Compiling solana-cpi v3.1.0
[INFO] [stderr]    Compiling solana-sysvar v3.1.1
[INFO] [stderr]    Compiling solana-stable-layout v3.0.0
[INFO] [stderr]    Compiling solana-loader-v3-interface v6.1.0
[INFO] [stderr]    Compiling solana-instructions-sysvar v3.0.0
[INFO] [stderr]    Compiling solana-svm-timings v3.1.5 (https://github.com/blueshift-gg/agave?branch=u128-intrinsics#67963d68)
[INFO] [stderr]    Compiling solana-nonce v3.0.0
[INFO] [stderr]    Compiling agave-feature-set v3.1.5 (https://github.com/blueshift-gg/agave?branch=u128-intrinsics#67963d68)
[INFO] [stderr]    Compiling mollusk-svm-error v0.9.0
[INFO] [stderr]    Compiling solana-account v3.3.0
[INFO] [stderr]    Compiling solana-transaction v3.0.2
[INFO] [stderr]    Compiling solana-transaction-context v3.1.5 (https://github.com/blueshift-gg/agave?branch=u128-intrinsics#67963d68)
[INFO] [stderr]    Compiling solana-svm-callback v3.1.5 (https://github.com/blueshift-gg/agave?branch=u128-intrinsics#67963d68)
[INFO] [stderr]    Compiling solana-stake-interface v2.0.2
[INFO] [stderr]    Compiling solana-nonce-account v3.0.0
[INFO] [stderr]    Compiling solana-loader-v4-interface v3.1.0
[INFO] [stderr]    Compiling solana-svm-transaction v3.1.5 (https://github.com/blueshift-gg/agave?branch=u128-intrinsics#67963d68)
[INFO] [stderr]    Compiling mollusk-svm-result v0.9.0
[INFO] [stderr]    Compiling ark-poly v0.4.2
[INFO] [stderr]    Compiling solana-program-runtime v3.1.5 (https://github.com/blueshift-gg/agave?branch=u128-intrinsics#67963d68)
[INFO] [stderr]    Compiling ark-ec v0.4.2
[INFO] [stderr]    Compiling solana-compute-budget v3.1.5
[INFO] [stderr]    Compiling solana-system-program v3.1.5 (https://github.com/blueshift-gg/agave?branch=u128-intrinsics#67963d68)
[INFO] [stderr]    Compiling ark-poly v0.5.0
[INFO] [stderr]    Compiling ark-bn254 v0.4.0
[INFO] [stderr]    Compiling light-poseidon v0.2.0
[INFO] [stderr]    Compiling solana-bn254 v3.1.2
[INFO] [stderr]    Compiling ark-ec v0.5.0
[INFO] [stderr]    Compiling ark-bn254 v0.5.0
[INFO] [stderr]    Compiling light-poseidon v0.4.0
[INFO] [stderr]    Compiling solana-poseidon v3.1.5 (https://github.com/blueshift-gg/agave?branch=u128-intrinsics#67963d68)
[INFO] [stderr]    Compiling agave-syscalls v3.1.5 (https://github.com/blueshift-gg/agave?branch=u128-intrinsics#67963d68)
[INFO] [stderr]    Compiling solana-bpf-loader-program v3.1.5 (https://github.com/blueshift-gg/agave?branch=u128-intrinsics#67963d68)
[INFO] [stderr]    Compiling mollusk-svm v0.9.0
[INFO] [stderr]    Compiling u128-intrinsics v0.1.0 (/opt/rustwide/workdir)
[INFO] [stdout] warning: unexpected `cfg` condition value: `solana`
[INFO] [stdout]  --> src/lib.rs:1:38
[INFO] [stdout]   |
[INFO] [stdout] 1 | #![cfg_attr(any(target_arch = "bpf", target_os = "solana"), no_std)]
[INFO] [stdout]   |                                      ^^^^^^^^^^^^^^^^^^^^
[INFO] [stdout]   |
[INFO] [stdout]   = note: expected values for `target_os` are: `aix`, `amdhsa`, `android`, `cuda`, `cygwin`, `dragonfly`, `emscripten`, `espidf`, `freebsd`, `fuchsia`, `haiku`, `helenos`, `hermit`, `horizon`, `hurd`, `illumos`, `ios`, `l4re`, `linux`, `lynxos178`, `macos`, `managarm`, `motor`, `netbsd`, `none`, `nto`, `nuttx`, `openbsd`, `ps3`, `psp`, `psx`, `qnx`, `qurt`, `redox`, and `rtems` and 16 more
[INFO] [stdout]   = note: see <https://doc.rust-lang.org/nightly/rustc/check-cfg/cargo-specifics.html> for more information about checking conditional configuration
[INFO] [stdout]   = note: `#[warn(unexpected_cfgs)]` on by default
[INFO] [stdout] 
[INFO] [stdout] 
[INFO] [stdout] warning: unexpected `cfg` condition value: `solana`
[INFO] [stdout]  --> src/lib.rs:3:32
[INFO] [stdout]   |
[INFO] [stdout] 3 | #[cfg(any(target_arch = "bpf", target_os = "solana"))]
[INFO] [stdout]   |                                ^^^^^^^^^^^^^^^^^^^^
[INFO] [stdout]   |
[INFO] [stdout]   = note: expected values for `target_os` are: `aix`, `amdhsa`, `android`, `cuda`, `cygwin`, `dragonfly`, `emscripten`, `espidf`, `freebsd`, `fuchsia`, `haiku`, `helenos`, `hermit`, `horizon`, `hurd`, `illumos`, `ios`, `l4re`, `linux`, `lynxos178`, `macos`, `managarm`, `motor`, `netbsd`, `none`, `nto`, `nuttx`, `openbsd`, `ps3`, `psp`, `psx`, `qnx`, `qurt`, `redox`, and `rtems` and 16 more
[INFO] [stdout]   = note: see <https://doc.rust-lang.org/nightly/rustc/check-cfg/cargo-specifics.html> for more information about checking conditional configuration
[INFO] [stdout] 
[INFO] [stdout] 
[INFO] [stdout] warning: unused import: `solana_program_error::ProgramError`
[INFO] [stdout]   --> src/lib.rs:23:5
[INFO] [stdout]    |
[INFO] [stdout] 23 | use solana_program_error::ProgramError;
[INFO] [stdout]    |     ^^^^^^^^^^^^^^^^^^^^^^^^^^^^^^^^^^
[INFO] [stdout]    |
[INFO] [stdout]    = note: `#[warn(unused_imports)]` (part of `#[warn(unused)]`) on by default
[INFO] [stdout] 
[INFO] [stdout] 
[INFO] [stderr]     Finished `release` profile [optimized] target(s) in 2m 31s
[INFO] running `Command { std: "docker" "inspect" "ebea79e326fb4dec5c7f69ed4213062a0e950e3a629fe7b36f9871fde5c351d6", kill_on_drop: false }`
[INFO] running `Command { std: "docker" "exec" "-e" "SOURCE_DIR=/opt/rustwide/workdir" "-e" "CARGO_HOME=/opt/rustwide/cargo-home" "-e" "RUSTUP_HOME=/opt/rustwide/rustup-home" "-e" "CARGO_TARGET_DIR=/opt/rustwide/target" "-e" "CARGO_INCREMENTAL=0" "-e" "RUST_BACKTRACE=full" "-e" "RUSTFLAGS=--cap-lints=warn" "-e" "RUSTDOCFLAGS=--cap-lints=warn" "-w" "/opt/rustwide/workdir" "--user" "0:0" "ebea79e326fb4dec5c7f69ed4213062a0e950e3a629fe7b36f9871fde5c351d6" "/opt/rustwide/cargo-home/bin/cargo" "+1.100.0-beta.1" "test" "--frozen" "--release", kill_on_drop: false }`
[INFO] [stderr] warning: unexpected `cfg` condition value: `solana`
[INFO] [stderr]  --> src/lib.rs:1:38
[INFO] [stderr]   |
[INFO] [stderr] 1 | #![cfg_attr(any(target_arch = "bpf", target_os = "solana"), no_std)]
[INFO] [stderr]   |                                      ^^^^^^^^^^^^^^^^^^^^
[INFO] [stderr]   |
[INFO] [stderr]   = note: expected values for `target_os` are: `aix`, `amdhsa`, `android`, `cuda`, `cygwin`, `dragonfly`, `emscripten`, `espidf`, `freebsd`, `fuchsia`, `haiku`, `helenos`, `hermit`, `horizon`, `hurd`, `illumos`, `ios`, `l4re`, `linux`, `lynxos178`, `macos`, `managarm`, `motor`, `netbsd`, `none`, `nto`, `nuttx`, `openbsd`, `ps3`, `psp`, `psx`, `qnx`, `qurt`, `redox`, and `rtems` and 16 more
[INFO] [stderr]   = note: see <https://doc.rust-lang.org/nightly/rustc/check-cfg/cargo-specifics.html> for more information about checking conditional configuration
[INFO] [stderr]   = note: `#[warn(unexpected_cfgs)]` on by default
[INFO] [stderr] 
[INFO] [stderr] warning: unexpected `cfg` condition value: `solana`
[INFO] [stderr]  --> src/lib.rs:3:32
[INFO] [stderr]   |
[INFO] [stderr] 3 | #[cfg(any(target_arch = "bpf", target_os = "solana"))]
[INFO] [stderr]   |                                ^^^^^^^^^^^^^^^^^^^^
[INFO] [stderr]   |
[INFO] [stderr]   = note: expected values for `target_os` are: `aix`, `amdhsa`, `android`, `cuda`, `cygwin`, `dragonfly`, `emscripten`, `espidf`, `freebsd`, `fuchsia`, `haiku`, `helenos`, `hermit`, `horizon`, `hurd`, `illumos`, `ios`, `l4re`, `linux`, `lynxos178`, `macos`, `managarm`, `motor`, `netbsd`, `none`, `nto`, `nuttx`, `openbsd`, `ps3`, `psp`, `psx`, `qnx`, `qurt`, `redox`, and `rtems` and 16 more
[INFO] [stderr]   = note: see <https://doc.rust-lang.org/nightly/rustc/check-cfg/cargo-specifics.html> for more information about checking conditional configuration
[INFO] [stderr] 
[INFO] [stderr] warning: unused import: `solana_program_error::ProgramError`
[INFO] [stderr]   --> src/lib.rs:23:5
[INFO] [stderr]    |
[INFO] [stderr] 23 | use solana_program_error::ProgramError;
[INFO] [stderr]    |     ^^^^^^^^^^^^^^^^^^^^^^^^^^^^^^^^^^
[INFO] [stderr]    |
[INFO] [stderr]    = note: `#[warn(unused_imports)]` (part of `#[warn(unused)]`) on by default
[INFO] [stderr] 
[INFO] [stderr] warning: `u128-intrinsics` (lib test) generated 3 warnings (run `cargo fix --lib -p u128-intrinsics --tests` to apply 1 suggestion)
[INFO] [stderr]     Finished `release` profile [optimized] target(s) in 0.64s
[INFO] [stderr]      Running unittests src/lib.rs (/opt/rustwide/target/release/build/u128-intrinsics/94c5b45b43ec8cc1/out/u128_intrinsics-94c5b45b43ec8cc1)
[INFO] [stdout] 
[INFO] [stdout] running 2 tests
[INFO] [stdout] test tests::test ... FAILED
[INFO] [stdout] test tests::test_overflow ... FAILED
[INFO] [stdout] 
[INFO] [stdout] failures:
[INFO] [stdout] 
[INFO] [stdout] ---- tests::test stdout ----
[INFO] [stdout] 
[INFO] [stdout] thread 'tests::test' (3393) panicked at /opt/rustwide/cargo-home/registry/src/index.crates.io-1949cf8c6b5b557f/mollusk-svm-error-0.9.0/src/error.rs:50:32:
[INFO] [stdout]     [MOLLUSK]: Program file not found: target/deploy/u128_intrinsics.so
[INFO] [stdout] stack backtrace:
[INFO] [stdout]    0:     0x601089f5dd61 - <<std[617be2ca0a6fd877]::sys::backtrace::BacktraceLock>::print::DisplayBacktrace as core[a373ad73a504971]::fmt::Display>::fmt
[INFO] [stdout]    1:     0x601089f74e7a - core[a373ad73a504971]::fmt::write
[INFO] [stdout]    2:     0x601089f636cc - <alloc[2e1b2a31b91974c5]::vec::Vec<u8> as core[a373ad73a504971]::io::write::Write>::write_fmt
[INFO] [stdout]    3:     0x601089f3a016 - std[617be2ca0a6fd877]::panicking::default_hook::{closure#0}
[INFO] [stdout]    4:     0x601089f563d9 - std[617be2ca0a6fd877]::panicking::default_hook
[INFO] [stdout]    5:     0x601089ad9000 - test[aada8e7e76ba119b]::test_main_inner::{closure#0}
[INFO] [stdout]    6:     0x601089f56592 - std[617be2ca0a6fd877]::panicking::panic_with_hook
[INFO] [stdout]    7:     0x601089f3a0c2 - std[617be2ca0a6fd877]::panicking::panic_handler::{closure#0}
[INFO] [stdout]    8:     0x601089f32dd9 - std[617be2ca0a6fd877]::sys::backtrace::__rust_end_short_backtrace::<std[617be2ca0a6fd877]::panicking::panic_handler::{closure#0}, !>
[INFO] [stdout]    9:     0x601089f3accd - __rustc[ea4f61d10b84890b]::rust_begin_unwind
[INFO] [stdout]   10:     0x601089f7565c - core[a373ad73a504971]::panicking::panic_fmt
[INFO] [stdout]   11:     0x601089b205c4 - mollusk_svm[e125dd409e0d88aa]::file::load_program_elf
[INFO] [stdout]   12:     0x601089b0f636 - <mollusk_svm[e125dd409e0d88aa]::Mollusk>::new
[INFO] [stdout]   13:     0x601089acc22d - <u128_intrinsics[3497db7072812e9]::tests::test::{closure#0} as core[a373ad73a504971]::ops::function::FnOnce<()>>::call_once
[INFO] [stdout]   14:     0x601089acc44b - test[aada8e7e76ba119b]::__rust_begin_short_backtrace::<core[a373ad73a504971]::result::Result<(), alloc[2e1b2a31b91974c5]::string::String>, fn() -> core[a373ad73a504971]::result::Result<(), alloc[2e1b2a31b91974c5]::string::String>>
[INFO] [stdout]   15:     0x601089ad9625 - test[aada8e7e76ba119b]::run_test::{closure#0}
[INFO] [stdout]   16:     0x601089ad2f14 - std[617be2ca0a6fd877]::sys::backtrace::__rust_begin_short_backtrace::<test[aada8e7e76ba119b]::run_test::{closure#1}, ()>
[INFO] [stdout]   17:     0x601089adc6b2 - <std[617be2ca0a6fd877]::thread::lifecycle::spawn_unchecked<test[aada8e7e76ba119b]::run_test::{closure#1}, ()>::{closure#1} as core[a373ad73a504971]::ops::function::FnOnce<()>>::call_once::{shim:vtable#0}
[INFO] [stdout]   18:     0x601089f5d5bf - <std[617be2ca0a6fd877]::sys::thread::unix::Thread>::new::thread_start
[INFO] [stdout]   19:     0x7eea405f6dfa - <unknown>
[INFO] [stdout]   20:     0x7eea4068a3d4 - clone
[INFO] [stdout]   21:                0x0 - <unknown>
[INFO] [stdout] 
[INFO] [stdout] ---- tests::test_overflow stdout ----
[INFO] [stdout] 
[INFO] [stdout] thread 'tests::test_overflow' (3394) panicked at /opt/rustwide/cargo-home/registry/src/index.crates.io-1949cf8c6b5b557f/mollusk-svm-error-0.9.0/src/error.rs:50:32:
[INFO] [stdout]     [MOLLUSK]: Program file not found: target/deploy/u128_intrinsics.so
[INFO] [stdout] stack backtrace:
[INFO] [stdout]    0:     0x601089f5dd61 - <<std[617be2ca0a6fd877]::sys::backtrace::BacktraceLock>::print::DisplayBacktrace as core[a373ad73a504971]::fmt::Display>::fmt
[INFO] [stdout]    1:     0x601089f74e7a - core[a373ad73a504971]::fmt::write
[INFO] [stdout]    2:     0x601089f636cc - <alloc[2e1b2a31b91974c5]::vec::Vec<u8> as core[a373ad73a504971]::io::write::Write>::write_fmt
[INFO] [stdout]    3:     0x601089f3a016 - std[617be2ca0a6fd877]::panicking::default_hook::{closure#0}
[INFO] [stdout]    4:     0x601089f563d9 - std[617be2ca0a6fd877]::panicking::default_hook
[INFO] [stdout]    5:     0x601089ad9000 - test[aada8e7e76ba119b]::test_main_inner::{closure#0}
[INFO] [stdout]    6:     0x601089f56592 - std[617be2ca0a6fd877]::panicking::panic_with_hook
[INFO] [stdout]    7:     0x601089f3a0c2 - std[617be2ca0a6fd877]::panicking::panic_handler::{closure#0}
[INFO] [stdout]    8:     0x601089f32dd9 - std[617be2ca0a6fd877]::sys::backtrace::__rust_end_short_backtrace::<std[617be2ca0a6fd877]::panicking::panic_handler::{closure#0}, !>
[INFO] [stdout]    9:     0x601089f3accd - __rustc[ea4f61d10b84890b]::rust_begin_unwind
[INFO] [stdout]   10:     0x601089f7565c - core[a373ad73a504971]::panicking::panic_fmt
[INFO] [stdout]   11:     0x601089b205c4 - mollusk_svm[e125dd409e0d88aa]::file::load_program_elf
[INFO] [stdout]   12:     0x601089b0f636 - <mollusk_svm[e125dd409e0d88aa]::Mollusk>::new
[INFO] [stdout]   13:     0x601089acc01d - <u128_intrinsics[3497db7072812e9]::tests::test_overflow::{closure#0} as core[a373ad73a504971]::ops::function::FnOnce<()>>::call_once
[INFO] [stdout]   14:     0x601089acc44b - test[aada8e7e76ba119b]::__rust_begin_short_backtrace::<core[a373ad73a504971]::result::Result<(), alloc[2e1b2a31b91974c5]::string::String>, fn() -> core[a373ad73a504971]::result::Result<(), alloc[2e1b2a31b91974c5]::string::String>>
[INFO] [stdout]   15:     0x601089ad9625 - test[aada8e7e76ba119b]::run_test::{closure#0}
[INFO] [stdout]   16:     0x601089ad2f14 - std[617be2ca0a6fd877]::sys::backtrace::__rust_begin_short_backtrace::<test[aada8e7e76ba119b]::run_test::{closure#1}, ()>
[INFO] [stdout]   17:     0x601089adc6b2 - <std[617be2ca0a6fd877]::thread::lifecycle::spawn_unchecked<test[aada8e7e76ba119b]::run_test::{closure#1}, ()>::{closure#1} as core[a373ad73a504971]::ops::function::FnOnce<()>>::call_once::{shim:vtable#0}
[INFO] [stdout]   18:     0x601089f5d5bf - <std[617be2ca0a6fd877]::sys::thread::unix::Thread>::new::thread_start
[INFO] [stdout]   19:     0x7eea405f6dfa - <unknown>
[INFO] [stdout]   20:     0x7eea4068a3d4 - clone
[INFO] [stdout]   21:                0x0 - <unknown>
[INFO] [stdout] 
[INFO] [stdout] 
[INFO] [stdout] failures:
[INFO] [stdout]     tests::test
[INFO] [stdout]     tests::test_overflow
[INFO] [stdout] 
[INFO] [stdout] test result: FAILED. 0 passed; 2 failed; 0 ignored; 0 measured; 0 filtered out; finished in 0.01s
[INFO] [stdout] 
[INFO] [stderr] error: test failed, to rerun pass `--lib`
[INFO] running `Command { std: "docker" "inspect" "ebea79e326fb4dec5c7f69ed4213062a0e950e3a629fe7b36f9871fde5c351d6", kill_on_drop: false }`
[INFO] running `Command { std: "docker" "rm" "-f" "ebea79e326fb4dec5c7f69ed4213062a0e950e3a629fe7b36f9871fde5c351d6", kill_on_drop: false }`
[INFO] [stdout] ebea79e326fb4dec5c7f69ed4213062a0e950e3a629fe7b36f9871fde5c351d6
