[INFO] cloning repository https://github.com/binliu113/atom_main_sleep
[INFO] running `Command { std: "git" "-c" "credential.helper=" "-c" "credential.helper=/workspace/cargo-home/bin/git-credential-null" "clone" "--bare" "https://github.com/binliu113/atom_main_sleep" "/workspace/cache/git-repos/https%3A%2F%2Fgithub.com%2Fbinliu113%2Fatom_main_sleep", kill_on_drop: false }`
[INFO] [stderr] Cloning into bare repository '/workspace/cache/git-repos/https%3A%2F%2Fgithub.com%2Fbinliu113%2Fatom_main_sleep'...
[INFO] running `Command { std: "git" "rev-parse" "HEAD", kill_on_drop: false }`
[INFO] [stdout] 9844a278aec06894db1c2fe95b96fcd25d984a0f
[INFO] testing binliu113/atom_main_sleep against 1.99.0-beta.8+cargoflags=--release for beta-release-1.100-2
[INFO] running `Command { std: "git" "clone" "/workspace/cache/git-repos/https%3A%2F%2Fgithub.com%2Fbinliu113%2Fatom_main_sleep" "/workspace/builds/worker-1-tc1/source", kill_on_drop: false }`
[INFO] [stderr] Cloning into '/workspace/builds/worker-1-tc1/source'...
[INFO] [stderr] done.
[INFO] started tweaking git repo https://github.com/binliu113/atom_main_sleep
[INFO] finished tweaking git repo https://github.com/binliu113/atom_main_sleep
[INFO] tweaked toml for git repo https://github.com/binliu113/atom_main_sleep written to /workspace/builds/worker-1-tc1/source/Cargo.toml
[INFO] validating manifest of git repo https://github.com/binliu113/atom_main_sleep on toolchain 1.99.0-beta.8
[INFO] running `Command { std: CARGO_HOME="/workspace/cargo-home" RUSTUP_HOME="/workspace/rustup-home" "/workspace/cargo-home/bin/cargo" "+1.99.0-beta.8" "metadata" "--manifest-path" "Cargo.toml" "--no-deps", kill_on_drop: false }`
[INFO] crate git repo https://github.com/binliu113/atom_main_sleep already has a lockfile, it will not be regenerated
[INFO] running `Command { std: CARGO_HOME="/workspace/cargo-home" RUSTUP_HOME="/workspace/rustup-home" "/workspace/cargo-home/bin/cargo" "+1.99.0-beta.8" "fetch" "--manifest-path" "Cargo.toml", kill_on_drop: false }`
[INFO] [stderr]     Updating crates.io index
[INFO] [stderr]  Downloading crates ...
[INFO] [stderr]   Downloaded sqlite v0.27.3
[INFO] [stderr]   Downloaded serde v1.0.200
[INFO] [stderr]   Downloaded sqlite3-sys v0.14.0
[INFO] [stderr]   Downloaded serde_derive v1.0.200
[INFO] [stderr]   Downloaded thread-id v4.2.1
[INFO] [stderr]   Downloaded rocket_dyn_templates v0.1.0
[INFO] [stderr]   Downloaded kqueue v1.0.8
[INFO] [stderr]   Downloaded atomic v0.6.0
[INFO] [stderr]   Downloaded pest_generator v2.7.10
[INFO] [stderr]   Downloaded ref-cast-impl v1.0.22
[INFO] [stderr]   Downloaded ref-cast v1.0.22
[INFO] [stderr]   Downloaded pest_meta v2.7.10
[INFO] [stderr]   Downloaded pest_derive v2.7.10
[INFO] [stderr]   Downloaded rustc-serialize v0.3.25
[INFO] [stderr]   Downloaded gcc v0.3.55
[INFO] [stderr]   Downloaded rustversion v1.0.15
[INFO] [stderr]   Downloaded kqueue-sys v1.0.4
[INFO] [stderr]   Downloaded filetime v0.2.23
[INFO] [stderr]   Downloaded ignore v0.4.22
[INFO] [stderr]   Downloaded notify v6.1.1
[INFO] [stderr]   Downloaded normpath v1.2.0
[INFO] [stderr]   Downloaded parking_lot v0.12.2
[INFO] [stderr]   Downloaded log4rs v1.3.0
[INFO] [stderr]   Downloaded arc-swap v1.7.1
[INFO] [stderr]   Downloaded figment v0.10.18
[INFO] [stderr]   Downloaded toml v0.8.12
[INFO] [stderr]   Downloaded cc v1.0.96
[INFO] [stderr]   Downloaded rocket_http v0.5.0
[INFO] [stderr]   Downloaded pest v2.7.10
[INFO] [stderr]   Downloaded toml_edit v0.22.12
[INFO] [stderr]   Downloaded rocket_codegen v0.5.0
[INFO] [stderr]   Downloaded deunicode v1.4.4
[INFO] [stderr]   Downloaded winnow v0.6.7
[INFO] [stderr]   Downloaded rocket v0.5.0
[INFO] [stderr]   Downloaded bstr v1.9.1
[INFO] [stderr]   Downloaded chrono-tz v0.8.6
[INFO] [stderr]   Downloaded libc v0.2.154
[INFO] [stderr]   Downloaded rust-crypto v0.2.36
[INFO] [stderr]   Downloaded sqlite3-src v0.4.0
[INFO] running `Command { std: "docker" "create" "-v" "/var/lib/crater-agent-workspace/builds/worker-1-tc1/source:/opt/rustwide/workdir:ro,Z" "-v" "/var/lib/crater-agent-workspace/builds/worker-1-tc1/target:/opt/rustwide/target:rw,Z" "-v" "/var/lib/crater-agent-workspace/cargo-home:/opt/rustwide/cargo-home:ro,Z" "-v" "/var/lib/crater-agent-workspace/rustup-home:/opt/rustwide/rustup-home:ro,Z" "-m" "1610612736" "--network" "none" "ghcr.io/rust-lang/crates-build-env/linux@sha256:77db811e55d90add9212f6832c23229e3de5f1c1f9905e8cb07319ea15df73ac" "sleep" "infinity", kill_on_drop: false }`
[INFO] [stdout] 30e51812f44806fb2ab95ad073127790ebaedbbae062dcd96b1f88daf163f975
[INFO] running `Command { std: "docker" "start" "30e51812f44806fb2ab95ad073127790ebaedbbae062dcd96b1f88daf163f975", kill_on_drop: false }`
[INFO] running `Command { std: "docker" "inspect" "30e51812f44806fb2ab95ad073127790ebaedbbae062dcd96b1f88daf163f975", kill_on_drop: false }`
[INFO] running `Command { std: "docker" "exec" "-e" "SOURCE_DIR=/opt/rustwide/workdir" "-e" "CARGO_HOME=/opt/rustwide/cargo-home" "-e" "RUSTUP_HOME=/opt/rustwide/rustup-home" "-e" "CARGO_TARGET_DIR=/opt/rustwide/target" "-w" "/opt/rustwide/workdir" "--user" "0:0" "30e51812f44806fb2ab95ad073127790ebaedbbae062dcd96b1f88daf163f975" "/opt/rustwide/cargo-home/bin/cargo" "+1.99.0-beta.8" "metadata" "--no-deps" "--format-version=1", kill_on_drop: false }`
[INFO] running `Command { std: "docker" "inspect" "30e51812f44806fb2ab95ad073127790ebaedbbae062dcd96b1f88daf163f975", kill_on_drop: false }`
[INFO] running `Command { std: "docker" "exec" "-e" "SOURCE_DIR=/opt/rustwide/workdir" "-e" "CARGO_HOME=/opt/rustwide/cargo-home" "-e" "RUSTUP_HOME=/opt/rustwide/rustup-home" "-e" "CARGO_TARGET_DIR=/opt/rustwide/target" "-e" "CARGO_INCREMENTAL=0" "-e" "RUST_BACKTRACE=full" "-e" "RUSTFLAGS=--cap-lints=warn" "-e" "RUSTDOCFLAGS=--cap-lints=warn" "-w" "/opt/rustwide/workdir" "--user" "0:0" "30e51812f44806fb2ab95ad073127790ebaedbbae062dcd96b1f88daf163f975" "/opt/rustwide/cargo-home/bin/cargo" "+1.99.0-beta.8" "build" "--frozen" "--message-format=json" "--release", kill_on_drop: false }`
[INFO] [stderr]    Compiling libc v0.2.154
[INFO] [stderr]    Compiling proc-macro2 v1.0.81
[INFO] [stderr]    Compiling serde v1.0.200
[INFO] [stderr]    Compiling autocfg v1.2.0
[INFO] [stderr]    Compiling cc v1.0.96
[INFO] [stderr]    Compiling memchr v2.7.2
[INFO] [stderr]    Compiling itoa v1.0.11
[INFO] [stderr]    Compiling pin-project-lite v0.2.14
[INFO] [stderr]    Compiling proc-macro2-diagnostics v0.10.1
[INFO] [stderr]    Compiling thiserror v1.0.59
[INFO] [stderr]    Compiling slab v0.4.9
[INFO] [stderr]    Compiling once_cell v1.19.0
[INFO] [stderr]    Compiling subtle v2.5.0
[INFO] [stderr]    Compiling hashbrown v0.14.5
[INFO] [stderr]    Compiling quote v1.0.36
[INFO] [stderr]    Compiling futures-core v0.3.30
[INFO] [stderr]    Compiling bytes v1.6.0
[INFO] [stderr]    Compiling syn v2.0.60
[INFO] [stderr]    Compiling num-traits v0.2.18
[INFO] [stderr]    Compiling ring v0.17.8
[INFO] [stderr]    Compiling rustls v0.21.12
[INFO] [stderr]    Compiling getrandom v0.2.14
[INFO] [stderr]    Compiling socket2 v0.5.7
[INFO] [stderr]    Compiling rand_core v0.6.4
[INFO] [stderr]    Compiling crypto-common v0.1.6
[INFO] [stderr]    Compiling is-terminal v0.4.12
[INFO] [stderr]    Compiling rand_chacha v0.3.1
[INFO] [stderr]    Compiling yansi v1.0.1
[INFO] [stderr]    Compiling signal-hook-registry v1.4.2
[INFO] [stderr]    Compiling num_cpus v1.16.0
[INFO] [stderr]    Compiling rand v0.8.5
[INFO] [stderr]    Compiling uncased v0.9.10
[INFO] [stderr]    Compiling futures-sink v0.3.30
[INFO] [stderr]    Compiling crossbeam-utils v0.8.19
[INFO] [stderr]    Compiling cpufeatures v0.2.12
[INFO] [stderr]    Compiling time-core v0.1.2
[INFO] [stderr]    Compiling num-conv v0.1.0
[INFO] [stderr]    Compiling time-macros v0.2.18
[INFO] [stderr]    Compiling aho-corasick v1.1.3
[INFO] [stderr]    Compiling inout v0.1.3
[INFO] [stderr]    Compiling cookie v0.18.1
[INFO] [stderr]    Compiling ref-cast v1.0.22
[INFO] [stderr]    Compiling spin v0.9.8
[INFO] [stderr]    Compiling regex-syntax v0.8.3
[INFO] [stderr]    Compiling untrusted v0.9.0
[INFO] [stderr]    Compiling syn v1.0.109
[INFO] [stderr]    Compiling cipher v0.4.4
[INFO] [stderr]    Compiling digest v0.10.7
[INFO] [stderr]    Compiling futures-channel v0.3.30
[INFO] [stderr]    Compiling universal-hash v0.5.1
[INFO] [stderr]    Compiling tracing-core v0.1.32
[INFO] [stderr]    Compiling lock_api v0.4.12
[INFO] [stderr]    Compiling futures-io v0.3.30
[INFO] [stderr]    Compiling opaque-debug v0.3.1
[INFO] [stderr]    Compiling futures-task v0.3.30
[INFO] [stderr]    Compiling serde_json v1.0.116
[INFO] [stderr]    Compiling ryu v1.0.17
[INFO] [stderr]    Compiling futures-util v0.3.30
[INFO] [stderr]    Compiling http v0.2.12
[INFO] [stderr]    Compiling regex-automata v0.4.6
[INFO] [stderr]    Compiling polyval v0.6.2
[INFO] [stderr]    Compiling phf_generator v0.11.2
[INFO] [stderr]    Compiling serde_derive v1.0.200
[INFO] [stderr]    Compiling tokio-macros v2.2.0
[INFO] [stderr]    Compiling tracing-attributes v0.1.27
[INFO] [stderr]    Compiling thiserror-impl v1.0.59
[INFO] [stderr]    Compiling pear_codegen v0.2.9
[INFO] [stderr]    Compiling regex v1.10.4
[INFO] [stderr]    Compiling ref-cast-impl v1.0.22
[INFO] [stderr]    Compiling iana-time-zone v0.1.60
[INFO] [stderr]    Compiling tracing v0.1.40
[INFO] [stderr]    Compiling deranged v0.3.11
[INFO] [stderr]    Compiling chrono v0.4.38
[INFO] [stderr]    Compiling parse-zoneinfo v0.3.0
[INFO] [stderr]    Compiling phf_codegen v0.11.2
[INFO] [stderr]    Compiling ghash v0.5.1
[INFO] [stderr]    Compiling parking_lot_core v0.9.10
[INFO] [stderr]    Compiling sct v0.7.1
[INFO] [stderr]    Compiling rustls-webpki v0.101.7
[INFO] [stderr]    Compiling hmac v0.12.1
[INFO] [stderr]    Compiling ctr v0.9.2
[INFO] [stderr]    Compiling aes v0.8.4
[INFO] [stderr]    Compiling aead v0.5.2
[INFO] [stderr]    Compiling httparse v1.8.0
[INFO] [stderr]    Compiling try-lock v0.2.5
[INFO] [stderr]    Compiling pkg-config v0.3.30
[INFO] [stderr]    Compiling bitflags v2.5.0
[INFO] [stderr]    Compiling pest v2.7.10
[INFO] [stderr]    Compiling walkdir v2.5.0
[INFO] [stderr]    Compiling log v0.4.21
[INFO] [stderr]    Compiling indexmap v2.2.6
[INFO] [stderr]    Compiling mio v0.8.11
[INFO] [stderr]    Compiling tokio v1.37.0
[INFO] [stderr]    Compiling toml_datetime v0.6.5
[INFO] [stderr]    Compiling serde_spanned v0.6.5
[INFO] [stderr]    Compiling devise_core v0.4.1
[INFO] [stderr]    Compiling sqlite3-src v0.4.0
[INFO] [stderr]    Compiling want v0.3.1
[INFO] [stderr]    Compiling aes-gcm v0.10.3
[INFO] [stderr]    Compiling chrono-tz-build v0.2.1
[INFO] [stderr]    Compiling hkdf v0.12.4
[INFO] [stderr]    Compiling parking_lot v0.12.2
[INFO] [stderr]    Compiling time v0.3.36
[INFO] [stderr]    Compiling http-body v0.4.6
[INFO] [stderr]    Compiling crossbeam-epoch v0.9.18
[INFO] [stderr]    Compiling sha2 v0.10.8
[INFO] [stderr]    Compiling bstr v1.9.1
[INFO] [stderr]    Compiling httpdate v1.0.3
[INFO] [stderr]    Compiling tokio-util v0.7.10
[INFO] [stderr]    Compiling percent-encoding v2.3.1
[INFO] [stderr]    Compiling tower-service v0.3.2
[INFO] [stderr]    Compiling rustix v0.38.34
[INFO] [stderr]    Compiling h2 v0.3.26
[INFO] [stderr]    Compiling inlinable_string v0.1.15
[INFO] [stderr]    Compiling base64 v0.21.7
[INFO] [stderr]    Compiling winnow v0.6.7
[INFO] [stderr]    Compiling anyhow v1.0.82
[INFO] [stderr]    Compiling destructure_traitobject v0.2.0
[INFO] [stderr]    Compiling base64 v0.22.1
[INFO] [stderr]    Compiling unsafe-any-ors v1.0.0
[INFO] [stderr]    Compiling rustls-pemfile v1.0.4
[INFO] [stderr]    Compiling pear v0.2.9
[INFO] [stderr]    Compiling phf_shared v0.11.2
[INFO] [stderr]    Compiling globset v0.4.14
[INFO] [stderr]    Compiling toml_edit v0.22.12
[INFO] [stderr]    Compiling tokio-rustls v0.24.1
[INFO] [stderr]    Compiling crossbeam-deque v0.8.5
[INFO] [stderr]    Compiling devise_codegen v0.4.1
[INFO] [stderr]    Compiling hyper v0.14.28
[INFO] [stderr]    Compiling chrono-tz v0.8.6
[INFO] [stderr]    Compiling pest_meta v2.7.10
[INFO] [stderr]    Compiling futures v0.3.30
[INFO] [stderr]    Compiling ordered-float v2.10.1
[INFO] [stderr]    Compiling stable-pattern v0.1.0
[INFO] [stderr]    Compiling multer v2.1.0
[INFO] [stderr]    Compiling figment v0.10.18
[INFO] [stderr]    Compiling smallvec v1.13.2
[INFO] [stderr]    Compiling state v0.6.0
[INFO] [stderr]    Compiling linux-raw-sys v0.4.13
[INFO] [stderr]    Compiling either v1.11.0
[INFO] [stderr]    Compiling serde_yaml v0.9.34+deprecated
[INFO] [stderr]    Compiling rocket_http v0.5.0
[INFO] [stderr]    Compiling serde-value v0.7.0
[INFO] [stderr]    Compiling pest_generator v2.7.10
[INFO] [stderr]    Compiling toml v0.8.12
[INFO] [stderr]    Compiling devise v0.4.1
[INFO] [stderr]    Compiling ignore v0.4.22
[INFO] [stderr]    Compiling proc-macro-error-attr v1.0.4
[INFO] [stderr]    Compiling phf v0.11.2
[INFO] [stderr]    Compiling typemap-ors v1.0.0
[INFO] [stderr]    Compiling derivative v2.2.0
[INFO] [stderr]    Compiling async-stream-impl v0.3.5
[INFO] [stderr]    Compiling inotify-sys v0.1.5
[INFO] [stderr]    Compiling thread-id v4.2.1
[INFO] [stderr]    Compiling rocket v0.5.0
[INFO] [stderr]    Compiling encoding_rs v0.8.34
[INFO] [stderr]    Compiling unicode-segmentation v1.11.0
[INFO] [stderr]    Compiling deunicode v1.4.4
[INFO] [stderr]    Compiling unicode-xid v0.2.4
[INFO] [stderr]    Compiling log-mdc v0.1.0
[INFO] [stderr]    Compiling arc-swap v1.7.1
[INFO] [stderr]    Compiling unicode-width v0.1.12
[INFO] [stderr]    Compiling humantime v2.1.0
[INFO] [stderr]    Compiling gcc v0.3.55
[INFO] [stderr]    Compiling fastrand v2.1.0
[INFO] [stderr]    Compiling log4rs v1.3.0
[INFO] [stderr]    Compiling tempfile v3.10.1
[INFO] [stderr]    Compiling rust-crypto v0.2.36
[INFO] [stderr]    Compiling textwrap v0.11.0
[INFO] [stderr]    Compiling rocket_codegen v0.5.0
[INFO] [stderr]    Compiling slug v0.1.5
[INFO] [stderr]    Compiling heck v0.3.3
[INFO] [stderr]    Compiling async-stream v0.3.5
[INFO] [stderr]    Compiling inotify v0.9.6
[INFO] [stderr]    Compiling globwalk v0.8.1
[INFO] [stderr]    Compiling proc-macro-error v1.0.4
[INFO] [stderr]    Compiling pest_derive v2.7.10
[INFO] [stderr]    Compiling sqlite3-sys v0.14.0
[INFO] [stderr]    Compiling tokio-stream v0.1.15
[INFO] [stderr]    Compiling ubyte v0.10.4
[INFO] [stderr]    Compiling toml v0.5.11
[INFO] [stderr]    Compiling async-trait v0.1.80
[INFO] [stderr]    Compiling crossbeam-channel v0.5.12
[INFO] [stderr]    Compiling filetime v0.2.23
[INFO] [stderr]    Compiling rand v0.4.6
[INFO] [stderr]    Compiling binascii v0.1.4
[INFO] [stderr]    Compiling atomic v0.5.3
[INFO] [stderr]    Compiling rand v0.3.23
[INFO] [stderr]    Compiling notify v6.1.1
[INFO] [stderr]    Compiling tera v1.19.1
[INFO] [stderr]    Compiling sqlite v0.27.3
[INFO] [stderr]    Compiling structopt-derive v0.4.18
[INFO] [stderr]    Compiling clap v2.34.0
[INFO] [stderr]    Compiling time v0.1.45
[INFO] [stderr]    Compiling rustc-serialize v0.3.25
[INFO] [stderr]    Compiling normpath v1.2.0
[INFO] [stderr]    Compiling atom_data_layer v0.1.0 (/opt/rustwide/workdir/atom_data_layer)
[INFO] [stderr]    Compiling structopt v0.3.26
[INFO] [stderr]    Compiling atom_config_layer v0.1.0 (/opt/rustwide/workdir/atom_config_layer)
[INFO] [stderr]    Compiling atom_admin_layer v0.1.0 (/opt/rustwide/workdir/atom_admin_layer)
[INFO] [stderr]    Compiling rocket_dyn_templates v0.1.0
[INFO] [stderr]    Compiling atom_block v0.1.0 (/opt/rustwide/workdir/atom_block)
[INFO] [stderr]     Finished `release` profile [optimized] target(s) in 7m 28s
[INFO] running `Command { std: "docker" "inspect" "30e51812f44806fb2ab95ad073127790ebaedbbae062dcd96b1f88daf163f975", kill_on_drop: false }`
[INFO] running `Command { std: "docker" "exec" "-e" "SOURCE_DIR=/opt/rustwide/workdir" "-e" "CARGO_HOME=/opt/rustwide/cargo-home" "-e" "RUSTUP_HOME=/opt/rustwide/rustup-home" "-e" "CARGO_TARGET_DIR=/opt/rustwide/target" "-e" "CARGO_INCREMENTAL=0" "-e" "RUST_BACKTRACE=full" "-e" "RUSTFLAGS=--cap-lints=warn" "-e" "RUSTDOCFLAGS=--cap-lints=warn" "-w" "/opt/rustwide/workdir" "--user" "0:0" "30e51812f44806fb2ab95ad073127790ebaedbbae062dcd96b1f88daf163f975" "/opt/rustwide/cargo-home/bin/cargo" "+1.99.0-beta.8" "test" "--frozen" "--no-run" "--message-format=json" "--release", kill_on_drop: false }`
[INFO] [stderr]    Compiling atom_data_layer v0.1.0 (/opt/rustwide/workdir/atom_data_layer)
[INFO] [stderr]    Compiling atom_config_layer v0.1.0 (/opt/rustwide/workdir/atom_config_layer)
[INFO] [stderr]    Compiling atom_admin_layer v0.1.0 (/opt/rustwide/workdir/atom_admin_layer)
[INFO] [stderr]    Compiling atom_block v0.1.0 (/opt/rustwide/workdir/atom_block)
[INFO] [stdout] warning: struct `Test` is never constructed
[INFO] [stdout]   --> atom_block/src/main.rs:78:16
[INFO] [stdout]    |
[INFO] [stdout] 78 |         struct Test {
[INFO] [stdout]    |                ^^^^
[INFO] [stdout]    |
[INFO] [stdout]    = note: `#[warn(dead_code)]` (part of `#[warn(unused)]`) on by default
[INFO] [stdout] 
[INFO] [stdout] 
[INFO] [stderr]     Finished `release` profile [optimized] target(s) in 1.69s
[INFO] running `Command { std: "docker" "inspect" "30e51812f44806fb2ab95ad073127790ebaedbbae062dcd96b1f88daf163f975", kill_on_drop: false }`
[INFO] running `Command { std: "docker" "exec" "-e" "SOURCE_DIR=/opt/rustwide/workdir" "-e" "CARGO_HOME=/opt/rustwide/cargo-home" "-e" "RUSTUP_HOME=/opt/rustwide/rustup-home" "-e" "CARGO_TARGET_DIR=/opt/rustwide/target" "-e" "CARGO_INCREMENTAL=0" "-e" "RUST_BACKTRACE=full" "-e" "RUSTFLAGS=--cap-lints=warn" "-e" "RUSTDOCFLAGS=--cap-lints=warn" "-w" "/opt/rustwide/workdir" "--user" "0:0" "30e51812f44806fb2ab95ad073127790ebaedbbae062dcd96b1f88daf163f975" "/opt/rustwide/cargo-home/bin/cargo" "+1.99.0-beta.8" "test" "--frozen" "--release", kill_on_drop: false }`
[INFO] [stderr] warning: struct `Test` is never constructed
[INFO] [stderr]   --> atom_block/src/main.rs:78:16
[INFO] [stderr]    |
[INFO] [stderr] 78 |         struct Test {
[INFO] [stderr]    |                ^^^^
[INFO] [stderr]    |
[INFO] [stderr]    = note: `#[warn(dead_code)]` (part of `#[warn(unused)]`) on by default
[INFO] [stderr] 
[INFO] [stderr] warning: `atom_block` (bin "atom_block" test) generated 1 warning
[INFO] [stderr]     Finished `release` profile [optimized] target(s) in 0.30s
[INFO] [stderr]      Running unittests src/lib.rs (/opt/rustwide/target/release/deps/atom_admin_layer-236e29594f477938)
[INFO] [stdout] 
[INFO] [stderr]      Running unittests src/main.rs (/opt/rustwide/target/release/deps/atom_block-195080077232e32b)
[INFO] [stdout] running 0 tests
[INFO] [stdout] 
[INFO] [stdout] test result: ok. 0 passed; 0 failed; 0 ignored; 0 measured; 0 filtered out; finished in 0.00s
[INFO] [stdout] 
[INFO] [stdout] 
[INFO] [stdout] running 2 tests
[INFO] [stdout] test out_lib::sqlite_conn_test ... FAILED
[INFO] [stdout] test out_lib::let_model ... ok
[INFO] [stdout] 
[INFO] [stdout] failures:
[INFO] [stdout] 
[INFO] [stdout] ---- out_lib::sqlite_conn_test stdout ----
[INFO] [stdout] 
[INFO] [stdout] thread 'out_lib::sqlite_conn_test' (4783) panicked at atom_data_layer/src/connection.rs:55:23:
[INFO] [stdout] "/opt/rustwide/workdir/Config.toml" 路径出了一些如下错误：/
[INFO] [stdout] : Os { code: 2, kind: NotFound, message: "No such file or directory" }
[INFO] [stdout] stack backtrace:
[INFO] [stdout]    0:     0x5a4d36e597b1 - <<std[70759c8f55707aa4]::sys::backtrace::BacktraceLock>::print::DisplayBacktrace as core[df12db4294e9bfd3]::fmt::Display>::fmt
[INFO] [stdout]    1:     0x5a4d36e6e43a - core[df12db4294e9bfd3]::fmt::write
[INFO] [stdout]    2:     0x5a4d36e5dcfc - <alloc[2182bb758b4b3781]::vec::Vec<u8> as core[df12db4294e9bfd3]::io::write::Write>::write_fmt
[INFO] [stdout]    3:     0x5a4d36e35156 - std[70759c8f55707aa4]::panicking::default_hook::{closure#0}
[INFO] [stdout]    4:     0x5a4d36e51bf9 - std[70759c8f55707aa4]::panicking::default_hook
[INFO] [stdout]    5:     0x5a4d36dd0370 - test[9d35eded1c95d3be]::test_main_inner::<test[9d35eded1c95d3be]::test_main_static::{closure#0}>::{closure#0}
[INFO] [stdout]    6:     0x5a4d36e51db2 - std[70759c8f55707aa4]::panicking::panic_with_hook
[INFO] [stdout]    7:     0x5a4d36e35202 - std[70759c8f55707aa4]::panicking::panic_handler::{closure#0}
[INFO] [stdout]    8:     0x5a4d36e2dca9 - std[70759c8f55707aa4]::sys::backtrace::__rust_end_short_backtrace::<std[70759c8f55707aa4]::panicking::panic_handler::{closure#0}, !>
[INFO] [stdout]    9:     0x5a4d36e35dfd - __rustc[8fa7c3cbc660c2b3]::rust_begin_unwind
[INFO] [stdout]   10:     0x5a4d36e6eb6c - core[df12db4294e9bfd3]::panicking::panic_fmt
[INFO] [stdout]   11:     0x5a4d36e05296 - <atom_data_layer[f6613bcfb8944aae]::connection::BaseConfig>::init_config_file
[INFO] [stdout]   12:     0x5a4d36e04871 - <std[70759c8f55707aa4]::sync::once::Once>::call_once::<<lazy_static[22452361557a40db]::lazy::Lazy<std[70759c8f55707aa4]::sync::poison::mutex::Mutex<atom_data_layer[f6613bcfb8944aae]::connection::BaseConfig>>>::get<<atom_data_layer[f6613bcfb8944aae]::connection::BASE_CONFIG_CASE as core[df12db4294e9bfd3]::ops::deref::Deref>::deref::__static_ref_initialize>::{closure#0}>::{closure#0}
[INFO] [stdout]   13:     0x5a4d36e3ad09 - <std[70759c8f55707aa4]::sys::sync::once::futex::Once>::call
[INFO] [stdout]   14:     0x5a4d36e05948 - <atom_data_layer[f6613bcfb8944aae]::connection::SqlConn>::new
[INFO] [stdout]   15:     0x5a4d36e0499c - <std[70759c8f55707aa4]::sync::once::Once>::call_once::<<lazy_static[22452361557a40db]::lazy::Lazy<std[70759c8f55707aa4]::sync::poison::mutex::Mutex<atom_data_layer[f6613bcfb8944aae]::connection::SqlConn>>>::get<<atom_data_layer[f6613bcfb8944aae]::connection::SQL_CONN_CASE as core[df12db4294e9bfd3]::ops::deref::Deref>::deref::__static_ref_initialize>::{closure#0}>::{closure#0}
[INFO] [stdout]   16:     0x5a4d36e3ad09 - <std[70759c8f55707aa4]::sys::sync::once::futex::Once>::call
[INFO] [stdout]   17:     0x5a4d36e06199 - <atom_data_layer[f6613bcfb8944aae]::connection::SQL_CONN_CASE as core[df12db4294e9bfd3]::ops::deref::Deref>::deref
[INFO] [stdout]   18:     0x5a4d36dc3509 - <atom_block[71d08a61a591fe22]::out_lib::sqlite_conn_test::{closure#0} as core[df12db4294e9bfd3]::ops::function::FnOnce<()>>::call_once
[INFO] [stdout]   19:     0x5a4d36dc365b - test[9d35eded1c95d3be]::__rust_begin_short_backtrace::<core[df12db4294e9bfd3]::result::Result<(), alloc[2182bb758b4b3781]::string::String>, fn() -> core[df12db4294e9bfd3]::result::Result<(), alloc[2182bb758b4b3781]::string::String>>
[INFO] [stdout]   20:     0x5a4d36dd0cc5 - test[9d35eded1c95d3be]::run_test::{closure#0}
[INFO] [stdout]   21:     0x5a4d36dca584 - std[70759c8f55707aa4]::sys::backtrace::__rust_begin_short_backtrace::<test[9d35eded1c95d3be]::run_test::{closure#1}, ()>
[INFO] [stdout]   22:     0x5a4d36dd3e22 - <std[70759c8f55707aa4]::thread::lifecycle::spawn_unchecked<test[9d35eded1c95d3be]::run_test::{closure#1}, ()>::{closure#1} as core[df12db4294e9bfd3]::ops::function::FnOnce<()>>::call_once::{shim:vtable#0}
[INFO] [stdout]   23:     0x5a4d36e58d69 - <std[70759c8f55707aa4]::sys::thread::unix::Thread>::new::thread_start
[INFO] [stdout]   24:     0x7a777083adfa - <unknown>
[INFO] [stdout]   25:     0x7a77708ce3d4 - clone
[INFO] [stdout]   26:                0x0 - <unknown>
[INFO] [stdout] 
[INFO] [stdout] 
[INFO] [stdout] failures:
[INFO] [stdout]     out_lib::sqlite_conn_test
[INFO] [stdout] 
[INFO] [stdout] test result: FAILED. 1 passed; 1 failed; 0 ignored; 0 measured; 0 filtered out; finished in 0.00s
[INFO] [stdout] 
[INFO] [stderr] error: test failed, to rerun pass `-p atom_block --bin atom_block`
[INFO] running `Command { std: "docker" "inspect" "30e51812f44806fb2ab95ad073127790ebaedbbae062dcd96b1f88daf163f975", kill_on_drop: false }`
[INFO] running `Command { std: "docker" "rm" "-f" "30e51812f44806fb2ab95ad073127790ebaedbbae062dcd96b1f88daf163f975", kill_on_drop: false }`
[INFO] [stdout] 30e51812f44806fb2ab95ad073127790ebaedbbae062dcd96b1f88daf163f975
