[INFO] cloning repository https://github.com/bilixxb/XMSL
[INFO] running `Command { std: "git" "-c" "credential.helper=" "-c" "credential.helper=/workspace/cargo-home/bin/git-credential-null" "clone" "--bare" "https://github.com/bilixxb/XMSL" "/workspace/cache/git-repos/https%3A%2F%2Fgithub.com%2Fbilixxb%2FXMSL", kill_on_drop: false }`
[INFO] [stderr] Cloning into bare repository '/workspace/cache/git-repos/https%3A%2F%2Fgithub.com%2Fbilixxb%2FXMSL'...
[INFO] running `Command { std: "git" "rev-parse" "HEAD", kill_on_drop: false }`
[INFO] [stdout] 31dcdf044b81a50a1d4a9c46e70d2b09582b52e3
[INFO] testing bilixxb/XMSL against 1.100.0-beta.1+cargoflags=--release for beta-release-1.100-2
[INFO] running `Command { std: "git" "clone" "/workspace/cache/git-repos/https%3A%2F%2Fgithub.com%2Fbilixxb%2FXMSL" "/workspace/builds/worker-0-tc2/source", kill_on_drop: false }`
[INFO] [stderr] Cloning into '/workspace/builds/worker-0-tc2/source'...
[INFO] [stderr] done.
[INFO] started tweaking git repo https://github.com/bilixxb/XMSL
[INFO] finished tweaking git repo https://github.com/bilixxb/XMSL
[INFO] tweaked toml for git repo https://github.com/bilixxb/XMSL written to /workspace/builds/worker-0-tc2/source/Cargo.toml
[INFO] validating manifest of git repo https://github.com/bilixxb/XMSL on toolchain 1.100.0-beta.1
[INFO] running `Command { std: CARGO_HOME="/workspace/cargo-home" RUSTUP_HOME="/workspace/rustup-home" "/workspace/cargo-home/bin/cargo" "+1.100.0-beta.1" "metadata" "--manifest-path" "Cargo.toml" "--no-deps", kill_on_drop: false }`
[INFO] crate git repo https://github.com/bilixxb/XMSL already has a lockfile, it will not be regenerated
[INFO] running `Command { std: CARGO_HOME="/workspace/cargo-home" RUSTUP_HOME="/workspace/rustup-home" "/workspace/cargo-home/bin/cargo" "+1.100.0-beta.1" "fetch" "--manifest-path" "Cargo.toml", kill_on_drop: false }`
[INFO] running `Command { std: "docker" "create" "-v" "/var/lib/crater-agent-workspace/builds/worker-0-tc2/source:/opt/rustwide/workdir:ro,Z" "-v" "/var/lib/crater-agent-workspace/builds/worker-0-tc2/target:/opt/rustwide/target:rw,Z" "-v" "/var/lib/crater-agent-workspace/cargo-home:/opt/rustwide/cargo-home:ro,Z" "-v" "/var/lib/crater-agent-workspace/rustup-home:/opt/rustwide/rustup-home:ro,Z" "-m" "1610612736" "--network" "none" "ghcr.io/rust-lang/crates-build-env/linux@sha256:77db811e55d90add9212f6832c23229e3de5f1c1f9905e8cb07319ea15df73ac" "sleep" "infinity", kill_on_drop: false }`
[INFO] [stdout] 2c23871af0e685a8c75efdc7a389714b12b21ddecd5befd97c036ab3e1ac330f
[INFO] running `Command { std: "docker" "start" "2c23871af0e685a8c75efdc7a389714b12b21ddecd5befd97c036ab3e1ac330f", kill_on_drop: false }`
[INFO] running `Command { std: "docker" "inspect" "2c23871af0e685a8c75efdc7a389714b12b21ddecd5befd97c036ab3e1ac330f", kill_on_drop: false }`
[INFO] running `Command { std: "docker" "exec" "-e" "SOURCE_DIR=/opt/rustwide/workdir" "-e" "CARGO_HOME=/opt/rustwide/cargo-home" "-e" "RUSTUP_HOME=/opt/rustwide/rustup-home" "-e" "CARGO_TARGET_DIR=/opt/rustwide/target" "-w" "/opt/rustwide/workdir" "--user" "0:0" "2c23871af0e685a8c75efdc7a389714b12b21ddecd5befd97c036ab3e1ac330f" "/opt/rustwide/cargo-home/bin/cargo" "+1.100.0-beta.1" "metadata" "--no-deps" "--format-version=1", kill_on_drop: false }`
[INFO] running `Command { std: "docker" "inspect" "2c23871af0e685a8c75efdc7a389714b12b21ddecd5befd97c036ab3e1ac330f", kill_on_drop: false }`
[INFO] running `Command { std: "docker" "exec" "-e" "SOURCE_DIR=/opt/rustwide/workdir" "-e" "CARGO_HOME=/opt/rustwide/cargo-home" "-e" "RUSTUP_HOME=/opt/rustwide/rustup-home" "-e" "CARGO_TARGET_DIR=/opt/rustwide/target" "-e" "CARGO_INCREMENTAL=0" "-e" "RUST_BACKTRACE=full" "-e" "RUSTFLAGS=--cap-lints=warn" "-e" "RUSTDOCFLAGS=--cap-lints=warn" "-w" "/opt/rustwide/workdir" "--user" "0:0" "2c23871af0e685a8c75efdc7a389714b12b21ddecd5befd97c036ab3e1ac330f" "/opt/rustwide/cargo-home/bin/cargo" "+1.100.0-beta.1" "build" "--frozen" "--message-format=json" "--release", kill_on_drop: false }`
[INFO] [stderr]    Compiling quote v1.0.46
[INFO] [stderr]    Compiling smallvec v1.15.2
[INFO] [stderr]    Compiling writeable v0.6.3
[INFO] [stderr]    Compiling litemap v0.8.2
[INFO] [stderr]    Compiling proc-macro-hack v0.5.20+deprecated
[INFO] [stderr]    Compiling icu_properties_data v2.2.0
[INFO] [stderr]    Compiling icu_normalizer_data v2.2.0
[INFO] [stderr]    Compiling simd-adler32 v0.3.9
[INFO] [stderr]    Compiling cc v1.2.66
[INFO] [stderr]    Compiling num-traits v0.2.19
[INFO] [stderr]    Compiling crossbeam-utils v0.8.22
[INFO] [stderr]    Compiling crossbeam-epoch v0.9.20
[INFO] [stderr]    Compiling rustls-pki-types v1.15.0
[INFO] [stderr]    Compiling errno v0.3.14
[INFO] [stderr]    Compiling either v1.16.0
[INFO] [stderr]    Compiling rustix v1.1.4
[INFO] [stderr]    Compiling miniz_oxide v0.8.9
[INFO] [stderr]    Compiling crossbeam-deque v0.8.7
[INFO] [stderr]    Compiling signal-hook v0.3.18
[INFO] [stderr]    Compiling signal-hook-registry v1.4.8
[INFO] [stderr]    Compiling form_urlencoded v1.2.2
[INFO] [stderr]    Compiling lock_api v0.4.14
[INFO] [stderr]    Compiling getrandom v0.2.17
[INFO] [stderr]    Compiling rustix v0.38.44
[INFO] [stderr]    Compiling parking_lot_core v0.9.12
[INFO] [stderr]    Compiling linux-raw-sys v0.12.1
[INFO] [stderr]    Compiling syn v2.0.118
[INFO] [stderr]    Compiling type-map v0.5.1
[INFO] [stderr]    Compiling fdeflate v0.3.7
[INFO] [stderr]    Compiling mio v1.2.1
[INFO] [stderr]    Compiling self_cell v1.2.2
[INFO] [stderr]    Compiling instability v0.3.12
[INFO] [stderr]    Compiling parking_lot v0.12.5
[INFO] [stderr]    Compiling pxfm v0.1.30
[INFO] [stderr]    Compiling rustls v0.23.41
[INFO] [stderr]    Compiling foldhash v0.1.5
[INFO] [stderr]    Compiling hashbrown v0.15.5
[INFO] [stderr]    Compiling flate2 v1.1.9
[INFO] [stderr]    Compiling self_cell v0.10.3
[INFO] [stderr]    Compiling webpki-roots v1.0.8
[INFO] [stderr]    Compiling itertools v0.13.0
[INFO] [stderr]    Compiling bytemuck v1.25.1
[INFO] [stderr]    Compiling serde_json v1.0.150
[INFO] [stderr]    Compiling signal-hook-mio v0.2.5
[INFO] [stderr]    Compiling x11rb-protocol v0.13.2
[INFO] [stderr]    Compiling png v0.18.1
[INFO] [stderr]    Compiling indoc v2.0.7
[INFO] [stderr]    Compiling ring v0.17.14
[INFO] [stderr]    Compiling toml_write v0.1.2
[INFO] [stderr]    Compiling winnow v0.7.15
[INFO] [stderr]    Compiling rayon-core v1.13.0
[INFO] [stderr]    Compiling rustc-hash v1.1.0
[INFO] [stderr]    Compiling chrono v0.4.45
[INFO] [stderr]    Compiling lru v0.12.5
[INFO] [stderr]    Compiling dirs-sys v0.4.1
[INFO] [stderr]    Compiling compact_str v0.8.2
[INFO] [stderr]    Compiling webpki-roots v0.26.11
[INFO] [stderr]    Compiling vte v0.14.1
[INFO] [stderr]    Compiling crossterm v0.28.1
[INFO] [stderr]    Compiling cassowary v0.3.0
[INFO] [stderr]    Compiling colored v2.2.0
[INFO] [stderr]    Compiling strip-ansi-escapes v0.2.1
[INFO] [stderr]    Compiling unicode-truncate v1.1.0
[INFO] [stderr]    Compiling rayon v1.12.0
[INFO] [stderr]    Compiling dirs v5.0.1
[INFO] [stderr]    Compiling sha2 v0.10.9
[INFO] [stderr]    Compiling unicode-width v0.2.2
[INFO] [stderr]    Compiling figlet-rs v0.1.5
[INFO] [stderr]    Compiling moxcms v0.8.1
[INFO] [stderr]    Compiling synstructure v0.13.2
[INFO] [stderr]    Compiling darling_core v0.23.0
[INFO] [stderr]    Compiling sysinfo v0.31.4
[INFO] [stderr]    Compiling zerofrom-derive v0.1.7
[INFO] [stderr]    Compiling displaydoc v0.2.6
[INFO] [stderr]    Compiling yoke-derive v0.8.2
[INFO] [stderr]    Compiling zerovec-derive v0.11.3
[INFO] [stderr]    Compiling serde_derive v1.0.228
[INFO] [stderr]    Compiling zerofrom v0.1.8
[INFO] [stderr]    Compiling thiserror-impl v1.0.69
[INFO] [stderr]    Compiling tinystr v0.8.3
[INFO] [stderr]    Compiling yoke v0.8.3
[INFO] [stderr]    Compiling unic-langid-impl v0.9.6
[INFO] [stderr]    Compiling gethostname v1.1.0
[INFO] [stderr]    Compiling zerovec v0.11.6
[INFO] [stderr]    Compiling zerotrie v0.2.4
[INFO] [stderr]    Compiling strum_macros v0.26.4
[INFO] [stderr]    Compiling thiserror v1.0.69
[INFO] [stderr]    Compiling x11rb v0.13.2
[INFO] [stderr]    Compiling unic-langid-macros-impl v0.9.6
[INFO] [stderr]    Compiling fluent-syntax v0.11.1
[INFO] [stderr]    Compiling darling_macro v0.23.0
[INFO] [stderr]    Compiling darling v0.23.0
[INFO] [stderr]    Compiling potential_utf v0.1.5
[INFO] [stderr]    Compiling icu_collections v2.2.0
[INFO] [stderr]    Compiling icu_locale_core v2.2.0
[INFO] [stderr]    Compiling strum v0.26.3
[INFO] [stderr]    Compiling ratatui v0.28.1
[INFO] [stderr]    Compiling unic-langid-macros v0.9.6
[INFO] [stderr]    Compiling unic-langid v0.9.6
[INFO] [stderr]    Compiling fluent-langneg v0.13.1
[INFO] [stderr]    Compiling intl_pluralrules v7.0.2
[INFO] [stderr]    Compiling intl-memoizer v0.5.3
[INFO] [stderr]    Compiling fluent-bundle v0.15.3
[INFO] [stderr]    Compiling image v0.25.10
[INFO] [stderr]    Compiling icu_provider v2.2.0
[INFO] [stderr]    Compiling fluent v0.16.1
[INFO] [stderr]    Compiling icu_properties v2.2.0
[INFO] [stderr]    Compiling icu_normalizer v2.2.0
[INFO] [stderr]    Compiling serde v1.0.228
[INFO] [stderr]    Compiling toml_datetime v0.6.11
[INFO] [stderr]    Compiling serde_spanned v0.6.9
[INFO] [stderr]    Compiling idna_adapter v1.2.2
[INFO] [stderr]    Compiling idna v1.1.0
[INFO] [stderr]    Compiling toml_edit v0.22.27
[INFO] [stderr]    Compiling url v2.5.8
[INFO] [stderr]    Compiling webbrowser v1.2.1
[INFO] [stderr]    Compiling trash v3.3.1
[INFO] [stderr]    Compiling arboard v3.6.1
[INFO] [stderr]    Compiling toml v0.8.23
[INFO] [stderr]    Compiling rustls-webpki v0.103.13
[INFO] [stderr]    Compiling ureq v2.12.1
[INFO] [stderr]    Compiling XMSL-AICompletelyBuild v0.1.0 (/opt/rustwide/workdir)
[INFO] [stdout] warning: unused variable: `current_exe`
[INFO] [stdout]   --> src/update.rs:89:9
[INFO] [stdout]    |
[INFO] [stdout] 89 |     let current_exe = std::env::current_exe()
[INFO] [stdout]    |         ^^^^^^^^^^^ help: if this is intentional, prefix it with an underscore: `_current_exe`
[INFO] [stdout]    |
[INFO] [stdout]    = note: `#[warn(unused_variables)]` (part of `#[warn(unused)]`) on by default
[INFO] [stdout] 
[INFO] [stdout] 
[INFO] [stdout] warning: method `current_language` is never used
[INFO] [stdout]   --> src/i18n/mod.rs:86:12
[INFO] [stdout]    |
[INFO] [stdout] 16 | impl I18n {
[INFO] [stdout]    | --------- method in this implementation
[INFO] [stdout] ...
[INFO] [stdout] 86 |     pub fn current_language(&self) -> &str {
[INFO] [stdout]    |            ^^^^^^^^^^^^^^^^
[INFO] [stdout]    |
[INFO] [stdout]    = note: `#[warn(dead_code)]` (part of `#[warn(unused)]`) on by default
[INFO] [stdout] 
[INFO] [stdout] 
[INFO] [stdout] warning: function `download_server_jar` is never used
[INFO] [stdout]    --> src/server/installer.rs:157:8
[INFO] [stdout]     |
[INFO] [stdout] 157 | pub fn download_server_jar(
[INFO] [stdout]     |        ^^^^^^^^^^^^^^^^^^^
[INFO] [stdout] 
[INFO] [stdout] 
[INFO] [stdout] warning: field `version` is never read
[INFO] [stdout]  --> src/server/java.rs:7:9
[INFO] [stdout]   |
[INFO] [stdout] 5 | pub struct JavaRuntime {
[INFO] [stdout]   |            ----------- field in this struct
[INFO] [stdout] 6 |     pub path: PathBuf,
[INFO] [stdout] 7 |     pub version: String,
[INFO] [stdout]   |         ^^^^^^^
[INFO] [stdout]   |
[INFO] [stdout]   = note: `JavaRuntime` has derived impls for the traits `Clone` and `Debug`, but these are intentionally ignored during dead code analysis
[INFO] [stdout] 
[INFO] [stdout] 
[INFO] [stdout] warning: function `get_required_java_version` is never used
[INFO] [stdout]    --> src/server/java.rs:122:8
[INFO] [stdout]     |
[INFO] [stdout] 122 | pub fn get_required_java_version(mc_version: &str) -> u32 {
[INFO] [stdout]     |        ^^^^^^^^^^^^^^^^^^^^^^^^^
[INFO] [stdout] 
[INFO] [stdout] 
[INFO] [stdout] warning: method `is_running` is never used
[INFO] [stdout]    --> src/server/manager.rs:291:12
[INFO] [stdout]     |
[INFO] [stdout]  32 | impl ServerManager {
[INFO] [stdout]     | ------------------ method in this implementation
[INFO] [stdout] ...
[INFO] [stdout] 291 |     pub fn is_running(&self, name: &str) -> bool {
[INFO] [stdout]     |            ^^^^^^^^^^
[INFO] [stdout] 
[INFO] [stdout] 
[INFO] [stdout] warning: associated items `load` and `plugins_dir` are never used
[INFO] [stdout]    --> src/server/profile.rs:88:12
[INFO] [stdout]     |
[INFO] [stdout]  52 | impl ServerProfile {
[INFO] [stdout]     | ------------------ associated items in this implementation
[INFO] [stdout] ...
[INFO] [stdout]  88 |     pub fn load(name: &str) -> Result<Option<ServerProfile>, AppError> {
[INFO] [stdout]     |            ^^^^
[INFO] [stdout] ...
[INFO] [stdout] 114 |     pub fn plugins_dir(&self) -> PathBuf {
[INFO] [stdout]     |            ^^^^^^^^^^^
[INFO] [stdout] 
[INFO] [stdout] 
[INFO] [stdout] warning: field `latest` is never read
[INFO] [stdout]  --> src/server/version_manifest.rs:8:9
[INFO] [stdout]   |
[INFO] [stdout] 7 | pub struct VersionManifest {
[INFO] [stdout]   |            --------------- field in this struct
[INFO] [stdout] 8 |     pub latest: LatestInfo,
[INFO] [stdout]   |         ^^^^^^
[INFO] [stdout]   |
[INFO] [stdout]   = note: `VersionManifest` has derived impls for the traits `Clone` and `Debug`, but these are intentionally ignored during dead code analysis
[INFO] [stdout] 
[INFO] [stdout] 
[INFO] [stdout] warning: fields `release` and `snapshot` are never read
[INFO] [stdout]   --> src/server/version_manifest.rs:14:9
[INFO] [stdout]    |
[INFO] [stdout] 13 | pub struct LatestInfo {
[INFO] [stdout]    |            ---------- fields in this struct
[INFO] [stdout] 14 |     pub release: String,
[INFO] [stdout]    |         ^^^^^^^
[INFO] [stdout] 15 |     pub snapshot: String,
[INFO] [stdout]    |         ^^^^^^^^
[INFO] [stdout]    |
[INFO] [stdout]    = note: `LatestInfo` has derived impls for the traits `Clone` and `Debug`, but these are intentionally ignored during dead code analysis
[INFO] [stdout] 
[INFO] [stdout] 
[INFO] [stdout] warning: method `selected_text` is never used
[INFO] [stdout]    --> src/tui/app.rs:102:12
[INFO] [stdout]     |
[INFO] [stdout]  89 | impl CompletionState {
[INFO] [stdout]     | -------------------- method in this implementation
[INFO] [stdout] ...
[INFO] [stdout] 102 |     pub fn selected_text(&self) -> Option<String> {
[INFO] [stdout]     |            ^^^^^^^^^^^^^
[INFO] [stdout] 
[INFO] [stdout] 
[INFO] [stdout] warning: field `should_quit` is never read
[INFO] [stdout]    --> src/tui/app.rs:142:9
[INFO] [stdout]     |
[INFO] [stdout] 135 | pub struct App {
[INFO] [stdout]     |            --- field in this struct
[INFO] [stdout] ...
[INFO] [stdout] 142 |     pub should_quit: bool,
[INFO] [stdout]     |         ^^^^^^^^^^^
[INFO] [stdout] 
[INFO] [stdout] 
[INFO] [stdout] warning: methods `set_status` and `tab` are never used
[INFO] [stdout]    --> src/tui/pages/market.rs:188:12
[INFO] [stdout]     |
[INFO] [stdout]  49 | impl MarketPage {
[INFO] [stdout]     | --------------- methods in this implementation
[INFO] [stdout] ...
[INFO] [stdout] 188 |     pub fn set_status(&mut self, message: String, is_error: bool) {
[INFO] [stdout]     |            ^^^^^^^^^^
[INFO] [stdout] ...
[INFO] [stdout] 192 |     pub fn tab(&self) -> MarketTab { self.tab }
[INFO] [stdout]     |            ^^^
[INFO] [stdout] 
[INFO] [stdout] 
[INFO] [stdout] warning: methods `cursor_home` and `clear_paste_display` are never used
[INFO] [stdout]    --> src/tui/widgets/input_bar.rs:109:12
[INFO] [stdout]     |
[INFO] [stdout]  21 | impl InputBar {
[INFO] [stdout]     | ------------- methods in this implementation
[INFO] [stdout] ...
[INFO] [stdout] 109 |     pub fn cursor_home(&mut self) { self.cursor = 0; self.reset_blink(); }
[INFO] [stdout]     |            ^^^^^^^^^^^
[INFO] [stdout] ...
[INFO] [stdout] 136 |     pub fn clear_paste_display(&mut self) -> bool {
[INFO] [stdout]     |            ^^^^^^^^^^^^^^^^^^^
[INFO] [stdout] 
[INFO] [stdout] 
[INFO] [stdout] warning: methods `next_tab` and `prev_tab` are never used
[INFO] [stdout]   --> src/tui/widgets/tab_container.rs:25:12
[INFO] [stdout]    |
[INFO] [stdout] 17 | impl TabContainer {
[INFO] [stdout]    | ----------------- methods in this implementation
[INFO] [stdout] ...
[INFO] [stdout] 25 |     pub fn next_tab(&mut self) {
[INFO] [stdout]    |            ^^^^^^^^
[INFO] [stdout] ...
[INFO] [stdout] 33 |     pub fn prev_tab(&mut self) {
[INFO] [stdout]    |            ^^^^^^^^
[INFO] [stdout] 
[INFO] [stdout] 
[INFO] [stdout] warning: function `render_tab_container` is never used
[INFO] [stdout]   --> src/tui/widgets/tab_container.rs:46:8
[INFO] [stdout]    |
[INFO] [stdout] 46 | pub fn render_tab_container<F>(
[INFO] [stdout]    |        ^^^^^^^^^^^^^^^^^^^^
[INFO] [stdout] 
[INFO] [stdout] 
[INFO] [stderr] warning: unused dependency `colored`
[INFO] [stderr]  --> Cargo.toml:3:1
[INFO] [stderr]   |
[INFO] [stderr] 3 | colored = "2"
[INFO] [stderr]   | ^^^^^^^^^^^^^
[INFO] [stderr]   |
[INFO] [stderr]   = note: `cargo::unused_dependencies` is set to `warn` by default
[INFO] [stderr] help: consider removing the dependency on `colored`
[INFO] [stderr] warning: `XMSL-AICompletelyBuild` (manifest) generated 1 warning
[INFO] [stderr]     Finished `release` profile [optimized] target(s) in 2m 41s
[INFO] running `Command { std: "docker" "inspect" "2c23871af0e685a8c75efdc7a389714b12b21ddecd5befd97c036ab3e1ac330f", kill_on_drop: false }`
[INFO] running `Command { std: "docker" "exec" "-e" "SOURCE_DIR=/opt/rustwide/workdir" "-e" "CARGO_HOME=/opt/rustwide/cargo-home" "-e" "RUSTUP_HOME=/opt/rustwide/rustup-home" "-e" "CARGO_TARGET_DIR=/opt/rustwide/target" "-e" "CARGO_INCREMENTAL=0" "-e" "RUST_BACKTRACE=full" "-e" "RUSTFLAGS=--cap-lints=warn" "-e" "RUSTDOCFLAGS=--cap-lints=warn" "-w" "/opt/rustwide/workdir" "--user" "0:0" "2c23871af0e685a8c75efdc7a389714b12b21ddecd5befd97c036ab3e1ac330f" "/opt/rustwide/cargo-home/bin/cargo" "+1.100.0-beta.1" "test" "--frozen" "--no-run" "--message-format=json" "--release", kill_on_drop: false }`
[INFO] [stderr]    Compiling XMSL-AICompletelyBuild v0.1.0 (/opt/rustwide/workdir)
[INFO] [stdout] warning: unused variable: `current_exe`
[INFO] [stdout]   --> src/update.rs:89:9
[INFO] [stdout]    |
[INFO] [stdout] 89 |     let current_exe = std::env::current_exe()
[INFO] [stdout]    |         ^^^^^^^^^^^ help: if this is intentional, prefix it with an underscore: `_current_exe`
[INFO] [stdout]    |
[INFO] [stdout]    = note: `#[warn(unused_variables)]` (part of `#[warn(unused)]`) on by default
[INFO] [stdout] 
[INFO] [stdout] 
[INFO] [stdout] warning: method `current_language` is never used
[INFO] [stdout]   --> src/i18n/mod.rs:86:12
[INFO] [stdout]    |
[INFO] [stdout] 16 | impl I18n {
[INFO] [stdout]    | --------- method in this implementation
[INFO] [stdout] ...
[INFO] [stdout] 86 |     pub fn current_language(&self) -> &str {
[INFO] [stdout]    |            ^^^^^^^^^^^^^^^^
[INFO] [stdout]    |
[INFO] [stdout]    = note: `#[warn(dead_code)]` (part of `#[warn(unused)]`) on by default
[INFO] [stdout] 
[INFO] [stdout] 
[INFO] [stdout] warning: function `download_server_jar` is never used
[INFO] [stdout]    --> src/server/installer.rs:157:8
[INFO] [stdout]     |
[INFO] [stdout] 157 | pub fn download_server_jar(
[INFO] [stdout]     |        ^^^^^^^^^^^^^^^^^^^
[INFO] [stdout] 
[INFO] [stdout] 
[INFO] [stdout] warning: field `version` is never read
[INFO] [stdout]  --> src/server/java.rs:7:9
[INFO] [stdout]   |
[INFO] [stdout] 5 | pub struct JavaRuntime {
[INFO] [stdout]   |            ----------- field in this struct
[INFO] [stdout] 6 |     pub path: PathBuf,
[INFO] [stdout] 7 |     pub version: String,
[INFO] [stdout]   |         ^^^^^^^
[INFO] [stdout]   |
[INFO] [stdout]   = note: `JavaRuntime` has derived impls for the traits `Clone` and `Debug`, but these are intentionally ignored during dead code analysis
[INFO] [stdout] 
[INFO] [stdout] 
[INFO] [stdout] warning: function `get_required_java_version` is never used
[INFO] [stdout]    --> src/server/java.rs:122:8
[INFO] [stdout]     |
[INFO] [stdout] 122 | pub fn get_required_java_version(mc_version: &str) -> u32 {
[INFO] [stdout]     |        ^^^^^^^^^^^^^^^^^^^^^^^^^
[INFO] [stdout] 
[INFO] [stdout] 
[INFO] [stdout] warning: method `is_running` is never used
[INFO] [stdout]    --> src/server/manager.rs:291:12
[INFO] [stdout]     |
[INFO] [stdout]  32 | impl ServerManager {
[INFO] [stdout]     | ------------------ method in this implementation
[INFO] [stdout] ...
[INFO] [stdout] 291 |     pub fn is_running(&self, name: &str) -> bool {
[INFO] [stdout]     |            ^^^^^^^^^^
[INFO] [stdout] 
[INFO] [stdout] 
[INFO] [stdout] warning: associated items `load` and `plugins_dir` are never used
[INFO] [stdout]    --> src/server/profile.rs:88:12
[INFO] [stdout]     |
[INFO] [stdout]  52 | impl ServerProfile {
[INFO] [stdout]     | ------------------ associated items in this implementation
[INFO] [stdout] ...
[INFO] [stdout]  88 |     pub fn load(name: &str) -> Result<Option<ServerProfile>, AppError> {
[INFO] [stdout]     |            ^^^^
[INFO] [stdout] ...
[INFO] [stdout] 114 |     pub fn plugins_dir(&self) -> PathBuf {
[INFO] [stdout]     |            ^^^^^^^^^^^
[INFO] [stdout] 
[INFO] [stdout] 
[INFO] [stdout] warning: field `latest` is never read
[INFO] [stdout]  --> src/server/version_manifest.rs:8:9
[INFO] [stdout]   |
[INFO] [stdout] 7 | pub struct VersionManifest {
[INFO] [stdout]   |            --------------- field in this struct
[INFO] [stdout] 8 |     pub latest: LatestInfo,
[INFO] [stdout]   |         ^^^^^^
[INFO] [stdout]   |
[INFO] [stdout]   = note: `VersionManifest` has derived impls for the traits `Clone` and `Debug`, but these are intentionally ignored during dead code analysis
[INFO] [stdout] 
[INFO] [stdout] 
[INFO] [stdout] warning: fields `release` and `snapshot` are never read
[INFO] [stdout]   --> src/server/version_manifest.rs:14:9
[INFO] [stdout]    |
[INFO] [stdout] 13 | pub struct LatestInfo {
[INFO] [stdout]    |            ---------- fields in this struct
[INFO] [stdout] 14 |     pub release: String,
[INFO] [stdout]    |         ^^^^^^^
[INFO] [stdout] 15 |     pub snapshot: String,
[INFO] [stdout]    |         ^^^^^^^^
[INFO] [stdout]    |
[INFO] [stdout]    = note: `LatestInfo` has derived impls for the traits `Clone` and `Debug`, but these are intentionally ignored during dead code analysis
[INFO] [stdout] 
[INFO] [stdout] 
[INFO] [stdout] warning: method `selected_text` is never used
[INFO] [stdout]    --> src/tui/app.rs:102:12
[INFO] [stdout]     |
[INFO] [stdout]  89 | impl CompletionState {
[INFO] [stdout]     | -------------------- method in this implementation
[INFO] [stdout] ...
[INFO] [stdout] 102 |     pub fn selected_text(&self) -> Option<String> {
[INFO] [stdout]     |            ^^^^^^^^^^^^^
[INFO] [stdout] 
[INFO] [stdout] 
[INFO] [stdout] warning: field `should_quit` is never read
[INFO] [stdout]    --> src/tui/app.rs:142:9
[INFO] [stdout]     |
[INFO] [stdout] 135 | pub struct App {
[INFO] [stdout]     |            --- field in this struct
[INFO] [stdout] ...
[INFO] [stdout] 142 |     pub should_quit: bool,
[INFO] [stdout]     |         ^^^^^^^^^^^
[INFO] [stdout] 
[INFO] [stdout] 
[INFO] [stdout] warning: methods `set_status` and `tab` are never used
[INFO] [stdout]    --> src/tui/pages/market.rs:188:12
[INFO] [stdout]     |
[INFO] [stdout]  49 | impl MarketPage {
[INFO] [stdout]     | --------------- methods in this implementation
[INFO] [stdout] ...
[INFO] [stdout] 188 |     pub fn set_status(&mut self, message: String, is_error: bool) {
[INFO] [stdout]     |            ^^^^^^^^^^
[INFO] [stdout] ...
[INFO] [stdout] 192 |     pub fn tab(&self) -> MarketTab { self.tab }
[INFO] [stdout]     |            ^^^
[INFO] [stdout] 
[INFO] [stdout] 
[INFO] [stdout] warning: methods `cursor_home` and `clear_paste_display` are never used
[INFO] [stdout]    --> src/tui/widgets/input_bar.rs:109:12
[INFO] [stdout]     |
[INFO] [stdout]  21 | impl InputBar {
[INFO] [stdout]     | ------------- methods in this implementation
[INFO] [stdout] ...
[INFO] [stdout] 109 |     pub fn cursor_home(&mut self) { self.cursor = 0; self.reset_blink(); }
[INFO] [stdout]     |            ^^^^^^^^^^^
[INFO] [stdout] ...
[INFO] [stdout] 136 |     pub fn clear_paste_display(&mut self) -> bool {
[INFO] [stdout]     |            ^^^^^^^^^^^^^^^^^^^
[INFO] [stdout] 
[INFO] [stdout] 
[INFO] [stdout] warning: methods `next_tab` and `prev_tab` are never used
[INFO] [stdout]   --> src/tui/widgets/tab_container.rs:25:12
[INFO] [stdout]    |
[INFO] [stdout] 17 | impl TabContainer {
[INFO] [stdout]    | ----------------- methods in this implementation
[INFO] [stdout] ...
[INFO] [stdout] 25 |     pub fn next_tab(&mut self) {
[INFO] [stdout]    |            ^^^^^^^^
[INFO] [stdout] ...
[INFO] [stdout] 33 |     pub fn prev_tab(&mut self) {
[INFO] [stdout]    |            ^^^^^^^^
[INFO] [stdout] 
[INFO] [stdout] 
[INFO] [stdout] warning: function `render_tab_container` is never used
[INFO] [stdout]   --> src/tui/widgets/tab_container.rs:46:8
[INFO] [stdout]    |
[INFO] [stdout] 46 | pub fn render_tab_container<F>(
[INFO] [stdout]    |        ^^^^^^^^^^^^^^^^^^^^
[INFO] [stdout] 
[INFO] [stdout] 
[INFO] [stderr] warning: unused dependency `colored`
[INFO] [stderr]  --> Cargo.toml:3:1
[INFO] [stderr]   |
[INFO] [stderr] 3 | colored = "2"
[INFO] [stderr]   | ^^^^^^^^^^^^^
[INFO] [stderr]   |
[INFO] [stderr]   = note: `cargo::unused_dependencies` is set to `warn` by default
[INFO] [stderr] help: consider removing the dependency on `colored`
[INFO] [stderr] warning: `XMSL-AICompletelyBuild` (manifest) generated 1 warning
[INFO] [stderr]     Finished `release` profile [optimized] target(s) in 5.62s
[INFO] running `Command { std: "docker" "inspect" "2c23871af0e685a8c75efdc7a389714b12b21ddecd5befd97c036ab3e1ac330f", kill_on_drop: false }`
[INFO] running `Command { std: "docker" "exec" "-e" "SOURCE_DIR=/opt/rustwide/workdir" "-e" "CARGO_HOME=/opt/rustwide/cargo-home" "-e" "RUSTUP_HOME=/opt/rustwide/rustup-home" "-e" "CARGO_TARGET_DIR=/opt/rustwide/target" "-e" "CARGO_INCREMENTAL=0" "-e" "RUST_BACKTRACE=full" "-e" "RUSTFLAGS=--cap-lints=warn" "-e" "RUSTDOCFLAGS=--cap-lints=warn" "-w" "/opt/rustwide/workdir" "--user" "0:0" "2c23871af0e685a8c75efdc7a389714b12b21ddecd5befd97c036ab3e1ac330f" "/opt/rustwide/cargo-home/bin/cargo" "+1.100.0-beta.1" "test" "--frozen" "--release", kill_on_drop: false }`
[INFO] [stderr] warning: unused variable: `current_exe`
[INFO] [stderr]   --> src/update.rs:89:9
[INFO] [stderr]    |
[INFO] [stderr] 89 |     let current_exe = std::env::current_exe()
[INFO] [stderr]    |         ^^^^^^^^^^^ help: if this is intentional, prefix it with an underscore: `_current_exe`
[INFO] [stderr]    |
[INFO] [stderr]    = note: `#[warn(unused_variables)]` (part of `#[warn(unused)]`) on by default
[INFO] [stderr] 
[INFO] [stderr] warning: method `current_language` is never used
[INFO] [stderr]   --> src/i18n/mod.rs:86:12
[INFO] [stderr]    |
[INFO] [stderr] 16 | impl I18n {
[INFO] [stderr]    | --------- method in this implementation
[INFO] [stderr] ...
[INFO] [stderr] 86 |     pub fn current_language(&self) -> &str {
[INFO] [stderr]    |            ^^^^^^^^^^^^^^^^
[INFO] [stderr]    |
[INFO] [stderr]    = note: `#[warn(dead_code)]` (part of `#[warn(unused)]`) on by default
[INFO] [stderr] 
[INFO] [stderr] warning: function `download_server_jar` is never used
[INFO] [stderr]    --> src/server/installer.rs:157:8
[INFO] [stderr]     |
[INFO] [stderr] 157 | pub fn download_server_jar(
[INFO] [stderr]     |        ^^^^^^^^^^^^^^^^^^^
[INFO] [stderr] 
[INFO] [stderr] warning: field `version` is never read
[INFO] [stderr]  --> src/server/java.rs:7:9
[INFO] [stderr]   |
[INFO] [stderr] 5 | pub struct JavaRuntime {
[INFO] [stderr]   |            ----------- field in this struct
[INFO] [stderr] 6 |     pub path: PathBuf,
[INFO] [stderr] 7 |     pub version: String,
[INFO] [stderr]   |         ^^^^^^^
[INFO] [stderr]   |
[INFO] [stderr]   = note: `JavaRuntime` has derived impls for the traits `Clone` and `Debug`, but these are intentionally ignored during dead code analysis
[INFO] [stderr] 
[INFO] [stderr] warning: function `get_required_java_version` is never used
[INFO] [stderr]    --> src/server/java.rs:122:8
[INFO] [stderr]     |
[INFO] [stderr] 122 | pub fn get_required_java_version(mc_version: &str) -> u32 {
[INFO] [stderr]     |        ^^^^^^^^^^^^^^^^^^^^^^^^^
[INFO] [stderr] 
[INFO] [stderr] warning: method `is_running` is never used
[INFO] [stderr]    --> src/server/manager.rs:291:12
[INFO] [stderr]     |
[INFO] [stderr]  32 | impl ServerManager {
[INFO] [stderr]     | ------------------ method in this implementation
[INFO] [stderr] ...
[INFO] [stderr] 291 |     pub fn is_running(&self, name: &str) -> bool {
[INFO] [stderr]     |            ^^^^^^^^^^
[INFO] [stderr] 
[INFO] [stderr] warning: associated items `load` and `plugins_dir` are never used
[INFO] [stderr]    --> src/server/profile.rs:88:12
[INFO] [stderr]     |
[INFO] [stderr]  52 | impl ServerProfile {
[INFO] [stderr]     | ------------------ associated items in this implementation
[INFO] [stderr] ...
[INFO] [stderr]  88 |     pub fn load(name: &str) -> Result<Option<ServerProfile>, AppError> {
[INFO] [stderr]     |            ^^^^
[INFO] [stderr] ...
[INFO] [stderr] 114 |     pub fn plugins_dir(&self) -> PathBuf {
[INFO] [stderr]     |            ^^^^^^^^^^^
[INFO] [stderr] 
[INFO] [stderr] warning: field `latest` is never read
[INFO] [stderr]  --> src/server/version_manifest.rs:8:9
[INFO] [stderr]   |
[INFO] [stderr] 7 | pub struct VersionManifest {
[INFO] [stderr]   |            --------------- field in this struct
[INFO] [stderr] 8 |     pub latest: LatestInfo,
[INFO] [stderr]   |         ^^^^^^
[INFO] [stderr]   |
[INFO] [stderr]   = note: `VersionManifest` has derived impls for the traits `Clone` and `Debug`, but these are intentionally ignored during dead code analysis
[INFO] [stderr] 
[INFO] [stderr] warning: fields `release` and `snapshot` are never read
[INFO] [stderr]   --> src/server/version_manifest.rs:14:9
[INFO] [stderr]    |
[INFO] [stderr] 13 | pub struct LatestInfo {
[INFO] [stderr]    |            ---------- fields in this struct
[INFO] [stderr] 14 |     pub release: String,
[INFO] [stderr]    |         ^^^^^^^
[INFO] [stderr] 15 |     pub snapshot: String,
[INFO] [stderr]    |         ^^^^^^^^
[INFO] [stderr]    |
[INFO] [stderr]    = note: `LatestInfo` has derived impls for the traits `Clone` and `Debug`, but these are intentionally ignored during dead code analysis
[INFO] [stderr] 
[INFO] [stderr] warning: method `selected_text` is never used
[INFO] [stderr]    --> src/tui/app.rs:102:12
[INFO] [stderr]     |
[INFO] [stderr]  89 | impl CompletionState {
[INFO] [stderr]     | -------------------- method in this implementation
[INFO] [stderr] ...
[INFO] [stderr] 102 |     pub fn selected_text(&self) -> Option<String> {
[INFO] [stderr]     |            ^^^^^^^^^^^^^
[INFO] [stderr] 
[INFO] [stderr] warning: field `should_quit` is never read
[INFO] [stderr]    --> src/tui/app.rs:142:9
[INFO] [stderr]     |
[INFO] [stderr] 135 | pub struct App {
[INFO] [stderr]     |            --- field in this struct
[INFO] [stderr] ...
[INFO] [stderr] 142 |     pub should_quit: bool,
[INFO] [stderr]     |         ^^^^^^^^^^^
[INFO] [stderr] 
[INFO] [stderr] warning: methods `set_status` and `tab` are never used
[INFO] [stderr]    --> src/tui/pages/market.rs:188:12
[INFO] [stderr]     |
[INFO] [stderr]  49 | impl MarketPage {
[INFO] [stderr]     | --------------- methods in this implementation
[INFO] [stderr] ...
[INFO] [stderr] 188 |     pub fn set_status(&mut self, message: String, is_error: bool) {
[INFO] [stderr]     |            ^^^^^^^^^^
[INFO] [stderr] ...
[INFO] [stderr] 192 |     pub fn tab(&self) -> MarketTab { self.tab }
[INFO] [stderr]     |            ^^^
[INFO] [stderr] 
[INFO] [stderr] warning: methods `cursor_home` and `clear_paste_display` are never used
[INFO] [stderr]    --> src/tui/widgets/input_bar.rs:109:12
[INFO] [stderr]     |
[INFO] [stderr]  21 | impl InputBar {
[INFO] [stderr]     | ------------- methods in this implementation
[INFO] [stderr] ...
[INFO] [stderr] 109 |     pub fn cursor_home(&mut self) { self.cursor = 0; self.reset_blink(); }
[INFO] [stderr]     |            ^^^^^^^^^^^
[INFO] [stderr] ...
[INFO] [stderr] 136 |     pub fn clear_paste_display(&mut self) -> bool {
[INFO] [stderr]     |            ^^^^^^^^^^^^^^^^^^^
[INFO] [stderr] 
[INFO] [stderr] warning: methods `next_tab` and `prev_tab` are never used
[INFO] [stderr]   --> src/tui/widgets/tab_container.rs:25:12
[INFO] [stderr]    |
[INFO] [stderr] 17 | impl TabContainer {
[INFO] [stderr]    | ----------------- methods in this implementation
[INFO] [stderr] ...
[INFO] [stderr] 25 |     pub fn next_tab(&mut self) {
[INFO] [stderr]    |            ^^^^^^^^
[INFO] [stderr] ...
[INFO] [stderr] 33 |     pub fn prev_tab(&mut self) {
[INFO] [stderr]    |            ^^^^^^^^
[INFO] [stderr] 
[INFO] [stderr] warning: function `render_tab_container` is never used
[INFO] [stderr]   --> src/tui/widgets/tab_container.rs:46:8
[INFO] [stderr]    |
[INFO] [stderr] 46 | pub fn render_tab_container<F>(
[INFO] [stderr]    |        ^^^^^^^^^^^^^^^^^^^^
[INFO] [stderr] 
[INFO] [stderr] warning: `XMSL-AICompletelyBuild` (bin "XMSL-AICompletelyBuild" test) generated 15 warnings (run `cargo fix --bin "XMSL-AICompletelyBuild" -p XMSL-AICompletelyBuild --tests` to apply 1 suggestion)
[INFO] [stderr] warning: unused dependency `colored`
[INFO] [stderr]  --> Cargo.toml:3:1
[INFO] [stderr]   |
[INFO] [stderr] 3 | colored = "2"
[INFO] [stderr]   | ^^^^^^^^^^^^^
[INFO] [stderr]   |
[INFO] [stderr]   = note: `cargo::unused_dependencies` is set to `warn` by default
[INFO] [stderr] help: consider removing the dependency on `colored`
[INFO] [stderr] warning: `XMSL-AICompletelyBuild` (manifest) generated 1 warning
[INFO] [stderr]     Finished `release` profile [optimized] target(s) in 0.22s
[INFO] [stderr]      Running unittests src/main.rs (/opt/rustwide/target/release/build/XMSL-AICompletelyBuild/7a8648e0363e1a3d/out/XMSL_AICompletelyBuild-7a8648e0363e1a3d)
[INFO] [stdout] 
[INFO] [stdout] running 6 tests
[INFO] [stdout] test lib_downloader::tests::test_file_checker_size ... ok
[INFO] [stdout] test server::profile::tests::test_roundtrip_toml ... ok
[INFO] [stdout] test server::installer::tests::unknown_types_return_none ... ok
[INFO] [stdout] test lib_downloader::tests::test_disk_space_check ... FAILED
[INFO] [stdout] test lib_downloader::tests::test_no_urls ... ok
[INFO] [stdout] test lib_downloader::tests::test_file_checker_default ... ok
[INFO] [stdout] 
[INFO] [stdout] failures:
[INFO] [stdout] 
[INFO] [stdout] ---- lib_downloader::tests::test_disk_space_check stdout ----
[INFO] [stdout] 
[INFO] [stdout] thread 'lib_downloader::tests::test_disk_space_check' (2732) panicked at src/lib_downloader.rs:1205:9:
[INFO] [stdout] assertion failed: check_disk_space(Path::new("."), 100).is_ok()
[INFO] [stdout] stack backtrace:
[INFO] [stdout]    0:     0x639d9d6bf231 - <<std[617be2ca0a6fd877]::sys::backtrace::BacktraceLock>::print::DisplayBacktrace as core[a373ad73a504971]::fmt::Display>::fmt
[INFO] [stdout]    1:     0x639d9d6d5e5a - core[a373ad73a504971]::fmt::write
[INFO] [stdout]    2:     0x639d9d6c3b4c - <alloc[2e1b2a31b91974c5]::vec::Vec<u8> as core[a373ad73a504971]::io::write::Write>::write_fmt
[INFO] [stdout]    3:     0x639d9d698e36 - std[617be2ca0a6fd877]::panicking::default_hook::{closure#0}
[INFO] [stdout]    4:     0x639d9d6b6b99 - std[617be2ca0a6fd877]::panicking::default_hook
[INFO] [stdout]    5:     0x639d9d515b30 - test[aada8e7e76ba119b]::test_main_inner::{closure#0}
[INFO] [stdout]    6:     0x639d9d6b6d52 - std[617be2ca0a6fd877]::panicking::panic_with_hook
[INFO] [stdout]    7:     0x639d9d698f14 - std[617be2ca0a6fd877]::panicking::panic_handler::{closure#0}
[INFO] [stdout]    8:     0x639d9d691869 - std[617be2ca0a6fd877]::sys::backtrace::__rust_end_short_backtrace::<std[617be2ca0a6fd877]::panicking::panic_handler::{closure#0}, !>
[INFO] [stdout]    9:     0x639d9d699cdd - __rustc[ea4f61d10b84890b]::rust_begin_unwind
[INFO] [stdout]   10:     0x639d9d6d658c - core[a373ad73a504971]::panicking::panic_fmt
[INFO] [stdout]   11:     0x639d9d6d6552 - core[a373ad73a504971]::panicking::panic
[INFO] [stdout]   12:     0x639d9d4caaf1 - <XMSL_AICompletelyBuild[7c24239c01a2ab7c]::lib_downloader::tests::test_disk_space_check::{closure#0} as core[a373ad73a504971]::ops::function::FnOnce<()>>::call_once
[INFO] [stdout]   13:     0x639d9d508f7b - test[aada8e7e76ba119b]::__rust_begin_short_backtrace::<core[a373ad73a504971]::result::Result<(), alloc[2e1b2a31b91974c5]::string::String>, fn() -> core[a373ad73a504971]::result::Result<(), alloc[2e1b2a31b91974c5]::string::String>>
[INFO] [stdout]   14:     0x639d9d516155 - test[aada8e7e76ba119b]::run_test::{closure#0}
[INFO] [stdout]   15:     0x639d9d50fa44 - std[617be2ca0a6fd877]::sys::backtrace::__rust_begin_short_backtrace::<test[aada8e7e76ba119b]::run_test::{closure#1}, ()>
[INFO] [stdout]   16:     0x639d9d5191e2 - <std[617be2ca0a6fd877]::thread::lifecycle::spawn_unchecked<test[aada8e7e76ba119b]::run_test::{closure#1}, ()>::{closure#1} as core[a373ad73a504971]::ops::function::FnOnce<()>>::call_once::{shim:vtable#0}
[INFO] [stdout]   17:     0x639d9d6be04f - <std[617be2ca0a6fd877]::sys::thread::unix::Thread>::new::thread_start
[INFO] [stdout]   18:     0x7aa15eda0dfa - <unknown>
[INFO] [stdout]   19:     0x7aa15ee343d4 - clone
[INFO] [stdout]   20:                0x0 - <unknown>
[INFO] [stdout] 
[INFO] [stdout] 
[INFO] [stdout] failures:
[INFO] [stdout]     lib_downloader::tests::test_disk_space_check
[INFO] [stdout] 
[INFO] [stdout] test result: FAILED. 5 passed; 1 failed; 0 ignored; 0 measured; 0 filtered out; finished in 0.00s
[INFO] [stdout] 
[INFO] [stderr] error: test failed, to rerun pass `--bin XMSL-AICompletelyBuild`
[INFO] running `Command { std: "docker" "inspect" "2c23871af0e685a8c75efdc7a389714b12b21ddecd5befd97c036ab3e1ac330f", kill_on_drop: false }`
[INFO] running `Command { std: "docker" "rm" "-f" "2c23871af0e685a8c75efdc7a389714b12b21ddecd5befd97c036ab3e1ac330f", kill_on_drop: false }`
[INFO] [stdout] 2c23871af0e685a8c75efdc7a389714b12b21ddecd5befd97c036ab3e1ac330f
