[INFO] cloning repository https://github.com/beyond10x/aep-service
[INFO] running `Command { std: "git" "-c" "credential.helper=" "-c" "credential.helper=/workspace/cargo-home/bin/git-credential-null" "clone" "--bare" "https://github.com/beyond10x/aep-service" "/workspace/cache/git-repos/https%3A%2F%2Fgithub.com%2Fbeyond10x%2Faep-service", kill_on_drop: false }`
[INFO] [stderr] Cloning into bare repository '/workspace/cache/git-repos/https%3A%2F%2Fgithub.com%2Fbeyond10x%2Faep-service'...
[INFO] running `Command { std: "git" "rev-parse" "HEAD", kill_on_drop: false }`
[INFO] [stdout] 237a7fd023d070aa61020e8551afbd284a5a47db
[INFO] testing beyond10x/aep-service against 1.100.0-beta.1+cargoflags=--release for beta-release-1.100-2
[INFO] running `Command { std: "git" "clone" "/workspace/cache/git-repos/https%3A%2F%2Fgithub.com%2Fbeyond10x%2Faep-service" "/workspace/builds/worker-7-tc2/source", kill_on_drop: false }`
[INFO] [stderr] Cloning into '/workspace/builds/worker-7-tc2/source'...
[INFO] [stderr] done.
[INFO] started tweaking git repo https://github.com/beyond10x/aep-service
[INFO] finished tweaking git repo https://github.com/beyond10x/aep-service
[INFO] tweaked toml for git repo https://github.com/beyond10x/aep-service written to /workspace/builds/worker-7-tc2/source/Cargo.toml
[INFO] validating manifest of git repo https://github.com/beyond10x/aep-service on toolchain 1.100.0-beta.1
[INFO] running `Command { std: CARGO_HOME="/workspace/cargo-home" RUSTUP_HOME="/workspace/rustup-home" "/workspace/cargo-home/bin/cargo" "+1.100.0-beta.1" "metadata" "--manifest-path" "Cargo.toml" "--no-deps", kill_on_drop: false }`
[INFO] crate git repo https://github.com/beyond10x/aep-service already has a lockfile, it will not be regenerated
[INFO] running `Command { std: CARGO_HOME="/workspace/cargo-home" RUSTUP_HOME="/workspace/rustup-home" "/workspace/cargo-home/bin/cargo" "+1.100.0-beta.1" "fetch" "--manifest-path" "Cargo.toml", kill_on_drop: false }`
[INFO] running `Command { std: "docker" "create" "-v" "/var/lib/crater-agent-workspace/builds/worker-7-tc2/source:/opt/rustwide/workdir:ro,Z" "-v" "/var/lib/crater-agent-workspace/builds/worker-7-tc2/target:/opt/rustwide/target:rw,Z" "-v" "/var/lib/crater-agent-workspace/cargo-home:/opt/rustwide/cargo-home:ro,Z" "-v" "/var/lib/crater-agent-workspace/rustup-home:/opt/rustwide/rustup-home:ro,Z" "-m" "1610612736" "--network" "none" "ghcr.io/rust-lang/crates-build-env/linux@sha256:77db811e55d90add9212f6832c23229e3de5f1c1f9905e8cb07319ea15df73ac" "sleep" "infinity", kill_on_drop: false }`
[INFO] [stdout] b484ec1662ddd5097059e4950289f66650a3485d9d84446857959cd8f8a58c54
[INFO] running `Command { std: "docker" "start" "b484ec1662ddd5097059e4950289f66650a3485d9d84446857959cd8f8a58c54", kill_on_drop: false }`
[INFO] running `Command { std: "docker" "inspect" "b484ec1662ddd5097059e4950289f66650a3485d9d84446857959cd8f8a58c54", kill_on_drop: false }`
[INFO] running `Command { std: "docker" "exec" "-e" "SOURCE_DIR=/opt/rustwide/workdir" "-e" "CARGO_HOME=/opt/rustwide/cargo-home" "-e" "RUSTUP_HOME=/opt/rustwide/rustup-home" "-e" "CARGO_TARGET_DIR=/opt/rustwide/target" "-w" "/opt/rustwide/workdir" "--user" "0:0" "b484ec1662ddd5097059e4950289f66650a3485d9d84446857959cd8f8a58c54" "/opt/rustwide/cargo-home/bin/cargo" "+1.100.0-beta.1" "metadata" "--no-deps" "--format-version=1", kill_on_drop: false }`
[INFO] running `Command { std: "docker" "inspect" "b484ec1662ddd5097059e4950289f66650a3485d9d84446857959cd8f8a58c54", kill_on_drop: false }`
[INFO] running `Command { std: "docker" "exec" "-e" "SOURCE_DIR=/opt/rustwide/workdir" "-e" "CARGO_HOME=/opt/rustwide/cargo-home" "-e" "RUSTUP_HOME=/opt/rustwide/rustup-home" "-e" "CARGO_TARGET_DIR=/opt/rustwide/target" "-e" "CARGO_INCREMENTAL=0" "-e" "RUST_BACKTRACE=full" "-e" "RUSTFLAGS=--cap-lints=warn" "-e" "RUSTDOCFLAGS=--cap-lints=warn" "-w" "/opt/rustwide/workdir" "--user" "0:0" "b484ec1662ddd5097059e4950289f66650a3485d9d84446857959cd8f8a58c54" "/opt/rustwide/cargo-home/bin/cargo" "+1.100.0-beta.1" "build" "--frozen" "--message-format=json" "--release", kill_on_drop: false }`
[INFO] [stderr]    Compiling syn v3.0.4
[INFO] [stderr]    Compiling syn v2.0.119
[INFO] [stderr]    Compiling serde_json v1.0.151
[INFO] [stderr]    Compiling zerocopy v0.8.56
[INFO] [stderr]    Compiling libc v0.2.189
[INFO] [stderr]    Compiling num-traits v0.2.19
[INFO] [stderr]    Compiling bitflags v2.13.1
[INFO] [stderr]    Compiling schemars v0.8.22
[INFO] [stderr]    Compiling thiserror v2.0.20
[INFO] [stderr]    Compiling dyn-clone v1.0.20
[INFO] [stderr]    Compiling hybrid-array v0.4.14
[INFO] [stderr]    Compiling unarray v0.1.4
[INFO] [stderr]    Compiling smallvec v1.16.0
[INFO] [stderr]    Compiling cmov v0.5.4
[INFO] [stderr]    Compiling futures-task v0.3.34
[INFO] [stderr]    Compiling slab v0.4.12
[INFO] [stderr]    Compiling find-msvc-tools v0.1.11
[INFO] [stderr]    Compiling tinyvec v1.13.2
[INFO] [stderr]    Compiling ctutils v0.4.2
[INFO] [stderr]    Compiling chacha20 v0.10.2
[INFO] [stderr]    Compiling tracing v0.1.44
[INFO] [stderr]    Compiling futures-util v0.3.34
[INFO] [stderr]    Compiling siphasher v1.0.3
[INFO] [stderr]    Compiling cc v1.4.4
[INFO] [stderr]    Compiling rustls-pki-types v1.15.1
[INFO] [stderr]    Compiling phf_shared v0.13.1
[INFO] [stderr]    Compiling indexmap v2.14.1
[INFO] [stderr]    Compiling sync_wrapper v1.0.2
[INFO] [stderr]    Compiling unsafe-libyaml v0.2.11
[INFO] [stderr]    Compiling rustls v0.23.45
[INFO] [stderr]    Compiling ipnet v2.12.1
[INFO] [stderr]    Compiling crypto-common v0.2.2
[INFO] [stderr]    Compiling block-buffer v0.12.1
[INFO] [stderr]    Compiling phf v0.13.1
[INFO] [stderr]    Compiling unicode-normalization v0.1.25
[INFO] [stderr]    Compiling getrandom v0.3.4
[INFO] [stderr]    Compiling errno v0.3.14
[INFO] [stderr]    Compiling rand_core v0.9.5
[INFO] [stderr]    Compiling signal-hook-registry v1.4.8
[INFO] [stderr]    Compiling rand v0.9.5
[INFO] [stderr]    Compiling rand_xorshift v0.4.0
[INFO] [stderr]    Compiling mio v1.2.3
[INFO] [stderr]    Compiling socket2 v0.6.5
[INFO] [stderr]    Compiling getrandom v0.4.3
[INFO] [stderr]    Compiling rand v0.10.2
[INFO] [stderr]    Compiling stringprep v0.1.5
[INFO] [stderr]    Compiling getrandom v0.2.17
[INFO] [stderr]    Compiling parking_lot_core v0.9.12
[INFO] [stderr]    Compiling digest v0.11.3
[INFO] [stderr]    Compiling whoami v2.1.3
[INFO] [stderr]    Compiling regex v1.13.1
[INFO] [stderr]    Compiling sha2 v0.11.0
[INFO] [stderr]    Compiling md-5 v0.11.0
[INFO] [stderr]    Compiling hmac v0.13.0
[INFO] [stderr]    Compiling parking_lot v0.12.5
[INFO] [stderr]    Compiling http-body-util v0.1.5
[INFO] [stderr]    Compiling ring v0.17.14
[INFO] [stderr]    Compiling webpki-roots v1.0.9
[INFO] [stderr]    Compiling clap_builder v4.6.6
[INFO] [stderr]    Compiling digest v0.10.7
[INFO] [stderr]    Compiling axum-core v0.5.6
[INFO] [stderr]    Compiling serde_path_to_error v0.1.20
[INFO] [stderr]    Compiling sha2 v0.10.9
[INFO] [stderr]    Compiling uuid v1.26.0
[INFO] [stderr]    Compiling postgres-protocol v0.6.12
[INFO] [stderr]    Compiling serde_derive_internals v0.29.1
[INFO] [stderr]    Compiling synstructure v0.13.2
[INFO] [stderr]    Compiling postgres-types v0.2.14
[INFO] [stderr]    Compiling zerofrom-derive v0.1.7
[INFO] [stderr]    Compiling yoke-derive v0.8.2
[INFO] [stderr]    Compiling schemars_derive v0.8.22
[INFO] [stderr]    Compiling serde_derive v1.0.229
[INFO] [stderr]    Compiling thiserror-impl v2.0.20
[INFO] [stderr]    Compiling tokio-macros v2.7.2
[INFO] [stderr]    Compiling zerovec-derive v0.11.6
[INFO] [stderr]    Compiling displaydoc v0.2.7
[INFO] [stderr]    Compiling async-trait v0.1.92
[INFO] [stderr]    Compiling clap_derive v4.6.4
[INFO] [stderr]    Compiling zerofrom v0.1.8
[INFO] [stderr]    Compiling yoke v0.8.3
[INFO] [stderr]    Compiling tokio v1.53.1
[INFO] [stderr]    Compiling zerotrie v0.2.5
[INFO] [stderr]    Compiling ppv-lite86 v0.2.21
[INFO] [stderr]    Compiling zerovec v0.11.8
[INFO] [stderr]    Compiling rand_chacha v0.9.0
[INFO] [stderr]    Compiling proptest v1.11.0
[INFO] [stderr]    Compiling clap v4.6.6
[INFO] [stderr]    Compiling tinystr v0.8.4
[INFO] [stderr]    Compiling potential_utf v0.1.6
[INFO] [stderr]    Compiling icu_locale_core v2.1.1
[INFO] [stderr]    Compiling icu_collections v2.1.1
[INFO] [stderr]    Compiling icu_provider v2.1.1
[INFO] [stderr]    Compiling icu_normalizer v2.1.1
[INFO] [stderr]    Compiling icu_properties v2.1.2
[INFO] [stderr]    Compiling serde v1.0.229
[INFO] [stderr]    Compiling entity-core v0.17.6 (https://github.com/beyond10x/entity-runtime?tag=0.17.6#13279ae1)
[INFO] [stderr]    Compiling serde_yaml v0.9.34+deprecated
[INFO] [stderr]    Compiling serde_urlencoded v0.7.1
[INFO] [stderr]    Compiling idna_adapter v1.2.1
[INFO] [stderr]    Compiling idna v1.1.0
[INFO] [stderr]    Compiling url v2.5.4
[INFO] [stderr]    Compiling tokio-util v0.7.19
[INFO] [stderr]    Compiling hyper v1.11.1
[INFO] [stderr]    Compiling tower v0.5.3
[INFO] [stderr]    Compiling aep-domain v0.53.0 (https://github.com/beyond10x/aep?tag=0.53.0#c8e9d023)
[INFO] [stderr]    Compiling entity-store v0.17.6 (https://github.com/beyond10x/entity-runtime?tag=0.17.6#13279ae1)
[INFO] [stderr]    Compiling tokio-postgres v0.7.18
[INFO] [stderr]    Compiling trace-domain v0.53.0 (https://github.com/beyond10x/aep?tag=0.53.0#c8e9d023)
[INFO] [stderr]    Compiling tower-http v0.6.11
[INFO] [stderr]    Compiling hyper-util v0.1.20
[INFO] [stderr]    Compiling entity-query v0.17.6 (https://github.com/beyond10x/entity-runtime?tag=0.17.6#13279ae1)
[INFO] [stderr]    Compiling postgres v0.19.14
[INFO] [stderr]    Compiling axum v0.8.9
[INFO] [stderr]    Compiling entity-postgres v0.17.6 (https://github.com/beyond10x/entity-runtime?tag=0.17.6#13279ae1)
[INFO] [stderr]    Compiling rustls-webpki v0.103.15
[INFO] [stderr]    Compiling aep-contract v0.53.0 (https://github.com/beyond10x/aep?tag=0.53.0#c8e9d023)
[INFO] [stderr]    Compiling aep-service-auth v0.1.8 (/opt/rustwide/workdir/crates/aep-service-auth)
[INFO] [stderr]    Compiling aep-driver-spec v0.53.0 (https://github.com/beyond10x/aep?tag=0.53.0#c8e9d023)
[INFO] [stderr]    Compiling aep-backend-memory v0.53.0 (https://github.com/beyond10x/aep?tag=0.53.0#c8e9d023)
[INFO] [stderr]    Compiling aep-client v0.53.0 (https://github.com/beyond10x/aep?tag=0.53.0#c8e9d023)
[INFO] [stderr]    Compiling aep-service-app v0.1.8 (/opt/rustwide/workdir/crates/aep-service-app)
[INFO] [stderr]    Compiling aep-engine v0.53.0 (https://github.com/beyond10x/aep?tag=0.53.0#c8e9d023)
[INFO] [stderr]    Compiling tokio-rustls v0.26.4
[INFO] [stderr]    Compiling aep-backend-entity v0.53.0 (https://github.com/beyond10x/aep?tag=0.53.0#c8e9d023)
[INFO] [stderr]    Compiling hyper-rustls v0.27.9
[INFO] [stderr]    Compiling reqwest v0.12.28
[INFO] [stderr]    Compiling aep-backend-markdown v0.53.0 (https://github.com/beyond10x/aep?tag=0.53.0#c8e9d023)
[INFO] [stderr]    Compiling aep-backend-postgres v0.53.0 (https://github.com/beyond10x/aep?tag=0.53.0#c8e9d023)
[INFO] [stderr]    Compiling aep-service-openapi v0.1.8 (/opt/rustwide/workdir/crates/aep-service-openapi)
[INFO] [stderr]    Compiling aep-service-postgres v0.1.8 (/opt/rustwide/workdir/crates/aep-service-postgres)
[INFO] [stderr]    Compiling aep-schema v0.53.0 (https://github.com/beyond10x/aep?tag=0.53.0#c8e9d023)
[INFO] [stderr]    Compiling aep-service-http v0.1.8 (/opt/rustwide/workdir/crates/aep-service-http)
[INFO] [stderr]    Compiling aep-project v0.53.0 (https://github.com/beyond10x/aep?tag=0.53.0#c8e9d023)
[INFO] [stderr]    Compiling aep-service v0.1.8 (/opt/rustwide/workdir/crates/aep-service)
[INFO] [stderr]     Finished `release` profile [optimized] target(s) in 4m 29s
[INFO] running `Command { std: "docker" "inspect" "b484ec1662ddd5097059e4950289f66650a3485d9d84446857959cd8f8a58c54", kill_on_drop: false }`
[INFO] running `Command { std: "docker" "exec" "-e" "SOURCE_DIR=/opt/rustwide/workdir" "-e" "CARGO_HOME=/opt/rustwide/cargo-home" "-e" "RUSTUP_HOME=/opt/rustwide/rustup-home" "-e" "CARGO_TARGET_DIR=/opt/rustwide/target" "-e" "CARGO_INCREMENTAL=0" "-e" "RUST_BACKTRACE=full" "-e" "RUSTFLAGS=--cap-lints=warn" "-e" "RUSTDOCFLAGS=--cap-lints=warn" "-w" "/opt/rustwide/workdir" "--user" "0:0" "b484ec1662ddd5097059e4950289f66650a3485d9d84446857959cd8f8a58c54" "/opt/rustwide/cargo-home/bin/cargo" "+1.100.0-beta.1" "test" "--frozen" "--no-run" "--message-format=json" "--release", kill_on_drop: false }`
[INFO] [stderr]    Compiling aep-service-http v0.1.8 (/opt/rustwide/workdir/crates/aep-service-http)
[INFO] [stderr]    Compiling aep-service-openapi v0.1.8 (/opt/rustwide/workdir/crates/aep-service-openapi)
[INFO] [stderr]    Compiling aep-service-postgres v0.1.8 (/opt/rustwide/workdir/crates/aep-service-postgres)
[INFO] [stderr]    Compiling aep-service-app v0.1.8 (/opt/rustwide/workdir/crates/aep-service-app)
[INFO] [stderr]    Compiling aep-service-auth v0.1.8 (/opt/rustwide/workdir/crates/aep-service-auth)
[INFO] [stderr]    Compiling aep-service v0.1.8 (/opt/rustwide/workdir/crates/aep-service)
[INFO] [stderr]     Finished `release` profile [optimized] target(s) in 32.30s
[INFO] running `Command { std: "docker" "inspect" "b484ec1662ddd5097059e4950289f66650a3485d9d84446857959cd8f8a58c54", kill_on_drop: false }`
[INFO] running `Command { std: "docker" "exec" "-e" "SOURCE_DIR=/opt/rustwide/workdir" "-e" "CARGO_HOME=/opt/rustwide/cargo-home" "-e" "RUSTUP_HOME=/opt/rustwide/rustup-home" "-e" "CARGO_TARGET_DIR=/opt/rustwide/target" "-e" "CARGO_INCREMENTAL=0" "-e" "RUST_BACKTRACE=full" "-e" "RUSTFLAGS=--cap-lints=warn" "-e" "RUSTDOCFLAGS=--cap-lints=warn" "-w" "/opt/rustwide/workdir" "--user" "0:0" "b484ec1662ddd5097059e4950289f66650a3485d9d84446857959cd8f8a58c54" "/opt/rustwide/cargo-home/bin/cargo" "+1.100.0-beta.1" "test" "--frozen" "--release", kill_on_drop: false }`
[INFO] [stderr]     Finished `release` profile [optimized] target(s) in 0.27s
[INFO] [stderr]      Running unittests src/main.rs (/opt/rustwide/target/release/build/aep-service/d7cede6055bf42d8/out/aep_service-d7cede6055bf42d8)
[INFO] [stdout] 
[INFO] [stdout] running 5 tests
[INFO] [stdout] test tests::hosted_identity_derives_the_actor_and_refuses_another_tenant ... ok
[INFO] [stdout] test tests::transport_request_identities_are_uuid_version_seven_values ... ok
[INFO] [stdout] test tests::non_loopback_development_authentication_requires_the_named_override ... ok
[INFO] [stdout] test tests::definition_digest_is_an_explicit_read_only_subcommand ... ok
[INFO] [stderr]      Running tests/dependency_generation.rs (/opt/rustwide/target/release/build/aep-service/cde78aa2c20aca1f/out/dependency_generation-cde78aa2c20aca1f)
[INFO] [stdout] test tests::database_preparation_runs_outside_the_async_runtime ... ok
[INFO] [stdout] 
[INFO] [stdout] test result: ok. 5 passed; 0 failed; 0 ignored; 0 measured; 0 filtered out; finished in 0.01s
[INFO] [stdout] 
[INFO] [stdout] 
[INFO] [stdout] running 4 tests
[INFO] [stdout] test workspace_declares_the_entity_runtime_generation_aep_selects ... FAILED
[INFO] [stdout] test no_member_crate_declares_its_own_git_dependency ... ok
[INFO] [stdout] test workspace_declares_the_released_aep_tag_for_every_aep_dependency ... FAILED
[INFO] [stdout] test the_lockfile_resolves_every_pinned_crate_at_the_declared_generation ... ok
[INFO] [stdout] 
[INFO] [stdout] failures:
[INFO] [stdout] 
[INFO] [stdout] ---- workspace_declares_the_entity_runtime_generation_aep_selects stdout ----
[INFO] [stdout] 
[INFO] [stdout] thread 'workspace_declares_the_entity_runtime_generation_aep_selects' (3340) panicked at crates/aep-service/tests/dependency_generation.rs:202:36:
[INFO] [stdout] git names a git dependency without a tag
[INFO] [stdout] stack backtrace:
[INFO] [stdout]    0:     0x5ad0315cc731 - <<std[617be2ca0a6fd877]::sys::backtrace::BacktraceLock>::print::DisplayBacktrace as core[a373ad73a504971]::fmt::Display>::fmt
[INFO] [stdout]    1:     0x5ad0315e0a2a - core[a373ad73a504971]::fmt::write
[INFO] [stdout]    2:     0x5ad0315d0c3c - <alloc[2e1b2a31b91974c5]::vec::Vec<u8> as core[a373ad73a504971]::io::write::Write>::write_fmt
[INFO] [stdout]    3:     0x5ad0315a7ee6 - std[617be2ca0a6fd877]::panicking::default_hook::{closure#0}
[INFO] [stdout]    4:     0x5ad0315c47b9 - std[617be2ca0a6fd877]::panicking::default_hook
[INFO] [stdout]    5:     0x5ad031560170 - test[aada8e7e76ba119b]::test_main_inner::{closure#0}
[INFO] [stdout]    6:     0x5ad0315c4972 - std[617be2ca0a6fd877]::panicking::panic_with_hook
[INFO] [stdout]    7:     0x5ad0315a7f92 - std[617be2ca0a6fd877]::panicking::panic_handler::{closure#0}
[INFO] [stdout]    8:     0x5ad0315a0a79 - std[617be2ca0a6fd877]::sys::backtrace::__rust_end_short_backtrace::<std[617be2ca0a6fd877]::panicking::panic_handler::{closure#0}, !>
[INFO] [stdout]    9:     0x5ad0315a8b9d - __rustc[ea4f61d10b84890b]::rust_begin_unwind
[INFO] [stdout]   10:     0x5ad0315e115c - core[a373ad73a504971]::panicking::panic_fmt
[INFO] [stdout]   11:     0x5ad03154cda0 - <core[a373ad73a504971]::iter::adapters::map::Map<core[a373ad73a504971]::iter::adapters::filter::Filter<core[a373ad73a504971]::iter::adapters::map::Map<core[a373ad73a504971]::str::iter::Lines, <str>::trim>, dependency_generation[a532543d296be3fb]::declared_pins::{closure#0}>, dependency_generation[a532543d296be3fb]::declared_pins::{closure#1}> as core[a373ad73a504971]::iter::traits::iterator::Iterator>::next
[INFO] [stdout]   12:     0x5ad03154c261 - <alloc[2e1b2a31b91974c5]::vec::Vec<(alloc[2e1b2a31b91974c5]::string::String, alloc[2e1b2a31b91974c5]::string::String)> as alloc[2e1b2a31b91974c5]::vec::spec_from_iter::SpecFromIter<(alloc[2e1b2a31b91974c5]::string::String, alloc[2e1b2a31b91974c5]::string::String), core[a373ad73a504971]::iter::adapters::map::Map<core[a373ad73a504971]::iter::adapters::filter::Filter<core[a373ad73a504971]::iter::adapters::map::Map<core[a373ad73a504971]::str::iter::Lines, <str>::trim>, dependency_generation[a532543d296be3fb]::declared_pins::{closure#0}>, dependency_generation[a532543d296be3fb]::declared_pins::{closure#1}>>>::from_iter
[INFO] [stdout]   13:     0x5ad03154e96f - <alloc[2e1b2a31b91974c5]::collections::btree::map::BTreeMap<alloc[2e1b2a31b91974c5]::string::String, alloc[2e1b2a31b91974c5]::string::String> as core[a373ad73a504971]::iter::traits::collect::FromIterator<(alloc[2e1b2a31b91974c5]::string::String, alloc[2e1b2a31b91974c5]::string::String)>>::from_iter::<core[a373ad73a504971]::iter::adapters::map::Map<core[a373ad73a504971]::iter::adapters::filter::Filter<core[a373ad73a504971]::iter::adapters::map::Map<core[a373ad73a504971]::str::iter::Lines, <str>::trim>, dependency_generation[a532543d296be3fb]::declared_pins::{closure#0}>, dependency_generation[a532543d296be3fb]::declared_pins::{closure#1}>>
[INFO] [stdout]   14:     0x5ad031548c5f - dependency_generation[a532543d296be3fb]::declared_pins
[INFO] [stdout]   15:     0x5ad031549f22 - <dependency_generation[a532543d296be3fb]::workspace_declares_the_entity_runtime_generation_aep_selects::{closure#0} as core[a373ad73a504971]::ops::function::FnOnce<()>>::call_once
[INFO] [stdout]   16:     0x5ad0315535bb - test[aada8e7e76ba119b]::__rust_begin_short_backtrace::<core[a373ad73a504971]::result::Result<(), alloc[2e1b2a31b91974c5]::string::String>, fn() -> core[a373ad73a504971]::result::Result<(), alloc[2e1b2a31b91974c5]::string::String>>
[INFO] [stdout]   17:     0x5ad031560795 - test[aada8e7e76ba119b]::run_test::{closure#0}
[INFO] [stdout]   18:     0x5ad03155a084 - std[617be2ca0a6fd877]::sys::backtrace::__rust_begin_short_backtrace::<test[aada8e7e76ba119b]::run_test::{closure#1}, ()>
[INFO] [stdout]   19:     0x5ad031563822 - <std[617be2ca0a6fd877]::thread::lifecycle::spawn_unchecked<test[aada8e7e76ba119b]::run_test::{closure#1}, ()>::{closure#1} as core[a373ad73a504971]::ops::function::FnOnce<()>>::call_once::{shim:vtable#0}
[INFO] [stdout]   20:     0x5ad0315cbc2f - <std[617be2ca0a6fd877]::sys::thread::unix::Thread>::new::thread_start
[INFO] [stdout]   21:     0x7a722f1bbdfa - <unknown>
[INFO] [stdout]   22:     0x7a722f24f3d4 - clone
[INFO] [stdout]   23:                0x0 - <unknown>
[INFO] [stdout] 
[INFO] [stdout] ---- workspace_declares_the_released_aep_tag_for_every_aep_dependency stdout ----
[INFO] [stdout] 
[INFO] [stdout] thread 'workspace_declares_the_released_aep_tag_for_every_aep_dependency' (3341) panicked at crates/aep-service/tests/dependency_generation.rs:202:36:
[INFO] [stdout] git names a git dependency without a tag
[INFO] [stdout] stack backtrace:
[INFO] [stdout]    0:     0x5ad0315cc731 - <<std[617be2ca0a6fd877]::sys::backtrace::BacktraceLock>::print::DisplayBacktrace as core[a373ad73a504971]::fmt::Display>::fmt
[INFO] [stdout]    1:     0x5ad0315e0a2a - core[a373ad73a504971]::fmt::write
[INFO] [stdout]    2:     0x5ad0315d0c3c - <alloc[2e1b2a31b91974c5]::vec::Vec<u8> as core[a373ad73a504971]::io::write::Write>::write_fmt
[INFO] [stdout]    3:     0x5ad0315a7ee6 - std[617be2ca0a6fd877]::panicking::default_hook::{closure#0}
[INFO] [stdout]    4:     0x5ad0315c47b9 - std[617be2ca0a6fd877]::panicking::default_hook
[INFO] [stdout]    5:     0x5ad031560170 - test[aada8e7e76ba119b]::test_main_inner::{closure#0}
[INFO] [stdout]    6:     0x5ad0315c4972 - std[617be2ca0a6fd877]::panicking::panic_with_hook
[INFO] [stdout]    7:     0x5ad0315a7f92 - std[617be2ca0a6fd877]::panicking::panic_handler::{closure#0}
[INFO] [stdout]    8:     0x5ad0315a0a79 - std[617be2ca0a6fd877]::sys::backtrace::__rust_end_short_backtrace::<std[617be2ca0a6fd877]::panicking::panic_handler::{closure#0}, !>
[INFO] [stdout]    9:     0x5ad0315a8b9d - __rustc[ea4f61d10b84890b]::rust_begin_unwind
[INFO] [stdout]   10:     0x5ad0315e115c - core[a373ad73a504971]::panicking::panic_fmt
[INFO] [stdout]   11:     0x5ad03154cda0 - <core[a373ad73a504971]::iter::adapters::map::Map<core[a373ad73a504971]::iter::adapters::filter::Filter<core[a373ad73a504971]::iter::adapters::map::Map<core[a373ad73a504971]::str::iter::Lines, <str>::trim>, dependency_generation[a532543d296be3fb]::declared_pins::{closure#0}>, dependency_generation[a532543d296be3fb]::declared_pins::{closure#1}> as core[a373ad73a504971]::iter::traits::iterator::Iterator>::next
[INFO] [stdout]   12:     0x5ad03154c261 - <alloc[2e1b2a31b91974c5]::vec::Vec<(alloc[2e1b2a31b91974c5]::string::String, alloc[2e1b2a31b91974c5]::string::String)> as alloc[2e1b2a31b91974c5]::vec::spec_from_iter::SpecFromIter<(alloc[2e1b2a31b91974c5]::string::String, alloc[2e1b2a31b91974c5]::string::String), core[a373ad73a504971]::iter::adapters::map::Map<core[a373ad73a504971]::iter::adapters::filter::Filter<core[a373ad73a504971]::iter::adapters::map::Map<core[a373ad73a504971]::str::iter::Lines, <str>::trim>, dependency_generation[a532543d296be3fb]::declared_pins::{closure#0}>, dependency_generation[a532543d296be3fb]::declared_pins::{closure#1}>>>::from_iter
[INFO] [stdout]   13:     0x5ad03154e96f - <alloc[2e1b2a31b91974c5]::collections::btree::map::BTreeMap<alloc[2e1b2a31b91974c5]::string::String, alloc[2e1b2a31b91974c5]::string::String> as core[a373ad73a504971]::iter::traits::collect::FromIterator<(alloc[2e1b2a31b91974c5]::string::String, alloc[2e1b2a31b91974c5]::string::String)>>::from_iter::<core[a373ad73a504971]::iter::adapters::map::Map<core[a373ad73a504971]::iter::adapters::filter::Filter<core[a373ad73a504971]::iter::adapters::map::Map<core[a373ad73a504971]::str::iter::Lines, <str>::trim>, dependency_generation[a532543d296be3fb]::declared_pins::{closure#0}>, dependency_generation[a532543d296be3fb]::declared_pins::{closure#1}>>
[INFO] [stdout]   14:     0x5ad031548c5f - dependency_generation[a532543d296be3fb]::declared_pins
[INFO] [stdout]   15:     0x5ad03154a5d2 - <dependency_generation[a532543d296be3fb]::workspace_declares_the_released_aep_tag_for_every_aep_dependency::{closure#0} as core[a373ad73a504971]::ops::function::FnOnce<()>>::call_once
[INFO] [stdout]   16:     0x5ad0315535bb - test[aada8e7e76ba119b]::__rust_begin_short_backtrace::<core[a373ad73a504971]::result::Result<(), alloc[2e1b2a31b91974c5]::string::String>, fn() -> core[a373ad73a504971]::result::Result<(), alloc[2e1b2a31b91974c5]::string::String>>
[INFO] [stdout]   17:     0x5ad031560795 - test[aada8e7e76ba119b]::run_test::{closure#0}
[INFO] [stdout]   18:     0x5ad03155a084 - std[617be2ca0a6fd877]::sys::backtrace::__rust_begin_short_backtrace::<test[aada8e7e76ba119b]::run_test::{closure#1}, ()>
[INFO] [stdout]   19:     0x5ad031563822 - <std[617be2ca0a6fd877]::thread::lifecycle::spawn_unchecked<test[aada8e7e76ba119b]::run_test::{closure#1}, ()>::{closure#1} as core[a373ad73a504971]::ops::function::FnOnce<()>>::call_once::{shim:vtable#0}
[INFO] [stdout]   20:     0x5ad0315cbc2f - <std[617be2ca0a6fd877]::sys::thread::unix::Thread>::new::thread_start
[INFO] [stdout]   21:     0x7a722f1bbdfa - <unknown>
[INFO] [stdout]   22:     0x7a722f24f3d4 - clone
[INFO] [stdout]   23:                0x0 - <unknown>
[INFO] [stdout] 
[INFO] [stdout] 
[INFO] [stdout] failures:
[INFO] [stdout]     workspace_declares_the_entity_runtime_generation_aep_selects
[INFO] [stdout]     workspace_declares_the_released_aep_tag_for_every_aep_dependency
[INFO] [stdout] 
[INFO] [stdout] test result: FAILED. 2 passed; 2 failed; 0 ignored; 0 measured; 0 filtered out; finished in 0.00s
[INFO] [stdout] 
[INFO] [stderr] error: test failed, to rerun pass `-p aep-service --test dependency_generation`
[INFO] running `Command { std: "docker" "inspect" "b484ec1662ddd5097059e4950289f66650a3485d9d84446857959cd8f8a58c54", kill_on_drop: false }`
[INFO] running `Command { std: "docker" "rm" "-f" "b484ec1662ddd5097059e4950289f66650a3485d9d84446857959cd8f8a58c54", kill_on_drop: false }`
[INFO] [stdout] b484ec1662ddd5097059e4950289f66650a3485d9d84446857959cd8f8a58c54
