[INFO] cloning repository https://github.com/aryrabelo/itaruby
[INFO] running `Command { std: "git" "-c" "credential.helper=" "-c" "credential.helper=/workspace/cargo-home/bin/git-credential-null" "clone" "--bare" "https://github.com/aryrabelo/itaruby" "/workspace/cache/git-repos/https%3A%2F%2Fgithub.com%2Faryrabelo%2Fitaruby", kill_on_drop: false }`
[INFO] [stderr] Cloning into bare repository '/workspace/cache/git-repos/https%3A%2F%2Fgithub.com%2Faryrabelo%2Fitaruby'...
[INFO] running `Command { std: "git" "rev-parse" "HEAD", kill_on_drop: false }`
[INFO] [stdout] 4a57c766db2ab0556a3ab65230e02d1e20a574ed
[INFO] testing aryrabelo/itaruby against 1.99.0-beta.8+cargoflags=--release for beta-release-1.100-2
[INFO] running `Command { std: "git" "clone" "/workspace/cache/git-repos/https%3A%2F%2Fgithub.com%2Faryrabelo%2Fitaruby" "/workspace/builds/worker-5-tc1/source", kill_on_drop: false }`
[INFO] [stderr] Cloning into '/workspace/builds/worker-5-tc1/source'...
[INFO] [stderr] done.
[INFO] removed /workspace/builds/worker-5-tc1/source/rust-toolchain.toml
[INFO] started tweaking git repo https://github.com/aryrabelo/itaruby
[INFO] finished tweaking git repo https://github.com/aryrabelo/itaruby
[INFO] tweaked toml for git repo https://github.com/aryrabelo/itaruby written to /workspace/builds/worker-5-tc1/source/Cargo.toml
[INFO] validating manifest of git repo https://github.com/aryrabelo/itaruby on toolchain 1.99.0-beta.8
[INFO] running `Command { std: CARGO_HOME="/workspace/cargo-home" RUSTUP_HOME="/workspace/rustup-home" "/workspace/cargo-home/bin/cargo" "+1.99.0-beta.8" "metadata" "--manifest-path" "Cargo.toml" "--no-deps", kill_on_drop: false }`
[INFO] crate git repo https://github.com/aryrabelo/itaruby already has a lockfile, it will not be regenerated
[INFO] running `Command { std: CARGO_HOME="/workspace/cargo-home" RUSTUP_HOME="/workspace/rustup-home" "/workspace/cargo-home/bin/cargo" "+1.99.0-beta.8" "fetch" "--manifest-path" "Cargo.toml", kill_on_drop: false }`
[INFO] [stderr]     Updating crates.io index
[INFO] [stderr]  Downloading crates ...
[INFO] [stderr]   Downloaded typeid v1.0.3
[INFO] [stderr]   Downloaded salsa-macro-rules v0.28.2
[INFO] [stderr]   Downloaded salsa-macros v0.28.2
[INFO] [stderr]   Downloaded thin-vec v0.2.19
[INFO] [stderr]   Downloaded is-terminal v0.4.17
[INFO] [stderr]   Downloaded cast v0.3.0
[INFO] [stderr]   Downloaded ciborium-ll v0.2.2
[INFO] [stderr]   Downloaded mimalloc v0.1.52
[INFO] [stderr]   Downloaded serde_repr v0.1.21
[INFO] [stderr]   Downloaded ciborium-io v0.2.2
[INFO] [stderr]   Downloaded rustc-hash v2.1.3
[INFO] [stderr]   Downloaded libloading v0.8.9
[INFO] [stderr]   Downloaded tinytemplate v1.2.1
[INFO] [stderr]   Downloaded autocfg v1.5.1
[INFO] [stderr]   Downloaded criterion-plot v0.5.0
[INFO] [stderr]   Downloaded crunchy v0.2.4
[INFO] [stderr]   Downloaded anes v0.1.6
[INFO] [stderr]   Downloaded inventory v0.3.24
[INFO] [stderr]   Downloaded cexpr v0.6.0
[INFO] [stderr]   Downloaded fluent-uri v0.1.4
[INFO] [stderr]   Downloaded lsp-server v0.10.0
[INFO] [stderr]   Downloaded boxcar v0.2.14
[INFO] [stderr]   Downloaded clang-sys v1.9.1
[INFO] [stderr]   Downloaded crossbeam-queue v0.3.13
[INFO] [stderr]   Downloaded oorandom v11.1.5
[INFO] [stderr]   Downloaded hermit-abi v0.5.2
[INFO] [stderr]   Downloaded hashlink v0.12.1
[INFO] [stderr]   Downloaded ruby-prism v1.9.0
[INFO] [stderr]   Downloaded half v2.7.1
[INFO] [stderr]   Downloaded globset v0.4.20
[INFO] [stderr]   Downloaded lsp-types v0.97.0
[INFO] [stderr]   Downloaded ignore v0.4.33
[INFO] [stderr]   Downloaded criterion v0.5.1
[INFO] [stderr]   Downloaded ciborium v0.2.2
[INFO] [stderr]   Downloaded intrusive-collections v0.10.3
[INFO] [stderr]   Downloaded cc v1.4.3
[INFO] [stderr]   Downloaded crossbeam-channel v0.5.16
[INFO] [stderr]   Downloaded salsa v0.28.2
[INFO] [stderr]   Downloaded regex v1.13.1
[INFO] [stderr]   Downloaded bindgen v0.72.1
[INFO] [stderr]   Downloaded portable-atomic v1.15.0
[INFO] [stderr]   Downloaded ruby-prism-sys v1.9.0
[INFO] [stderr]   Downloaded bstr v1.13.1
[INFO] [stderr]   Downloaded libmimalloc-sys v0.1.49
[INFO] running `Command { std: "docker" "create" "-v" "/var/lib/crater-agent-workspace/builds/worker-5-tc1/source:/opt/rustwide/workdir:ro,Z" "-v" "/var/lib/crater-agent-workspace/builds/worker-5-tc1/target:/opt/rustwide/target:rw,Z" "-v" "/var/lib/crater-agent-workspace/cargo-home:/opt/rustwide/cargo-home:ro,Z" "-v" "/var/lib/crater-agent-workspace/rustup-home:/opt/rustwide/rustup-home:ro,Z" "-m" "1610612736" "--network" "none" "ghcr.io/rust-lang/crates-build-env/linux@sha256:77db811e55d90add9212f6832c23229e3de5f1c1f9905e8cb07319ea15df73ac" "sleep" "infinity", kill_on_drop: false }`
[INFO] [stdout] fc981b73ac0bb911a9ad6c42212835a467284cff6ce01df8fedf56c92e435cc5
[INFO] running `Command { std: "docker" "start" "fc981b73ac0bb911a9ad6c42212835a467284cff6ce01df8fedf56c92e435cc5", kill_on_drop: false }`
[INFO] running `Command { std: "docker" "inspect" "fc981b73ac0bb911a9ad6c42212835a467284cff6ce01df8fedf56c92e435cc5", kill_on_drop: false }`
[INFO] running `Command { std: "docker" "exec" "-e" "SOURCE_DIR=/opt/rustwide/workdir" "-e" "CARGO_HOME=/opt/rustwide/cargo-home" "-e" "RUSTUP_HOME=/opt/rustwide/rustup-home" "-e" "CARGO_TARGET_DIR=/opt/rustwide/target" "-w" "/opt/rustwide/workdir" "--user" "0:0" "fc981b73ac0bb911a9ad6c42212835a467284cff6ce01df8fedf56c92e435cc5" "/opt/rustwide/cargo-home/bin/cargo" "+1.99.0-beta.8" "metadata" "--no-deps" "--format-version=1", kill_on_drop: false }`
[INFO] running `Command { std: "docker" "inspect" "fc981b73ac0bb911a9ad6c42212835a467284cff6ce01df8fedf56c92e435cc5", kill_on_drop: false }`
[INFO] running `Command { std: "docker" "exec" "-e" "SOURCE_DIR=/opt/rustwide/workdir" "-e" "CARGO_HOME=/opt/rustwide/cargo-home" "-e" "RUSTUP_HOME=/opt/rustwide/rustup-home" "-e" "CARGO_TARGET_DIR=/opt/rustwide/target" "-e" "CARGO_INCREMENTAL=0" "-e" "RUST_BACKTRACE=full" "-e" "RUSTFLAGS=--cap-lints=warn" "-e" "RUSTDOCFLAGS=--cap-lints=warn" "-w" "/opt/rustwide/workdir" "--user" "0:0" "fc981b73ac0bb911a9ad6c42212835a467284cff6ce01df8fedf56c92e435cc5" "/opt/rustwide/cargo-home/bin/cargo" "+1.99.0-beta.8" "build" "--frozen" "--message-format=json" "--release", kill_on_drop: false }`
[INFO] [stderr]    Compiling proc-macro2 v1.0.107
[INFO] [stderr]    Compiling quote v1.0.47
[INFO] [stderr]    Compiling unicode-ident v1.0.24
[INFO] [stderr]    Compiling serde_core v1.0.229
[INFO] [stderr]    Compiling zmij v1.0.23
[INFO] [stderr]    Compiling crossbeam-utils v0.8.22
[INFO] [stderr]    Compiling shlex v2.0.1
[INFO] [stderr]    Compiling find-msvc-tools v0.1.11
[INFO] [stderr]    Compiling glob v0.3.4
[INFO] [stderr]    Compiling memchr v2.8.3
[INFO] [stderr]    Compiling prettyplease v0.2.37
[INFO] [stderr]    Compiling libc v0.2.189
[INFO] [stderr]    Compiling serde v1.0.229
[INFO] [stderr]    Compiling serde_json v1.0.151
[INFO] [stderr]    Compiling minimal-lexical v0.2.1
[INFO] [stderr]    Compiling cfg-if v1.0.4
[INFO] [stderr]    Compiling regex-syntax v0.8.11
[INFO] [stderr]    Compiling libloading v0.8.9
[INFO] [stderr]    Compiling either v1.17.0
[INFO] [stderr]    Compiling crossbeam-epoch v0.9.20
[INFO] [stderr]    Compiling bindgen v0.72.1
[INFO] [stderr]    Compiling log v0.4.33
[INFO] [stderr]    Compiling shlex v1.3.0
[INFO] [stderr]    Compiling rustc-hash v2.1.3
[INFO] [stderr]    Compiling cc v1.4.3
[INFO] [stderr]    Compiling bitflags v2.13.1
[INFO] [stderr]    Compiling itertools v0.13.0
[INFO] [stderr]    Compiling crossbeam-deque v0.8.7
[INFO] [stderr]    Compiling foldhash v0.2.0
[INFO] [stderr]    Compiling equivalent v1.0.2
[INFO] [stderr]    Compiling rayon-core v1.13.0
[INFO] [stderr]    Compiling allocator-api2 v0.2.21
[INFO] [stderr]    Compiling parking_lot_core v0.9.12
[INFO] [stderr]    Compiling clang-sys v1.9.1
[INFO] [stderr]    Compiling itoa v1.0.18
[INFO] [stderr]    Compiling once_cell v1.21.4
[INFO] [stderr]    Compiling portable-atomic v1.15.0
[INFO] [stderr]    Compiling typeid v1.0.3
[INFO] [stderr]    Compiling nom v7.1.3
[INFO] [stderr]    Compiling scopeguard v1.2.0
[INFO] [stderr]    Compiling smallvec v1.15.2
[INFO] [stderr]    Compiling lock_api v0.4.14
[INFO] [stderr]    Compiling tracing-core v0.1.36
[INFO] [stderr]    Compiling pin-project-lite v0.2.17
[INFO] [stderr]    Compiling hashbrown v0.17.1
[INFO] [stderr]    Compiling syn v3.0.3
[INFO] [stderr]    Compiling syn v2.0.119
[INFO] [stderr]    Compiling crossbeam-queue v0.3.13
[INFO] [stderr]    Compiling tracing v0.1.44
[INFO] [stderr]    Compiling rayon v1.12.0
[INFO] [stderr]    Compiling thin-vec v0.2.19
[INFO] [stderr]    Compiling boxcar v0.2.14
[INFO] [stderr]    Compiling salsa-macro-rules v0.28.2
[INFO] [stderr]    Compiling regex-automata v0.4.18
[INFO] [stderr]    Compiling hashlink v0.12.1
[INFO] [stderr]    Compiling indexmap v2.14.0
[INFO] [stderr]    Compiling parking_lot v0.12.5
[INFO] [stderr]    Compiling inventory v0.3.24
[INFO] [stderr]    Compiling intrusive-collections v0.10.3
[INFO] [stderr]    Compiling aho-corasick v1.1.5
[INFO] [stderr]    Compiling cexpr v0.6.0
[INFO] [stderr]    Compiling libmimalloc-sys v0.1.49
[INFO] [stderr]    Compiling bstr v1.13.1
[INFO] [stderr]    Compiling bitflags v1.3.2
[INFO] [stderr]    Compiling same-file v1.0.6
[INFO] [stderr]    Compiling anyhow v1.0.104
[INFO] [stderr]    Compiling walkdir v2.5.0
[INFO] [stderr]    Compiling fluent-uri v0.1.4
[INFO] [stderr]    Compiling crossbeam-channel v0.5.16
[INFO] [stderr]    Compiling regex v1.13.1
[INFO] [stderr]    Compiling serde_derive v1.0.229
[INFO] [stderr]    Compiling salsa-macros v0.28.2
[INFO] [stderr]    Compiling serde_repr v0.1.21
[INFO] [stderr]    Compiling salsa v0.28.2
[INFO] [stderr]    Compiling globset v0.4.20
[INFO] [stderr]    Compiling ignore v0.4.33
[INFO] [stderr]    Compiling ruby-prism v1.9.0
[INFO] [stderr]    Compiling lsp-server v0.10.0
[INFO] [stderr]    Compiling lsp-types v0.97.0
[INFO] [stderr]    Compiling mimalloc v0.1.52
[INFO] [stderr]    Compiling ruby-prism-sys v1.9.0
[INFO] [stderr]    Compiling itaruby_syntax v0.1.0 (/opt/rustwide/workdir/crates/itaruby_syntax)
[INFO] [stderr]    Compiling itaruby_semantic v0.1.0 (/opt/rustwide/workdir/crates/itaruby_semantic)
[INFO] [stderr]    Compiling itaruby_server v0.1.0 (/opt/rustwide/workdir/crates/itaruby_server)
[INFO] [stderr]    Compiling itaruby v0.1.0 (/opt/rustwide/workdir/crates/itaruby)
[INFO] [stderr]     Finished `release` profile [optimized + debuginfo] target(s) in 3m 02s
[INFO] running `Command { std: "docker" "inspect" "fc981b73ac0bb911a9ad6c42212835a467284cff6ce01df8fedf56c92e435cc5", kill_on_drop: false }`
[INFO] running `Command { std: "docker" "exec" "-e" "SOURCE_DIR=/opt/rustwide/workdir" "-e" "CARGO_HOME=/opt/rustwide/cargo-home" "-e" "RUSTUP_HOME=/opt/rustwide/rustup-home" "-e" "CARGO_TARGET_DIR=/opt/rustwide/target" "-e" "CARGO_INCREMENTAL=0" "-e" "RUST_BACKTRACE=full" "-e" "RUSTFLAGS=--cap-lints=warn" "-e" "RUSTDOCFLAGS=--cap-lints=warn" "-w" "/opt/rustwide/workdir" "--user" "0:0" "fc981b73ac0bb911a9ad6c42212835a467284cff6ce01df8fedf56c92e435cc5" "/opt/rustwide/cargo-home/bin/cargo" "+1.99.0-beta.8" "test" "--frozen" "--no-run" "--message-format=json" "--release", kill_on_drop: false }`
[INFO] [stderr]    Compiling either v1.17.0
[INFO] [stderr]    Compiling serde_core v1.0.229
[INFO] [stderr]    Compiling serde v1.0.229
[INFO] [stderr]    Compiling zerocopy v0.8.56
[INFO] [stderr]    Compiling zerocopy-derive v0.8.56
[INFO] [stderr]    Compiling autocfg v1.5.1
[INFO] [stderr]    Compiling anstyle v1.0.14
[INFO] [stderr]    Compiling clap_lex v1.1.0
[INFO] [stderr]    Compiling ciborium-io v0.2.2
[INFO] [stderr]    Compiling cast v0.3.0
[INFO] [stderr]    Compiling is-terminal v0.4.17
[INFO] [stderr]    Compiling oorandom v11.1.5
[INFO] [stderr]    Compiling anes v0.1.6
[INFO] [stderr]    Compiling regex v1.13.1
[INFO] [stderr]    Compiling clap_builder v4.6.6
[INFO] [stderr]    Compiling rayon v1.12.0
[INFO] [stderr]    Compiling itertools v0.10.5
[INFO] [stderr]    Compiling num-traits v0.2.19
[INFO] [stderr]    Compiling clap v4.6.6
[INFO] [stderr]    Compiling criterion-plot v0.5.0
[INFO] [stderr]    Compiling salsa v0.28.2
[INFO] [stderr]    Compiling serde_json v1.0.151
[INFO] [stderr]    Compiling tinytemplate v1.2.1
[INFO] [stderr]    Compiling lsp-types v0.97.0
[INFO] [stderr]    Compiling lsp-server v0.10.0
[INFO] [stderr]    Compiling itaruby_syntax v0.1.0 (/opt/rustwide/workdir/crates/itaruby_syntax)
[INFO] [stderr]    Compiling itaruby_semantic v0.1.0 (/opt/rustwide/workdir/crates/itaruby_semantic)
[INFO] [stderr]    Compiling half v2.7.1
[INFO] [stderr]    Compiling ciborium-ll v0.2.2
[INFO] [stderr]    Compiling ciborium v0.2.2
[INFO] [stderr]    Compiling criterion v0.5.1
[INFO] [stderr]    Compiling itaruby_server v0.1.0 (/opt/rustwide/workdir/crates/itaruby_server)
[INFO] [stderr]    Compiling itaruby v0.1.0 (/opt/rustwide/workdir/crates/itaruby)
[INFO] [stderr]     Finished `release` profile [optimized + debuginfo] target(s) in 3m 22s
[INFO] running `Command { std: "docker" "inspect" "fc981b73ac0bb911a9ad6c42212835a467284cff6ce01df8fedf56c92e435cc5", kill_on_drop: false }`
[INFO] running `Command { std: "docker" "exec" "-e" "SOURCE_DIR=/opt/rustwide/workdir" "-e" "CARGO_HOME=/opt/rustwide/cargo-home" "-e" "RUSTUP_HOME=/opt/rustwide/rustup-home" "-e" "CARGO_TARGET_DIR=/opt/rustwide/target" "-e" "CARGO_INCREMENTAL=0" "-e" "RUST_BACKTRACE=full" "-e" "RUSTFLAGS=--cap-lints=warn" "-e" "RUSTDOCFLAGS=--cap-lints=warn" "-w" "/opt/rustwide/workdir" "--user" "0:0" "fc981b73ac0bb911a9ad6c42212835a467284cff6ce01df8fedf56c92e435cc5" "/opt/rustwide/cargo-home/bin/cargo" "+1.99.0-beta.8" "test" "--frozen" "--release", kill_on_drop: false }`
[INFO] [stderr]     Finished `release` profile [optimized + debuginfo] target(s) in 0.31s
[INFO] [stderr]      Running unittests src/main.rs (/opt/rustwide/target/release/deps/ita-ae2c1cabb51ac56f)
[INFO] [stdout] 
[INFO] [stdout] running 2 tests
[INFO] [stdout] test tests::parses_gemfile_lock_gem_specs ... ok
[INFO] [stdout] test tests::no_gem_section_or_empty_lock_yields_no_gems ... ok
[INFO] [stdout] 
[INFO] [stdout] test result: ok. 2 passed; 0 failed; 0 ignored; 0 measured; 0 filtered out; finished in 0.00s
[INFO] [stdout] 
[INFO] [stderr]      Running tests/agent_format.rs (/opt/rustwide/target/release/deps/agent_format-1f34e5363e8029a8)
[INFO] [stdout] 
[INFO] [stdout] running 5 tests
[INFO] [stdout] test unknown_format_value_exits_2 ... ok
[INFO] [stdout] test contradiction_without_flag_prints_normal_warning_only ... ok
[INFO] [stdout] test exit_code_matches_with_and_without_format_flag ... ok
[INFO] [stdout] test file_without_constraints_is_unchanged_without_flag_and_empty_with_it ... ok
[INFO] [stdout] test contradiction_renders_agent_block_with_both_call_sites ... ok
[INFO] [stdout] 
[INFO] [stdout] test result: ok. 5 passed; 0 failed; 0 ignored; 0 measured; 0 filtered out; finished in 0.35s
[INFO] [stdout] 
[INFO] [stderr]      Running tests/containment_lsp.rs (/opt/rustwide/target/release/deps/containment_lsp-df2e2bbb259536da)
[INFO] [stdout] 
[INFO] [stdout] running 2 tests
[INFO] [stdout] test open_inside_root_still_diagnoses ... ok
[INFO] [stderr]      Running tests/core_closed_world_cli.rs (/opt/rustwide/target/release/deps/core_closed_world_cli-671b0dd8421e48bc)
[INFO] [stdout] test open_outside_root_is_ignored_and_warns_once ... ok
[INFO] [stdout] 
[INFO] [stdout] test result: ok. 2 passed; 0 failed; 0 ignored; 0 measured; 0 filtered out; finished in 0.44s
[INFO] [stdout] 
[INFO] [stdout] 
[INFO] [stdout] running 5 tests
[INFO] [stdout] test same_probes_go_silent_with_gemfile ... ok
[INFO] [stdout] test p5_narrowing_probe_fires_without_gemfile ... ok
[INFO] [stdout] test p3_ivar_probe_fires_without_gemfile ... ok
[INFO] [stdout] test gemfile_lock_and_gemspec_also_open_the_world ... ok
[INFO] [stderr]      Running tests/definition_cli.rs (/opt/rustwide/target/release/deps/definition_cli-2e92e4699af1cacc)
[INFO] [stdout] test with_gemfile_fixture_is_per_root ... ok
[INFO] [stdout] 
[INFO] [stdout] test result: ok. 5 passed; 0 failed; 0 ignored; 0 measured; 0 filtered out; finished in 0.22s
[INFO] [stdout] 
[INFO] [stdout] 
[INFO] [stdout] running 3 tests
[INFO] [stdout] test invalid_argument_exits_2 ... ok
[INFO] [stdout] test resolves_instance_method_call ... ok
[INFO] [stdout] test unknown_for_open_class ... ok
[INFO] [stdout] 
[INFO] [stdout] test result: ok. 3 passed; 0 failed; 0 ignored; 0 measured; 0 filtered out; finished in 0.11s
[INFO] [stdout] 
[INFO] [stderr]      Running tests/definition_lsp.rs (/opt/rustwide/target/release/deps/definition_lsp-80920e61493d19f9)
[INFO] [stdout] 
[INFO] [stdout] running 1 test
[INFO] [stdout] test definition_resolves_over_lsp ... ok
[INFO] [stdout] 
[INFO] [stdout] test result: ok. 1 passed; 0 failed; 0 ignored; 0 measured; 0 filtered out; finished in 0.13s
[INFO] [stdout] 
[INFO] [stderr]      Running tests/diagnostic_order.rs (/opt/rustwide/target/release/deps/diagnostic_order-7ddac51b12558b7d)
[INFO] [stdout] 
[INFO] [stdout] running 2 tests
[INFO] [stdout] test single_file_needs_no_ordering ... ok
[INFO] [stdout] test many_files_emit_in_path_order ... ok
[INFO] [stdout] 
[INFO] [stdout] test result: ok. 2 passed; 0 failed; 0 ignored; 0 measured; 0 filtered out; finished in 0.14s
[INFO] [stdout] 
[INFO] [stderr]      Running tests/discovery_announce.rs (/opt/rustwide/target/release/deps/discovery_announce-619d9adf1fb7c415)
[INFO] [stdout] 
[INFO] [stdout] running 3 tests
[INFO] [stdout] test announcement_never_leaks_onto_stdout ... ok
[INFO] [stdout] test schema_rb_announces_on_stderr_with_its_path ... ok
[INFO] [stdout] test no_declaration_source_prints_nothing_about_sources ... ok
[INFO] [stderr]      Running tests/discovery_lsp.rs (/opt/rustwide/target/release/deps/discovery_lsp-49cb76cfdf679e0e)
[INFO] [stdout] 
[INFO] [stdout] test result: ok. 3 passed; 0 failed; 0 ignored; 0 measured; 0 filtered out; finished in 0.10s
[INFO] [stdout] 
[INFO] [stdout] 
[INFO] [stdout] running 2 tests
[INFO] [stdout] test without_sorbet_rbi_the_same_constant_still_warns_e0104_over_lsp ... ok
[INFO] [stdout] test discovered_sorbet_rbi_resolves_constant_and_silences_e0104_over_lsp ... ok
[INFO] [stdout] 
[INFO] [stdout] test result: ok. 2 passed; 0 failed; 0 ignored; 0 measured; 0 filtered out; finished in 0.76s
[INFO] [stdout] 
[INFO] [stderr]      Running tests/hover_cli.rs (/opt/rustwide/target/release/deps/hover_cli-1d66639e3ed695e4)
[INFO] [stdout] 
[INFO] [stdout] running 7 tests
[INFO] [stdout] test invalid_argument_exits_2 ... ok
[INFO] [stdout] test constant_write_hovers_its_value_type ... ok
[INFO] [stdout] test is_a_narrowed_parameter_hovers_the_narrowed_type ... ok
[INFO] [stdout] test resolved_method_call_hovers_signature_with_def_site ... ok
[INFO] [stdout] test unknown_receiver_and_untyped_param_stay_honest ... ok
[INFO] [stdout] test typed_ivar_hovers_its_inferred_type ... ok
[INFO] [stdout] test literal_typed_local_and_class_new_local ... ok
[INFO] [stdout] 
[INFO] [stdout] test result: ok. 7 passed; 0 failed; 0 ignored; 0 measured; 0 filtered out; finished in 0.14s
[INFO] [stdout] 
[INFO] [stderr]      Running tests/hover_lsp.rs (/opt/rustwide/target/release/deps/hover_lsp-97eea8c9e02648f3)
[INFO] [stdout] 
[INFO] [stdout] running 3 tests
[INFO] [stdout] test cancel_request_answers_request_cancelled ... ok
[INFO] [stdout] test rapid_did_change_never_answers_stale_text ... ok
[INFO] [stdout] test hover_over_lsp ... ok
[INFO] [stdout] 
[INFO] [stdout] test result: ok. 3 passed; 0 failed; 0 ignored; 0 measured; 0 filtered out; finished in 0.12s
[INFO] [stdout] 
[INFO] [stderr]      Running tests/json_format.rs (/opt/rustwide/target/release/deps/json_format-6149b48d5a778ec0)
[INFO] [stdout] 
[INFO] [stdout] running 5 tests
[INFO] [stdout] test unknown_format_value_exits_2 ... ok
[INFO] [stdout] test without_format_flag_output_is_unchanged_human_report ... ok
[INFO] [stdout] test operand_type_mismatch_travels_the_json_channel ... ok
[INFO] [stdout] test clean_project_is_empty_stdout_and_exit_0 ... ok
[INFO] [stdout] test known_error_produces_parseable_jsonl_with_expected_fields ... ok
[INFO] [stdout] 
[INFO] [stdout] test result: ok. 5 passed; 0 failed; 0 ignored; 0 measured; 0 filtered out; finished in 0.18s
[INFO] [stdout] 
[INFO] [stderr]      Running tests/lsp_smoke.rs (/opt/rustwide/target/release/deps/lsp_smoke-0441e7e2e9027033)
[INFO] [stdout] 
[INFO] [stdout] running 1 test
[INFO] [stdout] test diagnostics_appear_and_clear_on_edit ... ok
[INFO] [stdout] 
[INFO] [stdout] test result: ok. 1 passed; 0 failed; 0 ignored; 0 measured; 0 filtered out; finished in 0.10s
[INFO] [stdout] 
[INFO] [stderr]      Running tests/missing_path_cli.rs (/opt/rustwide/target/release/deps/missing_path_cli-b7eca1de6b8e9fc9)
[INFO] [stdout] 
[INFO] [stdout] running 4 tests
[INFO] [stdout] test unreadable_path_says_cannot_read_not_not_found ... ok
[INFO] [stdout] test missing_root_exits_nonzero_and_names_the_path ... ok
[INFO] [stdout] test existing_but_empty_root_stays_silent_at_exit_zero ... ok
[INFO] [stderr]      Running tests/multithread_determinism.rs (/opt/rustwide/target/release/deps/multithread_determinism-607739e9095bc62a)
[INFO] [stdout] test existing_root_with_clean_ruby_is_still_exit_zero ... ok
[INFO] [stdout] 
[INFO] [stdout] test result: ok. 4 passed; 0 failed; 0 ignored; 0 measured; 0 filtered out; finished in 0.08s
[INFO] [stdout] 
[INFO] [stdout] 
[INFO] [stdout] running 2 tests
[INFO] [stdout] test worker_count_above_file_count_still_matches ... ok
[INFO] [stderr]      Running tests/pull_diagnostics_lsp.rs (/opt/rustwide/target/release/deps/pull_diagnostics_lsp-5d2f5f964eb7e194)
[INFO] [stdout] test parallel_output_is_byte_identical_to_sequential ... ok
[INFO] [stdout] 
[INFO] [stdout] test result: ok. 2 passed; 0 failed; 0 ignored; 0 measured; 0 filtered out; finished in 1.23s
[INFO] [stdout] 
[INFO] [stdout] 
[INFO] [stdout] running 6 tests
[INFO] [stdout] test pull_diagnostics_for_declarations_only_file_is_empty ... ok
[INFO] [stdout] test pull_diagnostics_for_unknown_uri_is_empty ... ok
[INFO] [stdout] test pull_diagnostics_reports_full_report_with_one_item ... ok
[INFO] [stdout] test pull_diagnostics_reflects_did_change ... ok
[INFO] [stdout] test pull_diagnostics_reports_operand_type_mismatch ... ok
[INFO] [stdout] test pull_diagnostics_cancel_request_answers_request_cancelled ... ok
[INFO] [stdout] 
[INFO] [stdout] test result: ok. 6 passed; 0 failed; 0 ignored; 0 measured; 0 filtered out; finished in 0.26s
[INFO] [stdout] 
[INFO] [stderr]      Running tests/render_golden.rs (/opt/rustwide/target/release/deps/render_golden-a05bdc6e8da1c02c)
[INFO] [stdout] 
[INFO] [stdout] running 5 tests
[INFO] [stdout] test usage_documents_the_verbose_flag ... ok
[INFO] [stdout] test method_typo_beyond_distance_two_gets_no_did_you_mean ... ok
[INFO] [stdout] test method_typo_renders_excerpt_did_you_mean_and_defined_at ... ok
[INFO] [stdout] test constant_typo_gets_did_you_mean_and_class_winners_never_define_at ... ok
[INFO] [stdout] test phase_logs_stay_off_the_output_unless_verbose ... ok
[INFO] [stdout] 
[INFO] [stdout] test result: ok. 5 passed; 0 failed; 0 ignored; 0 measured; 0 filtered out; finished in 0.26s
[INFO] [stdout] 
[INFO] [stderr]      Running tests/sorbet_ignore_cli.rs (/opt/rustwide/target/release/deps/sorbet_ignore_cli-6b7dda4f66820ecc)
[INFO] [stdout] 
[INFO] [stdout] running 5 tests
[INFO] [stdout] test ignore_entry_matching_nothing_changes_nothing ... ok
[INFO] [stdout] test absent_sorbet_config_is_byte_identical ... ok
[INFO] [stdout] test ignore_form_space_separated_removes_matching_file ... ok
[INFO] [stdout] test ignore_form_key_value_removes_matching_file ... ok
[INFO] [stdout] test ignore_entry_boundary_is_component_not_substring ... ok
[INFO] [stdout] 
[INFO] [stdout] test result: ok. 5 passed; 0 failed; 0 ignored; 0 measured; 0 filtered out; finished in 0.16s
[INFO] [stdout] 
[INFO] [stderr]      Running tests/stats_cli.rs (/opt/rustwide/target/release/deps/stats_cli-2e17c8a3230cfc5d)
[INFO] [stdout] 
[INFO] [stdout] running 4 tests
[INFO] [stdout] test dsl_method_bucket_renders ... ok
[INFO] [stdout] test stats_flag_never_changes_diagnostics_or_exit_code ... ok
[INFO] [stdout] test unknown_receiver_sub_buckets_sum_to_the_parent_bucket ... ok
[INFO] [stdout] test rbi_method_bucket_renders ... ok
[INFO] [stdout] 
[INFO] [stdout] test result: ok. 4 passed; 0 failed; 0 ignored; 0 measured; 0 filtered out; finished in 0.29s
[INFO] [stdout] 
[INFO] [stderr]      Running tests/structure_sql_cli.rs (/opt/rustwide/target/release/deps/structure_sql_cli-6afe19ef94486923)
[INFO] [stdout] 
[INFO] [stdout] running 9 tests
[INFO] [stdout] test model_without_a_matching_table_is_silent ... ok
[INFO] [stdout] test schema_rb_wins_over_structure_sql_when_both_exist ... ok
[INFO] [stdout] test valid_attr_is_silent ... ok
[INFO] [stdout] test numeric_string_into_integer_column_is_silent ... ok
[INFO] [stdout] test non_numeric_string_into_integer_column_warns_e0106 ... ok
[INFO] [stdout] test unknown_attribute_is_silent ... ok
[INFO] [stdout] test structure_sql_itself_is_never_diagnosed ... ok
[INFO] [stdout] test string_into_character_varying_column_is_always_silent ... ok
[INFO] [stdout] test string_into_numeric_column_is_silent_v1_gap ... ok
[INFO] [stdout] 
[INFO] [stdout] test result: ok. 9 passed; 0 failed; 0 ignored; 0 measured; 0 filtered out; finished in 0.16s
[INFO] [stdout] 
[INFO] [stderr]      Running tests/symlinked_root_cli.rs (/opt/rustwide/target/release/deps/symlinked_root_cli-7a7d4bed440cad38)
[INFO] [stdout] 
[INFO] [stdout] running 2 tests
[INFO] [stdout] test symlinked_root_without_a_gemfile_still_accuses ... ok
[INFO] [stderr]      Running tests/tapioca_closed_world_cli.rs (/opt/rustwide/target/release/deps/tapioca_closed_world_cli-c59cd2f56334cd2f)
[INFO] [stdout] test symlinked_root_finds_the_real_gemfile_and_stays_silent ... ok
[INFO] [stdout] 
[INFO] [stdout] test result: ok. 2 passed; 0 failed; 0 ignored; 0 measured; 0 filtered out; finished in 0.10s
[INFO] [stdout] 
[INFO] [stdout] 
[INFO] [stdout] running 4 tests
[INFO] [stdout] test full_coverage_closes_the_world_and_rbi_declared_methods_stay_silent ... ok
[INFO] [stdout] test missing_gem_rbi_fails_closed_to_silence ... ok
[INFO] [stdout] test value_constant_typo_gets_did_you_mean_and_defined_at ... ok
[INFO] [stdout] test two_gems_one_rbi_is_incomplete_coverage ... ok
[INFO] [stdout] 
[INFO] [stdout] test result: ok. 4 passed; 0 failed; 0 ignored; 0 measured; 0 filtered out; finished in 0.11s
[INFO] [stdout] 
[INFO] [stderr]      Running unittests src/lib.rs (/opt/rustwide/target/release/deps/itaruby_semantic-c685488b443f8656)
[INFO] [stdout] 
[INFO] [stdout] running 72 tests
[INFO] [stdout] test check::suggestion_tests::ties_break_lexicographically_and_identity_is_never_a_suggestion ... ok
[INFO] [stdout] test check::union_elimination_tests::non_union_receiver_yields_no_narrowing ... ok
[INFO] [stdout] test check::suggestion_tests::distance_two_is_the_cutoff ... ok
[INFO] [stdout] test core::tests::str_plus_returns_str ... ok
[INFO] [stdout] test check::union_elimination_tests::tested_type_absent_from_union_yields_no_narrowing ... ok
[INFO] [stdout] test check::union_elimination_tests::union_containing_unknown_is_never_narrowed ... ok
[INFO] [stdout] test check::union_elimination_tests::array_and_hash_members_match_by_shape_not_element_type ... ok
[INFO] [stdout] test core::tests::unknown_method_is_none_not_a_panic ... ok
[INFO] [stdout] test core::tests::array_first_returns_elem ... ok
[INFO] [stdout] test check::suggestion_tests::const_ties_break_by_key_regardless_of_iteration_order ... ok
[INFO] [stdout] test check::union_elimination_tests::three_member_union_narrows_to_a_smaller_union ... ok
[INFO] [stdout] test core::tests::integer_plus_returns_int ... ok
[INFO] [stdout] test core::tests::array_push_is_varargs_self_same ... ok
[INFO] [stdout] test core::tests::core_class_of_maps_concrete_types ... ok
[INFO] [stdout] test core::tests::object_respond_to_allows_optional_arg ... ok
[INFO] [stdout] test core::tests::hash_keys_returns_key_array ... ok
[INFO] [stdout] test check::union_elimination_tests::two_member_union_narrows_to_the_remaining_single_member ... ok
[INFO] [stdout] test rbs_comment::tests::cast_ignores_leading_trailing_whitespace ... ok
[INFO] [stdout] test rbs_comment::tests::basic_sig ... ok
[INFO] [stdout] test rbi::tests::ignores_non_declaration_lines ... ok
[INFO] [stdout] test rbs_comment::tests::cast_rejects_non_as_forms ... ok
[INFO] [stdout] test rbi::tests::scans_fully_qualified_class_and_module_headers ... ok
[INFO] [stdout] test rbs_comment::tests::cast_named_class ... ok
[INFO] [stdout] test rbs_comment::tests::cast_not_nil ... ok
[INFO] [stdout] test rbs_comment::tests::full_sig ... ok
[INFO] [stdout] test rbs_comment::tests::generic_method_type_params_captured ... ok
[INFO] [stdout] test rbs_comment::tests::bare_arrow_no_params ... ok
[INFO] [stdout] test rbi::tests::build_rbi_index_reads_only_declared_files ... ok
[INFO] [stdout] test rbs_comment::tests::parenthesized_union_return_type ... ok
[INFO] [stdout] test rbs_comment::tests::block_type_parsed_and_discarded ... ok
[INFO] [stdout] test index::dynamic_def_tests::dynamic_def_prefilter_covers_every_reacting_name ... ok
[INFO] [stdout] test rbs_comment::tests::positional_parameter_names_are_discarded ... ok
[INFO] [stdout] test rbs_comment::tests::postfix_nilable_type ... ok
[INFO] [stdout] test rbs_comment::tests::proc_type_degrades_to_untyped ... ok
[INFO] [stdout] test core::tests::known_core_constants ... ok
[INFO] [stdout] test index::dynamic_def_tests::the_send_form_passes_the_prefilter ... ok
[INFO] [stdout] test rbs_comment::tests::rest_keyword_is_dropped_not_misnamed ... ok
[INFO] [stdout] test rbs_comment::tests::rest_positional_becomes_optional_param ... ok
[INFO] [stdout] test rbs_comment::tests::shape_type_degrades_to_untyped ... ok
[INFO] [stdout] test rbs_comment::tests::const_path ... ok
[INFO] [stdout] test rbs_comment::tests::qmark_block_params_degrade_to_untyped ... ok
[INFO] [stdout] test rbs_comment::tests::intersection_type_degrades_to_untyped ... ok
[INFO] [stdout] test rbs_comment::tests::malformed ... ok
[INFO] [stdout] test rbs_comment::tests::new_forms_still_reject_malformed_input ... ok
[INFO] [stdout] test rbs_comment::tests::singleton_type_degrades_to_untyped ... ok
[INFO] [stdout] test schema::tests::derive_table_name_convention ... ok
[INFO] [stdout] test schema::tests::id_false_skips_implicit_id ... ok
[INFO] [stdout] test rbs_comment::tests::tuple_type_degrades_to_untyped ... ok
[INFO] [stdout] test schema::tests::malformed_schema_degrades_to_empty_never_panics ... ok
[INFO] [stdout] test schema::tests::t_index_never_becomes_a_column ... ok
[INFO] [stdout] test schema::tests::type_mapping_table ... ok
[INFO] [stdout] test schema::tests::parses_columns_and_implicit_id ... ok
[INFO] [stdout] test rbs_comment::tests::union_nilable_hash ... ok
[INFO] [stdout] test schema::tests::column_form_is_recognized ... ok
[INFO] [stdout] test structure_sql::tests::non_create_table_statements_never_produce_phantom_tables ... ok
[INFO] [stdout] test structure_sql::tests::quoted_identifier_precision_suffix_and_constraint_lines_ignored ... ok
[INFO] [stdout] test structure_sql::tests::parses_create_table_with_schema_prefix ... ok
[INFO] [stdout] test structure_sql::tests::parses_bare_create_table ... ok
[INFO] [stdout] test structure_sql::tests::unrecognized_syntax_degrades_to_no_tables ... ok
[INFO] [stdout] test structure_sql::tests::multiple_tables_in_one_dump_and_column_count ... ok
[INFO] [stdout] test structure_sql::tests::empty_text_has_no_tables ... ok
[INFO] [stdout] test schema::tests::multiple_columns_per_type_call ... ok
[INFO] [stdout] test schema::tests::schema_without_create_table_is_empty ... ok
[INFO] [stdout] test structure_sql::tests::truncated_create_table_degrades_to_no_tables ... ok
[INFO] [stdout] test schema::tests::empty_schema_has_no_tables ... ok
[INFO] [stdout] test structure_sql::tests::type_bucket_matches_schema_rb_vocabulary ... ok
[INFO] [stdout] test declarations::tests::declares_every_measured_value_constant ... ok
[INFO] [stdout] test declarations::tests::pack_never_reopens_a_core_class ... ok
[INFO] [stdout] test declarations::tests::declares_the_ita_dpg_3_measured_batch ... ok
[INFO] [stdout] test declarations::tests::declares_every_measured_gem_name ... ok
[INFO] [stdout] test declarations::tests::declares_open_namespaces_only_no_methods ... ok
[INFO] [stdout] test rbi::tests::core_reopenings_keep_every_occurrence ... FAILED
[INFO] [stdout] 
[INFO] [stdout] failures:
[INFO] [stdout] 
[INFO] [stdout] ---- rbi::tests::core_reopenings_keep_every_occurrence stdout ----
[INFO] [stdout] 
[INFO] [stdout] thread 'rbi::tests::core_reopenings_keep_every_occurrence' (7280) panicked at crates/itaruby_semantic/src/rbi.rs:216:39:
[INFO] [stdout] create test rbi dir: Os { code: 30, kind: ReadOnlyFilesystem, message: "Read-only file system" }
[INFO] [stdout] stack backtrace:
[INFO] [stdout]    0:     0x62fca780d151 - std[70759c8f55707aa4]::backtrace_rs::backtrace::libunwind::trace
[INFO] [stdout]                                at /rustc/dfb0accb7f508ae8be965d8629557221c889dd98/library/std/src/../../backtrace/src/backtrace/libunwind.rs:117:9
[INFO] [stdout]    1:     0x62fca780d151 - std[70759c8f55707aa4]::backtrace_rs::backtrace::trace_unsynchronized::<std[70759c8f55707aa4]::sys::backtrace::_print_fmt::{closure#1}>
[INFO] [stdout]                                at /rustc/dfb0accb7f508ae8be965d8629557221c889dd98/library/std/src/../../backtrace/src/backtrace/mod.rs:66:14
[INFO] [stdout]    2:     0x62fca780d151 - std[70759c8f55707aa4]::sys::backtrace::_print_fmt
[INFO] [stdout]                                at /rustc/dfb0accb7f508ae8be965d8629557221c889dd98/library/std/src/sys/backtrace.rs:74:9
[INFO] [stdout]    3:     0x62fca780d151 - <<std[70759c8f55707aa4]::sys::backtrace::BacktraceLock>::print::DisplayBacktrace as core[df12db4294e9bfd3]::fmt::Display>::fmt
[INFO] [stdout]                                at /rustc/dfb0accb7f508ae8be965d8629557221c889dd98/library/std/src/sys/backtrace.rs:44:26
[INFO] [stdout]    4:     0x62fca782286a - <core[df12db4294e9bfd3]::fmt::rt::Argument>::fmt
[INFO] [stdout]                                at /rustc/dfb0accb7f508ae8be965d8629557221c889dd98/library/core/src/fmt/rt.rs:152:76
[INFO] [stdout]    5:     0x62fca782286a - core[df12db4294e9bfd3]::fmt::write
[INFO] [stdout]    6:     0x62fca78119bc - core[df12db4294e9bfd3]::io::write::default_write_fmt::<alloc[2182bb758b4b3781]::vec::Vec<u8>>
[INFO] [stdout]                                at /rustc/dfb0accb7f508ae8be965d8629557221c889dd98/library/core/src/io/write.rs:402:11
[INFO] [stdout]    7:     0x62fca78119bc - <alloc[2182bb758b4b3781]::vec::Vec<u8> as core[df12db4294e9bfd3]::io::write::Write>::write_fmt
[INFO] [stdout]                                at /rustc/dfb0accb7f508ae8be965d8629557221c889dd98/library/core/src/io/write.rs:335:13
[INFO] [stdout]    8:     0x62fca77e7446 - <std[70759c8f55707aa4]::sys::backtrace::BacktraceLock>::print
[INFO] [stdout]                                at /rustc/dfb0accb7f508ae8be965d8629557221c889dd98/library/std/src/sys/backtrace.rs:47:9
[INFO] [stdout]    9:     0x62fca77e7446 - std[70759c8f55707aa4]::panicking::default_hook::{closure#0}
[INFO] [stdout]                                at /rustc/dfb0accb7f508ae8be965d8629557221c889dd98/library/std/src/panicking.rs:292:27
[INFO] [stdout]   10:     0x62fca7804759 - std[70759c8f55707aa4]::panicking::default_hook
[INFO] [stdout]                                at /rustc/dfb0accb7f508ae8be965d8629557221c889dd98/library/std/src/panicking.rs:316:9
[INFO] [stdout]   11:     0x62fca7734050 - <alloc[2182bb758b4b3781]::boxed::Box<dyn for<'a, 'b> core[df12db4294e9bfd3]::ops::function::Fn<(&'a std[70759c8f55707aa4]::panic::PanicHookInfo<'b>,), Output = ()> + core[df12db4294e9bfd3]::marker::Send + core[df12db4294e9bfd3]::marker::Sync> as core[df12db4294e9bfd3]::ops::function::Fn<(&std[70759c8f55707aa4]::panic::PanicHookInfo,)>>::call
[INFO] [stdout]                                at /rustc/dfb0accb7f508ae8be965d8629557221c889dd98/library/alloc/src/boxed.rs:2334:9
[INFO] [stdout]   12:     0x62fca7734050 - test[9d35eded1c95d3be]::test_main_inner::<test[9d35eded1c95d3be]::test_main_static::{closure#0}>::{closure#0}
[INFO] [stdout]                                at /rustc/dfb0accb7f508ae8be965d8629557221c889dd98/library/test/src/lib.rs:155:21
[INFO] [stdout]   13:     0x62fca7804a82 - <alloc[2182bb758b4b3781]::boxed::Box<dyn for<'a, 'b> core[df12db4294e9bfd3]::ops::function::Fn<(&'a std[70759c8f55707aa4]::panic::PanicHookInfo<'b>,), Output = ()> + core[df12db4294e9bfd3]::marker::Send + core[df12db4294e9bfd3]::marker::Sync> as core[df12db4294e9bfd3]::ops::function::Fn<(&std[70759c8f55707aa4]::panic::PanicHookInfo,)>>::call
[INFO] [stdout]                                at /rustc/dfb0accb7f508ae8be965d8629557221c889dd98/library/alloc/src/boxed.rs:2334:9
[INFO] [stdout]   14:     0x62fca7804a82 - std[70759c8f55707aa4]::panicking::panic_with_hook
[INFO] [stdout]                                at /rustc/dfb0accb7f508ae8be965d8629557221c889dd98/library/std/src/panicking.rs:823:13
[INFO] [stdout]   15:     0x62fca77e74f2 - std[70759c8f55707aa4]::panicking::panic_handler::{closure#0}
[INFO] [stdout]                                at /rustc/dfb0accb7f508ae8be965d8629557221c889dd98/library/std/src/panicking.rs:688:13
[INFO] [stdout]   16:     0x62fca77dfef9 - std[70759c8f55707aa4]::sys::backtrace::__rust_end_short_backtrace::<std[70759c8f55707aa4]::panicking::panic_handler::{closure#0}, !>
[INFO] [stdout]                                at /rustc/dfb0accb7f508ae8be965d8629557221c889dd98/library/std/src/sys/backtrace.rs:182:18
[INFO] [stdout]   17:     0x62fca77e80ed - __rustc[8fa7c3cbc660c2b3]::rust_begin_unwind
[INFO] [stdout]                                at /rustc/dfb0accb7f508ae8be965d8629557221c889dd98/library/std/src/panicking.rs:679:5
[INFO] [stdout]   18:     0x62fca7822fcc - core[df12db4294e9bfd3]::panicking::panic_fmt
[INFO] [stdout]                                at /rustc/dfb0accb7f508ae8be965d8629557221c889dd98/library/core/src/panicking.rs:80:14
[INFO] [stdout]   19:     0x62fca7822da2 - core[df12db4294e9bfd3]::result::unwrap_failed
[INFO] [stdout]                                at /rustc/dfb0accb7f508ae8be965d8629557221c889dd98/library/core/src/result.rs:1871:5
[INFO] [stdout]   20:     0x62fca76fd25b - <core[df12db4294e9bfd3]::result::Result<(), core[df12db4294e9bfd3]::io::error::Error>>::expect
[INFO] [stdout]                                at /rustc/dfb0accb7f508ae8be965d8629557221c889dd98/library/core/src/result.rs:1184:23
[INFO] [stdout]   21:     0x62fca76fd25b - itaruby_semantic[18c68ba80683d985]::rbi::tests::core_reopenings_keep_every_occurrence
[INFO] [stdout]                                at /opt/rustwide/workdir/crates/itaruby_semantic/src/rbi.rs:216:39
[INFO] [stdout]   22:     0x62fca7726da9 - itaruby_semantic[18c68ba80683d985]::rbi::tests::core_reopenings_keep_every_occurrence::{closure#0}
[INFO] [stdout]                                at /opt/rustwide/workdir/crates/itaruby_semantic/src/rbi.rs:207:47
[INFO] [stdout]   23:     0x62fca7726da9 - <itaruby_semantic[18c68ba80683d985]::rbi::tests::core_reopenings_keep_every_occurrence::{closure#0} as core[df12db4294e9bfd3]::ops::function::FnOnce<()>>::call_once
[INFO] [stdout]                                at /rustc/dfb0accb7f508ae8be965d8629557221c889dd98/library/core/src/ops/function.rs:250:5
[INFO] [stdout]   24:     0x62fca772733b - <fn() -> core[df12db4294e9bfd3]::result::Result<(), alloc[2182bb758b4b3781]::string::String> as core[df12db4294e9bfd3]::ops::function::FnOnce<()>>::call_once
[INFO] [stdout]                                at /rustc/dfb0accb7f508ae8be965d8629557221c889dd98/library/core/src/ops/function.rs:250:5
[INFO] [stdout]   25:     0x62fca772733b - test[9d35eded1c95d3be]::__rust_begin_short_backtrace::<core[df12db4294e9bfd3]::result::Result<(), alloc[2182bb758b4b3781]::string::String>, fn() -> core[df12db4294e9bfd3]::result::Result<(), alloc[2182bb758b4b3781]::string::String>>
[INFO] [stdout]                                at /rustc/dfb0accb7f508ae8be965d8629557221c889dd98/library/test/src/lib.rs:733:18
[INFO] [stdout]   26:     0x62fca77349a5 - test[9d35eded1c95d3be]::run_test_in_process::{closure#0}
[INFO] [stdout]                                at /rustc/dfb0accb7f508ae8be965d8629557221c889dd98/library/test/src/lib.rs:756:74
[INFO] [stdout]   27:     0x62fca77349a5 - <core[df12db4294e9bfd3]::panic::unwind_safe::AssertUnwindSafe<test[9d35eded1c95d3be]::run_test_in_process::{closure#0}> as core[df12db4294e9bfd3]::ops::function::FnOnce<()>>::call_once
[INFO] [stdout]                                at /rustc/dfb0accb7f508ae8be965d8629557221c889dd98/library/core/src/panic/unwind_safe.rs:275:9
[INFO] [stdout]   28:     0x62fca77349a5 - std[70759c8f55707aa4]::panicking::catch_unwind::do_call::<core[df12db4294e9bfd3]::panic::unwind_safe::AssertUnwindSafe<test[9d35eded1c95d3be]::run_test_in_process::{closure#0}>, core[df12db4294e9bfd3]::result::Result<(), alloc[2182bb758b4b3781]::string::String>>
[INFO] [stdout]                                at /rustc/dfb0accb7f508ae8be965d8629557221c889dd98/library/std/src/panicking.rs:576:43
[INFO] [stdout]   29:     0x62fca77349a5 - std[70759c8f55707aa4]::panicking::catch_unwind::<core[df12db4294e9bfd3]::result::Result<(), alloc[2182bb758b4b3781]::string::String>, core[df12db4294e9bfd3]::panic::unwind_safe::AssertUnwindSafe<test[9d35eded1c95d3be]::run_test_in_process::{closure#0}>>
[INFO] [stdout]                                at /rustc/dfb0accb7f508ae8be965d8629557221c889dd98/library/std/src/panicking.rs:544:19
[INFO] [stdout]   30:     0x62fca77349a5 - std[70759c8f55707aa4]::panic::catch_unwind::<core[df12db4294e9bfd3]::panic::unwind_safe::AssertUnwindSafe<test[9d35eded1c95d3be]::run_test_in_process::{closure#0}>, core[df12db4294e9bfd3]::result::Result<(), alloc[2182bb758b4b3781]::string::String>>
[INFO] [stdout]                                at /rustc/dfb0accb7f508ae8be965d8629557221c889dd98/library/std/src/panic.rs:359:14
[INFO] [stdout]   31:     0x62fca77349a5 - test[9d35eded1c95d3be]::run_test_in_process
[INFO] [stdout]                                at /rustc/dfb0accb7f508ae8be965d8629557221c889dd98/library/test/src/lib.rs:756:27
[INFO] [stdout]   32:     0x62fca77349a5 - test[9d35eded1c95d3be]::run_test::{closure#0}
[INFO] [stdout]                                at /rustc/dfb0accb7f508ae8be965d8629557221c889dd98/library/test/src/lib.rs:677:43
[INFO] [stdout]   33:     0x62fca772e264 - test[9d35eded1c95d3be]::run_test::{closure#1}
[INFO] [stdout]                                at /rustc/dfb0accb7f508ae8be965d8629557221c889dd98/library/test/src/lib.rs:707:41
[INFO] [stdout]   34:     0x62fca772e264 - std[70759c8f55707aa4]::sys::backtrace::__rust_begin_short_backtrace::<test[9d35eded1c95d3be]::run_test::{closure#1}, ()>
[INFO] [stdout]                                at /rustc/dfb0accb7f508ae8be965d8629557221c889dd98/library/std/src/sys/backtrace.rs:166:18
[INFO] [stdout]   35:     0x62fca7737b02 - std[70759c8f55707aa4]::thread::lifecycle::spawn_unchecked::<test[9d35eded1c95d3be]::run_test::{closure#1}, ()>::{closure#1}::{closure#0}
[INFO] [stdout]                                at /rustc/dfb0accb7f508ae8be965d8629557221c889dd98/library/std/src/thread/lifecycle.rs:70:13
[INFO] [stdout]   36:     0x62fca7737b02 - <core[df12db4294e9bfd3]::panic::unwind_safe::AssertUnwindSafe<std[70759c8f55707aa4]::thread::lifecycle::spawn_unchecked<test[9d35eded1c95d3be]::run_test::{closure#1}, ()>::{closure#1}::{closure#0}> as core[df12db4294e9bfd3]::ops::function::FnOnce<()>>::call_once
[INFO] [stdout]                                at /rustc/dfb0accb7f508ae8be965d8629557221c889dd98/library/core/src/panic/unwind_safe.rs:275:9
[INFO] [stdout]   37:     0x62fca7737b02 - std[70759c8f55707aa4]::panicking::catch_unwind::do_call::<core[df12db4294e9bfd3]::panic::unwind_safe::AssertUnwindSafe<std[70759c8f55707aa4]::thread::lifecycle::spawn_unchecked<test[9d35eded1c95d3be]::run_test::{closure#1}, ()>::{closure#1}::{closure#0}>, ()>
[INFO] [stdout]                                at /rustc/dfb0accb7f508ae8be965d8629557221c889dd98/library/std/src/panicking.rs:576:43
[INFO] [stdout]   38:     0x62fca7737b02 - std[70759c8f55707aa4]::panicking::catch_unwind::<(), core[df12db4294e9bfd3]::panic::unwind_safe::AssertUnwindSafe<std[70759c8f55707aa4]::thread::lifecycle::spawn_unchecked<test[9d35eded1c95d3be]::run_test::{closure#1}, ()>::{closure#1}::{closure#0}>>
[INFO] [stdout]                                at /rustc/dfb0accb7f508ae8be965d8629557221c889dd98/library/std/src/panicking.rs:544:19
[INFO] [stdout]   39:     0x62fca7737b02 - std[70759c8f55707aa4]::panic::catch_unwind::<core[df12db4294e9bfd3]::panic::unwind_safe::AssertUnwindSafe<std[70759c8f55707aa4]::thread::lifecycle::spawn_unchecked<test[9d35eded1c95d3be]::run_test::{closure#1}, ()>::{closure#1}::{closure#0}>, ()>
[INFO] [stdout]                                at /rustc/dfb0accb7f508ae8be965d8629557221c889dd98/library/std/src/panic.rs:359:14
[INFO] [stdout]   40:     0x62fca7737b02 - std[70759c8f55707aa4]::thread::lifecycle::spawn_unchecked::<test[9d35eded1c95d3be]::run_test::{closure#1}, ()>::{closure#1}
[INFO] [stdout]                                at /rustc/dfb0accb7f508ae8be965d8629557221c889dd98/library/std/src/thread/lifecycle.rs:68:26
[INFO] [stdout]   41:     0x62fca7737b02 - <std[70759c8f55707aa4]::thread::lifecycle::spawn_unchecked<test[9d35eded1c95d3be]::run_test::{closure#1}, ()>::{closure#1} as core[df12db4294e9bfd3]::ops::function::FnOnce<()>>::call_once::{shim:vtable#0}
[INFO] [stdout]                                at /rustc/dfb0accb7f508ae8be965d8629557221c889dd98/library/core/src/ops/function.rs:250:5
[INFO] [stdout]   42:     0x62fca780c489 - <alloc[2182bb758b4b3781]::boxed::Box<dyn core[df12db4294e9bfd3]::ops::function::FnOnce<(), Output = ()> + core[df12db4294e9bfd3]::marker::Send> as core[df12db4294e9bfd3]::ops::function::FnOnce<()>>::call_once
[INFO] [stdout]                                at /rustc/dfb0accb7f508ae8be965d8629557221c889dd98/library/alloc/src/boxed.rs:2320:9
[INFO] [stdout]   43:     0x62fca780c489 - <std[70759c8f55707aa4]::sys::thread::unix::Thread>::new::thread_start
[INFO] [stdout]                                at /rustc/dfb0accb7f508ae8be965d8629557221c889dd98/library/std/src/sys/thread/unix.rs:123:17
[INFO] [stdout]   44:     0x789455c85dfa - <unknown>
[INFO] [stdout]   45:     0x789455d193d4 - clone
[INFO] [stdout]   46:                0x0 - <unknown>
[INFO] [stdout] 
[INFO] [stdout] 
[INFO] [stdout] failures:
[INFO] [stdout]     rbi::tests::core_reopenings_keep_every_occurrence
[INFO] [stdout] 
[INFO] [stdout] test result: FAILED. 71 passed; 1 failed; 0 ignored; 0 measured; 0 filtered out; finished in 0.20s
[INFO] [stdout] 
[INFO] [stderr] error: test failed, to rerun pass `-p itaruby_semantic --lib`
[INFO] running `Command { std: "docker" "inspect" "fc981b73ac0bb911a9ad6c42212835a467284cff6ce01df8fedf56c92e435cc5", kill_on_drop: false }`
[INFO] running `Command { std: "docker" "rm" "-f" "fc981b73ac0bb911a9ad6c42212835a467284cff6ce01df8fedf56c92e435cc5", kill_on_drop: false }`
[INFO] [stdout] fc981b73ac0bb911a9ad6c42212835a467284cff6ce01df8fedf56c92e435cc5
