[INFO] cloning repository https://github.com/apaqa/ferrisdb
[INFO] running `Command { std: "git" "-c" "credential.helper=" "-c" "credential.helper=/workspace/cargo-home/bin/git-credential-null" "clone" "--bare" "https://github.com/apaqa/ferrisdb" "/workspace/cache/git-repos/https%3A%2F%2Fgithub.com%2Fapaqa%2Fferrisdb", kill_on_drop: false }`
[INFO] [stderr] Cloning into bare repository '/workspace/cache/git-repos/https%3A%2F%2Fgithub.com%2Fapaqa%2Fferrisdb'...
[INFO] running `Command { std: "git" "rev-parse" "HEAD", kill_on_drop: false }`
[INFO] [stdout] 75b2118299a7b738507caff306b52b88a1f9ffea
[INFO] testing apaqa/ferrisdb against 1.100.0-beta.1+cargoflags=--release for beta-release-1.100-2
[INFO] running `Command { std: "git" "clone" "/workspace/cache/git-repos/https%3A%2F%2Fgithub.com%2Fapaqa%2Fferrisdb" "/workspace/builds/worker-2-tc2/source", kill_on_drop: false }`
[INFO] [stderr] Cloning into '/workspace/builds/worker-2-tc2/source'...
[INFO] [stderr] done.
[INFO] started tweaking git repo https://github.com/apaqa/ferrisdb
[INFO] finished tweaking git repo https://github.com/apaqa/ferrisdb
[INFO] tweaked toml for git repo https://github.com/apaqa/ferrisdb written to /workspace/builds/worker-2-tc2/source/Cargo.toml
[INFO] validating manifest of git repo https://github.com/apaqa/ferrisdb on toolchain 1.100.0-beta.1
[INFO] running `Command { std: CARGO_HOME="/workspace/cargo-home" RUSTUP_HOME="/workspace/rustup-home" "/workspace/cargo-home/bin/cargo" "+1.100.0-beta.1" "metadata" "--manifest-path" "Cargo.toml" "--no-deps", kill_on_drop: false }`
[INFO] crate git repo https://github.com/apaqa/ferrisdb already has a lockfile, it will not be regenerated
[INFO] running `Command { std: CARGO_HOME="/workspace/cargo-home" RUSTUP_HOME="/workspace/rustup-home" "/workspace/cargo-home/bin/cargo" "+1.100.0-beta.1" "fetch" "--manifest-path" "Cargo.toml", kill_on_drop: false }`
[INFO] running `Command { std: "docker" "create" "-v" "/var/lib/crater-agent-workspace/builds/worker-2-tc2/source:/opt/rustwide/workdir:ro,Z" "-v" "/var/lib/crater-agent-workspace/builds/worker-2-tc2/target:/opt/rustwide/target:rw,Z" "-v" "/var/lib/crater-agent-workspace/cargo-home:/opt/rustwide/cargo-home:ro,Z" "-v" "/var/lib/crater-agent-workspace/rustup-home:/opt/rustwide/rustup-home:ro,Z" "-m" "1610612736" "--network" "none" "ghcr.io/rust-lang/crates-build-env/linux@sha256:77db811e55d90add9212f6832c23229e3de5f1c1f9905e8cb07319ea15df73ac" "sleep" "infinity", kill_on_drop: false }`
[INFO] [stdout] 6616e97924c965585c1460b21db8461083c633e62dfd5805768836f165ed9ff7
[INFO] running `Command { std: "docker" "start" "6616e97924c965585c1460b21db8461083c633e62dfd5805768836f165ed9ff7", kill_on_drop: false }`
[INFO] running `Command { std: "docker" "inspect" "6616e97924c965585c1460b21db8461083c633e62dfd5805768836f165ed9ff7", kill_on_drop: false }`
[INFO] running `Command { std: "docker" "exec" "-e" "SOURCE_DIR=/opt/rustwide/workdir" "-e" "CARGO_HOME=/opt/rustwide/cargo-home" "-e" "RUSTUP_HOME=/opt/rustwide/rustup-home" "-e" "CARGO_TARGET_DIR=/opt/rustwide/target" "-w" "/opt/rustwide/workdir" "--user" "0:0" "6616e97924c965585c1460b21db8461083c633e62dfd5805768836f165ed9ff7" "/opt/rustwide/cargo-home/bin/cargo" "+1.100.0-beta.1" "metadata" "--no-deps" "--format-version=1", kill_on_drop: false }`
[INFO] running `Command { std: "docker" "inspect" "6616e97924c965585c1460b21db8461083c633e62dfd5805768836f165ed9ff7", kill_on_drop: false }`
[INFO] running `Command { std: "docker" "exec" "-e" "SOURCE_DIR=/opt/rustwide/workdir" "-e" "CARGO_HOME=/opt/rustwide/cargo-home" "-e" "RUSTUP_HOME=/opt/rustwide/rustup-home" "-e" "CARGO_TARGET_DIR=/opt/rustwide/target" "-e" "CARGO_INCREMENTAL=0" "-e" "RUST_BACKTRACE=full" "-e" "RUSTFLAGS=--cap-lints=warn" "-e" "RUSTDOCFLAGS=--cap-lints=warn" "-w" "/opt/rustwide/workdir" "--user" "0:0" "6616e97924c965585c1460b21db8461083c633e62dfd5805768836f165ed9ff7" "/opt/rustwide/cargo-home/bin/cargo" "+1.100.0-beta.1" "build" "--frozen" "--message-format=json" "--release", kill_on_drop: false }`
[INFO] [stderr]    Compiling proc-macro2 v1.0.106
[INFO] [stderr]    Compiling unicode-ident v1.0.24
[INFO] [stderr]    Compiling quote v1.0.45
[INFO] [stderr]    Compiling serde_core v1.0.228
[INFO] [stderr]    Compiling serde v1.0.228
[INFO] [stderr]    Compiling hashbrown v0.16.1
[INFO] [stderr]    Compiling equivalent v1.0.2
[INFO] [stderr]    Compiling zmij v1.0.21
[INFO] [stderr]    Compiling crc32fast v1.5.0
[INFO] [stderr]    Compiling winnow v0.7.15
[INFO] [stderr]    Compiling toml_write v0.1.2
[INFO] [stderr]    Compiling serde_json v1.0.149
[INFO] [stderr]    Compiling thiserror v2.0.18
[INFO] [stderr]    Compiling memchr v2.8.0
[INFO] [stderr]    Compiling itoa v1.0.18
[INFO] [stderr]    Compiling cfg-if v1.0.4
[INFO] [stderr]    Compiling indexmap v2.13.0
[INFO] [stderr]    Compiling syn v2.0.117
[INFO] [stderr]    Compiling serde_derive v1.0.228
[INFO] [stderr]    Compiling thiserror-impl v2.0.18
[INFO] [stderr]    Compiling toml_datetime v0.6.11
[INFO] [stderr]    Compiling serde_spanned v0.6.9
[INFO] [stderr]    Compiling toml_edit v0.22.27
[INFO] [stderr]    Compiling toml v0.8.23
[INFO] [stderr]    Compiling ferrisdb v0.1.0 (/opt/rustwide/workdir)
[INFO] [stderr]     Finished `release` profile [optimized] target(s) in 54.19s
[INFO] running `Command { std: "docker" "inspect" "6616e97924c965585c1460b21db8461083c633e62dfd5805768836f165ed9ff7", kill_on_drop: false }`
[INFO] running `Command { std: "docker" "exec" "-e" "SOURCE_DIR=/opt/rustwide/workdir" "-e" "CARGO_HOME=/opt/rustwide/cargo-home" "-e" "RUSTUP_HOME=/opt/rustwide/rustup-home" "-e" "CARGO_TARGET_DIR=/opt/rustwide/target" "-e" "CARGO_INCREMENTAL=0" "-e" "RUST_BACKTRACE=full" "-e" "RUSTFLAGS=--cap-lints=warn" "-e" "RUSTDOCFLAGS=--cap-lints=warn" "-w" "/opt/rustwide/workdir" "--user" "0:0" "6616e97924c965585c1460b21db8461083c633e62dfd5805768836f165ed9ff7" "/opt/rustwide/cargo-home/bin/cargo" "+1.100.0-beta.1" "test" "--frozen" "--no-run" "--message-format=json" "--release", kill_on_drop: false }`
[INFO] [stderr]    Compiling libc v0.2.183
[INFO] [stderr]    Compiling getrandom v0.3.4
[INFO] [stderr]    Compiling rustix v1.1.4
[INFO] [stderr]    Compiling zerocopy v0.8.47
[INFO] [stderr]    Compiling getrandom v0.4.2
[INFO] [stderr]    Compiling bitflags v2.11.0
[INFO] [stderr]    Compiling linux-raw-sys v0.12.1
[INFO] [stderr]    Compiling autocfg v1.5.0
[INFO] [stderr]    Compiling fastrand v2.3.0
[INFO] [stderr]    Compiling once_cell v1.21.4
[INFO] [stderr]    Compiling quick-error v1.2.3
[INFO] [stderr]    Compiling bit-vec v0.8.0
[INFO] [stderr]    Compiling unarray v0.1.4
[INFO] [stderr]    Compiling regex-syntax v0.8.10
[INFO] [stderr]    Compiling bit-set v0.8.0
[INFO] [stderr]    Compiling num-traits v0.2.19
[INFO] [stderr]    Compiling wait-timeout v0.2.1
[INFO] [stderr]    Compiling rand_core v0.9.5
[INFO] [stderr]    Compiling rand_xorshift v0.4.0
[INFO] [stderr]    Compiling rand v0.9.2
[INFO] [stderr]    Compiling tempfile v3.27.0
[INFO] [stderr]    Compiling rusty-fork v0.3.1
[INFO] [stderr]    Compiling ppv-lite86 v0.2.21
[INFO] [stderr]    Compiling rand_chacha v0.9.0
[INFO] [stderr]    Compiling proptest v1.10.0
[INFO] [stderr]    Compiling ferrisdb v0.1.0 (/opt/rustwide/workdir)
[INFO] [stderr]     Finished `release` profile [optimized] target(s) in 1m 10s
[INFO] running `Command { std: "docker" "inspect" "6616e97924c965585c1460b21db8461083c633e62dfd5805768836f165ed9ff7", kill_on_drop: false }`
[INFO] running `Command { std: "docker" "exec" "-e" "SOURCE_DIR=/opt/rustwide/workdir" "-e" "CARGO_HOME=/opt/rustwide/cargo-home" "-e" "RUSTUP_HOME=/opt/rustwide/rustup-home" "-e" "CARGO_TARGET_DIR=/opt/rustwide/target" "-e" "CARGO_INCREMENTAL=0" "-e" "RUST_BACKTRACE=full" "-e" "RUSTFLAGS=--cap-lints=warn" "-e" "RUSTDOCFLAGS=--cap-lints=warn" "-w" "/opt/rustwide/workdir" "--user" "0:0" "6616e97924c965585c1460b21db8461083c633e62dfd5805768836f165ed9ff7" "/opt/rustwide/cargo-home/bin/cargo" "+1.100.0-beta.1" "test" "--frozen" "--release", kill_on_drop: false }`
[INFO] [stderr]     Finished `release` profile [optimized] target(s) in 0.11s
[INFO] [stderr]      Running unittests src/lib.rs (/opt/rustwide/target/release/build/ferrisdb/d99cdaec0b0cd9bf/out/ferrisdb-d99cdaec0b0cd9bf)
[INFO] [stdout] 
[INFO] [stdout] running 15 tests
[INFO] [stdout] test storage::memory::tests::test_delete ... ok
[INFO] [stdout] test storage::memory::tests::test_count ... ok
[INFO] [stdout] test storage::memory::tests::test_put_overwrite ... ok
[INFO] [stdout] test storage::memory::tests::test_scan ... ok
[INFO] [stdout] test storage::memory::tests::test_get_nonexistent ... ok
[INFO] [stdout] test storage::memory::tests::test_approximate_size ... ok
[INFO] [stdout] test storage::memory::tests::test_list_all ... ok
[INFO] [stdout] test storage::memory::tests::test_put_and_get ... ok
[INFO] [stdout] test storage::sstable::writer::tests::test_writer_can_finish_empty_table ... ok
[INFO] [stdout] test storage::memory::tests::test_delete_nonexistent ... ok
[INFO] [stdout] test storage::sstable::writer::tests::test_writer_rejects_unsorted_keys ... ok
[INFO] [stdout] test storage::sstable::reader::tests::test_reader_get_basic ... ok
[INFO] [stdout] test storage::wal::tests::test_wal_roundtrip_records ... ok
[INFO] [stdout] test storage::wal::tests::test_wal_recover_memtable ... ok
[INFO] [stdout] test storage::wal::tests::test_wal_checksum_corruption_detected ... ok
[INFO] [stdout] 
[INFO] [stdout] test result: ok. 15 passed; 0 failed; 0 ignored; 0 measured; 0 filtered out; finished in 0.21s
[INFO] [stdout] 
[INFO] [stderr]      Running unittests src/main.rs (/opt/rustwide/target/release/build/ferrisdb/204c626c2f8fb75b/out/ferrisdb-204c626c2f8fb75b)
[INFO] [stdout] 
[INFO] [stdout] running 0 tests
[INFO] [stdout] 
[INFO] [stdout] test result: ok. 0 passed; 0 failed; 0 ignored; 0 measured; 0 filtered out; finished in 0.00s
[INFO] [stdout] 
[INFO] [stderr]      Running tests/alter_drop_test.rs (/opt/rustwide/target/release/build/ferrisdb/d52c083dd4d814d0/out/alter_drop_test-d52c083dd4d814d0)
[INFO] [stdout] 
[INFO] [stdout] running 5 tests
[INFO] [stdout] test test_alter_table_drop_column_removes_column_from_results ... ok
[INFO] [stdout] test test_create_table_if_not_exists_does_not_error ... ok
[INFO] [stdout] test test_alter_table_add_column_sets_existing_rows_to_null ... ok
[INFO] [stdout] test test_drop_table_then_select_returns_error ... ok
[INFO] [stdout] test test_drop_table_if_exists_is_noop_for_missing_table ... ok
[INFO] [stdout] 
[INFO] [stdout] test result: ok. 5 passed; 0 failed; 0 ignored; 0 measured; 0 filtered out; finished in 5.02s
[INFO] [stdout] 
[INFO] [stderr]      Running tests/background_compaction_test.rs (/opt/rustwide/target/release/build/ferrisdb/4413a81cd5bc0d39/out/background_compaction_test-4413a81cd5bc0d39)
[INFO] [stdout] 
[INFO] [stdout] running 1 test
[INFO] [stdout] test test_background_compaction_runs_and_preserves_data ... ok
[INFO] [stdout] 
[INFO] [stderr]      Running tests/basic_test.rs (/opt/rustwide/target/release/build/ferrisdb/fd7b9014224bb4a0/out/basic_test-fd7b9014224bb4a0)
[INFO] [stdout] test result: ok. 1 passed; 0 failed; 0 ignored; 0 measured; 0 filtered out; finished in 7.63s
[INFO] [stdout] 
[INFO] [stdout] 
[INFO] [stdout] running 7 tests
[INFO] [stdout] test test_empty_database ... ok
[INFO] [stdout] test test_bulk_insert ... ok
[INFO] [stdout] test test_scan_with_prefix ... ok
[INFO] [stdout] test test_list_all_sorted ... ok
[INFO] [stdout] test test_load_merges_and_overwrites_existing_keys ... ok
[INFO] [stdout] test test_full_crud_cycle ... ok
[INFO] [stdout] test test_dump_writes_json_file ... ok
[INFO] [stdout] 
[INFO] [stdout] test result: ok. 7 passed; 0 failed; 0 ignored; 0 measured; 0 filtered out; finished in 0.01s
[INFO] [stdout] 
[INFO] [stderr]      Running tests/bloom_test.rs (/opt/rustwide/target/release/build/ferrisdb/ab4dec22fab67c4c/out/bloom_test-ab4dec22fab67c4c)
[INFO] [stdout] 
[INFO] [stdout] running 3 tests
[INFO] [stdout] test test_serialize_deserialize_roundtrip ... ok
[INFO] [stdout] test test_inserted_keys_all_may_contain ... ok
[INFO] [stderr]      Running tests/case_when_test.rs (/opt/rustwide/target/release/build/ferrisdb/08d7ec38da708a97/out/case_when_test-08d7ec38da708a97)
[INFO] [stdout] test test_false_positive_rate_below_five_percent ... ok
[INFO] [stdout] 
[INFO] [stdout] test result: ok. 3 passed; 0 failed; 0 ignored; 0 measured; 0 filtered out; finished in 0.01s
[INFO] [stdout] 
[INFO] [stdout] 
[INFO] [stdout] running 2 tests
[INFO] [stdout] test test_case_when_without_else_returns_null_and_supports_order_by ... ok
[INFO] [stdout] test test_case_when_basic_and_multiple_conditions ... ok
[INFO] [stderr]      Running tests/check_constraint_test.rs (/opt/rustwide/target/release/build/ferrisdb/1938f48b6a916ca7/out/check_constraint_test-1938f48b6a916ca7)
[INFO] [stdout] 
[INFO] [stdout] test result: ok. 2 passed; 0 failed; 0 ignored; 0 measured; 0 filtered out; finished in 5.01s
[INFO] [stdout] 
[INFO] [stdout] 
[INFO] [stdout] running 3 tests
[INFO] [stdout] test test_update_rejects_check_constraint_violation ... ok
[INFO] [stdout] test test_insert_accepts_valid_check_constraint ... ok
[INFO] [stdout] test test_insert_rejects_check_constraint_violation ... ok
[INFO] [stdout] 
[INFO] [stdout] test result: ok. 3 passed; 0 failed; 0 ignored; 0 measured; 0 filtered out; finished in 5.01s
[INFO] [stdout] 
[INFO] [stderr]      Running tests/compaction_test.rs (/opt/rustwide/target/release/build/ferrisdb/e77da372527d1e50/out/compaction_test-e77da372527d1e50)
[INFO] [stdout] 
[INFO] [stdout] running 4 tests
[INFO] [stdout] test test_compact_drops_tombstones ... ok
[INFO] [stdout] test test_compact_merges_multiple_sstables ... ok
[INFO] [stdout] test test_compact_removes_old_sstable_files ... ok
[INFO] [stdout] test test_lsm_level_compaction_keeps_reads_correct ... ok
[INFO] [stdout] 
[INFO] [stdout] test result: ok. 4 passed; 0 failed; 0 ignored; 0 measured; 0 filtered out; finished in 0.22s
[INFO] [stdout] 
[INFO] [stdout] 
[INFO] [stderr]      Running tests/config_test.rs (/opt/rustwide/target/release/build/ferrisdb/818dd93b7210b275/out/config_test-818dd93b7210b275)
[INFO] [stdout] running 5 tests
[INFO] [stdout] test test_default_values_are_correct ... ok
[INFO] [stderr]      Running tests/connection_pool_test.rs (/opt/rustwide/target/release/build/ferrisdb/45d9ea1c67e3895d/out/connection_pool_test-45d9ea1c67e3895d)
[INFO] [stdout] test test_merge_cli_args_overrides_config_values ... ok
[INFO] [stdout] test test_from_toml_file_parses_values ... ok
[INFO] [stdout] test test_invalid_toml_returns_error ... ok
[INFO] [stdout] test test_missing_fields_fall_back_to_defaults ... ok
[INFO] [stdout] 
[INFO] [stdout] test result: ok. 5 passed; 0 failed; 0 ignored; 0 measured; 0 filtered out; finished in 0.01s
[INFO] [stdout] 
[INFO] [stdout] 
[INFO] [stdout] running 3 tests
[INFO] [stdout] test test_waiters_resume_after_release ... ok
[INFO] [stdout] test test_pool_stats_are_updated_correctly ... ok
[INFO] [stderr]      Running tests/cursor_test.rs (/opt/rustwide/target/release/build/ferrisdb/f57e101b67c70928/out/cursor_test-f57e101b67c70928)
[INFO] [stdout] test test_concurrent_connections_do_not_exceed_max ... ok
[INFO] [stdout] 
[INFO] [stdout] test result: ok. 3 passed; 0 failed; 0 ignored; 0 measured; 0 filtered out; finished in 0.22s
[INFO] [stdout] 
[INFO] [stdout] 
[INFO] [stdout] running 3 tests
[INFO] [stdout] test test_fetch_after_close_returns_error ... ok
[INFO] [stdout] test test_fetch_returns_empty_after_last_row ... ok
[INFO] [stdout] test test_declare_open_fetch_and_close_cursor ... ok
[INFO] [stdout] 
[INFO] [stdout] test result: ok. 3 passed; 0 failed; 0 ignored; 0 measured; 0 filtered out; finished in 5.01s
[INFO] [stdout] 
[INFO] [stderr]      Running tests/failure_injection_test.rs (/opt/rustwide/target/release/build/ferrisdb/a2cffc05ab57bea7/out/failure_injection_test-a2cffc05ab57bea7)
[INFO] [stdout] 
[INFO] [stdout] running 7 tests
[INFO] [stdout] test test_concurrent_writes_preserve_all_rows ... ok
[INFO] [stdout] test test_truncated_wal_recovers_complete_records_only ... ok
[INFO] [stdout] test test_sstable_data_corruption_is_observable ... FAILED
[INFO] [stdout] test test_sstable_footer_corruption_is_detected ... ok
[INFO] [stdout] test test_compaction_temp_file_is_cleaned_on_reopen ... ok
[INFO] [stdout] test test_truncated_manifest_can_recover_or_fail_cleanly ... ok
[INFO] [stderr] error: test failed, to rerun pass `--test failure_injection_test`
[INFO] [stdout] test test_stress_with_reopen_matches_reference_model ... ok
[INFO] [stdout] 
[INFO] [stdout] failures:
[INFO] [stdout] 
[INFO] [stdout] ---- test_sstable_data_corruption_is_observable stdout ----
[INFO] [stdout] 
[INFO] [stdout] thread 'test_sstable_data_corruption_is_observable' (3063) panicked at tests/failure_injection_test.rs:143:10:
[INFO] [stdout] victim value should exist in sstable bytes
[INFO] [stdout] stack backtrace:
[INFO] [stdout]    0:     0x5bdc8212e551 - <<std[617be2ca0a6fd877]::sys::backtrace::BacktraceLock>::print::DisplayBacktrace as core[a373ad73a504971]::fmt::Display>::fmt
[INFO] [stdout]    1:     0x5bdc8214374a - core[a373ad73a504971]::fmt::write
[INFO] [stdout]    2:     0x5bdc82132b9c - <alloc[2e1b2a31b91974c5]::vec::Vec<u8> as core[a373ad73a504971]::io::write::Write>::write_fmt
[INFO] [stdout]    3:     0x5bdc82108926 - std[617be2ca0a6fd877]::panicking::default_hook::{closure#0}
[INFO] [stdout]    4:     0x5bdc82125d29 - std[617be2ca0a6fd877]::panicking::default_hook
[INFO] [stdout]    5:     0x5bdc82095ce0 - test[aada8e7e76ba119b]::test_main_inner::{closure#0}
[INFO] [stdout]    6:     0x5bdc82125ee2 - std[617be2ca0a6fd877]::panicking::panic_with_hook
[INFO] [stdout]    7:     0x5bdc821089d2 - std[617be2ca0a6fd877]::panicking::panic_handler::{closure#0}
[INFO] [stdout]    8:     0x5bdc82101399 - std[617be2ca0a6fd877]::sys::backtrace::__rust_end_short_backtrace::<std[617be2ca0a6fd877]::panicking::panic_handler::{closure#0}, !>
[INFO] [stdout]    9:     0x5bdc821095dd - __rustc[ea4f61d10b84890b]::rust_begin_unwind
[INFO] [stdout]   10:     0x5bdc82143e7c - core[a373ad73a504971]::panicking::panic_fmt
[INFO] [stdout]   11:     0x5bdc82143bd4 - core[a373ad73a504971]::option::expect_failed
[INFO] [stdout]   12:     0x5bdc82077367 - <failure_injection_test[22c7c30536b7cabc]::test_sstable_data_corruption_is_observable::{closure#0} as core[a373ad73a504971]::ops::function::FnOnce<()>>::call_once
[INFO] [stdout]   13:     0x5bdc8208912b - test[aada8e7e76ba119b]::__rust_begin_short_backtrace::<core[a373ad73a504971]::result::Result<(), alloc[2e1b2a31b91974c5]::string::String>, fn() -> core[a373ad73a504971]::result::Result<(), alloc[2e1b2a31b91974c5]::string::String>>
[INFO] [stdout]   14:     0x5bdc82096305 - test[aada8e7e76ba119b]::run_test::{closure#0}
[INFO] [stdout]   15:     0x5bdc8208fbf4 - std[617be2ca0a6fd877]::sys::backtrace::__rust_begin_short_backtrace::<test[aada8e7e76ba119b]::run_test::{closure#1}, ()>
[INFO] [stdout]   16:     0x5bdc82099392 - <std[617be2ca0a6fd877]::thread::lifecycle::spawn_unchecked<test[aada8e7e76ba119b]::run_test::{closure#1}, ()>::{closure#1} as core[a373ad73a504971]::ops::function::FnOnce<()>>::call_once::{shim:vtable#0}
[INFO] [stdout]   17:     0x5bdc8212d8bf - <std[617be2ca0a6fd877]::sys::thread::unix::Thread>::new::thread_start
[INFO] [stdout]   18:     0x72da53330dfa - <unknown>
[INFO] [stdout]   19:     0x72da533c43d4 - clone
[INFO] [stdout]   20:                0x0 - <unknown>
[INFO] [stdout] 
[INFO] [stdout] 
[INFO] [stdout] failures:
[INFO] [stdout]     test_sstable_data_corruption_is_observable
[INFO] [stdout] 
[INFO] [stdout] test result: FAILED. 6 passed; 1 failed; 0 ignored; 0 measured; 0 filtered out; finished in 24.90s
[INFO] [stdout] 
[INFO] running `Command { std: "docker" "inspect" "6616e97924c965585c1460b21db8461083c633e62dfd5805768836f165ed9ff7", kill_on_drop: false }`
[INFO] running `Command { std: "docker" "rm" "-f" "6616e97924c965585c1460b21db8461083c633e62dfd5805768836f165ed9ff7", kill_on_drop: false }`
[INFO] [stdout] 6616e97924c965585c1460b21db8461083c633e62dfd5805768836f165ed9ff7
