[INFO] cloning repository https://github.com/anp/fomo
[INFO] running `Command { std: "git" "-c" "credential.helper=" "-c" "credential.helper=/workspace/cargo-home/bin/git-credential-null" "clone" "--bare" "https://github.com/anp/fomo" "/workspace/cache/git-repos/https%3A%2F%2Fgithub.com%2Fanp%2Ffomo", kill_on_drop: false }`
[INFO] [stderr] Cloning into bare repository '/workspace/cache/git-repos/https%3A%2F%2Fgithub.com%2Fanp%2Ffomo'...
[INFO] running `Command { std: "git" "rev-parse" "HEAD", kill_on_drop: false }`
[INFO] [stdout] c99b89d491ab991351f5d5435406c74f457c0ad3
[INFO] testing anp/fomo against 1.99.0-beta.8+cargoflags=--release for beta-release-1.100-2
[INFO] running `Command { std: "git" "clone" "/workspace/cache/git-repos/https%3A%2F%2Fgithub.com%2Fanp%2Ffomo" "/workspace/builds/worker-3-tc1/source", kill_on_drop: false }`
[INFO] [stderr] Cloning into '/workspace/builds/worker-3-tc1/source'...
[INFO] [stderr] done.
[INFO] started tweaking git repo https://github.com/anp/fomo
[INFO] finished tweaking git repo https://github.com/anp/fomo
[INFO] tweaked toml for git repo https://github.com/anp/fomo written to /workspace/builds/worker-3-tc1/source/Cargo.toml
[INFO] validating manifest of git repo https://github.com/anp/fomo on toolchain 1.99.0-beta.8
[INFO] running `Command { std: CARGO_HOME="/workspace/cargo-home" RUSTUP_HOME="/workspace/rustup-home" "/workspace/cargo-home/bin/cargo" "+1.99.0-beta.8" "metadata" "--manifest-path" "Cargo.toml" "--no-deps", kill_on_drop: false }`
[INFO] crate git repo https://github.com/anp/fomo already has a lockfile, it will not be regenerated
[INFO] running `Command { std: CARGO_HOME="/workspace/cargo-home" RUSTUP_HOME="/workspace/rustup-home" "/workspace/cargo-home/bin/cargo" "+1.99.0-beta.8" "fetch" "--manifest-path" "Cargo.toml", kill_on_drop: false }`
[INFO] [stderr] warning: Cargo.toml: `package.edition` is unspecified, defaulting to `2015` while the latest is `2024`
[INFO] [stderr] warning: `fomo` (manifest) generated 1 warning
[INFO] [stderr]     Updating crates.io index
[INFO] [stderr]  Downloading crates ...
[INFO] [stderr]   Downloaded same-file v0.1.3
[INFO] [stderr]   Downloaded tempdir v0.3.5
[INFO] [stderr]   Downloaded rand v0.3.15
[INFO] [stderr]   Downloaded walkdir v1.0.7
[INFO] [stderr]   Downloaded bitflags v0.4.0
[INFO] [stderr]   Downloaded num-integer v0.1.33
[INFO] [stderr]   Downloaded libc v0.2.20
[INFO] [stderr]   Downloaded thread_local v0.3.3
[INFO] [stderr]   Downloaded bitflags v0.7.0
[INFO] [stderr]   Downloaded vec_map v0.6.0
[INFO] [stderr]   Downloaded cfg-if v0.1.0
[INFO] [stderr]   Downloaded inotify v0.3.0
[INFO] [stderr]   Downloaded num-iter v0.1.33
[INFO] [stderr]   Downloaded num-traits v0.1.36
[INFO] [stderr]   Downloaded term_size v0.2.2
[INFO] [stderr]   Downloaded filetime v0.1.10
[INFO] [stderr]   Downloaded unicode-xid v0.0.4
[INFO] [stderr]   Downloaded serde_codegen_internals v0.13.0
[INFO] [stderr]   Downloaded memchr v1.0.1
[INFO] [stderr]   Downloaded aho-corasick v0.6.3
[INFO] [stderr]   Downloaded slab v0.1.3
[INFO] [stderr]   Downloaded net2 v0.2.27
[INFO] [stderr]   Downloaded log v0.3.7
[INFO] [stderr]   Downloaded error-chain v0.10.0
[INFO] [stderr]   Downloaded rustc-demangle v0.1.4
[INFO] [stderr]   Downloaded serde_derive v0.9.6
[INFO] [stderr]   Downloaded quote v0.3.12
[INFO] [stderr]   Downloaded unreachable v0.1.1
[INFO] [stderr]   Downloaded redox_syscall v0.1.16
[INFO] [stderr]   Downloaded fsevent v0.2.16
[INFO] [stderr]   Downloaded env_logger v0.4.2
[INFO] [stderr]   Downloaded unicode-width v0.1.4
[INFO] [stderr]   Downloaded ansi_term v0.9.0
[INFO] [stderr]   Downloaded strsim v0.6.0
[INFO] [stderr]   Downloaded fsevent-sys v0.1.6
[INFO] [stderr]   Downloaded thread-id v3.0.0
[INFO] [stderr]   Downloaded miow v0.1.5
[INFO] [stderr]   Downloaded glob v0.2.11
[INFO] [stderr]   Downloaded dbghelp-sys v0.2.0
[INFO] [stderr]   Downloaded bytes v0.3.0
[INFO] [stderr]   Downloaded num v0.1.36
[INFO] [stderr]   Downloaded time v0.1.36
[INFO] [stderr]   Downloaded gcc v0.3.43
[INFO] [stderr]   Downloaded serde_json v0.9.6
[INFO] [stderr]   Downloaded serde v0.9.6
[INFO] [stderr]   Downloaded syn v0.11.4
[INFO] [stderr]   Downloaded mio v0.5.1
[INFO] [stderr]   Downloaded nix v0.5.1
[INFO] [stderr]   Downloaded backtrace v0.3.0
[INFO] [stderr]   Downloaded crossbeam v0.2.10
[INFO] [stderr]   Downloaded dtoa v0.4.0
[INFO] [stderr]   Downloaded unicode-segmentation v1.1.0
[INFO] [stderr]   Downloaded itoa v0.3.0
[INFO] [stderr]   Downloaded chrono v0.3.0
[INFO] [stderr]   Downloaded regex-syntax v0.4.0
[INFO] [stderr]   Downloaded clap v2.20.5
[INFO] [stderr]   Downloaded regex v0.2.1
[INFO] [stderr]   Downloaded backtrace-sys v0.1.10
[INFO] running `Command { std: "docker" "create" "-v" "/var/lib/crater-agent-workspace/builds/worker-3-tc1/source:/opt/rustwide/workdir:ro,Z" "-v" "/var/lib/crater-agent-workspace/builds/worker-3-tc1/target:/opt/rustwide/target:rw,Z" "-v" "/var/lib/crater-agent-workspace/cargo-home:/opt/rustwide/cargo-home:ro,Z" "-v" "/var/lib/crater-agent-workspace/rustup-home:/opt/rustwide/rustup-home:ro,Z" "-m" "1610612736" "--network" "none" "ghcr.io/rust-lang/crates-build-env/linux@sha256:77db811e55d90add9212f6832c23229e3de5f1c1f9905e8cb07319ea15df73ac" "sleep" "infinity", kill_on_drop: false }`
[INFO] [stdout] af314a85709d5e84b05352f728d29f8095df82d753d36f9ee50a5fc39ad50e96
[INFO] running `Command { std: "docker" "start" "af314a85709d5e84b05352f728d29f8095df82d753d36f9ee50a5fc39ad50e96", kill_on_drop: false }`
[INFO] running `Command { std: "docker" "inspect" "af314a85709d5e84b05352f728d29f8095df82d753d36f9ee50a5fc39ad50e96", kill_on_drop: false }`
[INFO] running `Command { std: "docker" "exec" "-e" "SOURCE_DIR=/opt/rustwide/workdir" "-e" "CARGO_HOME=/opt/rustwide/cargo-home" "-e" "RUSTUP_HOME=/opt/rustwide/rustup-home" "-e" "CARGO_TARGET_DIR=/opt/rustwide/target" "-w" "/opt/rustwide/workdir" "--user" "0:0" "af314a85709d5e84b05352f728d29f8095df82d753d36f9ee50a5fc39ad50e96" "/opt/rustwide/cargo-home/bin/cargo" "+1.99.0-beta.8" "metadata" "--no-deps" "--format-version=1", kill_on_drop: false }`
[INFO] running `Command { std: "docker" "inspect" "af314a85709d5e84b05352f728d29f8095df82d753d36f9ee50a5fc39ad50e96", kill_on_drop: false }`
[INFO] running `Command { std: "docker" "exec" "-e" "SOURCE_DIR=/opt/rustwide/workdir" "-e" "CARGO_HOME=/opt/rustwide/cargo-home" "-e" "RUSTUP_HOME=/opt/rustwide/rustup-home" "-e" "CARGO_TARGET_DIR=/opt/rustwide/target" "-e" "CARGO_INCREMENTAL=0" "-e" "RUST_BACKTRACE=full" "-e" "RUSTFLAGS=--cap-lints=warn" "-e" "RUSTDOCFLAGS=--cap-lints=warn" "-w" "/opt/rustwide/workdir" "--user" "0:0" "af314a85709d5e84b05352f728d29f8095df82d753d36f9ee50a5fc39ad50e96" "/opt/rustwide/cargo-home/bin/cargo" "+1.99.0-beta.8" "build" "--frozen" "--message-format=json" "--release", kill_on_drop: false }`
[INFO] [stderr] warning: Cargo.toml: `package.edition` is unspecified, defaulting to `2015` while the latest is `2024`
[INFO] [stderr] warning: `fomo` (manifest) generated 1 warning
[INFO] [stderr]    Compiling libc v0.2.20
[INFO] [stderr]    Compiling winapi-build v0.1.1
[INFO] [stderr]    Compiling winapi v0.2.8
[INFO] [stderr]    Compiling gcc v0.3.43
[INFO] [stderr]    Compiling num-traits v0.1.36
[INFO] [stderr]    Compiling cfg-if v0.1.0
[INFO] [stderr]    Compiling void v1.0.2
[INFO] [stderr]    Compiling backtrace v0.3.0
[INFO] [stderr]    Compiling unicode-xid v0.0.4
[INFO] [stderr]    Compiling quote v0.3.12
[INFO] [stderr]    Compiling regex-syntax v0.4.0
[INFO] [stderr]    Compiling utf8-ranges v1.0.0
[INFO] [stderr]    Compiling rustc-demangle v0.1.4
[INFO] [stderr]    Compiling log v0.3.7
[INFO] [stderr]    Compiling bitflags v0.4.0
[INFO] [stderr]    Compiling serde v0.9.6
[INFO] [stderr]    Compiling unreachable v0.1.1
[INFO] [stderr]    Compiling itoa v0.3.0
[INFO] [stderr]    Compiling dtoa v0.4.0
[INFO] [stderr]    Compiling slab v0.1.3
[INFO] [stderr]    Compiling vec_map v0.6.0
[INFO] [stderr]    Compiling unicode-width v0.1.4
[INFO] [stderr]    Compiling kernel32-sys v0.2.2
[INFO] [stderr]    Compiling dbghelp-sys v0.2.0
[INFO] [stderr]    Compiling ws2_32-sys v0.2.1
[INFO] [stderr]    Compiling bitflags v0.7.0
[INFO] [stderr]    Compiling unicode-segmentation v1.1.0
[INFO] [stderr]    Compiling bytes v0.3.0
[INFO] [stderr]    Compiling strsim v0.6.0
[INFO] [stderr]    Compiling ansi_term v0.9.0
[INFO] [stderr]    Compiling same-file v0.1.3
[INFO] [stderr]    Compiling glob v0.2.11
[INFO] [stderr]    Compiling crossbeam v0.2.10
[INFO] [stderr]    Compiling syn v0.11.4
[INFO] [stderr]    Compiling walkdir v1.0.7
[INFO] [stderr]    Compiling memchr v1.0.1
[INFO] [stderr]    Compiling thread-id v3.0.0
[INFO] [stderr]    Compiling time v0.1.36
[INFO] [stderr]    Compiling thread_local v0.3.3
[INFO] [stderr]    Compiling aho-corasick v0.6.3
[INFO] [stderr]    Compiling net2 v0.2.27
[INFO] [stderr]    Compiling nix v0.5.1
[INFO] [stderr]    Compiling term_size v0.2.2
[INFO] [stderr]    Compiling inotify v0.3.0
[INFO] [stderr]    Compiling clap v2.20.5
[INFO] [stderr]    Compiling filetime v0.1.10
[INFO] [stderr]    Compiling backtrace-sys v0.1.10
[INFO] [stderr]    Compiling num-integer v0.1.33
[INFO] [stderr]    Compiling miow v0.1.5
[INFO] [stderr]    Compiling num-iter v0.1.33
[INFO] [stderr]    Compiling regex v0.2.1
[INFO] [stderr]    Compiling num v0.1.36
[INFO] [stderr]    Compiling serde_codegen_internals v0.13.0
[INFO] [stderr]    Compiling serde_derive v0.9.6
[INFO] [stderr]    Compiling mio v0.5.1
[INFO] [stderr]    Compiling chrono v0.3.0
[INFO] [stderr]    Compiling serde_json v0.9.6
[INFO] [stderr]    Compiling env_logger v0.4.2
[INFO] [stderr]    Compiling error-chain v0.10.0
[INFO] [stderr]    Compiling fomo v0.1.0 (/opt/rustwide/workdir)
[INFO] [stdout] warning: trailing semicolon in macro used in expression position
[INFO] [stdout]    --> src/fs_view.rs:135:12
[INFO] [stdout]     |
[INFO] [stdout] 135 |       _ => bail!("Found a non-directory node when ensuring parent of a node was in the tree"),
[INFO] [stdout]     |            ^^^^^^^^^^^^^^^^^^^^^^^^^^^^^^^^^^^^^^^^^^^^^^^^^^^^^^^^^^^^^^^^^^^^^^^^^^^^^^^^^^
[INFO] [stdout]     |
[INFO] [stdout]     = warning: this was previously accepted by the compiler but is being phased out; it will become a hard error in a future release!
[INFO] [stdout]     = note: for more information, see issue #79813 <https://github.com/rust-lang/rust/issues/79813>
[INFO] [stdout]     = note: `#[warn(semicolon_in_expressions_from_non_local_macros)]` (part of `#[warn(future_incompatible)]`) on by default
[INFO] [stdout]     = note: this warning originates in the macro `bail` (in Nightly builds, run with -Z macro-backtrace for more info)
[INFO] [stdout] 
[INFO] [stdout] 
[INFO] [stdout] warning: trailing semicolon in macro used in expression position
[INFO] [stdout]    --> src/fs_view.rs:358:18
[INFO] [stdout]     |
[INFO] [stdout] 358 |             _ => bail!("Found a non-directory as the parent of a node."),
[INFO] [stdout]     |                  ^^^^^^^^^^^^^^^^^^^^^^^^^^^^^^^^^^^^^^^^^^^^^^^^^^^^^^^
[INFO] [stdout]     |
[INFO] [stdout]     = warning: this was previously accepted by the compiler but is being phased out; it will become a hard error in a future release!
[INFO] [stdout]     = note: for more information, see issue #79813 <https://github.com/rust-lang/rust/issues/79813>
[INFO] [stdout]     = note: this warning originates in the macro `bail` (in Nightly builds, run with -Z macro-backtrace for more info)
[INFO] [stdout] 
[INFO] [stdout] 
[INFO] [stdout] warning: trailing semicolon in macro used in expression position
[INFO] [stdout]    --> src/fs_view.rs:384:17
[INFO] [stdout]     |
[INFO] [stdout] 384 |         None => bail!("non unicode filename found"),
[INFO] [stdout]     |                 ^^^^^^^^^^^^^^^^^^^^^^^^^^^^^^^^^^^
[INFO] [stdout]     |
[INFO] [stdout]     = warning: this was previously accepted by the compiler but is being phased out; it will become a hard error in a future release!
[INFO] [stdout]     = note: for more information, see issue #79813 <https://github.com/rust-lang/rust/issues/79813>
[INFO] [stdout]     = note: this warning originates in the macro `bail` (in Nightly builds, run with -Z macro-backtrace for more info)
[INFO] [stdout] 
[INFO] [stdout] 
[INFO] [stdout] warning: trailing semicolon in macro used in expression position
[INFO] [stdout]    --> src/fs_view.rs:395:14
[INFO] [stdout]     |
[INFO] [stdout] 395 |         _ => bail!("Files should not exist in the middle of a path component."),
[INFO] [stdout]     |              ^^^^^^^^^^^^^^^^^^^^^^^^^^^^^^^^^^^^^^^^^^^^^^^^^^^^^^^^^^^^^^^^^^
[INFO] [stdout]     |
[INFO] [stdout]     = warning: this was previously accepted by the compiler but is being phased out; it will become a hard error in a future release!
[INFO] [stdout]     = note: for more information, see issue #79813 <https://github.com/rust-lang/rust/issues/79813>
[INFO] [stdout]     = note: this warning originates in the macro `bail` (in Nightly builds, run with -Z macro-backtrace for more info)
[INFO] [stdout] 
[INFO] [stdout] 
[INFO] [stdout] warning: trailing semicolon in macro used in expression position
[INFO] [stdout]    --> src/fs_view.rs:518:19
[INFO] [stdout]     |
[INFO] [stdout] 518 |           None => bail!("non-unicode filename"),
[INFO] [stdout]     |                   ^^^^^^^^^^^^^^^^^^^^^^^^^^^^^
[INFO] [stdout]     |
[INFO] [stdout]     = warning: this was previously accepted by the compiler but is being phased out; it will become a hard error in a future release!
[INFO] [stdout]     = note: for more information, see issue #79813 <https://github.com/rust-lang/rust/issues/79813>
[INFO] [stdout]     = note: this warning originates in the macro `bail` (in Nightly builds, run with -Z macro-backtrace for more info)
[INFO] [stdout] 
[INFO] [stdout] 
[INFO] [stdout] warning: trailing semicolon in macro used in expression position
[INFO] [stdout]    --> src/fs_view.rs:521:15
[INFO] [stdout]     |
[INFO] [stdout] 521 |       None => bail!("walkdir gave us a relative path"),
[INFO] [stdout]     |               ^^^^^^^^^^^^^^^^^^^^^^^^^^^^^^^^^^^^^^^^
[INFO] [stdout]     |
[INFO] [stdout]     = warning: this was previously accepted by the compiler but is being phased out; it will become a hard error in a future release!
[INFO] [stdout]     = note: for more information, see issue #79813 <https://github.com/rust-lang/rust/issues/79813>
[INFO] [stdout]     = note: this warning originates in the macro `bail` (in Nightly builds, run with -Z macro-backtrace for more info)
[INFO] [stdout] 
[INFO] [stdout] 
[INFO] [stdout] warning: unused import: `DebouncedEvent`
[INFO] [stdout]   --> src/notify/inotify/mod.rs:25:13
[INFO] [stdout]    |
[INFO] [stdout] 25 | use super::{DebouncedEvent, Error, Op, RawEvent, RecursiveMode, Result, Watcher, op};
[INFO] [stdout]    |             ^^^^^^^^^^^^^^
[INFO] [stdout]    |
[INFO] [stdout]    = note: `#[warn(unused_imports)]` (part of `#[warn(unused)]`) on by default
[INFO] [stdout] 
[INFO] [stdout] 
[INFO] [stdout] warning: use of deprecated macro `try`: use the `?` operator instead
[INFO] [stdout]    --> src/notify/inotify/flags.rs:3:1
[INFO] [stdout]     |
[INFO] [stdout]   3 | / bitflags! {
[INFO] [stdout]   4 | |   pub flags Mask: u32 {
[INFO] [stdout]   5 | |     #[doc = " Event: File was accessed."]
[INFO] [stdout]   6 | |     #[doc = " "]
[INFO] [stdout] ...   |
[INFO] [stdout] 178 | | }
[INFO] [stdout]     | |_^
[INFO] [stdout]     |
[INFO] [stdout]     = note: `#[warn(deprecated)]` on by default
[INFO] [stdout]     = note: this warning originates in the macro `bitflags` (in Nightly builds, run with -Z macro-backtrace for more info)
[INFO] [stdout] 
[INFO] [stdout] 
[INFO] [stdout] warning: use of deprecated macro `try`: use the `?` operator instead
[INFO] [stdout]    --> src/notify/inotify/flags.rs:3:1
[INFO] [stdout]     |
[INFO] [stdout]   3 | / bitflags! {
[INFO] [stdout]   4 | |   pub flags Mask: u32 {
[INFO] [stdout]   5 | |     #[doc = " Event: File was accessed."]
[INFO] [stdout]   6 | |     #[doc = " "]
[INFO] [stdout] ...   |
[INFO] [stdout] 178 | | }
[INFO] [stdout]     | |_^
[INFO] [stdout]     |
[INFO] [stdout]     = note: this warning originates in the macro `bitflags` (in Nightly builds, run with -Z macro-backtrace for more info)
[INFO] [stdout] 
[INFO] [stdout] 
[INFO] [stdout] warning: use of deprecated macro `try`: use the `?` operator instead
[INFO] [stdout]    --> src/notify/mod.rs:336:3
[INFO] [stdout]     |
[INFO] [stdout] 336 | /   bitflags! {
[INFO] [stdout] 337 | |     /// Holds a set of bit flags representing the actions for the event.
[INFO] [stdout] 338 | |     ///
[INFO] [stdout] 339 | |     /// For a list of possible values, have a look at the [notify::op](index.html) documentation.
[INFO] [stdout] ...   |
[INFO] [stdout] 358 | |   }
[INFO] [stdout]     | |___^
[INFO] [stdout]     |
[INFO] [stdout]     = note: this warning originates in the macro `bitflags` (in Nightly builds, run with -Z macro-backtrace for more info)
[INFO] [stdout] 
[INFO] [stdout] 
[INFO] [stdout] warning: use of deprecated macro `try`: use the `?` operator instead
[INFO] [stdout]    --> src/notify/mod.rs:336:3
[INFO] [stdout]     |
[INFO] [stdout] 336 | /   bitflags! {
[INFO] [stdout] 337 | |     /// Holds a set of bit flags representing the actions for the event.
[INFO] [stdout] 338 | |     ///
[INFO] [stdout] 339 | |     /// For a list of possible values, have a look at the [notify::op](index.html) documentation.
[INFO] [stdout] ...   |
[INFO] [stdout] 358 | |   }
[INFO] [stdout]     | |___^
[INFO] [stdout]     |
[INFO] [stdout]     = note: this warning originates in the macro `bitflags` (in Nightly builds, run with -Z macro-backtrace for more info)
[INFO] [stdout] 
[INFO] [stdout] 
[INFO] [stdout] warning: unnecessary parentheses around block return value
[INFO] [stdout]    --> src/notify/mod.rs:479:9
[INFO] [stdout]     |
[INFO] [stdout] 479 |         (a1 == b1 && a2 == b2)
[INFO] [stdout]     |         ^                    ^
[INFO] [stdout]     |
[INFO] [stdout]     = note: `#[warn(unused_parens)]` (part of `#[warn(unused)]`) on by default
[INFO] [stdout] help: remove these parentheses
[INFO] [stdout]     |
[INFO] [stdout] 479 -         (a1 == b1 && a2 == b2)
[INFO] [stdout] 479 +         a1 == b1 && a2 == b2
[INFO] [stdout]     |
[INFO] [stdout] 
[INFO] [stdout] 
[INFO] [stdout] warning: trailing semicolon in macro used in expression position
[INFO] [stdout]    --> src/lib.rs:179:25
[INFO] [stdout]     |
[INFO] [stdout] 179 | /                         error!("yeah this should never happen. unable to send mpsc msg: {:?}",
[INFO] [stdout] 180 | |                                why)
[INFO] [stdout]     | |___________________________________^
[INFO] [stdout]     |
[INFO] [stdout]     = note: macro invocations at the end of a block are treated as expressions
[INFO] [stdout]     = note: to ignore the value produced by the macro, add a semicolon after the invocation of `error`
[INFO] [stdout]     = warning: this was previously accepted by the compiler but is being phased out; it will become a hard error in a future release!
[INFO] [stdout]     = note: for more information, see issue #79813 <https://github.com/rust-lang/rust/issues/79813>
[INFO] [stdout]     = note: this warning originates in the macro `error` (in Nightly builds, run with -Z macro-backtrace for more info)
[INFO] [stdout] 
[INFO] [stdout] 
[INFO] [stdout] warning: trailing semicolon in macro used in expression position
[INFO] [stdout]    --> src/lib.rs:185:21
[INFO] [stdout]     |
[INFO] [stdout] 185 | /                     error!("unable to serialize value to JSON, this is definitely a bug: {:?}",
[INFO] [stdout] 186 | |                            why)
[INFO] [stdout]     | |_______________________________^
[INFO] [stdout]     |
[INFO] [stdout]     = note: macro invocations at the end of a block are treated as expressions
[INFO] [stdout]     = note: to ignore the value produced by the macro, add a semicolon after the invocation of `error`
[INFO] [stdout]     = warning: this was previously accepted by the compiler but is being phased out; it will become a hard error in a future release!
[INFO] [stdout]     = note: for more information, see issue #79813 <https://github.com/rust-lang/rust/issues/79813>
[INFO] [stdout]     = note: this warning originates in the macro `error` (in Nightly builds, run with -Z macro-backtrace for more info)
[INFO] [stdout] 
[INFO] [stdout] 
[INFO] [stdout] warning: use of deprecated method `std::error::Error::description`: use the Display impl or to_string()
[INFO] [stdout]   --> src/lib.rs:55:3
[INFO] [stdout]    |
[INFO] [stdout] 55 | /   error_chain!{
[INFO] [stdout] 56 | |     foreign_links {
[INFO] [stdout] 57 | |       GlobError(::glob::PatternError);
[INFO] [stdout] 58 | |       JsonError(::serde_json::Error);
[INFO] [stdout] ...  |
[INFO] [stdout] 63 | |   }
[INFO] [stdout]    | |___^
[INFO] [stdout]    |
[INFO] [stdout]    = note: this warning originates in the macro `error_chain_processed` which comes from the expansion of the macro `error_chain` (in Nightly builds, run with -Z macro-backtrace for more info)
[INFO] [stdout] 
[INFO] [stdout] 
[INFO] [stdout] warning: use of deprecated trait `std::ascii::AsciiExt`: use inherent methods instead
[INFO] [stdout]  --> src/query.rs:1:17
[INFO] [stdout]   |
[INFO] [stdout] 1 | use std::ascii::AsciiExt;
[INFO] [stdout]   |                 ^^^^^^^^
[INFO] [stdout] 
[INFO] [stdout] 
[INFO] [stdout] warning: use of deprecated module `std::usize`: all constants in this module replaced by associated constants on the type
[INFO] [stdout]  --> src/query.rs:5:10
[INFO] [stdout]   |
[INFO] [stdout] 5 | use std::usize;
[INFO] [stdout]   |          ^^^^^
[INFO] [stdout] 
[INFO] [stdout] 
[INFO] [stdout] warning: use of deprecated constant `std::usize::MAX`: replaced by the `MAX` associated constant on this type
[INFO] [stdout]    --> src/query.rs:246:51
[INFO] [stdout]     |
[INFO] [stdout] 246 |             Comparator::Greater => (steps, usize::MAX),
[INFO] [stdout]     |                                                   ^^^
[INFO] [stdout] 
[INFO] [stdout] 
[INFO] [stdout] warning: use of deprecated constant `std::usize::MAX`: replaced by the `MAX` associated constant on this type
[INFO] [stdout]    --> src/query.rs:247:60
[INFO] [stdout]     |
[INFO] [stdout] 247 |             Comparator::GreaterEqual => (steps - 1, usize::MAX),
[INFO] [stdout]     |                                                            ^^^
[INFO] [stdout] 
[INFO] [stdout] 
[INFO] [stdout] warning: use of deprecated constant `std::usize::MAX`: replaced by the `MAX` associated constant on this type
[INFO] [stdout]    --> src/query.rs:250:22
[INFO] [stdout]     |
[INFO] [stdout] 250 |           (1, usize::MAX)
[INFO] [stdout]     |                      ^^^
[INFO] [stdout] 
[INFO] [stdout] 
[INFO] [stdout] warning: trait objects without an explicit `dyn` are deprecated
[INFO] [stdout]    --> src/notify/mod.rs:531:30
[INFO] [stdout]     |
[INFO] [stdout] 531 |   fn cause(&self) -> Option<&StdError> {
[INFO] [stdout]     |                              ^^^^^^^^
[INFO] [stdout]     |
[INFO] [stdout]     = warning: this is accepted in the current edition (Rust 2015) but is a hard error in Rust 2021!
[INFO] [stdout]     = note: for more information, see <https://doc.rust-lang.org/edition-guide/rust-2021/warnings-promoted-to-error.html>
[INFO] [stdout]     = note: `#[warn(bare_trait_objects)]` (part of `#[warn(rust_2021_compatibility)]`) on by default
[INFO] [stdout] help: if this is a dyn-compatible trait, use `dyn`
[INFO] [stdout]     |
[INFO] [stdout] 531 |   fn cause(&self) -> Option<&dyn StdError> {
[INFO] [stdout]     |                              +++
[INFO] [stdout] 
[INFO] [stdout] 
[INFO] [stdout] warning: use of deprecated method `std::error::Error::cause`: replaced by Error::source, which can support downcasting
[INFO] [stdout]   --> src/lib.rs:55:3
[INFO] [stdout]    |
[INFO] [stdout] 55 | /   error_chain!{
[INFO] [stdout] 56 | |     foreign_links {
[INFO] [stdout] 57 | |       GlobError(::glob::PatternError);
[INFO] [stdout] 58 | |       JsonError(::serde_json::Error);
[INFO] [stdout] ...  |
[INFO] [stdout] 63 | |   }
[INFO] [stdout]    | |___^
[INFO] [stdout]    |
[INFO] [stdout]    = note: this warning originates in the macro `error_chain_processed` which comes from the expansion of the macro `error_chain` (in Nightly builds, run with -Z macro-backtrace for more info)
[INFO] [stdout] 
[INFO] [stdout] 
[INFO] [stdout] warning: use of deprecated associated function `bitflags::core::num::<impl usize>::max_value`: replaced by the `MAX` associated constant on this type
[INFO] [stdout]    --> src/notify/poll.rs:101:56
[INFO] [stdout]     |
[INFO] [stdout] 101 |                   let depth = if is_recursive { usize::max_value() } else { 1 };
[INFO] [stdout]     |                                                        ^^^^^^^^^
[INFO] [stdout] 
[INFO] [stdout] 
[INFO] [stdout] warning: use of deprecated associated function `bitflags::core::num::<impl usize>::max_value`: replaced by the `MAX` associated constant on this type
[INFO] [stdout]    --> src/notify/poll.rs:223:22
[INFO] [stdout]     |
[INFO] [stdout] 223 |               usize::max_value()
[INFO] [stdout]     |                      ^^^^^^^^^
[INFO] [stdout] 
[INFO] [stdout] 
[INFO] [stdout] warning: use of deprecated method `std::error::Error::description`: use the Display impl or to_string()
[INFO] [stdout]    --> src/notify/mod.rs:511:33
[INFO] [stdout]     |
[INFO] [stdout] 511 |       Error::Io(ref err) => err.description(),
[INFO] [stdout]     |                                 ^^^^^^^^^^^
[INFO] [stdout] 
[INFO] [stdout] 
[INFO] [stdout] warning: unused import: `std::ascii::AsciiExt`
[INFO] [stdout]  --> src/query.rs:1:5
[INFO] [stdout]   |
[INFO] [stdout] 1 | use std::ascii::AsciiExt;
[INFO] [stdout]   |     ^^^^^^^^^^^^^^^^^^^^
[INFO] [stdout] 
[INFO] [stdout] 
[INFO] [stdout] warning: non-local `impl` definition, `impl` blocks should be written at the same level as their item
[INFO] [stdout]   --> src/fs_view.rs:20:39
[INFO] [stdout]    |
[INFO] [stdout] 20 | #[derive(Clone, Debug, Eq, PartialEq, Serialize)]
[INFO] [stdout]    |                                       ^^^^^^^^^
[INFO] [stdout]    |                                       |
[INFO] [stdout]    |                                       `FsNode` is not local
[INFO] [stdout]    |                                       `Serialize` is not local
[INFO] [stdout]    |                                       move the `impl` block outside of this constant `_IMPL_SERIALIZE_FOR_FsNode`
[INFO] [stdout]    |
[INFO] [stdout]    = note: the derive macro `Serialize` defines the non-local `impl`, and may need to be changed
[INFO] [stdout]    = note: the derive macro `Serialize` may come from an old version of the `serde_derive` crate, try updating your dependency with `cargo update -p serde_derive`
[INFO] [stdout]    = note: an `impl` is never scoped, even when it is nested inside an item, as it may impact type checking outside of that item, which can be the case if neither the trait or the self type are at the same nesting level as the `impl`
[INFO] [stdout]    = note: items in an anonymous const item (`const _: () = { ... }`) are treated as in the same scope as the anonymous const's declaration for the purpose of this lint
[INFO] [stdout]    = note: `#[warn(non_local_definitions)]` on by default
[INFO] [stdout]    = note: this warning originates in the derive macro `Serialize` (in Nightly builds, run with -Z macro-backtrace for more info)
[INFO] [stdout] 
[INFO] [stdout] 
[INFO] [stdout] warning: non-local `impl` definition, `impl` blocks should be written at the same level as their item
[INFO] [stdout]   --> src/fs_view.rs:28:30
[INFO] [stdout]    |
[INFO] [stdout] 28 | #[derive(Clone, Copy, Debug, Serialize)]
[INFO] [stdout]    |                              ^^^^^^^^^
[INFO] [stdout]    |                              |
[INFO] [stdout]    |                              `ChangeEvent` is not local
[INFO] [stdout]    |                              `Serialize` is not local
[INFO] [stdout]    |                              move the `impl` block outside of this constant `_IMPL_SERIALIZE_FOR_ChangeEvent`
[INFO] [stdout]    |
[INFO] [stdout]    = note: the derive macro `Serialize` defines the non-local `impl`, and may need to be changed
[INFO] [stdout]    = note: the derive macro `Serialize` may come from an old version of the `serde_derive` crate, try updating your dependency with `cargo update -p serde_derive`
[INFO] [stdout]    = note: an `impl` is never scoped, even when it is nested inside an item, as it may impact type checking outside of that item, which can be the case if neither the trait or the self type are at the same nesting level as the `impl`
[INFO] [stdout]    = note: items in an anonymous const item (`const _: () = { ... }`) are treated as in the same scope as the anonymous const's declaration for the purpose of this lint
[INFO] [stdout]    = note: this warning originates in the derive macro `Serialize` (in Nightly builds, run with -Z macro-backtrace for more info)
[INFO] [stdout] 
[INFO] [stdout] 
[INFO] [stdout] warning: non-local `impl` definition, `impl` blocks should be written at the same level as their item
[INFO] [stdout]   --> src/fs_view.rs:40:17
[INFO] [stdout]    |
[INFO] [stdout] 40 | #[derive(Debug, Serialize)]
[INFO] [stdout]    |                 ^^^^^^^^^
[INFO] [stdout]    |                 |
[INFO] [stdout]    |                 `FileEvent` is not local
[INFO] [stdout]    |                 `Serialize` is not local
[INFO] [stdout]    |                 move the `impl` block outside of this constant `_IMPL_SERIALIZE_FOR_FileEvent`
[INFO] [stdout]    |
[INFO] [stdout]    = note: the derive macro `Serialize` defines the non-local `impl`, and may need to be changed
[INFO] [stdout]    = note: the derive macro `Serialize` may come from an old version of the `serde_derive` crate, try updating your dependency with `cargo update -p serde_derive`
[INFO] [stdout]    = note: an `impl` is never scoped, even when it is nested inside an item, as it may impact type checking outside of that item, which can be the case if neither the trait or the self type are at the same nesting level as the `impl`
[INFO] [stdout]    = note: items in an anonymous const item (`const _: () = { ... }`) are treated as in the same scope as the anonymous const's declaration for the purpose of this lint
[INFO] [stdout]    = note: this warning originates in the derive macro `Serialize` (in Nightly builds, run with -Z macro-backtrace for more info)
[INFO] [stdout] 
[INFO] [stdout] 
[INFO] [stdout] warning: non-local `impl` definition, `impl` blocks should be written at the same level as their item
[INFO] [stdout]   --> src/fs_view.rs:46:17
[INFO] [stdout]    |
[INFO] [stdout] 46 | #[derive(Debug, Serialize)]
[INFO] [stdout]    |                 ^^^^^^^^^
[INFO] [stdout]    |                 |
[INFO] [stdout]    |                 `Notification` is not local
[INFO] [stdout]    |                 `Serialize` is not local
[INFO] [stdout]    |                 move the `impl` block outside of this constant `_IMPL_SERIALIZE_FOR_Notification`
[INFO] [stdout]    |
[INFO] [stdout]    = note: the derive macro `Serialize` defines the non-local `impl`, and may need to be changed
[INFO] [stdout]    = note: the derive macro `Serialize` may come from an old version of the `serde_derive` crate, try updating your dependency with `cargo update -p serde_derive`
[INFO] [stdout]    = note: an `impl` is never scoped, even when it is nested inside an item, as it may impact type checking outside of that item, which can be the case if neither the trait or the self type are at the same nesting level as the `impl`
[INFO] [stdout]    = note: items in an anonymous const item (`const _: () = { ... }`) are treated as in the same scope as the anonymous const's declaration for the purpose of this lint
[INFO] [stdout]    = note: this warning originates in the derive macro `Serialize` (in Nightly builds, run with -Z macro-backtrace for more info)
[INFO] [stdout] 
[INFO] [stdout] 
[INFO] [stdout] warning: non-local `impl` definition, `impl` blocks should be written at the same level as their item
[INFO] [stdout]   --> src/fs_view.rs:52:17
[INFO] [stdout]    |
[INFO] [stdout] 52 | #[derive(Debug, Serialize)]
[INFO] [stdout]    |                 ^^^^^^^^^
[INFO] [stdout]    |                 |
[INFO] [stdout]    |                 `FsRootNode` is not local
[INFO] [stdout]    |                 `Serialize` is not local
[INFO] [stdout]    |                 move the `impl` block outside of this constant `_IMPL_SERIALIZE_FOR_FsRootNode`
[INFO] [stdout]    |
[INFO] [stdout]    = note: the derive macro `Serialize` defines the non-local `impl`, and may need to be changed
[INFO] [stdout]    = note: the derive macro `Serialize` may come from an old version of the `serde_derive` crate, try updating your dependency with `cargo update -p serde_derive`
[INFO] [stdout]    = note: an `impl` is never scoped, even when it is nested inside an item, as it may impact type checking outside of that item, which can be the case if neither the trait or the self type are at the same nesting level as the `impl`
[INFO] [stdout]    = note: items in an anonymous const item (`const _: () = { ... }`) are treated as in the same scope as the anonymous const's declaration for the purpose of this lint
[INFO] [stdout]    = note: this warning originates in the derive macro `Serialize` (in Nightly builds, run with -Z macro-backtrace for more info)
[INFO] [stdout] 
[INFO] [stdout] 
[INFO] [stdout] warning: using `.clone()` on a double reference, which returns `&PathBuf` instead of cloning the inner type
[INFO] [stdout]    --> src/fs_view.rs:279:34
[INFO] [stdout]     |
[INFO] [stdout] 279 |               segments.entry(root.clone()).or_insert_with(|| Vec::new()).push(notif);
[INFO] [stdout]     |                                  ^^^^^^^^
[INFO] [stdout]     |
[INFO] [stdout]     = note: `#[warn(suspicious_double_ref_op)]` on by default
[INFO] [stdout] 
[INFO] [stdout] 
[INFO] [stdout] warning: non-local `impl` definition, `impl` blocks should be written at the same level as their item
[INFO] [stdout]    --> src/fs_view.rs:627:39
[INFO] [stdout]     |
[INFO] [stdout] 627 | #[derive(Clone, Debug, Eq, PartialEq, Serialize)]
[INFO] [stdout]     |                                       ^^^^^^^^^
[INFO] [stdout]     |                                       |
[INFO] [stdout]     |                                       `FsEntryType` is not local
[INFO] [stdout]     |                                       `Serialize` is not local
[INFO] [stdout]     |                                       move the `impl` block outside of this constant `_IMPL_SERIALIZE_FOR_FsEntryType`
[INFO] [stdout]     |
[INFO] [stdout]     = note: the derive macro `Serialize` defines the non-local `impl`, and may need to be changed
[INFO] [stdout]     = note: the derive macro `Serialize` may come from an old version of the `serde_derive` crate, try updating your dependency with `cargo update -p serde_derive`
[INFO] [stdout]     = note: an `impl` is never scoped, even when it is nested inside an item, as it may impact type checking outside of that item, which can be the case if neither the trait or the self type are at the same nesting level as the `impl`
[INFO] [stdout]     = note: items in an anonymous const item (`const _: () = { ... }`) are treated as in the same scope as the anonymous const's declaration for the purpose of this lint
[INFO] [stdout]     = note: this warning originates in the derive macro `Serialize` (in Nightly builds, run with -Z macro-backtrace for more info)
[INFO] [stdout] 
[INFO] [stdout] 
[INFO] [stdout] warning: non-local `impl` definition, `impl` blocks should be written at the same level as their item
[INFO] [stdout]    --> src/fs_view.rs:636:30
[INFO] [stdout]     |
[INFO] [stdout] 636 | #[derive(Clone, Copy, Debug, Deserialize, Eq, PartialEq, Serialize)]
[INFO] [stdout]     |                              ^^^^^^^^^^^
[INFO] [stdout]     |                              |
[INFO] [stdout]     |                              `FsItemType` is not local
[INFO] [stdout]     |                              `Deserialize` is not local
[INFO] [stdout]     |                              move the `impl` block outside of this constant `_IMPL_DESERIALIZE_FOR_FsItemType`
[INFO] [stdout]     |
[INFO] [stdout]     = note: the derive macro `Deserialize` defines the non-local `impl`, and may need to be changed
[INFO] [stdout]     = note: the derive macro `Deserialize` may come from an old version of the `serde_derive` crate, try updating your dependency with `cargo update -p serde_derive`
[INFO] [stdout]     = note: an `impl` is never scoped, even when it is nested inside an item, as it may impact type checking outside of that item, which can be the case if neither the trait or the self type are at the same nesting level as the `impl`
[INFO] [stdout]     = note: items in an anonymous const item (`const _: () = { ... }`) are treated as in the same scope as the anonymous const's declaration for the purpose of this lint
[INFO] [stdout]     = note: this warning originates in the derive macro `Deserialize` (in Nightly builds, run with -Z macro-backtrace for more info)
[INFO] [stdout] 
[INFO] [stdout] 
[INFO] [stdout] warning: non-local `impl` definition, `impl` blocks should be written at the same level as their item
[INFO] [stdout]    --> src/fs_view.rs:636:58
[INFO] [stdout]     |
[INFO] [stdout] 636 | #[derive(Clone, Copy, Debug, Deserialize, Eq, PartialEq, Serialize)]
[INFO] [stdout]     |                                                          ^^^^^^^^^
[INFO] [stdout]     |                                                          |
[INFO] [stdout]     |                                                          `FsItemType` is not local
[INFO] [stdout]     |                                                          `Serialize` is not local
[INFO] [stdout]     |                                                          move the `impl` block outside of this constant `_IMPL_SERIALIZE_FOR_FsItemType`
[INFO] [stdout]     |
[INFO] [stdout]     = note: the derive macro `Serialize` defines the non-local `impl`, and may need to be changed
[INFO] [stdout]     = note: the derive macro `Serialize` may come from an old version of the `serde_derive` crate, try updating your dependency with `cargo update -p serde_derive`
[INFO] [stdout]     = note: an `impl` is never scoped, even when it is nested inside an item, as it may impact type checking outside of that item, which can be the case if neither the trait or the self type are at the same nesting level as the `impl`
[INFO] [stdout]     = note: items in an anonymous const item (`const _: () = { ... }`) are treated as in the same scope as the anonymous const's declaration for the purpose of this lint
[INFO] [stdout]     = note: this warning originates in the derive macro `Serialize` (in Nightly builds, run with -Z macro-backtrace for more info)
[INFO] [stdout] 
[INFO] [stdout] 
[INFO] [stdout] warning: hiding a lifetime that's elided elsewhere is confusing
[INFO] [stdout]    --> src/fs_view.rs:655:11
[INFO] [stdout]     |
[INFO] [stdout] 655 |   fn path(&self) -> Cow<Path>;
[INFO] [stdout]     |           ^^^^^     ^^^^^^^^^ the same lifetime is hidden here
[INFO] [stdout]     |           |
[INFO] [stdout]     |           the lifetime is elided here
[INFO] [stdout]     |
[INFO] [stdout]     = help: the same lifetime is referred to in inconsistent ways, making the signature confusing
[INFO] [stdout]     = note: `#[warn(mismatched_lifetime_syntaxes)]` on by default
[INFO] [stdout] help: use `'_` for type paths
[INFO] [stdout]     |
[INFO] [stdout] 655 |   fn path(&self) -> Cow<'_, Path>;
[INFO] [stdout]     |                         +++
[INFO] [stdout] 
[INFO] [stdout] 
[INFO] [stdout] warning: hiding a lifetime that's elided elsewhere is confusing
[INFO] [stdout]    --> src/fs_view.rs:660:11
[INFO] [stdout]     |
[INFO] [stdout] 660 |   fn path(&self) -> Cow<Path> {
[INFO] [stdout]     |           ^^^^^     ^^^^^^^^^ the same lifetime is hidden here
[INFO] [stdout]     |           |
[INFO] [stdout]     |           the lifetime is elided here
[INFO] [stdout]     |
[INFO] [stdout]     = help: the same lifetime is referred to in inconsistent ways, making the signature confusing
[INFO] [stdout] help: use `'_` for type paths
[INFO] [stdout]     |
[INFO] [stdout] 660 |   fn path(&self) -> Cow<'_, Path> {
[INFO] [stdout]     |                         +++
[INFO] [stdout] 
[INFO] [stdout] 
[INFO] [stdout] warning: hiding a lifetime that's elided elsewhere is confusing
[INFO] [stdout]    --> src/fs_view.rs:683:11
[INFO] [stdout]     |
[INFO] [stdout] 683 |   fn path(&self) -> Cow<Path> {
[INFO] [stdout]     |           ^^^^^     ^^^^^^^^^ the same lifetime is hidden here
[INFO] [stdout]     |           |
[INFO] [stdout]     |           the lifetime is elided here
[INFO] [stdout]     |
[INFO] [stdout]     = help: the same lifetime is referred to in inconsistent ways, making the signature confusing
[INFO] [stdout] help: use `'_` for type paths
[INFO] [stdout]     |
[INFO] [stdout] 683 |   fn path(&self) -> Cow<'_, Path> {
[INFO] [stdout]     |                         +++
[INFO] [stdout] 
[INFO] [stdout] 
[INFO] [stdout] warning: hiding a lifetime that's elided elsewhere is confusing
[INFO] [stdout]    --> src/fs_view.rs:707:11
[INFO] [stdout]     |
[INFO] [stdout] 707 |   fn path(&self) -> Cow<Path> {
[INFO] [stdout]     |           ^^^^^     ^^^^^^^^^ the same lifetime is hidden here
[INFO] [stdout]     |           |
[INFO] [stdout]     |           the lifetime is elided here
[INFO] [stdout]     |
[INFO] [stdout]     = help: the same lifetime is referred to in inconsistent ways, making the signature confusing
[INFO] [stdout] help: use `'_` for type paths
[INFO] [stdout]     |
[INFO] [stdout] 707 |   fn path(&self) -> Cow<'_, Path> {
[INFO] [stdout]     |                         +++
[INFO] [stdout] 
[INFO] [stdout] 
[INFO] [stdout] warning: non-local `impl` definition, `impl` blocks should be written at the same level as their item
[INFO] [stdout]   --> src/query.rs:20:17
[INFO] [stdout]    |
[INFO] [stdout] 20 | #[derive(Debug, Deserialize)]
[INFO] [stdout]    |                 ^^^^^^^^^^^
[INFO] [stdout]    |                 |
[INFO] [stdout]    |                 `Query` is not local
[INFO] [stdout]    |                 `Deserialize` is not local
[INFO] [stdout]    |                 move the `impl` block outside of this constant `_IMPL_DESERIALIZE_FOR_Query`
[INFO] [stdout]    |
[INFO] [stdout]    = note: the derive macro `Deserialize` defines the non-local `impl`, and may need to be changed
[INFO] [stdout]    = note: the derive macro `Deserialize` may come from an old version of the `serde_derive` crate, try updating your dependency with `cargo update -p serde_derive`
[INFO] [stdout]    = note: an `impl` is never scoped, even when it is nested inside an item, as it may impact type checking outside of that item, which can be the case if neither the trait or the self type are at the same nesting level as the `impl`
[INFO] [stdout]    = note: items in an anonymous const item (`const _: () = { ... }`) are treated as in the same scope as the anonymous const's declaration for the purpose of this lint
[INFO] [stdout]    = note: this warning originates in the derive macro `Deserialize` (in Nightly builds, run with -Z macro-backtrace for more info)
[INFO] [stdout] 
[INFO] [stdout] 
[INFO] [stdout] warning: non-local `impl` definition, `impl` blocks should be written at the same level as their item
[INFO] [stdout]   --> src/query.rs:32:17
[INFO] [stdout]    |
[INFO] [stdout] 32 | #[derive(Debug, Deserialize)]
[INFO] [stdout]    |                 ^^^^^^^^^^^
[INFO] [stdout]    |                 |
[INFO] [stdout]    |                 `PartialQuery` is not local
[INFO] [stdout]    |                 `Deserialize` is not local
[INFO] [stdout]    |                 move the `impl` block outside of this constant `_IMPL_DESERIALIZE_FOR_PartialQuery`
[INFO] [stdout]    |
[INFO] [stdout]    = note: the derive macro `Deserialize` defines the non-local `impl`, and may need to be changed
[INFO] [stdout]    = note: the derive macro `Deserialize` may come from an old version of the `serde_derive` crate, try updating your dependency with `cargo update -p serde_derive`
[INFO] [stdout]    = note: an `impl` is never scoped, even when it is nested inside an item, as it may impact type checking outside of that item, which can be the case if neither the trait or the self type are at the same nesting level as the `impl`
[INFO] [stdout]    = note: items in an anonymous const item (`const _: () = { ... }`) are treated as in the same scope as the anonymous const's declaration for the purpose of this lint
[INFO] [stdout]    = note: this warning originates in the derive macro `Deserialize` (in Nightly builds, run with -Z macro-backtrace for more info)
[INFO] [stdout] 
[INFO] [stdout] 
[INFO] [stdout] warning: non-local `impl` definition, `impl` blocks should be written at the same level as their item
[INFO] [stdout]   --> src/query.rs:37:10
[INFO] [stdout]    |
[INFO] [stdout] 37 | #[derive(Serialize)]
[INFO] [stdout]    |          ^^^^^^^^^
[INFO] [stdout]    |          |
[INFO] [stdout]    |          `QueryResult` is not local
[INFO] [stdout]    |          `Serialize` is not local
[INFO] [stdout]    |          move the `impl` block outside of this constant `_IMPL_SERIALIZE_FOR_QueryResult`
[INFO] [stdout]    |
[INFO] [stdout]    = note: the derive macro `Serialize` defines the non-local `impl`, and may need to be changed
[INFO] [stdout]    = note: the derive macro `Serialize` may come from an old version of the `serde_derive` crate, try updating your dependency with `cargo update -p serde_derive`
[INFO] [stdout]    = note: an `impl` is never scoped, even when it is nested inside an item, as it may impact type checking outside of that item, which can be the case if neither the trait or the self type are at the same nesting level as the `impl`
[INFO] [stdout]    = note: items in an anonymous const item (`const _: () = { ... }`) are treated as in the same scope as the anonymous const's declaration for the purpose of this lint
[INFO] [stdout]    = note: this warning originates in the derive macro `Serialize` (in Nightly builds, run with -Z macro-backtrace for more info)
[INFO] [stdout] 
[INFO] [stdout] 
[INFO] [stdout] warning: non-local `impl` definition, `impl` blocks should be written at the same level as their item
[INFO] [stdout]   --> src/query.rs:43:17
[INFO] [stdout]    |
[INFO] [stdout] 43 | #[derive(Debug, Serialize)]
[INFO] [stdout]    |                 ^^^^^^^^^
[INFO] [stdout]    |                 |
[INFO] [stdout]    |                 `QueryError` is not local
[INFO] [stdout]    |                 `Serialize` is not local
[INFO] [stdout]    |                 move the `impl` block outside of this constant `_IMPL_SERIALIZE_FOR_QueryError`
[INFO] [stdout]    |
[INFO] [stdout]    = note: the derive macro `Serialize` defines the non-local `impl`, and may need to be changed
[INFO] [stdout]    = note: the derive macro `Serialize` may come from an old version of the `serde_derive` crate, try updating your dependency with `cargo update -p serde_derive`
[INFO] [stdout]    = note: an `impl` is never scoped, even when it is nested inside an item, as it may impact type checking outside of that item, which can be the case if neither the trait or the self type are at the same nesting level as the `impl`
[INFO] [stdout]    = note: items in an anonymous const item (`const _: () = { ... }`) are treated as in the same scope as the anonymous const's declaration for the purpose of this lint
[INFO] [stdout]    = note: this warning originates in the derive macro `Serialize` (in Nightly builds, run with -Z macro-backtrace for more info)
[INFO] [stdout] 
[INFO] [stdout] 
[INFO] [stdout] warning: non-local `impl` definition, `impl` blocks should be written at the same level as their item
[INFO] [stdout]   --> src/query.rs:53:17
[INFO] [stdout]    |
[INFO] [stdout] 53 | #[derive(Debug, Serialize)]
[INFO] [stdout]    |                 ^^^^^^^^^
[INFO] [stdout]    |                 |
[INFO] [stdout]    |                 `FileResult` is not local
[INFO] [stdout]    |                 `Serialize` is not local
[INFO] [stdout]    |                 move the `impl` block outside of this constant `_IMPL_SERIALIZE_FOR_FileResult`
[INFO] [stdout]    |
[INFO] [stdout]    = note: the derive macro `Serialize` defines the non-local `impl`, and may need to be changed
[INFO] [stdout]    = note: the derive macro `Serialize` may come from an old version of the `serde_derive` crate, try updating your dependency with `cargo update -p serde_derive`
[INFO] [stdout]    = note: an `impl` is never scoped, even when it is nested inside an item, as it may impact type checking outside of that item, which can be the case if neither the trait or the self type are at the same nesting level as the `impl`
[INFO] [stdout]    = note: items in an anonymous const item (`const _: () = { ... }`) are treated as in the same scope as the anonymous const's declaration for the purpose of this lint
[INFO] [stdout]    = note: this warning originates in the derive macro `Serialize` (in Nightly builds, run with -Z macro-backtrace for more info)
[INFO] [stdout] 
[INFO] [stdout] 
[INFO] [stdout] warning: non-local `impl` definition, `impl` blocks should be written at the same level as their item
[INFO] [stdout]   --> src/query.rs:87:17
[INFO] [stdout]    |
[INFO] [stdout] 87 | #[derive(Debug, Deserialize, Serialize)]
[INFO] [stdout]    |                 ^^^^^^^^^^^
[INFO] [stdout]    |                 |
[INFO] [stdout]    |                 `QueryExpression` is not local
[INFO] [stdout]    |                 `Deserialize` is not local
[INFO] [stdout]    |                 move the `impl` block outside of this constant `_IMPL_DESERIALIZE_FOR_QueryExpression`
[INFO] [stdout]    |
[INFO] [stdout]    = note: the derive macro `Deserialize` defines the non-local `impl`, and may need to be changed
[INFO] [stdout]    = note: the derive macro `Deserialize` may come from an old version of the `serde_derive` crate, try updating your dependency with `cargo update -p serde_derive`
[INFO] [stdout]    = note: an `impl` is never scoped, even when it is nested inside an item, as it may impact type checking outside of that item, which can be the case if neither the trait or the self type are at the same nesting level as the `impl`
[INFO] [stdout]    = note: items in an anonymous const item (`const _: () = { ... }`) are treated as in the same scope as the anonymous const's declaration for the purpose of this lint
[INFO] [stdout]    = note: this warning originates in the derive macro `Deserialize` (in Nightly builds, run with -Z macro-backtrace for more info)
[INFO] [stdout] 
[INFO] [stdout] 
[INFO] [stdout] warning: non-local `impl` definition, `impl` blocks should be written at the same level as their item
[INFO] [stdout]   --> src/query.rs:87:30
[INFO] [stdout]    |
[INFO] [stdout] 87 | #[derive(Debug, Deserialize, Serialize)]
[INFO] [stdout]    |                              ^^^^^^^^^
[INFO] [stdout]    |                              |
[INFO] [stdout]    |                              `QueryExpression` is not local
[INFO] [stdout]    |                              `Serialize` is not local
[INFO] [stdout]    |                              move the `impl` block outside of this constant `_IMPL_SERIALIZE_FOR_QueryExpression`
[INFO] [stdout]    |
[INFO] [stdout]    = note: the derive macro `Serialize` defines the non-local `impl`, and may need to be changed
[INFO] [stdout]    = note: the derive macro `Serialize` may come from an old version of the `serde_derive` crate, try updating your dependency with `cargo update -p serde_derive`
[INFO] [stdout]    = note: an `impl` is never scoped, even when it is nested inside an item, as it may impact type checking outside of that item, which can be the case if neither the trait or the self type are at the same nesting level as the `impl`
[INFO] [stdout]    = note: items in an anonymous const item (`const _: () = { ... }`) are treated as in the same scope as the anonymous const's declaration for the purpose of this lint
[INFO] [stdout]    = note: this warning originates in the derive macro `Serialize` (in Nightly builds, run with -Z macro-backtrace for more info)
[INFO] [stdout] 
[INFO] [stdout] 
[INFO] [stdout] warning: hiding a lifetime that's elided elsewhere is confusing
[INFO] [stdout]    --> src/query.rs:313:29
[INFO] [stdout]     |
[INFO] [stdout] 313 | fn node_name_to_match(node: &FsNode, match_ty: FilenameMatchType) -> Cow<str> {
[INFO] [stdout]     |                             ^^^^^^^ the lifetime is elided here      ^^^^^^^^ the same lifetime is hidden here
[INFO] [stdout]     |
[INFO] [stdout]     = help: the same lifetime is referred to in inconsistent ways, making the signature confusing
[INFO] [stdout] help: use `'_` for type paths
[INFO] [stdout]     |
[INFO] [stdout] 313 | fn node_name_to_match(node: &FsNode, match_ty: FilenameMatchType) -> Cow<'_, str> {
[INFO] [stdout]     |                                                                          +++
[INFO] [stdout] 
[INFO] [stdout] 
[INFO] [stdout] warning: non-local `impl` definition, `impl` blocks should be written at the same level as their item
[INFO] [stdout]    --> src/query.rs:320:30
[INFO] [stdout]     |
[INFO] [stdout] 320 | #[derive(Clone, Copy, Debug, Deserialize, Serialize)]
[INFO] [stdout]     |                              ^^^^^^^^^^^
[INFO] [stdout]     |                              |
[INFO] [stdout]     |                              `DepthSpec` is not local
[INFO] [stdout]     |                              `Deserialize` is not local
[INFO] [stdout]     |                              move the `impl` block outside of this constant `_IMPL_DESERIALIZE_FOR_DepthSpec`
[INFO] [stdout]     |
[INFO] [stdout]     = note: the derive macro `Deserialize` defines the non-local `impl`, and may need to be changed
[INFO] [stdout]     = note: the derive macro `Deserialize` may come from an old version of the `serde_derive` crate, try updating your dependency with `cargo update -p serde_derive`
[INFO] [stdout]     = note: an `impl` is never scoped, even when it is nested inside an item, as it may impact type checking outside of that item, which can be the case if neither the trait or the self type are at the same nesting level as the `impl`
[INFO] [stdout]     = note: items in an anonymous const item (`const _: () = { ... }`) are treated as in the same scope as the anonymous const's declaration for the purpose of this lint
[INFO] [stdout]     = note: this warning originates in the derive macro `Deserialize` (in Nightly builds, run with -Z macro-backtrace for more info)
[INFO] [stdout] 
[INFO] [stdout] 
[INFO] [stdout] warning: non-local `impl` definition, `impl` blocks should be written at the same level as their item
[INFO] [stdout]    --> src/query.rs:320:43
[INFO] [stdout]     |
[INFO] [stdout] 320 | #[derive(Clone, Copy, Debug, Deserialize, Serialize)]
[INFO] [stdout]     |                                           ^^^^^^^^^
[INFO] [stdout]     |                                           |
[INFO] [stdout]     |                                           `DepthSpec` is not local
[INFO] [stdout]     |                                           `Serialize` is not local
[INFO] [stdout]     |                                           move the `impl` block outside of this constant `_IMPL_SERIALIZE_FOR_DepthSpec`
[INFO] [stdout]     |
[INFO] [stdout]     = note: the derive macro `Serialize` defines the non-local `impl`, and may need to be changed
[INFO] [stdout]     = note: the derive macro `Serialize` may come from an old version of the `serde_derive` crate, try updating your dependency with `cargo update -p serde_derive`
[INFO] [stdout]     = note: an `impl` is never scoped, even when it is nested inside an item, as it may impact type checking outside of that item, which can be the case if neither the trait or the self type are at the same nesting level as the `impl`
[INFO] [stdout]     = note: items in an anonymous const item (`const _: () = { ... }`) are treated as in the same scope as the anonymous const's declaration for the purpose of this lint
[INFO] [stdout]     = note: this warning originates in the derive macro `Serialize` (in Nightly builds, run with -Z macro-backtrace for more info)
[INFO] [stdout] 
[INFO] [stdout] 
[INFO] [stdout] warning: non-local `impl` definition, `impl` blocks should be written at the same level as their item
[INFO] [stdout]    --> src/query.rs:326:30
[INFO] [stdout]     |
[INFO] [stdout] 326 | #[derive(Clone, Copy, Debug, Deserialize, Serialize)]
[INFO] [stdout]     |                              ^^^^^^^^^^^
[INFO] [stdout]     |                              |
[INFO] [stdout]     |                              `Comparator` is not local
[INFO] [stdout]     |                              `Deserialize` is not local
[INFO] [stdout]     |                              move the `impl` block outside of this constant `_IMPL_DESERIALIZE_FOR_Comparator`
[INFO] [stdout]     |
[INFO] [stdout]     = note: the derive macro `Deserialize` defines the non-local `impl`, and may need to be changed
[INFO] [stdout]     = note: the derive macro `Deserialize` may come from an old version of the `serde_derive` crate, try updating your dependency with `cargo update -p serde_derive`
[INFO] [stdout]     = note: an `impl` is never scoped, even when it is nested inside an item, as it may impact type checking outside of that item, which can be the case if neither the trait or the self type are at the same nesting level as the `impl`
[INFO] [stdout]     = note: items in an anonymous const item (`const _: () = { ... }`) are treated as in the same scope as the anonymous const's declaration for the purpose of this lint
[INFO] [stdout]     = note: this warning originates in the derive macro `Deserialize` (in Nightly builds, run with -Z macro-backtrace for more info)
[INFO] [stdout] 
[INFO] [stdout] 
[INFO] [stdout] warning: non-local `impl` definition, `impl` blocks should be written at the same level as their item
[INFO] [stdout]    --> src/query.rs:326:43
[INFO] [stdout]     |
[INFO] [stdout] 326 | #[derive(Clone, Copy, Debug, Deserialize, Serialize)]
[INFO] [stdout]     |                                           ^^^^^^^^^
[INFO] [stdout]     |                                           |
[INFO] [stdout]     |                                           `Comparator` is not local
[INFO] [stdout]     |                                           `Serialize` is not local
[INFO] [stdout]     |                                           move the `impl` block outside of this constant `_IMPL_SERIALIZE_FOR_Comparator`
[INFO] [stdout]     |
[INFO] [stdout]     = note: the derive macro `Serialize` defines the non-local `impl`, and may need to be changed
[INFO] [stdout]     = note: the derive macro `Serialize` may come from an old version of the `serde_derive` crate, try updating your dependency with `cargo update -p serde_derive`
[INFO] [stdout]     = note: an `impl` is never scoped, even when it is nested inside an item, as it may impact type checking outside of that item, which can be the case if neither the trait or the self type are at the same nesting level as the `impl`
[INFO] [stdout]     = note: items in an anonymous const item (`const _: () = { ... }`) are treated as in the same scope as the anonymous const's declaration for the purpose of this lint
[INFO] [stdout]     = note: this warning originates in the derive macro `Serialize` (in Nightly builds, run with -Z macro-backtrace for more info)
[INFO] [stdout] 
[INFO] [stdout] 
[INFO] [stdout] warning: non-local `impl` definition, `impl` blocks should be written at the same level as their item
[INFO] [stdout]    --> src/query.rs:352:30
[INFO] [stdout]     |
[INFO] [stdout] 352 | #[derive(Clone, Copy, Debug, Deserialize, Serialize)]
[INFO] [stdout]     |                              ^^^^^^^^^^^
[INFO] [stdout]     |                              |
[INFO] [stdout]     |                              `FilenameMatchType` is not local
[INFO] [stdout]     |                              `Deserialize` is not local
[INFO] [stdout]     |                              move the `impl` block outside of this constant `_IMPL_DESERIALIZE_FOR_FilenameMatchType`
[INFO] [stdout]     |
[INFO] [stdout]     = note: the derive macro `Deserialize` defines the non-local `impl`, and may need to be changed
[INFO] [stdout]     = note: the derive macro `Deserialize` may come from an old version of the `serde_derive` crate, try updating your dependency with `cargo update -p serde_derive`
[INFO] [stdout]     = note: an `impl` is never scoped, even when it is nested inside an item, as it may impact type checking outside of that item, which can be the case if neither the trait or the self type are at the same nesting level as the `impl`
[INFO] [stdout]     = note: items in an anonymous const item (`const _: () = { ... }`) are treated as in the same scope as the anonymous const's declaration for the purpose of this lint
[INFO] [stdout]     = note: this warning originates in the derive macro `Deserialize` (in Nightly builds, run with -Z macro-backtrace for more info)
[INFO] [stdout] 
[INFO] [stdout] 
[INFO] [stdout] warning: non-local `impl` definition, `impl` blocks should be written at the same level as their item
[INFO] [stdout]    --> src/query.rs:352:43
[INFO] [stdout]     |
[INFO] [stdout] 352 | #[derive(Clone, Copy, Debug, Deserialize, Serialize)]
[INFO] [stdout]     |                                           ^^^^^^^^^
[INFO] [stdout]     |                                           |
[INFO] [stdout]     |                                           `FilenameMatchType` is not local
[INFO] [stdout]     |                                           `Serialize` is not local
[INFO] [stdout]     |                                           move the `impl` block outside of this constant `_IMPL_SERIALIZE_FOR_FilenameMatchType`
[INFO] [stdout]     |
[INFO] [stdout]     = note: the derive macro `Serialize` defines the non-local `impl`, and may need to be changed
[INFO] [stdout]     = note: the derive macro `Serialize` may come from an old version of the `serde_derive` crate, try updating your dependency with `cargo update -p serde_derive`
[INFO] [stdout]     = note: an `impl` is never scoped, even when it is nested inside an item, as it may impact type checking outside of that item, which can be the case if neither the trait or the self type are at the same nesting level as the `impl`
[INFO] [stdout]     = note: items in an anonymous const item (`const _: () = { ... }`) are treated as in the same scope as the anonymous const's declaration for the purpose of this lint
[INFO] [stdout]     = note: this warning originates in the derive macro `Serialize` (in Nightly builds, run with -Z macro-backtrace for more info)
[INFO] [stdout] 
[INFO] [stdout] 
[INFO] [stderr]     Finished `release` profile [optimized] target(s) in 48.39s
[INFO] [stderr] warning: the following packages contain code that will be rejected by a future version of Rust: bitflags v0.4.0, bitflags v0.7.0, syn v0.11.4
[INFO] [stderr] note: to see what the problems were, use the option `--future-incompat-report`, or run `cargo report future-incompatibilities --id 4`
[INFO] running `Command { std: "docker" "inspect" "af314a85709d5e84b05352f728d29f8095df82d753d36f9ee50a5fc39ad50e96", kill_on_drop: false }`
[INFO] running `Command { std: "docker" "exec" "-e" "SOURCE_DIR=/opt/rustwide/workdir" "-e" "CARGO_HOME=/opt/rustwide/cargo-home" "-e" "RUSTUP_HOME=/opt/rustwide/rustup-home" "-e" "CARGO_TARGET_DIR=/opt/rustwide/target" "-e" "CARGO_INCREMENTAL=0" "-e" "RUST_BACKTRACE=full" "-e" "RUSTFLAGS=--cap-lints=warn" "-e" "RUSTDOCFLAGS=--cap-lints=warn" "-w" "/opt/rustwide/workdir" "--user" "0:0" "af314a85709d5e84b05352f728d29f8095df82d753d36f9ee50a5fc39ad50e96" "/opt/rustwide/cargo-home/bin/cargo" "+1.99.0-beta.8" "test" "--frozen" "--no-run" "--message-format=json" "--release", kill_on_drop: false }`
[INFO] [stderr] warning: Cargo.toml: `package.edition` is unspecified, defaulting to `2015` while the latest is `2024`
[INFO] [stderr] warning: `fomo` (manifest) generated 1 warning
[INFO] [stdout] warning: trailing semicolon in macro used in expression position
[INFO] [stdout]    --> src/fs_view.rs:135:12
[INFO] [stdout]     |
[INFO] [stdout] 135 |       _ => bail!("Found a non-directory node when ensuring parent of a node was in the tree"),
[INFO] [stdout]     |            ^^^^^^^^^^^^^^^^^^^^^^^^^^^^^^^^^^^^^^^^^^^^^^^^^^^^^^^^^^^^^^^^^^^^^^^^^^^^^^^^^^
[INFO] [stdout]     |
[INFO] [stdout]     = warning: this was previously accepted by the compiler but is being phased out; it will become a hard error in a future release!
[INFO] [stdout]     = note: for more information, see issue #79813 <https://github.com/rust-lang/rust/issues/79813>
[INFO] [stdout]     = note: `#[warn(semicolon_in_expressions_from_non_local_macros)]` (part of `#[warn(future_incompatible)]`) on by default
[INFO] [stdout]     = note: this warning originates in the macro `bail` (in Nightly builds, run with -Z macro-backtrace for more info)
[INFO] [stdout] 
[INFO] [stdout] 
[INFO] [stdout] warning: trailing semicolon in macro used in expression position
[INFO] [stdout]    --> src/fs_view.rs:358:18
[INFO] [stdout]     |
[INFO] [stdout] 358 |             _ => bail!("Found a non-directory as the parent of a node."),
[INFO] [stdout]     |                  ^^^^^^^^^^^^^^^^^^^^^^^^^^^^^^^^^^^^^^^^^^^^^^^^^^^^^^^
[INFO] [stdout]     |
[INFO] [stdout]     = warning: this was previously accepted by the compiler but is being phased out; it will become a hard error in a future release!
[INFO] [stdout]     = note: for more information, see issue #79813 <https://github.com/rust-lang/rust/issues/79813>
[INFO] [stdout]     = note: this warning originates in the macro `bail` (in Nightly builds, run with -Z macro-backtrace for more info)
[INFO] [stdout] 
[INFO] [stdout] 
[INFO] [stdout] warning: trailing semicolon in macro used in expression position
[INFO] [stdout]    --> src/fs_view.rs:384:17
[INFO] [stdout]     |
[INFO] [stdout] 384 |         None => bail!("non unicode filename found"),
[INFO] [stdout]     |                 ^^^^^^^^^^^^^^^^^^^^^^^^^^^^^^^^^^^
[INFO] [stdout]     |
[INFO] [stdout]     = warning: this was previously accepted by the compiler but is being phased out; it will become a hard error in a future release!
[INFO] [stdout]     = note: for more information, see issue #79813 <https://github.com/rust-lang/rust/issues/79813>
[INFO] [stdout]     = note: this warning originates in the macro `bail` (in Nightly builds, run with -Z macro-backtrace for more info)
[INFO] [stdout] 
[INFO] [stdout] 
[INFO] [stdout] warning: trailing semicolon in macro used in expression position
[INFO] [stdout]    --> src/fs_view.rs:395:14
[INFO] [stdout]     |
[INFO] [stdout] 395 |         _ => bail!("Files should not exist in the middle of a path component."),
[INFO] [stdout]     |              ^^^^^^^^^^^^^^^^^^^^^^^^^^^^^^^^^^^^^^^^^^^^^^^^^^^^^^^^^^^^^^^^^^
[INFO] [stdout]     |
[INFO] [stdout]     = warning: this was previously accepted by the compiler but is being phased out; it will become a hard error in a future release!
[INFO] [stdout]     = note: for more information, see issue #79813 <https://github.com/rust-lang/rust/issues/79813>
[INFO] [stdout]     = note: this warning originates in the macro `bail` (in Nightly builds, run with -Z macro-backtrace for more info)
[INFO] [stdout] 
[INFO] [stdout] 
[INFO] [stderr]    Compiling rand v0.3.15
[INFO] [stdout] warning: trailing semicolon in macro used in expression position
[INFO] [stdout]    --> src/fs_view.rs:518:19
[INFO] [stdout]     |
[INFO] [stdout] 518 |           None => bail!("non-unicode filename"),
[INFO] [stdout]     |                   ^^^^^^^^^^^^^^^^^^^^^^^^^^^^^
[INFO] [stdout]     |
[INFO] [stdout]     = warning: this was previously accepted by the compiler but is being phased out; it will become a hard error in a future release!
[INFO] [stdout]     = note: for more information, see issue #79813 <https://github.com/rust-lang/rust/issues/79813>
[INFO] [stdout]     = note: this warning originates in the macro `bail` (in Nightly builds, run with -Z macro-backtrace for more info)
[INFO] [stdout] 
[INFO] [stdout] 
[INFO] [stdout] warning: trailing semicolon in macro used in expression position
[INFO] [stdout]    --> src/fs_view.rs:521:15
[INFO] [stdout]     |
[INFO] [stdout] 521 |       None => bail!("walkdir gave us a relative path"),
[INFO] [stdout]     |               ^^^^^^^^^^^^^^^^^^^^^^^^^^^^^^^^^^^^^^^^
[INFO] [stdout]     |
[INFO] [stdout]     = warning: this was previously accepted by the compiler but is being phased out; it will become a hard error in a future release!
[INFO] [stdout]     = note: for more information, see issue #79813 <https://github.com/rust-lang/rust/issues/79813>
[INFO] [stdout]     = note: this warning originates in the macro `bail` (in Nightly builds, run with -Z macro-backtrace for more info)
[INFO] [stdout] 
[INFO] [stdout] 
[INFO] [stdout] warning: unused import: `DebouncedEvent`
[INFO] [stdout]   --> src/notify/inotify/mod.rs:25:13
[INFO] [stdout]    |
[INFO] [stdout] 25 | use super::{DebouncedEvent, Error, Op, RawEvent, RecursiveMode, Result, Watcher, op};
[INFO] [stdout]    |             ^^^^^^^^^^^^^^
[INFO] [stdout]    |
[INFO] [stdout]    = note: `#[warn(unused_imports)]` (part of `#[warn(unused)]`) on by default
[INFO] [stdout] 
[INFO] [stdout] 
[INFO] [stdout] warning: use of deprecated macro `try`: use the `?` operator instead
[INFO] [stdout]    --> src/notify/inotify/flags.rs:3:1
[INFO] [stdout]     |
[INFO] [stdout]   3 | / bitflags! {
[INFO] [stdout]   4 | |   pub flags Mask: u32 {
[INFO] [stdout]   5 | |     #[doc = " Event: File was accessed."]
[INFO] [stdout]   6 | |     #[doc = " "]
[INFO] [stdout] ...   |
[INFO] [stdout] 178 | | }
[INFO] [stdout]     | |_^
[INFO] [stdout]     |
[INFO] [stdout]     = note: `#[warn(deprecated)]` on by default
[INFO] [stdout]     = note: this warning originates in the macro `bitflags` (in Nightly builds, run with -Z macro-backtrace for more info)
[INFO] [stdout] 
[INFO] [stdout] 
[INFO] [stdout] warning: use of deprecated macro `try`: use the `?` operator instead
[INFO] [stdout]    --> src/notify/inotify/flags.rs:3:1
[INFO] [stdout]     |
[INFO] [stdout]   3 | / bitflags! {
[INFO] [stdout]   4 | |   pub flags Mask: u32 {
[INFO] [stdout]   5 | |     #[doc = " Event: File was accessed."]
[INFO] [stdout]   6 | |     #[doc = " "]
[INFO] [stdout] ...   |
[INFO] [stdout] 178 | | }
[INFO] [stdout]     | |_^
[INFO] [stdout]     |
[INFO] [stdout]     = note: this warning originates in the macro `bitflags` (in Nightly builds, run with -Z macro-backtrace for more info)
[INFO] [stdout] 
[INFO] [stdout] 
[INFO] [stdout] warning: use of deprecated macro `try`: use the `?` operator instead
[INFO] [stdout]    --> src/notify/mod.rs:336:3
[INFO] [stdout]     |
[INFO] [stdout] 336 | /   bitflags! {
[INFO] [stdout] 337 | |     /// Holds a set of bit flags representing the actions for the event.
[INFO] [stdout] 338 | |     ///
[INFO] [stdout] 339 | |     /// For a list of possible values, have a look at the [notify::op](index.html) documentation.
[INFO] [stdout] ...   |
[INFO] [stdout] 358 | |   }
[INFO] [stdout]     | |___^
[INFO] [stdout]     |
[INFO] [stdout]     = note: this warning originates in the macro `bitflags` (in Nightly builds, run with -Z macro-backtrace for more info)
[INFO] [stdout] 
[INFO] [stdout] 
[INFO] [stdout] warning: use of deprecated macro `try`: use the `?` operator instead
[INFO] [stdout]    --> src/notify/mod.rs:336:3
[INFO] [stdout]     |
[INFO] [stdout] 336 | /   bitflags! {
[INFO] [stdout] 337 | |     /// Holds a set of bit flags representing the actions for the event.
[INFO] [stdout] 338 | |     ///
[INFO] [stdout] 339 | |     /// For a list of possible values, have a look at the [notify::op](index.html) documentation.
[INFO] [stdout] ...   |
[INFO] [stdout] 358 | |   }
[INFO] [stdout]     | |___^
[INFO] [stdout]     |
[INFO] [stdout]     = note: this warning originates in the macro `bitflags` (in Nightly builds, run with -Z macro-backtrace for more info)
[INFO] [stdout] 
[INFO] [stdout] 
[INFO] [stdout] warning: unnecessary parentheses around block return value
[INFO] [stdout]    --> src/notify/mod.rs:479:9
[INFO] [stdout]     |
[INFO] [stdout] 479 |         (a1 == b1 && a2 == b2)
[INFO] [stdout]     |         ^                    ^
[INFO] [stdout]     |
[INFO] [stdout]     = note: `#[warn(unused_parens)]` (part of `#[warn(unused)]`) on by default
[INFO] [stdout] help: remove these parentheses
[INFO] [stdout]     |
[INFO] [stdout] 479 -         (a1 == b1 && a2 == b2)
[INFO] [stdout] 479 +         a1 == b1 && a2 == b2
[INFO] [stdout]     |
[INFO] [stdout] 
[INFO] [stdout] 
[INFO] [stdout] warning: trailing semicolon in macro used in expression position
[INFO] [stdout]    --> src/lib.rs:179:25
[INFO] [stdout]     |
[INFO] [stdout] 179 | /                         error!("yeah this should never happen. unable to send mpsc msg: {:?}",
[INFO] [stdout] 180 | |                                why)
[INFO] [stdout]     | |___________________________________^
[INFO] [stdout]     |
[INFO] [stdout]     = note: macro invocations at the end of a block are treated as expressions
[INFO] [stdout]     = note: to ignore the value produced by the macro, add a semicolon after the invocation of `error`
[INFO] [stdout]     = warning: this was previously accepted by the compiler but is being phased out; it will become a hard error in a future release!
[INFO] [stdout]     = note: for more information, see issue #79813 <https://github.com/rust-lang/rust/issues/79813>
[INFO] [stdout]     = note: this warning originates in the macro `error` (in Nightly builds, run with -Z macro-backtrace for more info)
[INFO] [stdout] 
[INFO] [stdout] 
[INFO] [stdout] warning: trailing semicolon in macro used in expression position
[INFO] [stdout]    --> src/lib.rs:185:21
[INFO] [stdout]     |
[INFO] [stdout] 185 | /                     error!("unable to serialize value to JSON, this is definitely a bug: {:?}",
[INFO] [stdout] 186 | |                            why)
[INFO] [stdout]     | |_______________________________^
[INFO] [stdout]     |
[INFO] [stdout]     = note: macro invocations at the end of a block are treated as expressions
[INFO] [stdout]     = note: to ignore the value produced by the macro, add a semicolon after the invocation of `error`
[INFO] [stdout]     = warning: this was previously accepted by the compiler but is being phased out; it will become a hard error in a future release!
[INFO] [stdout]     = note: for more information, see issue #79813 <https://github.com/rust-lang/rust/issues/79813>
[INFO] [stdout]     = note: this warning originates in the macro `error` (in Nightly builds, run with -Z macro-backtrace for more info)
[INFO] [stdout] 
[INFO] [stdout] 
[INFO] [stdout] warning: use of deprecated method `std::error::Error::description`: use the Display impl or to_string()
[INFO] [stdout]   --> src/lib.rs:55:3
[INFO] [stdout]    |
[INFO] [stdout] 55 | /   error_chain!{
[INFO] [stdout] 56 | |     foreign_links {
[INFO] [stdout] 57 | |       GlobError(::glob::PatternError);
[INFO] [stdout] 58 | |       JsonError(::serde_json::Error);
[INFO] [stdout] ...  |
[INFO] [stdout] 63 | |   }
[INFO] [stdout]    | |___^
[INFO] [stdout]    |
[INFO] [stdout]    = note: this warning originates in the macro `error_chain_processed` which comes from the expansion of the macro `error_chain` (in Nightly builds, run with -Z macro-backtrace for more info)
[INFO] [stdout] 
[INFO] [stdout] 
[INFO] [stdout] warning: use of deprecated trait `std::ascii::AsciiExt`: use inherent methods instead
[INFO] [stdout]  --> src/query.rs:1:17
[INFO] [stdout]   |
[INFO] [stdout] 1 | use std::ascii::AsciiExt;
[INFO] [stdout]   |                 ^^^^^^^^
[INFO] [stdout] 
[INFO] [stdout] 
[INFO] [stdout] warning: use of deprecated module `std::usize`: all constants in this module replaced by associated constants on the type
[INFO] [stdout]  --> src/query.rs:5:10
[INFO] [stdout]   |
[INFO] [stdout] 5 | use std::usize;
[INFO] [stdout]   |          ^^^^^
[INFO] [stdout] 
[INFO] [stdout] 
[INFO] [stdout] warning: use of deprecated constant `std::usize::MAX`: replaced by the `MAX` associated constant on this type
[INFO] [stdout]    --> src/query.rs:246:51
[INFO] [stdout]     |
[INFO] [stdout] 246 |             Comparator::Greater => (steps, usize::MAX),
[INFO] [stdout]     |                                                   ^^^
[INFO] [stdout] 
[INFO] [stdout] 
[INFO] [stdout] warning: use of deprecated constant `std::usize::MAX`: replaced by the `MAX` associated constant on this type
[INFO] [stdout]    --> src/query.rs:247:60
[INFO] [stdout]     |
[INFO] [stdout] 247 |             Comparator::GreaterEqual => (steps - 1, usize::MAX),
[INFO] [stdout]     |                                                            ^^^
[INFO] [stdout] 
[INFO] [stdout] 
[INFO] [stdout] warning: use of deprecated constant `std::usize::MAX`: replaced by the `MAX` associated constant on this type
[INFO] [stdout]    --> src/query.rs:250:22
[INFO] [stdout]     |
[INFO] [stdout] 250 |           (1, usize::MAX)
[INFO] [stdout]     |                      ^^^
[INFO] [stdout] 
[INFO] [stdout] 
[INFO] [stdout] warning: trait objects without an explicit `dyn` are deprecated
[INFO] [stdout]    --> src/notify/mod.rs:531:30
[INFO] [stdout]     |
[INFO] [stdout] 531 |   fn cause(&self) -> Option<&StdError> {
[INFO] [stdout]     |                              ^^^^^^^^
[INFO] [stdout]     |
[INFO] [stdout]     = warning: this is accepted in the current edition (Rust 2015) but is a hard error in Rust 2021!
[INFO] [stdout]     = note: for more information, see <https://doc.rust-lang.org/edition-guide/rust-2021/warnings-promoted-to-error.html>
[INFO] [stdout]     = note: `#[warn(bare_trait_objects)]` (part of `#[warn(rust_2021_compatibility)]`) on by default
[INFO] [stdout] help: if this is a dyn-compatible trait, use `dyn`
[INFO] [stdout]     |
[INFO] [stdout] 531 |   fn cause(&self) -> Option<&dyn StdError> {
[INFO] [stdout]     |                              +++
[INFO] [stdout] 
[INFO] [stdout] 
[INFO] [stdout] warning: use of deprecated method `std::error::Error::cause`: replaced by Error::source, which can support downcasting
[INFO] [stdout]   --> src/lib.rs:55:3
[INFO] [stdout]    |
[INFO] [stdout] 55 | /   error_chain!{
[INFO] [stdout] 56 | |     foreign_links {
[INFO] [stdout] 57 | |       GlobError(::glob::PatternError);
[INFO] [stdout] 58 | |       JsonError(::serde_json::Error);
[INFO] [stdout] ...  |
[INFO] [stdout] 63 | |   }
[INFO] [stdout]    | |___^
[INFO] [stdout]    |
[INFO] [stdout]    = note: this warning originates in the macro `error_chain_processed` which comes from the expansion of the macro `error_chain` (in Nightly builds, run with -Z macro-backtrace for more info)
[INFO] [stdout] 
[INFO] [stdout] 
[INFO] [stdout] warning: use of deprecated associated function `bitflags::core::num::<impl usize>::max_value`: replaced by the `MAX` associated constant on this type
[INFO] [stdout]    --> src/notify/poll.rs:101:56
[INFO] [stdout]     |
[INFO] [stdout] 101 |                   let depth = if is_recursive { usize::max_value() } else { 1 };
[INFO] [stdout]     |                                                        ^^^^^^^^^
[INFO] [stdout] 
[INFO] [stdout] 
[INFO] [stdout] warning: use of deprecated associated function `bitflags::core::num::<impl usize>::max_value`: replaced by the `MAX` associated constant on this type
[INFO] [stdout]    --> src/notify/poll.rs:223:22
[INFO] [stdout]     |
[INFO] [stdout] 223 |               usize::max_value()
[INFO] [stdout]     |                      ^^^^^^^^^
[INFO] [stdout] 
[INFO] [stdout] 
[INFO] [stdout] warning: use of deprecated method `std::error::Error::description`: use the Display impl or to_string()
[INFO] [stdout]    --> src/notify/mod.rs:511:33
[INFO] [stdout]     |
[INFO] [stdout] 511 |       Error::Io(ref err) => err.description(),
[INFO] [stdout]     |                                 ^^^^^^^^^^^
[INFO] [stdout] 
[INFO] [stdout] 
[INFO] [stdout] warning: unused import: `std::ascii::AsciiExt`
[INFO] [stdout]  --> src/query.rs:1:5
[INFO] [stdout]   |
[INFO] [stdout] 1 | use std::ascii::AsciiExt;
[INFO] [stdout]   |     ^^^^^^^^^^^^^^^^^^^^
[INFO] [stdout] 
[INFO] [stdout] 
[INFO] [stdout] warning: non-local `impl` definition, `impl` blocks should be written at the same level as their item
[INFO] [stdout]   --> src/fs_view.rs:20:39
[INFO] [stdout]    |
[INFO] [stdout] 20 | #[derive(Clone, Debug, Eq, PartialEq, Serialize)]
[INFO] [stdout]    |                                       ^^^^^^^^^
[INFO] [stdout]    |                                       |
[INFO] [stdout]    |                                       `FsNode` is not local
[INFO] [stdout]    |                                       `Serialize` is not local
[INFO] [stdout]    |                                       move the `impl` block outside of this constant `_IMPL_SERIALIZE_FOR_FsNode`
[INFO] [stdout]    |
[INFO] [stdout]    = note: the derive macro `Serialize` defines the non-local `impl`, and may need to be changed
[INFO] [stdout]    = note: the derive macro `Serialize` may come from an old version of the `serde_derive` crate, try updating your dependency with `cargo update -p serde_derive`
[INFO] [stdout]    = note: an `impl` is never scoped, even when it is nested inside an item, as it may impact type checking outside of that item, which can be the case if neither the trait or the self type are at the same nesting level as the `impl`
[INFO] [stdout]    = note: items in an anonymous const item (`const _: () = { ... }`) are treated as in the same scope as the anonymous const's declaration for the purpose of this lint
[INFO] [stdout]    = note: `#[warn(non_local_definitions)]` on by default
[INFO] [stdout]    = note: this warning originates in the derive macro `Serialize` (in Nightly builds, run with -Z macro-backtrace for more info)
[INFO] [stdout] 
[INFO] [stdout] 
[INFO] [stdout] warning: non-local `impl` definition, `impl` blocks should be written at the same level as their item
[INFO] [stdout]   --> src/fs_view.rs:28:30
[INFO] [stdout]    |
[INFO] [stdout] 28 | #[derive(Clone, Copy, Debug, Serialize)]
[INFO] [stdout]    |                              ^^^^^^^^^
[INFO] [stdout]    |                              |
[INFO] [stdout]    |                              `ChangeEvent` is not local
[INFO] [stdout]    |                              `Serialize` is not local
[INFO] [stdout]    |                              move the `impl` block outside of this constant `_IMPL_SERIALIZE_FOR_ChangeEvent`
[INFO] [stdout]    |
[INFO] [stdout]    = note: the derive macro `Serialize` defines the non-local `impl`, and may need to be changed
[INFO] [stdout]    = note: the derive macro `Serialize` may come from an old version of the `serde_derive` crate, try updating your dependency with `cargo update -p serde_derive`
[INFO] [stdout]    = note: an `impl` is never scoped, even when it is nested inside an item, as it may impact type checking outside of that item, which can be the case if neither the trait or the self type are at the same nesting level as the `impl`
[INFO] [stdout]    = note: items in an anonymous const item (`const _: () = { ... }`) are treated as in the same scope as the anonymous const's declaration for the purpose of this lint
[INFO] [stdout]    = note: this warning originates in the derive macro `Serialize` (in Nightly builds, run with -Z macro-backtrace for more info)
[INFO] [stdout] 
[INFO] [stdout] 
[INFO] [stdout] warning: non-local `impl` definition, `impl` blocks should be written at the same level as their item
[INFO] [stdout]   --> src/fs_view.rs:40:17
[INFO] [stdout]    |
[INFO] [stdout] 40 | #[derive(Debug, Serialize)]
[INFO] [stdout]    |                 ^^^^^^^^^
[INFO] [stdout]    |                 |
[INFO] [stdout]    |                 `FileEvent` is not local
[INFO] [stdout]    |                 `Serialize` is not local
[INFO] [stdout]    |                 move the `impl` block outside of this constant `_IMPL_SERIALIZE_FOR_FileEvent`
[INFO] [stdout]    |
[INFO] [stdout]    = note: the derive macro `Serialize` defines the non-local `impl`, and may need to be changed
[INFO] [stdout]    = note: the derive macro `Serialize` may come from an old version of the `serde_derive` crate, try updating your dependency with `cargo update -p serde_derive`
[INFO] [stdout]    = note: an `impl` is never scoped, even when it is nested inside an item, as it may impact type checking outside of that item, which can be the case if neither the trait or the self type are at the same nesting level as the `impl`
[INFO] [stdout]    = note: items in an anonymous const item (`const _: () = { ... }`) are treated as in the same scope as the anonymous const's declaration for the purpose of this lint
[INFO] [stdout]    = note: this warning originates in the derive macro `Serialize` (in Nightly builds, run with -Z macro-backtrace for more info)
[INFO] [stdout] 
[INFO] [stdout] 
[INFO] [stdout] warning: non-local `impl` definition, `impl` blocks should be written at the same level as their item
[INFO] [stdout]   --> src/fs_view.rs:46:17
[INFO] [stdout]    |
[INFO] [stdout] 46 | #[derive(Debug, Serialize)]
[INFO] [stdout]    |                 ^^^^^^^^^
[INFO] [stdout]    |                 |
[INFO] [stdout]    |                 `Notification` is not local
[INFO] [stdout]    |                 `Serialize` is not local
[INFO] [stdout]    |                 move the `impl` block outside of this constant `_IMPL_SERIALIZE_FOR_Notification`
[INFO] [stdout]    |
[INFO] [stdout]    = note: the derive macro `Serialize` defines the non-local `impl`, and may need to be changed
[INFO] [stdout]    = note: the derive macro `Serialize` may come from an old version of the `serde_derive` crate, try updating your dependency with `cargo update -p serde_derive`
[INFO] [stdout]    = note: an `impl` is never scoped, even when it is nested inside an item, as it may impact type checking outside of that item, which can be the case if neither the trait or the self type are at the same nesting level as the `impl`
[INFO] [stdout]    = note: items in an anonymous const item (`const _: () = { ... }`) are treated as in the same scope as the anonymous const's declaration for the purpose of this lint
[INFO] [stdout]    = note: this warning originates in the derive macro `Serialize` (in Nightly builds, run with -Z macro-backtrace for more info)
[INFO] [stdout] 
[INFO] [stdout] 
[INFO] [stdout] warning: non-local `impl` definition, `impl` blocks should be written at the same level as their item
[INFO] [stdout]   --> src/fs_view.rs:52:17
[INFO] [stdout]    |
[INFO] [stdout] 52 | #[derive(Debug, Serialize)]
[INFO] [stdout]    |                 ^^^^^^^^^
[INFO] [stdout]    |                 |
[INFO] [stdout]    |                 `FsRootNode` is not local
[INFO] [stdout]    |                 `Serialize` is not local
[INFO] [stdout]    |                 move the `impl` block outside of this constant `_IMPL_SERIALIZE_FOR_FsRootNode`
[INFO] [stdout]    |
[INFO] [stdout]    = note: the derive macro `Serialize` defines the non-local `impl`, and may need to be changed
[INFO] [stdout]    = note: the derive macro `Serialize` may come from an old version of the `serde_derive` crate, try updating your dependency with `cargo update -p serde_derive`
[INFO] [stdout]    = note: an `impl` is never scoped, even when it is nested inside an item, as it may impact type checking outside of that item, which can be the case if neither the trait or the self type are at the same nesting level as the `impl`
[INFO] [stdout]    = note: items in an anonymous const item (`const _: () = { ... }`) are treated as in the same scope as the anonymous const's declaration for the purpose of this lint
[INFO] [stdout]    = note: this warning originates in the derive macro `Serialize` (in Nightly builds, run with -Z macro-backtrace for more info)
[INFO] [stdout] 
[INFO] [stdout] 
[INFO] [stdout] warning: using `.clone()` on a double reference, which returns `&PathBuf` instead of cloning the inner type
[INFO] [stdout]    --> src/fs_view.rs:279:34
[INFO] [stdout]     |
[INFO] [stdout] 279 |               segments.entry(root.clone()).or_insert_with(|| Vec::new()).push(notif);
[INFO] [stdout]     |                                  ^^^^^^^^
[INFO] [stdout]     |
[INFO] [stdout]     = note: `#[warn(suspicious_double_ref_op)]` on by default
[INFO] [stdout] 
[INFO] [stdout] 
[INFO] [stdout] warning: non-local `impl` definition, `impl` blocks should be written at the same level as their item
[INFO] [stdout]    --> src/fs_view.rs:627:39
[INFO] [stdout]     |
[INFO] [stdout] 627 | #[derive(Clone, Debug, Eq, PartialEq, Serialize)]
[INFO] [stdout]     |                                       ^^^^^^^^^
[INFO] [stdout]     |                                       |
[INFO] [stdout]     |                                       `FsEntryType` is not local
[INFO] [stdout]     |                                       `Serialize` is not local
[INFO] [stdout]     |                                       move the `impl` block outside of this constant `_IMPL_SERIALIZE_FOR_FsEntryType`
[INFO] [stdout]     |
[INFO] [stdout]     = note: the derive macro `Serialize` defines the non-local `impl`, and may need to be changed
[INFO] [stdout]     = note: the derive macro `Serialize` may come from an old version of the `serde_derive` crate, try updating your dependency with `cargo update -p serde_derive`
[INFO] [stdout]     = note: an `impl` is never scoped, even when it is nested inside an item, as it may impact type checking outside of that item, which can be the case if neither the trait or the self type are at the same nesting level as the `impl`
[INFO] [stdout]     = note: items in an anonymous const item (`const _: () = { ... }`) are treated as in the same scope as the anonymous const's declaration for the purpose of this lint
[INFO] [stdout]     = note: this warning originates in the derive macro `Serialize` (in Nightly builds, run with -Z macro-backtrace for more info)
[INFO] [stdout] 
[INFO] [stdout] 
[INFO] [stdout] warning: non-local `impl` definition, `impl` blocks should be written at the same level as their item
[INFO] [stdout]    --> src/fs_view.rs:636:30
[INFO] [stdout]     |
[INFO] [stdout] 636 | #[derive(Clone, Copy, Debug, Deserialize, Eq, PartialEq, Serialize)]
[INFO] [stdout]     |                              ^^^^^^^^^^^
[INFO] [stdout]     |                              |
[INFO] [stdout]     |                              `FsItemType` is not local
[INFO] [stdout]     |                              `Deserialize` is not local
[INFO] [stdout]     |                              move the `impl` block outside of this constant `_IMPL_DESERIALIZE_FOR_FsItemType`
[INFO] [stdout]     |
[INFO] [stdout]     = note: the derive macro `Deserialize` defines the non-local `impl`, and may need to be changed
[INFO] [stdout]     = note: the derive macro `Deserialize` may come from an old version of the `serde_derive` crate, try updating your dependency with `cargo update -p serde_derive`
[INFO] [stdout]     = note: an `impl` is never scoped, even when it is nested inside an item, as it may impact type checking outside of that item, which can be the case if neither the trait or the self type are at the same nesting level as the `impl`
[INFO] [stdout]     = note: items in an anonymous const item (`const _: () = { ... }`) are treated as in the same scope as the anonymous const's declaration for the purpose of this lint
[INFO] [stdout]     = note: this warning originates in the derive macro `Deserialize` (in Nightly builds, run with -Z macro-backtrace for more info)
[INFO] [stdout] 
[INFO] [stdout] 
[INFO] [stdout] warning: non-local `impl` definition, `impl` blocks should be written at the same level as their item
[INFO] [stdout]    --> src/fs_view.rs:636:58
[INFO] [stdout]     |
[INFO] [stdout] 636 | #[derive(Clone, Copy, Debug, Deserialize, Eq, PartialEq, Serialize)]
[INFO] [stdout]     |                                                          ^^^^^^^^^
[INFO] [stdout]     |                                                          |
[INFO] [stdout]     |                                                          `FsItemType` is not local
[INFO] [stdout]     |                                                          `Serialize` is not local
[INFO] [stdout]     |                                                          move the `impl` block outside of this constant `_IMPL_SERIALIZE_FOR_FsItemType`
[INFO] [stdout]     |
[INFO] [stdout]     = note: the derive macro `Serialize` defines the non-local `impl`, and may need to be changed
[INFO] [stdout]     = note: the derive macro `Serialize` may come from an old version of the `serde_derive` crate, try updating your dependency with `cargo update -p serde_derive`
[INFO] [stdout]     = note: an `impl` is never scoped, even when it is nested inside an item, as it may impact type checking outside of that item, which can be the case if neither the trait or the self type are at the same nesting level as the `impl`
[INFO] [stdout]     = note: items in an anonymous const item (`const _: () = { ... }`) are treated as in the same scope as the anonymous const's declaration for the purpose of this lint
[INFO] [stdout]     = note: this warning originates in the derive macro `Serialize` (in Nightly builds, run with -Z macro-backtrace for more info)
[INFO] [stdout] 
[INFO] [stdout] 
[INFO] [stdout] warning: hiding a lifetime that's elided elsewhere is confusing
[INFO] [stdout]    --> src/fs_view.rs:655:11
[INFO] [stdout]     |
[INFO] [stdout] 655 |   fn path(&self) -> Cow<Path>;
[INFO] [stdout]     |           ^^^^^     ^^^^^^^^^ the same lifetime is hidden here
[INFO] [stdout]     |           |
[INFO] [stdout]     |           the lifetime is elided here
[INFO] [stdout]     |
[INFO] [stdout]     = help: the same lifetime is referred to in inconsistent ways, making the signature confusing
[INFO] [stdout]     = note: `#[warn(mismatched_lifetime_syntaxes)]` on by default
[INFO] [stdout] help: use `'_` for type paths
[INFO] [stdout]     |
[INFO] [stdout] 655 |   fn path(&self) -> Cow<'_, Path>;
[INFO] [stdout]     |                         +++
[INFO] [stdout] 
[INFO] [stdout] 
[INFO] [stdout] warning: hiding a lifetime that's elided elsewhere is confusing
[INFO] [stdout]    --> src/fs_view.rs:660:11
[INFO] [stdout]     |
[INFO] [stdout] 660 |   fn path(&self) -> Cow<Path> {
[INFO] [stdout]     |           ^^^^^     ^^^^^^^^^ the same lifetime is hidden here
[INFO] [stdout]     |           |
[INFO] [stdout]     |           the lifetime is elided here
[INFO] [stdout]     |
[INFO] [stdout]     = help: the same lifetime is referred to in inconsistent ways, making the signature confusing
[INFO] [stdout] help: use `'_` for type paths
[INFO] [stdout]     |
[INFO] [stdout] 660 |   fn path(&self) -> Cow<'_, Path> {
[INFO] [stdout]     |                         +++
[INFO] [stdout] 
[INFO] [stdout] 
[INFO] [stdout] warning: hiding a lifetime that's elided elsewhere is confusing
[INFO] [stdout]    --> src/fs_view.rs:683:11
[INFO] [stdout]     |
[INFO] [stdout] 683 |   fn path(&self) -> Cow<Path> {
[INFO] [stdout]     |           ^^^^^     ^^^^^^^^^ the same lifetime is hidden here
[INFO] [stdout]     |           |
[INFO] [stdout]     |           the lifetime is elided here
[INFO] [stdout]     |
[INFO] [stdout]     = help: the same lifetime is referred to in inconsistent ways, making the signature confusing
[INFO] [stdout] help: use `'_` for type paths
[INFO] [stdout]     |
[INFO] [stdout] 683 |   fn path(&self) -> Cow<'_, Path> {
[INFO] [stdout]     |                         +++
[INFO] [stdout] 
[INFO] [stdout] 
[INFO] [stdout] warning: hiding a lifetime that's elided elsewhere is confusing
[INFO] [stdout]    --> src/fs_view.rs:707:11
[INFO] [stdout]     |
[INFO] [stdout] 707 |   fn path(&self) -> Cow<Path> {
[INFO] [stdout]     |           ^^^^^     ^^^^^^^^^ the same lifetime is hidden here
[INFO] [stdout]     |           |
[INFO] [stdout]     |           the lifetime is elided here
[INFO] [stdout]     |
[INFO] [stdout]     = help: the same lifetime is referred to in inconsistent ways, making the signature confusing
[INFO] [stdout] help: use `'_` for type paths
[INFO] [stdout]     |
[INFO] [stdout] 707 |   fn path(&self) -> Cow<'_, Path> {
[INFO] [stdout]     |                         +++
[INFO] [stdout] 
[INFO] [stdout] 
[INFO] [stdout] warning: non-local `impl` definition, `impl` blocks should be written at the same level as their item
[INFO] [stdout]   --> src/query.rs:20:17
[INFO] [stdout]    |
[INFO] [stdout] 20 | #[derive(Debug, Deserialize)]
[INFO] [stdout]    |                 ^^^^^^^^^^^
[INFO] [stdout]    |                 |
[INFO] [stdout]    |                 `Query` is not local
[INFO] [stdout]    |                 `Deserialize` is not local
[INFO] [stdout]    |                 move the `impl` block outside of this constant `_IMPL_DESERIALIZE_FOR_Query`
[INFO] [stdout]    |
[INFO] [stdout]    = note: the derive macro `Deserialize` defines the non-local `impl`, and may need to be changed
[INFO] [stdout]    = note: the derive macro `Deserialize` may come from an old version of the `serde_derive` crate, try updating your dependency with `cargo update -p serde_derive`
[INFO] [stdout]    = note: an `impl` is never scoped, even when it is nested inside an item, as it may impact type checking outside of that item, which can be the case if neither the trait or the self type are at the same nesting level as the `impl`
[INFO] [stdout]    = note: items in an anonymous const item (`const _: () = { ... }`) are treated as in the same scope as the anonymous const's declaration for the purpose of this lint
[INFO] [stdout]    = note: this warning originates in the derive macro `Deserialize` (in Nightly builds, run with -Z macro-backtrace for more info)
[INFO] [stdout] 
[INFO] [stdout] 
[INFO] [stdout] warning: non-local `impl` definition, `impl` blocks should be written at the same level as their item
[INFO] [stdout]   --> src/query.rs:32:17
[INFO] [stdout]    |
[INFO] [stdout] 32 | #[derive(Debug, Deserialize)]
[INFO] [stdout]    |                 ^^^^^^^^^^^
[INFO] [stdout]    |                 |
[INFO] [stdout]    |                 `PartialQuery` is not local
[INFO] [stdout]    |                 `Deserialize` is not local
[INFO] [stdout]    |                 move the `impl` block outside of this constant `_IMPL_DESERIALIZE_FOR_PartialQuery`
[INFO] [stdout]    |
[INFO] [stdout]    = note: the derive macro `Deserialize` defines the non-local `impl`, and may need to be changed
[INFO] [stdout]    = note: the derive macro `Deserialize` may come from an old version of the `serde_derive` crate, try updating your dependency with `cargo update -p serde_derive`
[INFO] [stdout]    = note: an `impl` is never scoped, even when it is nested inside an item, as it may impact type checking outside of that item, which can be the case if neither the trait or the self type are at the same nesting level as the `impl`
[INFO] [stdout]    = note: items in an anonymous const item (`const _: () = { ... }`) are treated as in the same scope as the anonymous const's declaration for the purpose of this lint
[INFO] [stdout]    = note: this warning originates in the derive macro `Deserialize` (in Nightly builds, run with -Z macro-backtrace for more info)
[INFO] [stdout] 
[INFO] [stdout] 
[INFO] [stdout] warning: non-local `impl` definition, `impl` blocks should be written at the same level as their item
[INFO] [stdout]   --> src/query.rs:37:10
[INFO] [stdout]    |
[INFO] [stdout] 37 | #[derive(Serialize)]
[INFO] [stdout]    |          ^^^^^^^^^
[INFO] [stdout]    |          |
[INFO] [stdout]    |          `QueryResult` is not local
[INFO] [stdout]    |          `Serialize` is not local
[INFO] [stdout]    |          move the `impl` block outside of this constant `_IMPL_SERIALIZE_FOR_QueryResult`
[INFO] [stdout]    |
[INFO] [stdout]    = note: the derive macro `Serialize` defines the non-local `impl`, and may need to be changed
[INFO] [stdout]    = note: the derive macro `Serialize` may come from an old version of the `serde_derive` crate, try updating your dependency with `cargo update -p serde_derive`
[INFO] [stdout]    = note: an `impl` is never scoped, even when it is nested inside an item, as it may impact type checking outside of that item, which can be the case if neither the trait or the self type are at the same nesting level as the `impl`
[INFO] [stdout]    = note: items in an anonymous const item (`const _: () = { ... }`) are treated as in the same scope as the anonymous const's declaration for the purpose of this lint
[INFO] [stdout]    = note: this warning originates in the derive macro `Serialize` (in Nightly builds, run with -Z macro-backtrace for more info)
[INFO] [stdout] 
[INFO] [stdout] 
[INFO] [stdout] warning: non-local `impl` definition, `impl` blocks should be written at the same level as their item
[INFO] [stdout]   --> src/query.rs:43:17
[INFO] [stdout]    |
[INFO] [stdout] 43 | #[derive(Debug, Serialize)]
[INFO] [stdout]    |                 ^^^^^^^^^
[INFO] [stdout]    |                 |
[INFO] [stdout]    |                 `QueryError` is not local
[INFO] [stdout]    |                 `Serialize` is not local
[INFO] [stdout]    |                 move the `impl` block outside of this constant `_IMPL_SERIALIZE_FOR_QueryError`
[INFO] [stdout]    |
[INFO] [stdout]    = note: the derive macro `Serialize` defines the non-local `impl`, and may need to be changed
[INFO] [stdout]    = note: the derive macro `Serialize` may come from an old version of the `serde_derive` crate, try updating your dependency with `cargo update -p serde_derive`
[INFO] [stdout]    = note: an `impl` is never scoped, even when it is nested inside an item, as it may impact type checking outside of that item, which can be the case if neither the trait or the self type are at the same nesting level as the `impl`
[INFO] [stdout]    = note: items in an anonymous const item (`const _: () = { ... }`) are treated as in the same scope as the anonymous const's declaration for the purpose of this lint
[INFO] [stdout]    = note: this warning originates in the derive macro `Serialize` (in Nightly builds, run with -Z macro-backtrace for more info)
[INFO] [stdout] 
[INFO] [stdout] 
[INFO] [stdout] warning: non-local `impl` definition, `impl` blocks should be written at the same level as their item
[INFO] [stdout]   --> src/query.rs:53:17
[INFO] [stdout]    |
[INFO] [stdout] 53 | #[derive(Debug, Serialize)]
[INFO] [stdout]    |                 ^^^^^^^^^
[INFO] [stdout]    |                 |
[INFO] [stdout]    |                 `FileResult` is not local
[INFO] [stdout]    |                 `Serialize` is not local
[INFO] [stdout]    |                 move the `impl` block outside of this constant `_IMPL_SERIALIZE_FOR_FileResult`
[INFO] [stdout]    |
[INFO] [stdout]    = note: the derive macro `Serialize` defines the non-local `impl`, and may need to be changed
[INFO] [stdout]    = note: the derive macro `Serialize` may come from an old version of the `serde_derive` crate, try updating your dependency with `cargo update -p serde_derive`
[INFO] [stdout]    = note: an `impl` is never scoped, even when it is nested inside an item, as it may impact type checking outside of that item, which can be the case if neither the trait or the self type are at the same nesting level as the `impl`
[INFO] [stdout]    = note: items in an anonymous const item (`const _: () = { ... }`) are treated as in the same scope as the anonymous const's declaration for the purpose of this lint
[INFO] [stdout]    = note: this warning originates in the derive macro `Serialize` (in Nightly builds, run with -Z macro-backtrace for more info)
[INFO] [stdout] 
[INFO] [stdout] 
[INFO] [stdout] warning: non-local `impl` definition, `impl` blocks should be written at the same level as their item
[INFO] [stdout]   --> src/query.rs:87:17
[INFO] [stdout]    |
[INFO] [stdout] 87 | #[derive(Debug, Deserialize, Serialize)]
[INFO] [stdout]    |                 ^^^^^^^^^^^
[INFO] [stdout]    |                 |
[INFO] [stdout]    |                 `QueryExpression` is not local
[INFO] [stdout]    |                 `Deserialize` is not local
[INFO] [stdout]    |                 move the `impl` block outside of this constant `_IMPL_DESERIALIZE_FOR_QueryExpression`
[INFO] [stdout]    |
[INFO] [stdout]    = note: the derive macro `Deserialize` defines the non-local `impl`, and may need to be changed
[INFO] [stdout]    = note: the derive macro `Deserialize` may come from an old version of the `serde_derive` crate, try updating your dependency with `cargo update -p serde_derive`
[INFO] [stdout]    = note: an `impl` is never scoped, even when it is nested inside an item, as it may impact type checking outside of that item, which can be the case if neither the trait or the self type are at the same nesting level as the `impl`
[INFO] [stdout]    = note: items in an anonymous const item (`const _: () = { ... }`) are treated as in the same scope as the anonymous const's declaration for the purpose of this lint
[INFO] [stdout]    = note: this warning originates in the derive macro `Deserialize` (in Nightly builds, run with -Z macro-backtrace for more info)
[INFO] [stdout] 
[INFO] [stdout] 
[INFO] [stdout] warning: non-local `impl` definition, `impl` blocks should be written at the same level as their item
[INFO] [stdout]   --> src/query.rs:87:30
[INFO] [stdout]    |
[INFO] [stdout] 87 | #[derive(Debug, Deserialize, Serialize)]
[INFO] [stdout]    |                              ^^^^^^^^^
[INFO] [stdout]    |                              |
[INFO] [stdout]    |                              `QueryExpression` is not local
[INFO] [stdout]    |                              `Serialize` is not local
[INFO] [stdout]    |                              move the `impl` block outside of this constant `_IMPL_SERIALIZE_FOR_QueryExpression`
[INFO] [stdout]    |
[INFO] [stdout]    = note: the derive macro `Serialize` defines the non-local `impl`, and may need to be changed
[INFO] [stdout]    = note: the derive macro `Serialize` may come from an old version of the `serde_derive` crate, try updating your dependency with `cargo update -p serde_derive`
[INFO] [stdout]    = note: an `impl` is never scoped, even when it is nested inside an item, as it may impact type checking outside of that item, which can be the case if neither the trait or the self type are at the same nesting level as the `impl`
[INFO] [stdout]    = note: items in an anonymous const item (`const _: () = { ... }`) are treated as in the same scope as the anonymous const's declaration for the purpose of this lint
[INFO] [stdout]    = note: this warning originates in the derive macro `Serialize` (in Nightly builds, run with -Z macro-backtrace for more info)
[INFO] [stdout] 
[INFO] [stdout] 
[INFO] [stdout] warning: hiding a lifetime that's elided elsewhere is confusing
[INFO] [stdout]    --> src/query.rs:313:29
[INFO] [stdout]     |
[INFO] [stdout] 313 | fn node_name_to_match(node: &FsNode, match_ty: FilenameMatchType) -> Cow<str> {
[INFO] [stdout]     |                             ^^^^^^^ the lifetime is elided here      ^^^^^^^^ the same lifetime is hidden here
[INFO] [stdout]     |
[INFO] [stdout]     = help: the same lifetime is referred to in inconsistent ways, making the signature confusing
[INFO] [stdout] help: use `'_` for type paths
[INFO] [stdout]     |
[INFO] [stdout] 313 | fn node_name_to_match(node: &FsNode, match_ty: FilenameMatchType) -> Cow<'_, str> {
[INFO] [stdout]     |                                                                          +++
[INFO] [stdout] 
[INFO] [stdout] 
[INFO] [stdout] warning: non-local `impl` definition, `impl` blocks should be written at the same level as their item
[INFO] [stdout]    --> src/query.rs:320:30
[INFO] [stdout]     |
[INFO] [stdout] 320 | #[derive(Clone, Copy, Debug, Deserialize, Serialize)]
[INFO] [stdout]     |                              ^^^^^^^^^^^
[INFO] [stdout]     |                              |
[INFO] [stdout]     |                              `DepthSpec` is not local
[INFO] [stdout]     |                              `Deserialize` is not local
[INFO] [stdout]     |                              move the `impl` block outside of this constant `_IMPL_DESERIALIZE_FOR_DepthSpec`
[INFO] [stdout]     |
[INFO] [stdout]     = note: the derive macro `Deserialize` defines the non-local `impl`, and may need to be changed
[INFO] [stdout]     = note: the derive macro `Deserialize` may come from an old version of the `serde_derive` crate, try updating your dependency with `cargo update -p serde_derive`
[INFO] [stdout]     = note: an `impl` is never scoped, even when it is nested inside an item, as it may impact type checking outside of that item, which can be the case if neither the trait or the self type are at the same nesting level as the `impl`
[INFO] [stdout]     = note: items in an anonymous const item (`const _: () = { ... }`) are treated as in the same scope as the anonymous const's declaration for the purpose of this lint
[INFO] [stdout]     = note: this warning originates in the derive macro `Deserialize` (in Nightly builds, run with -Z macro-backtrace for more info)
[INFO] [stdout] 
[INFO] [stdout] 
[INFO] [stdout] warning: non-local `impl` definition, `impl` blocks should be written at the same level as their item
[INFO] [stdout]    --> src/query.rs:320:43
[INFO] [stdout]     |
[INFO] [stdout] 320 | #[derive(Clone, Copy, Debug, Deserialize, Serialize)]
[INFO] [stdout]     |                                           ^^^^^^^^^
[INFO] [stdout]     |                                           |
[INFO] [stdout]     |                                           `DepthSpec` is not local
[INFO] [stdout]     |                                           `Serialize` is not local
[INFO] [stdout]     |                                           move the `impl` block outside of this constant `_IMPL_SERIALIZE_FOR_DepthSpec`
[INFO] [stdout]     |
[INFO] [stdout]     = note: the derive macro `Serialize` defines the non-local `impl`, and may need to be changed
[INFO] [stdout]     = note: the derive macro `Serialize` may come from an old version of the `serde_derive` crate, try updating your dependency with `cargo update -p serde_derive`
[INFO] [stdout]     = note: an `impl` is never scoped, even when it is nested inside an item, as it may impact type checking outside of that item, which can be the case if neither the trait or the self type are at the same nesting level as the `impl`
[INFO] [stdout]     = note: items in an anonymous const item (`const _: () = { ... }`) are treated as in the same scope as the anonymous const's declaration for the purpose of this lint
[INFO] [stdout]     = note: this warning originates in the derive macro `Serialize` (in Nightly builds, run with -Z macro-backtrace for more info)
[INFO] [stdout] 
[INFO] [stdout] 
[INFO] [stdout] warning: non-local `impl` definition, `impl` blocks should be written at the same level as their item
[INFO] [stdout]    --> src/query.rs:326:30
[INFO] [stdout]     |
[INFO] [stdout] 326 | #[derive(Clone, Copy, Debug, Deserialize, Serialize)]
[INFO] [stdout]     |                              ^^^^^^^^^^^
[INFO] [stdout]     |                              |
[INFO] [stdout]     |                              `Comparator` is not local
[INFO] [stdout]     |                              `Deserialize` is not local
[INFO] [stdout]     |                              move the `impl` block outside of this constant `_IMPL_DESERIALIZE_FOR_Comparator`
[INFO] [stdout]     |
[INFO] [stdout]     = note: the derive macro `Deserialize` defines the non-local `impl`, and may need to be changed
[INFO] [stdout]     = note: the derive macro `Deserialize` may come from an old version of the `serde_derive` crate, try updating your dependency with `cargo update -p serde_derive`
[INFO] [stdout]     = note: an `impl` is never scoped, even when it is nested inside an item, as it may impact type checking outside of that item, which can be the case if neither the trait or the self type are at the same nesting level as the `impl`
[INFO] [stdout]     = note: items in an anonymous const item (`const _: () = { ... }`) are treated as in the same scope as the anonymous const's declaration for the purpose of this lint
[INFO] [stdout]     = note: this warning originates in the derive macro `Deserialize` (in Nightly builds, run with -Z macro-backtrace for more info)
[INFO] [stdout] 
[INFO] [stdout] 
[INFO] [stdout] warning: non-local `impl` definition, `impl` blocks should be written at the same level as their item
[INFO] [stdout]    --> src/query.rs:326:43
[INFO] [stdout]     |
[INFO] [stdout] 326 | #[derive(Clone, Copy, Debug, Deserialize, Serialize)]
[INFO] [stdout]     |                                           ^^^^^^^^^
[INFO] [stdout]     |                                           |
[INFO] [stdout]     |                                           `Comparator` is not local
[INFO] [stdout]     |                                           `Serialize` is not local
[INFO] [stdout]     |                                           move the `impl` block outside of this constant `_IMPL_SERIALIZE_FOR_Comparator`
[INFO] [stdout]     |
[INFO] [stdout]     = note: the derive macro `Serialize` defines the non-local `impl`, and may need to be changed
[INFO] [stdout]     = note: the derive macro `Serialize` may come from an old version of the `serde_derive` crate, try updating your dependency with `cargo update -p serde_derive`
[INFO] [stdout]     = note: an `impl` is never scoped, even when it is nested inside an item, as it may impact type checking outside of that item, which can be the case if neither the trait or the self type are at the same nesting level as the `impl`
[INFO] [stdout]     = note: items in an anonymous const item (`const _: () = { ... }`) are treated as in the same scope as the anonymous const's declaration for the purpose of this lint
[INFO] [stdout]     = note: this warning originates in the derive macro `Serialize` (in Nightly builds, run with -Z macro-backtrace for more info)
[INFO] [stdout] 
[INFO] [stdout] 
[INFO] [stdout] warning: non-local `impl` definition, `impl` blocks should be written at the same level as their item
[INFO] [stdout]    --> src/query.rs:352:30
[INFO] [stdout]     |
[INFO] [stdout] 352 | #[derive(Clone, Copy, Debug, Deserialize, Serialize)]
[INFO] [stdout]     |                              ^^^^^^^^^^^
[INFO] [stdout]     |                              |
[INFO] [stdout]     |                              `FilenameMatchType` is not local
[INFO] [stdout]     |                              `Deserialize` is not local
[INFO] [stdout]     |                              move the `impl` block outside of this constant `_IMPL_DESERIALIZE_FOR_FilenameMatchType`
[INFO] [stdout]     |
[INFO] [stdout]     = note: the derive macro `Deserialize` defines the non-local `impl`, and may need to be changed
[INFO] [stdout]     = note: the derive macro `Deserialize` may come from an old version of the `serde_derive` crate, try updating your dependency with `cargo update -p serde_derive`
[INFO] [stdout]     = note: an `impl` is never scoped, even when it is nested inside an item, as it may impact type checking outside of that item, which can be the case if neither the trait or the self type are at the same nesting level as the `impl`
[INFO] [stdout]     = note: items in an anonymous const item (`const _: () = { ... }`) are treated as in the same scope as the anonymous const's declaration for the purpose of this lint
[INFO] [stdout]     = note: this warning originates in the derive macro `Deserialize` (in Nightly builds, run with -Z macro-backtrace for more info)
[INFO] [stdout] 
[INFO] [stdout] 
[INFO] [stdout] warning: non-local `impl` definition, `impl` blocks should be written at the same level as their item
[INFO] [stdout]    --> src/query.rs:352:43
[INFO] [stdout]     |
[INFO] [stdout] 352 | #[derive(Clone, Copy, Debug, Deserialize, Serialize)]
[INFO] [stdout]     |                                           ^^^^^^^^^
[INFO] [stdout]     |                                           |
[INFO] [stdout]     |                                           `FilenameMatchType` is not local
[INFO] [stdout]     |                                           `Serialize` is not local
[INFO] [stdout]     |                                           move the `impl` block outside of this constant `_IMPL_SERIALIZE_FOR_FilenameMatchType`
[INFO] [stdout]     |
[INFO] [stdout]     = note: the derive macro `Serialize` defines the non-local `impl`, and may need to be changed
[INFO] [stdout]     = note: the derive macro `Serialize` may come from an old version of the `serde_derive` crate, try updating your dependency with `cargo update -p serde_derive`
[INFO] [stdout]     = note: an `impl` is never scoped, even when it is nested inside an item, as it may impact type checking outside of that item, which can be the case if neither the trait or the self type are at the same nesting level as the `impl`
[INFO] [stdout]     = note: items in an anonymous const item (`const _: () = { ... }`) are treated as in the same scope as the anonymous const's declaration for the purpose of this lint
[INFO] [stdout]     = note: this warning originates in the derive macro `Serialize` (in Nightly builds, run with -Z macro-backtrace for more info)
[INFO] [stdout] 
[INFO] [stdout] 
[INFO] [stderr]    Compiling tempdir v0.3.5
[INFO] [stderr]    Compiling fomo v0.1.0 (/opt/rustwide/workdir)
[INFO] [stdout] warning: unexpected `cfg` condition value: `timing_tests`
[INFO] [stdout]  --> tests/fsevents.rs:8:32
[INFO] [stdout]   |
[INFO] [stdout] 8 | #[cfg(all(target_os = "macos", feature = "timing_tests"))]
[INFO] [stdout]   |                                ^^^^^^^^^^^^^^^^^^^^^^^^ help: remove the condition
[INFO] [stdout]   |
[INFO] [stdout]   = note: no expected values for `feature`
[INFO] [stdout]   = help: consider adding `timing_tests` as a feature in `Cargo.toml`
[INFO] [stdout]   = note: see <https://doc.rust-lang.org/nightly/rustc/check-cfg/cargo-specifics.html> for more information about checking conditional configuration
[INFO] [stdout]   = note: `#[warn(unexpected_cfgs)]` on by default
[INFO] [stdout] 
[INFO] [stdout] 
[INFO] [stdout] warning: unused macro definition: `assert_eq_any`
[INFO] [stdout]    --> tests/utils/mod.rs:207:14
[INFO] [stdout]     |
[INFO] [stdout] 207 | macro_rules! assert_eq_any {
[INFO] [stdout]     |              ^^^^^^^^^^^^^
[INFO] [stdout]     |
[INFO] [stdout]     = note: `#[warn(unused_macros)]` (part of `#[warn(unused)]`) on by default
[INFO] [stdout] 
[INFO] [stdout] 
[INFO] [stdout] warning: unused macro definition: `assert_eq_any`
[INFO] [stdout]    --> tests/utils/mod.rs:207:14
[INFO] [stdout]     |
[INFO] [stdout] 207 | macro_rules! assert_eq_any {
[INFO] [stdout]     |              ^^^^^^^^^^^^^
[INFO] [stdout]     |
[INFO] [stdout]     = note: `#[warn(unused_macros)]` (part of `#[warn(unused)]`) on by default
[INFO] [stdout] 
[INFO] [stdout] 
[INFO] [stdout] warning: unused import: `fomo::notify`
[INFO] [stdout]  --> tests/notify.rs:6:5
[INFO] [stdout]   |
[INFO] [stdout] 6 | use fomo::notify;
[INFO] [stdout]   |     ^^^^^^^^^^^^
[INFO] [stdout]   |
[INFO] [stdout]   = note: `#[warn(unused_imports)]` (part of `#[warn(unused)]`) on by default
[INFO] [stdout] 
[INFO] [stdout] 
[INFO] [stdout] warning: unused macro definition: `assert_eq_any`
[INFO] [stdout]    --> tests/utils/mod.rs:207:14
[INFO] [stdout]     |
[INFO] [stdout] 207 | macro_rules! assert_eq_any {
[INFO] [stdout]     |              ^^^^^^^^^^^^^
[INFO] [stdout]     |
[INFO] [stdout]     = note: `#[warn(unused_macros)]` (part of `#[warn(unused)]`) on by default
[INFO] [stdout] 
[INFO] [stdout] 
[INFO] [stdout] warning: unexpected `cfg` condition value: `manual_tests`
[INFO] [stdout]   --> tests/watcher.rs:12:11
[INFO] [stdout]    |
[INFO] [stdout] 12 | #[cfg(all(feature = "manual_tests", target_os="linux"))]
[INFO] [stdout]    |           ^^^^^^^^^^^^^^^^^^^^^^^^ help: remove the condition
[INFO] [stdout]    |
[INFO] [stdout]    = note: no expected values for `feature`
[INFO] [stdout]    = help: consider adding `manual_tests` as a feature in `Cargo.toml`
[INFO] [stdout]    = note: see <https://doc.rust-lang.org/nightly/rustc/check-cfg/cargo-specifics.html> for more information about checking conditional configuration
[INFO] [stdout]    = note: `#[warn(unexpected_cfgs)]` on by default
[INFO] [stdout] 
[INFO] [stdout] 
[INFO] [stdout] warning: unexpected `cfg` condition value: `manual_tests`
[INFO] [stdout]   --> tests/watcher.rs:14:11
[INFO] [stdout]    |
[INFO] [stdout] 14 | #[cfg(all(feature = "manual_tests", target_os="linux"))]
[INFO] [stdout]    |           ^^^^^^^^^^^^^^^^^^^^^^^^ help: remove the condition
[INFO] [stdout]    |
[INFO] [stdout]    = note: no expected values for `feature`
[INFO] [stdout]    = help: consider adding `manual_tests` as a feature in `Cargo.toml`
[INFO] [stdout]    = note: see <https://doc.rust-lang.org/nightly/rustc/check-cfg/cargo-specifics.html> for more information about checking conditional configuration
[INFO] [stdout] 
[INFO] [stdout] 
[INFO] [stdout] warning: unexpected `cfg` condition value: `manual_tests`
[INFO] [stdout]   --> tests/watcher.rs:16:11
[INFO] [stdout]    |
[INFO] [stdout] 16 | #[cfg(all(feature = "manual_tests", target_os="linux"))]
[INFO] [stdout]    |           ^^^^^^^^^^^^^^^^^^^^^^^^ help: remove the condition
[INFO] [stdout]    |
[INFO] [stdout]    = note: no expected values for `feature`
[INFO] [stdout]    = help: consider adding `manual_tests` as a feature in `Cargo.toml`
[INFO] [stdout]    = note: see <https://doc.rust-lang.org/nightly/rustc/check-cfg/cargo-specifics.html> for more information about checking conditional configuration
[INFO] [stdout] 
[INFO] [stdout] 
[INFO] [stdout] warning: unexpected `cfg` condition value: `manual_tests`
[INFO] [stdout]    --> tests/watcher.rs:243:11
[INFO] [stdout]     |
[INFO] [stdout] 243 | #[cfg(all(feature = "manual_tests", target_os="linux"))]
[INFO] [stdout]     |           ^^^^^^^^^^^^^^^^^^^^^^^^ help: remove the condition
[INFO] [stdout]     |
[INFO] [stdout]     = note: no expected values for `feature`
[INFO] [stdout]     = help: consider adding `manual_tests` as a feature in `Cargo.toml`
[INFO] [stdout]     = note: see <https://doc.rust-lang.org/nightly/rustc/check-cfg/cargo-specifics.html> for more information about checking conditional configuration
[INFO] [stdout] 
[INFO] [stdout] 
[INFO] [stdout] warning: unused macro definition: `assert_eq_any`
[INFO] [stdout]    --> tests/utils/mod.rs:207:14
[INFO] [stdout]     |
[INFO] [stdout] 207 | macro_rules! assert_eq_any {
[INFO] [stdout]     |              ^^^^^^^^^^^^^
[INFO] [stdout]     |
[INFO] [stdout]     = note: `#[warn(unused_macros)]` (part of `#[warn(unused)]`) on by default
[INFO] [stdout] 
[INFO] [stdout] 
[INFO] [stdout] warning: function `inflate_events` is never used
[INFO] [stdout]   --> tests/utils/mod.rs:49:8
[INFO] [stdout]    |
[INFO] [stdout] 49 | pub fn inflate_events(input: Vec<(PathBuf, Op, Option<u32>)>) -> Vec<(PathBuf, Op, Option<u32>)> {
[INFO] [stdout]    |        ^^^^^^^^^^^^^^
[INFO] [stdout]    |
[INFO] [stdout]    = note: `#[warn(dead_code)]` (part of `#[warn(unused)]`) on by default
[INFO] [stdout] 
[INFO] [stdout] 
[INFO] [stdout] warning: function `extract_cookies` is never used
[INFO] [stdout]   --> tests/utils/mod.rs:78:8
[INFO] [stdout]    |
[INFO] [stdout] 78 | pub fn extract_cookies(events: &[ (PathBuf, Op, Option<u32>) ]) -> Vec<u32> {
[INFO] [stdout]    |        ^^^^^^^^^^^^^^^
[INFO] [stdout] 
[INFO] [stdout] 
[INFO] [stdout] warning: function `sleep` is never used
[INFO] [stdout]   --> tests/utils/mod.rs:91:8
[INFO] [stdout]    |
[INFO] [stdout] 91 | pub fn sleep(duration: u64) {
[INFO] [stdout]    |        ^^^^^
[INFO] [stdout] 
[INFO] [stdout] 
[INFO] [stdout] warning: methods `create_all`, `rename`, `chmod`, and `remove` are never used
[INFO] [stdout]    --> tests/utils/mod.rs:118:6
[INFO] [stdout]     |
[INFO] [stdout] 109 | pub trait TestHelpers {
[INFO] [stdout]     |           ----------- methods in this trait
[INFO] [stdout] ...
[INFO] [stdout] 118 |   fn create_all(&self, paths: Vec<&str>);
[INFO] [stdout]     |      ^^^^^^^^^^
[INFO] [stdout] 119 |   /// Rename file or directory.
[INFO] [stdout] 120 |   fn rename(&self, a: &str, b: &str);
[INFO] [stdout]     |      ^^^^^^
[INFO] [stdout] 121 |   /// Toggle "other" rights on linux and os x and "readonly" on windows
[INFO] [stdout] 122 |   fn chmod(&self, p: &str);
[INFO] [stdout]     |      ^^^^^
[INFO] [stdout] ...
[INFO] [stdout] 126 |   fn remove(&self, p: &str);
[INFO] [stdout]     |      ^^^^^^
[INFO] [stdout] 
[INFO] [stdout] 
[INFO] [stdout] warning: function `sleep` is never used
[INFO] [stdout]   --> tests/utils/mod.rs:91:8
[INFO] [stdout]    |
[INFO] [stdout] 91 | pub fn sleep(duration: u64) {
[INFO] [stdout]    |        ^^^^^
[INFO] [stdout]    |
[INFO] [stdout]    = note: `#[warn(dead_code)]` (part of `#[warn(unused)]`) on by default
[INFO] [stdout] 
[INFO] [stdout] 
[INFO] [stdout] warning: trailing semicolon in macro used in expression position
[INFO] [stdout]    --> src/fs_view.rs:135:12
[INFO] [stdout]     |
[INFO] [stdout] 135 |       _ => bail!("Found a non-directory node when ensuring parent of a node was in the tree"),
[INFO] [stdout]     |            ^^^^^^^^^^^^^^^^^^^^^^^^^^^^^^^^^^^^^^^^^^^^^^^^^^^^^^^^^^^^^^^^^^^^^^^^^^^^^^^^^^
[INFO] [stdout]     |
[INFO] [stdout]     = warning: this was previously accepted by the compiler but is being phased out; it will become a hard error in a future release!
[INFO] [stdout]     = note: for more information, see issue #79813 <https://github.com/rust-lang/rust/issues/79813>
[INFO] [stdout]     = note: `#[warn(semicolon_in_expressions_from_non_local_macros)]` (part of `#[warn(future_incompatible)]`) on by default
[INFO] [stdout]     = note: this warning originates in the macro `bail` (in Nightly builds, run with -Z macro-backtrace for more info)
[INFO] [stdout] 
[INFO] [stdout] 
[INFO] [stdout] warning: trailing semicolon in macro used in expression position
[INFO] [stdout]    --> src/fs_view.rs:358:18
[INFO] [stdout]     |
[INFO] [stdout] 358 |             _ => bail!("Found a non-directory as the parent of a node."),
[INFO] [stdout]     |                  ^^^^^^^^^^^^^^^^^^^^^^^^^^^^^^^^^^^^^^^^^^^^^^^^^^^^^^^
[INFO] [stdout]     |
[INFO] [stdout]     = warning: this was previously accepted by the compiler but is being phased out; it will become a hard error in a future release!
[INFO] [stdout]     = note: for more information, see issue #79813 <https://github.com/rust-lang/rust/issues/79813>
[INFO] [stdout]     = note: this warning originates in the macro `bail` (in Nightly builds, run with -Z macro-backtrace for more info)
[INFO] [stdout] 
[INFO] [stdout] 
[INFO] [stdout] warning: trailing semicolon in macro used in expression position
[INFO] [stdout]    --> src/fs_view.rs:384:17
[INFO] [stdout]     |
[INFO] [stdout] 384 |         None => bail!("non unicode filename found"),
[INFO] [stdout]     |                 ^^^^^^^^^^^^^^^^^^^^^^^^^^^^^^^^^^^
[INFO] [stdout]     |
[INFO] [stdout]     = warning: this was previously accepted by the compiler but is being phased out; it will become a hard error in a future release!
[INFO] [stdout]     = note: for more information, see issue #79813 <https://github.com/rust-lang/rust/issues/79813>
[INFO] [stdout]     = note: this warning originates in the macro `bail` (in Nightly builds, run with -Z macro-backtrace for more info)
[INFO] [stdout] 
[INFO] [stdout] 
[INFO] [stdout] warning: trailing semicolon in macro used in expression position
[INFO] [stdout]    --> src/fs_view.rs:395:14
[INFO] [stdout]     |
[INFO] [stdout] 395 |         _ => bail!("Files should not exist in the middle of a path component."),
[INFO] [stdout]     |              ^^^^^^^^^^^^^^^^^^^^^^^^^^^^^^^^^^^^^^^^^^^^^^^^^^^^^^^^^^^^^^^^^^
[INFO] [stdout]     |
[INFO] [stdout]     = warning: this was previously accepted by the compiler but is being phased out; it will become a hard error in a future release!
[INFO] [stdout]     = note: for more information, see issue #79813 <https://github.com/rust-lang/rust/issues/79813>
[INFO] [stdout]     = note: this warning originates in the macro `bail` (in Nightly builds, run with -Z macro-backtrace for more info)
[INFO] [stdout] 
[INFO] [stdout] 
[INFO] [stdout] warning: trailing semicolon in macro used in expression position
[INFO] [stdout]    --> src/fs_view.rs:518:19
[INFO] [stdout]     |
[INFO] [stdout] 518 |           None => bail!("non-unicode filename"),
[INFO] [stdout]     |                   ^^^^^^^^^^^^^^^^^^^^^^^^^^^^^
[INFO] [stdout]     |
[INFO] [stdout]     = warning: this was previously accepted by the compiler but is being phased out; it will become a hard error in a future release!
[INFO] [stdout]     = note: for more information, see issue #79813 <https://github.com/rust-lang/rust/issues/79813>
[INFO] [stdout]     = note: this warning originates in the macro `bail` (in Nightly builds, run with -Z macro-backtrace for more info)
[INFO] [stdout] 
[INFO] [stdout] 
[INFO] [stdout] warning: trailing semicolon in macro used in expression position
[INFO] [stdout]    --> src/fs_view.rs:521:15
[INFO] [stdout]     |
[INFO] [stdout] 521 |       None => bail!("walkdir gave us a relative path"),
[INFO] [stdout]     |               ^^^^^^^^^^^^^^^^^^^^^^^^^^^^^^^^^^^^^^^^
[INFO] [stdout]     |
[INFO] [stdout]     = warning: this was previously accepted by the compiler but is being phased out; it will become a hard error in a future release!
[INFO] [stdout]     = note: for more information, see issue #79813 <https://github.com/rust-lang/rust/issues/79813>
[INFO] [stdout]     = note: this warning originates in the macro `bail` (in Nightly builds, run with -Z macro-backtrace for more info)
[INFO] [stdout] 
[INFO] [stdout] 
[INFO] [stdout] warning: unused import: `DebouncedEvent`
[INFO] [stdout]   --> src/notify/inotify/mod.rs:25:13
[INFO] [stdout]    |
[INFO] [stdout] 25 | use super::{DebouncedEvent, Error, Op, RawEvent, RecursiveMode, Result, Watcher, op};
[INFO] [stdout]    |             ^^^^^^^^^^^^^^
[INFO] [stdout]    |
[INFO] [stdout]    = note: `#[warn(unused_imports)]` (part of `#[warn(unused)]`) on by default
[INFO] [stdout] 
[INFO] [stdout] 
[INFO] [stdout] warning: use of deprecated macro `try`: use the `?` operator instead
[INFO] [stdout]    --> src/notify/inotify/flags.rs:3:1
[INFO] [stdout]     |
[INFO] [stdout]   3 | / bitflags! {
[INFO] [stdout]   4 | |   pub flags Mask: u32 {
[INFO] [stdout]   5 | |     #[doc = " Event: File was accessed."]
[INFO] [stdout]   6 | |     #[doc = " "]
[INFO] [stdout] ...   |
[INFO] [stdout] 178 | | }
[INFO] [stdout]     | |_^
[INFO] [stdout]     |
[INFO] [stdout]     = note: `#[warn(deprecated)]` on by default
[INFO] [stdout]     = note: this warning originates in the macro `bitflags` (in Nightly builds, run with -Z macro-backtrace for more info)
[INFO] [stdout] 
[INFO] [stdout] 
[INFO] [stdout] warning: use of deprecated macro `try`: use the `?` operator instead
[INFO] [stdout]    --> src/notify/inotify/flags.rs:3:1
[INFO] [stdout]     |
[INFO] [stdout]   3 | / bitflags! {
[INFO] [stdout]   4 | |   pub flags Mask: u32 {
[INFO] [stdout]   5 | |     #[doc = " Event: File was accessed."]
[INFO] [stdout]   6 | |     #[doc = " "]
[INFO] [stdout] ...   |
[INFO] [stdout] 178 | | }
[INFO] [stdout]     | |_^
[INFO] [stdout]     |
[INFO] [stdout]     = note: this warning originates in the macro `bitflags` (in Nightly builds, run with -Z macro-backtrace for more info)
[INFO] [stdout] 
[INFO] [stdout] 
[INFO] [stdout] warning: use of deprecated macro `try`: use the `?` operator instead
[INFO] [stdout]    --> src/notify/mod.rs:336:3
[INFO] [stdout]     |
[INFO] [stdout] 336 | /   bitflags! {
[INFO] [stdout] 337 | |     /// Holds a set of bit flags representing the actions for the event.
[INFO] [stdout] 338 | |     ///
[INFO] [stdout] 339 | |     /// For a list of possible values, have a look at the [notify::op](index.html) documentation.
[INFO] [stdout] ...   |
[INFO] [stdout] 358 | |   }
[INFO] [stdout]     | |___^
[INFO] [stdout]     |
[INFO] [stdout]     = note: this warning originates in the macro `bitflags` (in Nightly builds, run with -Z macro-backtrace for more info)
[INFO] [stdout] 
[INFO] [stdout] 
[INFO] [stdout] warning: use of deprecated macro `try`: use the `?` operator instead
[INFO] [stdout]    --> src/notify/mod.rs:336:3
[INFO] [stdout]     |
[INFO] [stdout] 336 | /   bitflags! {
[INFO] [stdout] 337 | |     /// Holds a set of bit flags representing the actions for the event.
[INFO] [stdout] 338 | |     ///
[INFO] [stdout] 339 | |     /// For a list of possible values, have a look at the [notify::op](index.html) documentation.
[INFO] [stdout] ...   |
[INFO] [stdout] 358 | |   }
[INFO] [stdout]     | |___^
[INFO] [stdout]     |
[INFO] [stdout]     = note: this warning originates in the macro `bitflags` (in Nightly builds, run with -Z macro-backtrace for more info)
[INFO] [stdout] 
[INFO] [stdout] 
[INFO] [stdout] warning: unnecessary parentheses around block return value
[INFO] [stdout]    --> src/notify/mod.rs:479:9
[INFO] [stdout]     |
[INFO] [stdout] 479 |         (a1 == b1 && a2 == b2)
[INFO] [stdout]     |         ^                    ^
[INFO] [stdout]     |
[INFO] [stdout]     = note: `#[warn(unused_parens)]` (part of `#[warn(unused)]`) on by default
[INFO] [stdout] help: remove these parentheses
[INFO] [stdout]     |
[INFO] [stdout] 479 -         (a1 == b1 && a2 == b2)
[INFO] [stdout] 479 +         a1 == b1 && a2 == b2
[INFO] [stdout]     |
[INFO] [stdout] 
[INFO] [stdout] 
[INFO] [stdout] warning: trailing semicolon in macro used in expression position
[INFO] [stdout]    --> src/lib.rs:179:25
[INFO] [stdout]     |
[INFO] [stdout] 179 | /                         error!("yeah this should never happen. unable to send mpsc msg: {:?}",
[INFO] [stdout] 180 | |                                why)
[INFO] [stdout]     | |___________________________________^
[INFO] [stdout]     |
[INFO] [stdout]     = note: macro invocations at the end of a block are treated as expressions
[INFO] [stdout]     = note: to ignore the value produced by the macro, add a semicolon after the invocation of `error`
[INFO] [stdout]     = warning: this was previously accepted by the compiler but is being phased out; it will become a hard error in a future release!
[INFO] [stdout]     = note: for more information, see issue #79813 <https://github.com/rust-lang/rust/issues/79813>
[INFO] [stdout]     = note: this warning originates in the macro `error` (in Nightly builds, run with -Z macro-backtrace for more info)
[INFO] [stdout] 
[INFO] [stdout] 
[INFO] [stdout] warning: trailing semicolon in macro used in expression position
[INFO] [stdout]    --> src/lib.rs:185:21
[INFO] [stdout]     |
[INFO] [stdout] 185 | /                     error!("unable to serialize value to JSON, this is definitely a bug: {:?}",
[INFO] [stdout] 186 | |                            why)
[INFO] [stdout]     | |_______________________________^
[INFO] [stdout]     |
[INFO] [stdout]     = note: macro invocations at the end of a block are treated as expressions
[INFO] [stdout]     = note: to ignore the value produced by the macro, add a semicolon after the invocation of `error`
[INFO] [stdout]     = warning: this was previously accepted by the compiler but is being phased out; it will become a hard error in a future release!
[INFO] [stdout]     = note: for more information, see issue #79813 <https://github.com/rust-lang/rust/issues/79813>
[INFO] [stdout]     = note: this warning originates in the macro `error` (in Nightly builds, run with -Z macro-backtrace for more info)
[INFO] [stdout] 
[INFO] [stdout] 
[INFO] [stdout] warning: use of deprecated method `std::error::Error::description`: use the Display impl or to_string()
[INFO] [stdout]   --> src/lib.rs:55:3
[INFO] [stdout]    |
[INFO] [stdout] 55 | /   error_chain!{
[INFO] [stdout] 56 | |     foreign_links {
[INFO] [stdout] 57 | |       GlobError(::glob::PatternError);
[INFO] [stdout] 58 | |       JsonError(::serde_json::Error);
[INFO] [stdout] ...  |
[INFO] [stdout] 63 | |   }
[INFO] [stdout]    | |___^
[INFO] [stdout]    |
[INFO] [stdout]    = note: this warning originates in the macro `error_chain_processed` which comes from the expansion of the macro `error_chain` (in Nightly builds, run with -Z macro-backtrace for more info)
[INFO] [stdout] 
[INFO] [stdout] 
[INFO] [stdout] warning: use of deprecated trait `std::ascii::AsciiExt`: use inherent methods instead
[INFO] [stdout]  --> src/query.rs:1:17
[INFO] [stdout]   |
[INFO] [stdout] 1 | use std::ascii::AsciiExt;
[INFO] [stdout]   |                 ^^^^^^^^
[INFO] [stdout] 
[INFO] [stdout] 
[INFO] [stdout] warning: use of deprecated module `std::usize`: all constants in this module replaced by associated constants on the type
[INFO] [stdout]  --> src/query.rs:5:10
[INFO] [stdout]   |
[INFO] [stdout] 5 | use std::usize;
[INFO] [stdout]   |          ^^^^^
[INFO] [stdout] 
[INFO] [stdout] 
[INFO] [stdout] warning: use of deprecated constant `std::usize::MAX`: replaced by the `MAX` associated constant on this type
[INFO] [stdout]    --> src/query.rs:246:51
[INFO] [stdout]     |
[INFO] [stdout] 246 |             Comparator::Greater => (steps, usize::MAX),
[INFO] [stdout]     |                                                   ^^^
[INFO] [stdout] 
[INFO] [stdout] 
[INFO] [stdout] warning: use of deprecated constant `std::usize::MAX`: replaced by the `MAX` associated constant on this type
[INFO] [stdout]    --> src/query.rs:247:60
[INFO] [stdout]     |
[INFO] [stdout] 247 |             Comparator::GreaterEqual => (steps - 1, usize::MAX),
[INFO] [stdout]     |                                                            ^^^
[INFO] [stdout] 
[INFO] [stdout] 
[INFO] [stdout] warning: use of deprecated constant `std::usize::MAX`: replaced by the `MAX` associated constant on this type
[INFO] [stdout]    --> src/query.rs:250:22
[INFO] [stdout]     |
[INFO] [stdout] 250 |           (1, usize::MAX)
[INFO] [stdout]     |                      ^^^
[INFO] [stdout] 
[INFO] [stdout] 
[INFO] [stdout] warning: trait objects without an explicit `dyn` are deprecated
[INFO] [stdout]    --> src/notify/mod.rs:531:30
[INFO] [stdout]     |
[INFO] [stdout] 531 |   fn cause(&self) -> Option<&StdError> {
[INFO] [stdout]     |                              ^^^^^^^^
[INFO] [stdout]     |
[INFO] [stdout]     = warning: this is accepted in the current edition (Rust 2015) but is a hard error in Rust 2021!
[INFO] [stdout]     = note: for more information, see <https://doc.rust-lang.org/edition-guide/rust-2021/warnings-promoted-to-error.html>
[INFO] [stdout]     = note: `#[warn(bare_trait_objects)]` (part of `#[warn(rust_2021_compatibility)]`) on by default
[INFO] [stdout] help: if this is a dyn-compatible trait, use `dyn`
[INFO] [stdout]     |
[INFO] [stdout] 531 |   fn cause(&self) -> Option<&dyn StdError> {
[INFO] [stdout]     |                              +++
[INFO] [stdout] 
[INFO] [stdout] 
[INFO] [stdout] warning: use of deprecated method `std::error::Error::cause`: replaced by Error::source, which can support downcasting
[INFO] [stdout]   --> src/lib.rs:55:3
[INFO] [stdout]    |
[INFO] [stdout] 55 | /   error_chain!{
[INFO] [stdout] 56 | |     foreign_links {
[INFO] [stdout] 57 | |       GlobError(::glob::PatternError);
[INFO] [stdout] 58 | |       JsonError(::serde_json::Error);
[INFO] [stdout] ...  |
[INFO] [stdout] 63 | |   }
[INFO] [stdout]    | |___^
[INFO] [stdout]    |
[INFO] [stdout]    = note: this warning originates in the macro `error_chain_processed` which comes from the expansion of the macro `error_chain` (in Nightly builds, run with -Z macro-backtrace for more info)
[INFO] [stdout] 
[INFO] [stdout] 
[INFO] [stdout] warning: use of deprecated associated function `bitflags::core::num::<impl usize>::max_value`: replaced by the `MAX` associated constant on this type
[INFO] [stdout]    --> src/notify/poll.rs:101:56
[INFO] [stdout]     |
[INFO] [stdout] 101 |                   let depth = if is_recursive { usize::max_value() } else { 1 };
[INFO] [stdout]     |                                                        ^^^^^^^^^
[INFO] [stdout] 
[INFO] [stdout] 
[INFO] [stdout] warning: use of deprecated associated function `bitflags::core::num::<impl usize>::max_value`: replaced by the `MAX` associated constant on this type
[INFO] [stdout]    --> src/notify/poll.rs:223:22
[INFO] [stdout]     |
[INFO] [stdout] 223 |               usize::max_value()
[INFO] [stdout]     |                      ^^^^^^^^^
[INFO] [stdout] 
[INFO] [stdout] 
[INFO] [stdout] warning: use of deprecated method `std::error::Error::description`: use the Display impl or to_string()
[INFO] [stdout]    --> src/notify/mod.rs:511:33
[INFO] [stdout]     |
[INFO] [stdout] 511 |       Error::Io(ref err) => err.description(),
[INFO] [stdout]     |                                 ^^^^^^^^^^^
[INFO] [stdout] 
[INFO] [stdout] 
[INFO] [stdout] warning: method `chmod` is never used
[INFO] [stdout]    --> tests/utils/mod.rs:122:6
[INFO] [stdout]     |
[INFO] [stdout] 109 | pub trait TestHelpers {
[INFO] [stdout]     |           ----------- method in this trait
[INFO] [stdout] ...
[INFO] [stdout] 122 |   fn chmod(&self, p: &str);
[INFO] [stdout]     |      ^^^^^
[INFO] [stdout]     |
[INFO] [stdout]     = note: `#[warn(dead_code)]` (part of `#[warn(unused)]`) on by default
[INFO] [stdout] 
[INFO] [stdout] 
[INFO] [stdout] warning: unused import: `std::ascii::AsciiExt`
[INFO] [stdout]  --> src/query.rs:1:5
[INFO] [stdout]   |
[INFO] [stdout] 1 | use std::ascii::AsciiExt;
[INFO] [stdout]   |     ^^^^^^^^^^^^^^^^^^^^
[INFO] [stdout] 
[INFO] [stdout] 
[INFO] [stdout] warning: non-local `impl` definition, `impl` blocks should be written at the same level as their item
[INFO] [stdout]   --> src/fs_view.rs:20:39
[INFO] [stdout]    |
[INFO] [stdout] 20 | #[derive(Clone, Debug, Eq, PartialEq, Serialize)]
[INFO] [stdout]    |                                       ^^^^^^^^^
[INFO] [stdout]    |                                       |
[INFO] [stdout]    |                                       `FsNode` is not local
[INFO] [stdout]    |                                       `Serialize` is not local
[INFO] [stdout]    |                                       move the `impl` block outside of this constant `_IMPL_SERIALIZE_FOR_FsNode`
[INFO] [stdout]    |
[INFO] [stdout]    = note: the derive macro `Serialize` defines the non-local `impl`, and may need to be changed
[INFO] [stdout]    = note: the derive macro `Serialize` may come from an old version of the `serde_derive` crate, try updating your dependency with `cargo update -p serde_derive`
[INFO] [stdout]    = note: an `impl` is never scoped, even when it is nested inside an item, as it may impact type checking outside of that item, which can be the case if neither the trait or the self type are at the same nesting level as the `impl`
[INFO] [stdout]    = note: items in an anonymous const item (`const _: () = { ... }`) are treated as in the same scope as the anonymous const's declaration for the purpose of this lint
[INFO] [stdout]    = note: `#[warn(non_local_definitions)]` on by default
[INFO] [stdout]    = note: this warning originates in the derive macro `Serialize` (in Nightly builds, run with -Z macro-backtrace for more info)
[INFO] [stdout] 
[INFO] [stdout] 
[INFO] [stdout] warning: non-local `impl` definition, `impl` blocks should be written at the same level as their item
[INFO] [stdout]   --> src/fs_view.rs:28:30
[INFO] [stdout]    |
[INFO] [stdout] 28 | #[derive(Clone, Copy, Debug, Serialize)]
[INFO] [stdout]    |                              ^^^^^^^^^
[INFO] [stdout]    |                              |
[INFO] [stdout]    |                              `ChangeEvent` is not local
[INFO] [stdout]    |                              `Serialize` is not local
[INFO] [stdout]    |                              move the `impl` block outside of this constant `_IMPL_SERIALIZE_FOR_ChangeEvent`
[INFO] [stdout]    |
[INFO] [stdout]    = note: the derive macro `Serialize` defines the non-local `impl`, and may need to be changed
[INFO] [stdout]    = note: the derive macro `Serialize` may come from an old version of the `serde_derive` crate, try updating your dependency with `cargo update -p serde_derive`
[INFO] [stdout]    = note: an `impl` is never scoped, even when it is nested inside an item, as it may impact type checking outside of that item, which can be the case if neither the trait or the self type are at the same nesting level as the `impl`
[INFO] [stdout]    = note: items in an anonymous const item (`const _: () = { ... }`) are treated as in the same scope as the anonymous const's declaration for the purpose of this lint
[INFO] [stdout]    = note: this warning originates in the derive macro `Serialize` (in Nightly builds, run with -Z macro-backtrace for more info)
[INFO] [stdout] 
[INFO] [stdout] 
[INFO] [stdout] warning: non-local `impl` definition, `impl` blocks should be written at the same level as their item
[INFO] [stdout]   --> src/fs_view.rs:40:17
[INFO] [stdout]    |
[INFO] [stdout] 40 | #[derive(Debug, Serialize)]
[INFO] [stdout]    |                 ^^^^^^^^^
[INFO] [stdout]    |                 |
[INFO] [stdout]    |                 `FileEvent` is not local
[INFO] [stdout]    |                 `Serialize` is not local
[INFO] [stdout]    |                 move the `impl` block outside of this constant `_IMPL_SERIALIZE_FOR_FileEvent`
[INFO] [stdout]    |
[INFO] [stdout]    = note: the derive macro `Serialize` defines the non-local `impl`, and may need to be changed
[INFO] [stdout]    = note: the derive macro `Serialize` may come from an old version of the `serde_derive` crate, try updating your dependency with `cargo update -p serde_derive`
[INFO] [stdout]    = note: an `impl` is never scoped, even when it is nested inside an item, as it may impact type checking outside of that item, which can be the case if neither the trait or the self type are at the same nesting level as the `impl`
[INFO] [stdout]    = note: items in an anonymous const item (`const _: () = { ... }`) are treated as in the same scope as the anonymous const's declaration for the purpose of this lint
[INFO] [stdout]    = note: this warning originates in the derive macro `Serialize` (in Nightly builds, run with -Z macro-backtrace for more info)
[INFO] [stdout] 
[INFO] [stdout] 
[INFO] [stdout] warning: non-local `impl` definition, `impl` blocks should be written at the same level as their item
[INFO] [stdout]   --> src/fs_view.rs:46:17
[INFO] [stdout]    |
[INFO] [stdout] 46 | #[derive(Debug, Serialize)]
[INFO] [stdout]    |                 ^^^^^^^^^
[INFO] [stdout]    |                 |
[INFO] [stdout]    |                 `Notification` is not local
[INFO] [stdout]    |                 `Serialize` is not local
[INFO] [stdout]    |                 move the `impl` block outside of this constant `_IMPL_SERIALIZE_FOR_Notification`
[INFO] [stdout]    |
[INFO] [stdout]    = note: the derive macro `Serialize` defines the non-local `impl`, and may need to be changed
[INFO] [stdout]    = note: the derive macro `Serialize` may come from an old version of the `serde_derive` crate, try updating your dependency with `cargo update -p serde_derive`
[INFO] [stdout]    = note: an `impl` is never scoped, even when it is nested inside an item, as it may impact type checking outside of that item, which can be the case if neither the trait or the self type are at the same nesting level as the `impl`
[INFO] [stdout]    = note: items in an anonymous const item (`const _: () = { ... }`) are treated as in the same scope as the anonymous const's declaration for the purpose of this lint
[INFO] [stdout]    = note: this warning originates in the derive macro `Serialize` (in Nightly builds, run with -Z macro-backtrace for more info)
[INFO] [stdout] 
[INFO] [stdout] 
[INFO] [stdout] warning: non-local `impl` definition, `impl` blocks should be written at the same level as their item
[INFO] [stdout]   --> src/fs_view.rs:52:17
[INFO] [stdout]    |
[INFO] [stdout] 52 | #[derive(Debug, Serialize)]
[INFO] [stdout]    |                 ^^^^^^^^^
[INFO] [stdout]    |                 |
[INFO] [stdout]    |                 `FsRootNode` is not local
[INFO] [stdout]    |                 `Serialize` is not local
[INFO] [stdout]    |                 move the `impl` block outside of this constant `_IMPL_SERIALIZE_FOR_FsRootNode`
[INFO] [stdout]    |
[INFO] [stdout]    = note: the derive macro `Serialize` defines the non-local `impl`, and may need to be changed
[INFO] [stdout]    = note: the derive macro `Serialize` may come from an old version of the `serde_derive` crate, try updating your dependency with `cargo update -p serde_derive`
[INFO] [stdout]    = note: an `impl` is never scoped, even when it is nested inside an item, as it may impact type checking outside of that item, which can be the case if neither the trait or the self type are at the same nesting level as the `impl`
[INFO] [stdout]    = note: items in an anonymous const item (`const _: () = { ... }`) are treated as in the same scope as the anonymous const's declaration for the purpose of this lint
[INFO] [stdout]    = note: this warning originates in the derive macro `Serialize` (in Nightly builds, run with -Z macro-backtrace for more info)
[INFO] [stdout] 
[INFO] [stdout] 
[INFO] [stdout] warning: using `.clone()` on a double reference, which returns `&PathBuf` instead of cloning the inner type
[INFO] [stdout]    --> src/fs_view.rs:279:34
[INFO] [stdout]     |
[INFO] [stdout] 279 |               segments.entry(root.clone()).or_insert_with(|| Vec::new()).push(notif);
[INFO] [stdout]     |                                  ^^^^^^^^
[INFO] [stdout]     |
[INFO] [stdout]     = note: `#[warn(suspicious_double_ref_op)]` on by default
[INFO] [stdout] 
[INFO] [stdout] 
[INFO] [stdout] warning: non-local `impl` definition, `impl` blocks should be written at the same level as their item
[INFO] [stdout]    --> src/fs_view.rs:627:39
[INFO] [stdout]     |
[INFO] [stdout] 627 | #[derive(Clone, Debug, Eq, PartialEq, Serialize)]
[INFO] [stdout]     |                                       ^^^^^^^^^
[INFO] [stdout]     |                                       |
[INFO] [stdout]     |                                       `FsEntryType` is not local
[INFO] [stdout]     |                                       `Serialize` is not local
[INFO] [stdout]     |                                       move the `impl` block outside of this constant `_IMPL_SERIALIZE_FOR_FsEntryType`
[INFO] [stdout]     |
[INFO] [stdout]     = note: the derive macro `Serialize` defines the non-local `impl`, and may need to be changed
[INFO] [stdout]     = note: the derive macro `Serialize` may come from an old version of the `serde_derive` crate, try updating your dependency with `cargo update -p serde_derive`
[INFO] [stdout]     = note: an `impl` is never scoped, even when it is nested inside an item, as it may impact type checking outside of that item, which can be the case if neither the trait or the self type are at the same nesting level as the `impl`
[INFO] [stdout]     = note: items in an anonymous const item (`const _: () = { ... }`) are treated as in the same scope as the anonymous const's declaration for the purpose of this lint
[INFO] [stdout]     = note: this warning originates in the derive macro `Serialize` (in Nightly builds, run with -Z macro-backtrace for more info)
[INFO] [stdout] 
[INFO] [stdout] 
[INFO] [stdout] warning: non-local `impl` definition, `impl` blocks should be written at the same level as their item
[INFO] [stdout]    --> src/fs_view.rs:636:30
[INFO] [stdout]     |
[INFO] [stdout] 636 | #[derive(Clone, Copy, Debug, Deserialize, Eq, PartialEq, Serialize)]
[INFO] [stdout]     |                              ^^^^^^^^^^^
[INFO] [stdout]     |                              |
[INFO] [stdout]     |                              `FsItemType` is not local
[INFO] [stdout]     |                              `Deserialize` is not local
[INFO] [stdout]     |                              move the `impl` block outside of this constant `_IMPL_DESERIALIZE_FOR_FsItemType`
[INFO] [stdout]     |
[INFO] [stdout]     = note: the derive macro `Deserialize` defines the non-local `impl`, and may need to be changed
[INFO] [stdout]     = note: the derive macro `Deserialize` may come from an old version of the `serde_derive` crate, try updating your dependency with `cargo update -p serde_derive`
[INFO] [stdout]     = note: an `impl` is never scoped, even when it is nested inside an item, as it may impact type checking outside of that item, which can be the case if neither the trait or the self type are at the same nesting level as the `impl`
[INFO] [stdout]     = note: items in an anonymous const item (`const _: () = { ... }`) are treated as in the same scope as the anonymous const's declaration for the purpose of this lint
[INFO] [stdout]     = note: this warning originates in the derive macro `Deserialize` (in Nightly builds, run with -Z macro-backtrace for more info)
[INFO] [stdout] 
[INFO] [stdout] 
[INFO] [stdout] warning: non-local `impl` definition, `impl` blocks should be written at the same level as their item
[INFO] [stdout]    --> src/fs_view.rs:636:58
[INFO] [stdout]     |
[INFO] [stdout] 636 | #[derive(Clone, Copy, Debug, Deserialize, Eq, PartialEq, Serialize)]
[INFO] [stdout]     |                                                          ^^^^^^^^^
[INFO] [stdout]     |                                                          |
[INFO] [stdout]     |                                                          `FsItemType` is not local
[INFO] [stdout]     |                                                          `Serialize` is not local
[INFO] [stdout]     |                                                          move the `impl` block outside of this constant `_IMPL_SERIALIZE_FOR_FsItemType`
[INFO] [stdout]     |
[INFO] [stdout]     = note: the derive macro `Serialize` defines the non-local `impl`, and may need to be changed
[INFO] [stdout]     = note: the derive macro `Serialize` may come from an old version of the `serde_derive` crate, try updating your dependency with `cargo update -p serde_derive`
[INFO] [stdout]     = note: an `impl` is never scoped, even when it is nested inside an item, as it may impact type checking outside of that item, which can be the case if neither the trait or the self type are at the same nesting level as the `impl`
[INFO] [stdout]     = note: items in an anonymous const item (`const _: () = { ... }`) are treated as in the same scope as the anonymous const's declaration for the purpose of this lint
[INFO] [stdout]     = note: this warning originates in the derive macro `Serialize` (in Nightly builds, run with -Z macro-backtrace for more info)
[INFO] [stdout] 
[INFO] [stdout] 
[INFO] [stdout] warning: hiding a lifetime that's elided elsewhere is confusing
[INFO] [stdout]    --> src/fs_view.rs:655:11
[INFO] [stdout]     |
[INFO] [stdout] 655 |   fn path(&self) -> Cow<Path>;
[INFO] [stdout]     |           ^^^^^     ^^^^^^^^^ the same lifetime is hidden here
[INFO] [stdout]     |           |
[INFO] [stdout]     |           the lifetime is elided here
[INFO] [stdout]     |
[INFO] [stdout]     = help: the same lifetime is referred to in inconsistent ways, making the signature confusing
[INFO] [stdout]     = note: `#[warn(mismatched_lifetime_syntaxes)]` on by default
[INFO] [stdout] help: use `'_` for type paths
[INFO] [stdout]     |
[INFO] [stdout] 655 |   fn path(&self) -> Cow<'_, Path>;
[INFO] [stdout]     |                         +++
[INFO] [stdout] 
[INFO] [stdout] 
[INFO] [stdout] warning: hiding a lifetime that's elided elsewhere is confusing
[INFO] [stdout]    --> src/fs_view.rs:660:11
[INFO] [stdout]     |
[INFO] [stdout] 660 |   fn path(&self) -> Cow<Path> {
[INFO] [stdout]     |           ^^^^^     ^^^^^^^^^ the same lifetime is hidden here
[INFO] [stdout]     |           |
[INFO] [stdout]     |           the lifetime is elided here
[INFO] [stdout]     |
[INFO] [stdout]     = help: the same lifetime is referred to in inconsistent ways, making the signature confusing
[INFO] [stdout] help: use `'_` for type paths
[INFO] [stdout]     |
[INFO] [stdout] 660 |   fn path(&self) -> Cow<'_, Path> {
[INFO] [stdout]     |                         +++
[INFO] [stdout] 
[INFO] [stdout] 
[INFO] [stdout] warning: hiding a lifetime that's elided elsewhere is confusing
[INFO] [stdout]    --> src/fs_view.rs:683:11
[INFO] [stdout]     |
[INFO] [stdout] 683 |   fn path(&self) -> Cow<Path> {
[INFO] [stdout]     |           ^^^^^     ^^^^^^^^^ the same lifetime is hidden here
[INFO] [stdout]     |           |
[INFO] [stdout]     |           the lifetime is elided here
[INFO] [stdout]     |
[INFO] [stdout]     = help: the same lifetime is referred to in inconsistent ways, making the signature confusing
[INFO] [stdout] help: use `'_` for type paths
[INFO] [stdout]     |
[INFO] [stdout] 683 |   fn path(&self) -> Cow<'_, Path> {
[INFO] [stdout]     |                         +++
[INFO] [stdout] 
[INFO] [stdout] 
[INFO] [stdout] warning: hiding a lifetime that's elided elsewhere is confusing
[INFO] [stdout]    --> src/fs_view.rs:707:11
[INFO] [stdout]     |
[INFO] [stdout] 707 |   fn path(&self) -> Cow<Path> {
[INFO] [stdout]     |           ^^^^^     ^^^^^^^^^ the same lifetime is hidden here
[INFO] [stdout]     |           |
[INFO] [stdout]     |           the lifetime is elided here
[INFO] [stdout]     |
[INFO] [stdout]     = help: the same lifetime is referred to in inconsistent ways, making the signature confusing
[INFO] [stdout] help: use `'_` for type paths
[INFO] [stdout]     |
[INFO] [stdout] 707 |   fn path(&self) -> Cow<'_, Path> {
[INFO] [stdout]     |                         +++
[INFO] [stdout] 
[INFO] [stdout] 
[INFO] [stdout] warning: non-local `impl` definition, `impl` blocks should be written at the same level as their item
[INFO] [stdout]   --> src/query.rs:20:17
[INFO] [stdout]    |
[INFO] [stdout] 20 | #[derive(Debug, Deserialize)]
[INFO] [stdout]    |                 ^^^^^^^^^^^
[INFO] [stdout]    |                 |
[INFO] [stdout]    |                 `Query` is not local
[INFO] [stdout]    |                 `Deserialize` is not local
[INFO] [stdout]    |                 move the `impl` block outside of this constant `_IMPL_DESERIALIZE_FOR_Query`
[INFO] [stdout]    |
[INFO] [stdout]    = note: the derive macro `Deserialize` defines the non-local `impl`, and may need to be changed
[INFO] [stdout]    = note: the derive macro `Deserialize` may come from an old version of the `serde_derive` crate, try updating your dependency with `cargo update -p serde_derive`
[INFO] [stdout]    = note: an `impl` is never scoped, even when it is nested inside an item, as it may impact type checking outside of that item, which can be the case if neither the trait or the self type are at the same nesting level as the `impl`
[INFO] [stdout]    = note: items in an anonymous const item (`const _: () = { ... }`) are treated as in the same scope as the anonymous const's declaration for the purpose of this lint
[INFO] [stdout]    = note: this warning originates in the derive macro `Deserialize` (in Nightly builds, run with -Z macro-backtrace for more info)
[INFO] [stdout] 
[INFO] [stdout] 
[INFO] [stdout] warning: non-local `impl` definition, `impl` blocks should be written at the same level as their item
[INFO] [stdout]   --> src/query.rs:32:17
[INFO] [stdout]    |
[INFO] [stdout] 32 | #[derive(Debug, Deserialize)]
[INFO] [stdout]    |                 ^^^^^^^^^^^
[INFO] [stdout]    |                 |
[INFO] [stdout]    |                 `PartialQuery` is not local
[INFO] [stdout]    |                 `Deserialize` is not local
[INFO] [stdout]    |                 move the `impl` block outside of this constant `_IMPL_DESERIALIZE_FOR_PartialQuery`
[INFO] [stdout]    |
[INFO] [stdout]    = note: the derive macro `Deserialize` defines the non-local `impl`, and may need to be changed
[INFO] [stdout]    = note: the derive macro `Deserialize` may come from an old version of the `serde_derive` crate, try updating your dependency with `cargo update -p serde_derive`
[INFO] [stdout]    = note: an `impl` is never scoped, even when it is nested inside an item, as it may impact type checking outside of that item, which can be the case if neither the trait or the self type are at the same nesting level as the `impl`
[INFO] [stdout]    = note: items in an anonymous const item (`const _: () = { ... }`) are treated as in the same scope as the anonymous const's declaration for the purpose of this lint
[INFO] [stdout]    = note: this warning originates in the derive macro `Deserialize` (in Nightly builds, run with -Z macro-backtrace for more info)
[INFO] [stdout] 
[INFO] [stdout] 
[INFO] [stdout] warning: non-local `impl` definition, `impl` blocks should be written at the same level as their item
[INFO] [stdout]   --> src/query.rs:37:10
[INFO] [stdout]    |
[INFO] [stdout] 37 | #[derive(Serialize)]
[INFO] [stdout]    |          ^^^^^^^^^
[INFO] [stdout]    |          |
[INFO] [stdout]    |          `QueryResult` is not local
[INFO] [stdout]    |          `Serialize` is not local
[INFO] [stdout]    |          move the `impl` block outside of this constant `_IMPL_SERIALIZE_FOR_QueryResult`
[INFO] [stdout]    |
[INFO] [stdout]    = note: the derive macro `Serialize` defines the non-local `impl`, and may need to be changed
[INFO] [stdout]    = note: the derive macro `Serialize` may come from an old version of the `serde_derive` crate, try updating your dependency with `cargo update -p serde_derive`
[INFO] [stdout]    = note: an `impl` is never scoped, even when it is nested inside an item, as it may impact type checking outside of that item, which can be the case if neither the trait or the self type are at the same nesting level as the `impl`
[INFO] [stdout]    = note: items in an anonymous const item (`const _: () = { ... }`) are treated as in the same scope as the anonymous const's declaration for the purpose of this lint
[INFO] [stdout]    = note: this warning originates in the derive macro `Serialize` (in Nightly builds, run with -Z macro-backtrace for more info)
[INFO] [stdout] 
[INFO] [stdout] 
[INFO] [stdout] warning: non-local `impl` definition, `impl` blocks should be written at the same level as their item
[INFO] [stdout]   --> src/query.rs:43:17
[INFO] [stdout]    |
[INFO] [stdout] 43 | #[derive(Debug, Serialize)]
[INFO] [stdout]    |                 ^^^^^^^^^
[INFO] [stdout]    |                 |
[INFO] [stdout]    |                 `QueryError` is not local
[INFO] [stdout]    |                 `Serialize` is not local
[INFO] [stdout]    |                 move the `impl` block outside of this constant `_IMPL_SERIALIZE_FOR_QueryError`
[INFO] [stdout]    |
[INFO] [stdout]    = note: the derive macro `Serialize` defines the non-local `impl`, and may need to be changed
[INFO] [stdout]    = note: the derive macro `Serialize` may come from an old version of the `serde_derive` crate, try updating your dependency with `cargo update -p serde_derive`
[INFO] [stdout]    = note: an `impl` is never scoped, even when it is nested inside an item, as it may impact type checking outside of that item, which can be the case if neither the trait or the self type are at the same nesting level as the `impl`
[INFO] [stdout]    = note: items in an anonymous const item (`const _: () = { ... }`) are treated as in the same scope as the anonymous const's declaration for the purpose of this lint
[INFO] [stdout]    = note: this warning originates in the derive macro `Serialize` (in Nightly builds, run with -Z macro-backtrace for more info)
[INFO] [stdout] 
[INFO] [stdout] 
[INFO] [stdout] warning: non-local `impl` definition, `impl` blocks should be written at the same level as their item
[INFO] [stdout]   --> src/query.rs:53:17
[INFO] [stdout]    |
[INFO] [stdout] 53 | #[derive(Debug, Serialize)]
[INFO] [stdout]    |                 ^^^^^^^^^
[INFO] [stdout]    |                 |
[INFO] [stdout]    |                 `FileResult` is not local
[INFO] [stdout]    |                 `Serialize` is not local
[INFO] [stdout]    |                 move the `impl` block outside of this constant `_IMPL_SERIALIZE_FOR_FileResult`
[INFO] [stdout]    |
[INFO] [stdout]    = note: the derive macro `Serialize` defines the non-local `impl`, and may need to be changed
[INFO] [stdout]    = note: the derive macro `Serialize` may come from an old version of the `serde_derive` crate, try updating your dependency with `cargo update -p serde_derive`
[INFO] [stdout]    = note: an `impl` is never scoped, even when it is nested inside an item, as it may impact type checking outside of that item, which can be the case if neither the trait or the self type are at the same nesting level as the `impl`
[INFO] [stdout]    = note: items in an anonymous const item (`const _: () = { ... }`) are treated as in the same scope as the anonymous const's declaration for the purpose of this lint
[INFO] [stdout]    = note: this warning originates in the derive macro `Serialize` (in Nightly builds, run with -Z macro-backtrace for more info)
[INFO] [stdout] 
[INFO] [stdout] 
[INFO] [stdout] warning: non-local `impl` definition, `impl` blocks should be written at the same level as their item
[INFO] [stdout]   --> src/query.rs:87:17
[INFO] [stdout]    |
[INFO] [stdout] 87 | #[derive(Debug, Deserialize, Serialize)]
[INFO] [stdout]    |                 ^^^^^^^^^^^
[INFO] [stdout]    |                 |
[INFO] [stdout]    |                 `QueryExpression` is not local
[INFO] [stdout]    |                 `Deserialize` is not local
[INFO] [stdout]    |                 move the `impl` block outside of this constant `_IMPL_DESERIALIZE_FOR_QueryExpression`
[INFO] [stdout]    |
[INFO] [stdout]    = note: the derive macro `Deserialize` defines the non-local `impl`, and may need to be changed
[INFO] [stdout]    = note: the derive macro `Deserialize` may come from an old version of the `serde_derive` crate, try updating your dependency with `cargo update -p serde_derive`
[INFO] [stdout]    = note: an `impl` is never scoped, even when it is nested inside an item, as it may impact type checking outside of that item, which can be the case if neither the trait or the self type are at the same nesting level as the `impl`
[INFO] [stdout]    = note: items in an anonymous const item (`const _: () = { ... }`) are treated as in the same scope as the anonymous const's declaration for the purpose of this lint
[INFO] [stdout]    = note: this warning originates in the derive macro `Deserialize` (in Nightly builds, run with -Z macro-backtrace for more info)
[INFO] [stdout] 
[INFO] [stdout] 
[INFO] [stdout] warning: non-local `impl` definition, `impl` blocks should be written at the same level as their item
[INFO] [stdout]   --> src/query.rs:87:30
[INFO] [stdout]    |
[INFO] [stdout] 87 | #[derive(Debug, Deserialize, Serialize)]
[INFO] [stdout]    |                              ^^^^^^^^^
[INFO] [stdout]    |                              |
[INFO] [stdout]    |                              `QueryExpression` is not local
[INFO] [stdout]    |                              `Serialize` is not local
[INFO] [stdout]    |                              move the `impl` block outside of this constant `_IMPL_SERIALIZE_FOR_QueryExpression`
[INFO] [stdout]    |
[INFO] [stdout]    = note: the derive macro `Serialize` defines the non-local `impl`, and may need to be changed
[INFO] [stdout]    = note: the derive macro `Serialize` may come from an old version of the `serde_derive` crate, try updating your dependency with `cargo update -p serde_derive`
[INFO] [stdout]    = note: an `impl` is never scoped, even when it is nested inside an item, as it may impact type checking outside of that item, which can be the case if neither the trait or the self type are at the same nesting level as the `impl`
[INFO] [stdout]    = note: items in an anonymous const item (`const _: () = { ... }`) are treated as in the same scope as the anonymous const's declaration for the purpose of this lint
[INFO] [stdout]    = note: this warning originates in the derive macro `Serialize` (in Nightly builds, run with -Z macro-backtrace for more info)
[INFO] [stdout] 
[INFO] [stdout] 
[INFO] [stdout] warning: hiding a lifetime that's elided elsewhere is confusing
[INFO] [stdout]    --> src/query.rs:313:29
[INFO] [stdout]     |
[INFO] [stdout] 313 | fn node_name_to_match(node: &FsNode, match_ty: FilenameMatchType) -> Cow<str> {
[INFO] [stdout]     |                             ^^^^^^^ the lifetime is elided here      ^^^^^^^^ the same lifetime is hidden here
[INFO] [stdout]     |
[INFO] [stdout]     = help: the same lifetime is referred to in inconsistent ways, making the signature confusing
[INFO] [stdout] help: use `'_` for type paths
[INFO] [stdout]     |
[INFO] [stdout] 313 | fn node_name_to_match(node: &FsNode, match_ty: FilenameMatchType) -> Cow<'_, str> {
[INFO] [stdout]     |                                                                          +++
[INFO] [stdout] 
[INFO] [stdout] 
[INFO] [stdout] warning: non-local `impl` definition, `impl` blocks should be written at the same level as their item
[INFO] [stdout]    --> src/query.rs:320:30
[INFO] [stdout]     |
[INFO] [stdout] 320 | #[derive(Clone, Copy, Debug, Deserialize, Serialize)]
[INFO] [stdout]     |                              ^^^^^^^^^^^
[INFO] [stdout]     |                              |
[INFO] [stdout]     |                              `DepthSpec` is not local
[INFO] [stdout]     |                              `Deserialize` is not local
[INFO] [stdout]     |                              move the `impl` block outside of this constant `_IMPL_DESERIALIZE_FOR_DepthSpec`
[INFO] [stdout]     |
[INFO] [stdout]     = note: the derive macro `Deserialize` defines the non-local `impl`, and may need to be changed
[INFO] [stdout]     = note: the derive macro `Deserialize` may come from an old version of the `serde_derive` crate, try updating your dependency with `cargo update -p serde_derive`
[INFO] [stdout]     = note: an `impl` is never scoped, even when it is nested inside an item, as it may impact type checking outside of that item, which can be the case if neither the trait or the self type are at the same nesting level as the `impl`
[INFO] [stdout]     = note: items in an anonymous const item (`const _: () = { ... }`) are treated as in the same scope as the anonymous const's declaration for the purpose of this lint
[INFO] [stdout]     = note: this warning originates in the derive macro `Deserialize` (in Nightly builds, run with -Z macro-backtrace for more info)
[INFO] [stdout] 
[INFO] [stdout] 
[INFO] [stdout] warning: non-local `impl` definition, `impl` blocks should be written at the same level as their item
[INFO] [stdout]    --> src/query.rs:320:43
[INFO] [stdout]     |
[INFO] [stdout] 320 | #[derive(Clone, Copy, Debug, Deserialize, Serialize)]
[INFO] [stdout]     |                                           ^^^^^^^^^
[INFO] [stdout]     |                                           |
[INFO] [stdout]     |                                           `DepthSpec` is not local
[INFO] [stdout]     |                                           `Serialize` is not local
[INFO] [stdout]     |                                           move the `impl` block outside of this constant `_IMPL_SERIALIZE_FOR_DepthSpec`
[INFO] [stdout]     |
[INFO] [stdout]     = note: the derive macro `Serialize` defines the non-local `impl`, and may need to be changed
[INFO] [stdout]     = note: the derive macro `Serialize` may come from an old version of the `serde_derive` crate, try updating your dependency with `cargo update -p serde_derive`
[INFO] [stdout]     = note: an `impl` is never scoped, even when it is nested inside an item, as it may impact type checking outside of that item, which can be the case if neither the trait or the self type are at the same nesting level as the `impl`
[INFO] [stdout]     = note: items in an anonymous const item (`const _: () = { ... }`) are treated as in the same scope as the anonymous const's declaration for the purpose of this lint
[INFO] [stdout]     = note: this warning originates in the derive macro `Serialize` (in Nightly builds, run with -Z macro-backtrace for more info)
[INFO] [stdout] 
[INFO] [stdout] 
[INFO] [stdout] warning: non-local `impl` definition, `impl` blocks should be written at the same level as their item
[INFO] [stdout]    --> src/query.rs:326:30
[INFO] [stdout]     |
[INFO] [stdout] 326 | #[derive(Clone, Copy, Debug, Deserialize, Serialize)]
[INFO] [stdout]     |                              ^^^^^^^^^^^
[INFO] [stdout]     |                              |
[INFO] [stdout]     |                              `Comparator` is not local
[INFO] [stdout]     |                              `Deserialize` is not local
[INFO] [stdout]     |                              move the `impl` block outside of this constant `_IMPL_DESERIALIZE_FOR_Comparator`
[INFO] [stdout]     |
[INFO] [stdout]     = note: the derive macro `Deserialize` defines the non-local `impl`, and may need to be changed
[INFO] [stdout]     = note: the derive macro `Deserialize` may come from an old version of the `serde_derive` crate, try updating your dependency with `cargo update -p serde_derive`
[INFO] [stdout]     = note: an `impl` is never scoped, even when it is nested inside an item, as it may impact type checking outside of that item, which can be the case if neither the trait or the self type are at the same nesting level as the `impl`
[INFO] [stdout]     = note: items in an anonymous const item (`const _: () = { ... }`) are treated as in the same scope as the anonymous const's declaration for the purpose of this lint
[INFO] [stdout]     = note: this warning originates in the derive macro `Deserialize` (in Nightly builds, run with -Z macro-backtrace for more info)
[INFO] [stdout] 
[INFO] [stdout] 
[INFO] [stdout] warning: non-local `impl` definition, `impl` blocks should be written at the same level as their item
[INFO] [stdout]    --> src/query.rs:326:43
[INFO] [stdout]     |
[INFO] [stdout] 326 | #[derive(Clone, Copy, Debug, Deserialize, Serialize)]
[INFO] [stdout]     |                                           ^^^^^^^^^
[INFO] [stdout]     |                                           |
[INFO] [stdout]     |                                           `Comparator` is not local
[INFO] [stdout]     |                                           `Serialize` is not local
[INFO] [stdout]     |                                           move the `impl` block outside of this constant `_IMPL_SERIALIZE_FOR_Comparator`
[INFO] [stdout]     |
[INFO] [stdout]     = note: the derive macro `Serialize` defines the non-local `impl`, and may need to be changed
[INFO] [stdout]     = note: the derive macro `Serialize` may come from an old version of the `serde_derive` crate, try updating your dependency with `cargo update -p serde_derive`
[INFO] [stdout]     = note: an `impl` is never scoped, even when it is nested inside an item, as it may impact type checking outside of that item, which can be the case if neither the trait or the self type are at the same nesting level as the `impl`
[INFO] [stdout]     = note: items in an anonymous const item (`const _: () = { ... }`) are treated as in the same scope as the anonymous const's declaration for the purpose of this lint
[INFO] [stdout]     = note: this warning originates in the derive macro `Serialize` (in Nightly builds, run with -Z macro-backtrace for more info)
[INFO] [stdout] 
[INFO] [stdout] 
[INFO] [stdout] warning: non-local `impl` definition, `impl` blocks should be written at the same level as their item
[INFO] [stdout]    --> src/query.rs:352:30
[INFO] [stdout]     |
[INFO] [stdout] 352 | #[derive(Clone, Copy, Debug, Deserialize, Serialize)]
[INFO] [stdout]     |                              ^^^^^^^^^^^
[INFO] [stdout]     |                              |
[INFO] [stdout]     |                              `FilenameMatchType` is not local
[INFO] [stdout]     |                              `Deserialize` is not local
[INFO] [stdout]     |                              move the `impl` block outside of this constant `_IMPL_DESERIALIZE_FOR_FilenameMatchType`
[INFO] [stdout]     |
[INFO] [stdout]     = note: the derive macro `Deserialize` defines the non-local `impl`, and may need to be changed
[INFO] [stdout]     = note: the derive macro `Deserialize` may come from an old version of the `serde_derive` crate, try updating your dependency with `cargo update -p serde_derive`
[INFO] [stdout]     = note: an `impl` is never scoped, even when it is nested inside an item, as it may impact type checking outside of that item, which can be the case if neither the trait or the self type are at the same nesting level as the `impl`
[INFO] [stdout]     = note: items in an anonymous const item (`const _: () = { ... }`) are treated as in the same scope as the anonymous const's declaration for the purpose of this lint
[INFO] [stdout]     = note: this warning originates in the derive macro `Deserialize` (in Nightly builds, run with -Z macro-backtrace for more info)
[INFO] [stdout] 
[INFO] [stdout] 
[INFO] [stdout] warning: non-local `impl` definition, `impl` blocks should be written at the same level as their item
[INFO] [stdout]    --> src/query.rs:352:43
[INFO] [stdout]     |
[INFO] [stdout] 352 | #[derive(Clone, Copy, Debug, Deserialize, Serialize)]
[INFO] [stdout]     |                                           ^^^^^^^^^
[INFO] [stdout]     |                                           |
[INFO] [stdout]     |                                           `FilenameMatchType` is not local
[INFO] [stdout]     |                                           `Serialize` is not local
[INFO] [stdout]     |                                           move the `impl` block outside of this constant `_IMPL_SERIALIZE_FOR_FilenameMatchType`
[INFO] [stdout]     |
[INFO] [stdout]     = note: the derive macro `Serialize` defines the non-local `impl`, and may need to be changed
[INFO] [stdout]     = note: the derive macro `Serialize` may come from an old version of the `serde_derive` crate, try updating your dependency with `cargo update -p serde_derive`
[INFO] [stdout]     = note: an `impl` is never scoped, even when it is nested inside an item, as it may impact type checking outside of that item, which can be the case if neither the trait or the self type are at the same nesting level as the `impl`
[INFO] [stdout]     = note: items in an anonymous const item (`const _: () = { ... }`) are treated as in the same scope as the anonymous const's declaration for the purpose of this lint
[INFO] [stdout]     = note: this warning originates in the derive macro `Serialize` (in Nightly builds, run with -Z macro-backtrace for more info)
[INFO] [stdout] 
[INFO] [stdout] 
[INFO] [stderr]     Finished `release` profile [optimized] target(s) in 7.72s
[INFO] [stderr] warning: the following packages contain code that will be rejected by a future version of Rust: bitflags v0.4.0, bitflags v0.7.0, syn v0.11.4
[INFO] [stderr] note: to see what the problems were, use the option `--future-incompat-report`, or run `cargo report future-incompatibilities --id 4`
[INFO] running `Command { std: "docker" "inspect" "af314a85709d5e84b05352f728d29f8095df82d753d36f9ee50a5fc39ad50e96", kill_on_drop: false }`
[INFO] running `Command { std: "docker" "exec" "-e" "SOURCE_DIR=/opt/rustwide/workdir" "-e" "CARGO_HOME=/opt/rustwide/cargo-home" "-e" "RUSTUP_HOME=/opt/rustwide/rustup-home" "-e" "CARGO_TARGET_DIR=/opt/rustwide/target" "-e" "CARGO_INCREMENTAL=0" "-e" "RUST_BACKTRACE=full" "-e" "RUSTFLAGS=--cap-lints=warn" "-e" "RUSTDOCFLAGS=--cap-lints=warn" "-w" "/opt/rustwide/workdir" "--user" "0:0" "af314a85709d5e84b05352f728d29f8095df82d753d36f9ee50a5fc39ad50e96" "/opt/rustwide/cargo-home/bin/cargo" "+1.99.0-beta.8" "test" "--frozen" "--release", kill_on_drop: false }`
[INFO] [stderr] warning: Cargo.toml: `package.edition` is unspecified, defaulting to `2015` while the latest is `2024`
[INFO] [stderr] warning: `fomo` (manifest) generated 1 warning
[INFO] [stderr] warning: trailing semicolon in macro used in expression position
[INFO] [stderr]    --> src/fs_view.rs:135:12
[INFO] [stderr]     |
[INFO] [stderr] 135 |       _ => bail!("Found a non-directory node when ensuring parent of a node was in the tree"),
[INFO] [stderr]     |            ^^^^^^^^^^^^^^^^^^^^^^^^^^^^^^^^^^^^^^^^^^^^^^^^^^^^^^^^^^^^^^^^^^^^^^^^^^^^^^^^^^
[INFO] [stderr]     |
[INFO] [stderr]     = warning: this was previously accepted by the compiler but is being phased out; it will become a hard error in a future release!
[INFO] [stderr]     = note: for more information, see issue #79813 <https://github.com/rust-lang/rust/issues/79813>
[INFO] [stderr]     = note: `#[warn(semicolon_in_expressions_from_non_local_macros)]` (part of `#[warn(future_incompatible)]`) on by default
[INFO] [stderr]     = note: this warning originates in the macro `bail` (in Nightly builds, run with -Z macro-backtrace for more info)
[INFO] [stderr] 
[INFO] [stderr] warning: trailing semicolon in macro used in expression position
[INFO] [stderr]    --> src/fs_view.rs:358:18
[INFO] [stderr]     |
[INFO] [stderr] 358 |             _ => bail!("Found a non-directory as the parent of a node."),
[INFO] [stderr]     |                  ^^^^^^^^^^^^^^^^^^^^^^^^^^^^^^^^^^^^^^^^^^^^^^^^^^^^^^^
[INFO] [stderr]     |
[INFO] [stderr]     = warning: this was previously accepted by the compiler but is being phased out; it will become a hard error in a future release!
[INFO] [stderr]     = note: for more information, see issue #79813 <https://github.com/rust-lang/rust/issues/79813>
[INFO] [stderr]     = note: this warning originates in the macro `bail` (in Nightly builds, run with -Z macro-backtrace for more info)
[INFO] [stderr] 
[INFO] [stderr] warning: trailing semicolon in macro used in expression position
[INFO] [stderr]    --> src/fs_view.rs:384:17
[INFO] [stderr]     |
[INFO] [stderr] 384 |         None => bail!("non unicode filename found"),
[INFO] [stderr]     |                 ^^^^^^^^^^^^^^^^^^^^^^^^^^^^^^^^^^^
[INFO] [stderr]     |
[INFO] [stderr]     = warning: this was previously accepted by the compiler but is being phased out; it will become a hard error in a future release!
[INFO] [stderr]     = note: for more information, see issue #79813 <https://github.com/rust-lang/rust/issues/79813>
[INFO] [stderr]     = note: this warning originates in the macro `bail` (in Nightly builds, run with -Z macro-backtrace for more info)
[INFO] [stderr] 
[INFO] [stderr] warning: trailing semicolon in macro used in expression position
[INFO] [stderr]    --> src/fs_view.rs:395:14
[INFO] [stderr]     |
[INFO] [stderr] 395 |         _ => bail!("Files should not exist in the middle of a path component."),
[INFO] [stderr]     |              ^^^^^^^^^^^^^^^^^^^^^^^^^^^^^^^^^^^^^^^^^^^^^^^^^^^^^^^^^^^^^^^^^^
[INFO] [stderr]     |
[INFO] [stderr]     = warning: this was previously accepted by the compiler but is being phased out; it will become a hard error in a future release!
[INFO] [stderr]     = note: for more information, see issue #79813 <https://github.com/rust-lang/rust/issues/79813>
[INFO] [stderr]     = note: this warning originates in the macro `bail` (in Nightly builds, run with -Z macro-backtrace for more info)
[INFO] [stderr] 
[INFO] [stderr] warning: trailing semicolon in macro used in expression position
[INFO] [stderr]    --> src/fs_view.rs:518:19
[INFO] [stderr]     |
[INFO] [stderr] 518 |           None => bail!("non-unicode filename"),
[INFO] [stderr]     |                   ^^^^^^^^^^^^^^^^^^^^^^^^^^^^^
[INFO] [stderr]     |
[INFO] [stderr]     = warning: this was previously accepted by the compiler but is being phased out; it will become a hard error in a future release!
[INFO] [stderr]     = note: for more information, see issue #79813 <https://github.com/rust-lang/rust/issues/79813>
[INFO] [stderr]     = note: this warning originates in the macro `bail` (in Nightly builds, run with -Z macro-backtrace for more info)
[INFO] [stderr] 
[INFO] [stderr] warning: trailing semicolon in macro used in expression position
[INFO] [stderr]    --> src/fs_view.rs:521:15
[INFO] [stderr]     |
[INFO] [stderr] 521 |       None => bail!("walkdir gave us a relative path"),
[INFO] [stderr]     |               ^^^^^^^^^^^^^^^^^^^^^^^^^^^^^^^^^^^^^^^^
[INFO] [stderr]     |
[INFO] [stderr]     = warning: this was previously accepted by the compiler but is being phased out; it will become a hard error in a future release!
[INFO] [stderr]     = note: for more information, see issue #79813 <https://github.com/rust-lang/rust/issues/79813>
[INFO] [stderr]     = note: this warning originates in the macro `bail` (in Nightly builds, run with -Z macro-backtrace for more info)
[INFO] [stderr] 
[INFO] [stderr] warning: unused import: `DebouncedEvent`
[INFO] [stderr]   --> src/notify/inotify/mod.rs:25:13
[INFO] [stderr]    |
[INFO] [stderr] 25 | use super::{DebouncedEvent, Error, Op, RawEvent, RecursiveMode, Result, Watcher, op};
[INFO] [stderr]    |             ^^^^^^^^^^^^^^
[INFO] [stderr]    |
[INFO] [stderr]    = note: `#[warn(unused_imports)]` (part of `#[warn(unused)]`) on by default
[INFO] [stderr] 
[INFO] [stderr] warning: use of deprecated macro `try`: use the `?` operator instead
[INFO] [stderr]    --> src/notify/inotify/flags.rs:3:1
[INFO] [stderr]     |
[INFO] [stderr]   3 | / bitflags! {
[INFO] [stderr]   4 | |   pub flags Mask: u32 {
[INFO] [stderr]   5 | |     #[doc = " Event: File was accessed."]
[INFO] [stderr]   6 | |     #[doc = " "]
[INFO] [stderr] ...   |
[INFO] [stderr] 178 | | }
[INFO] [stderr]     | |_^
[INFO] [stderr]     |
[INFO] [stderr]     = note: `#[warn(deprecated)]` on by default
[INFO] [stderr]     = note: this warning originates in the macro `bitflags` (in Nightly builds, run with -Z macro-backtrace for more info)
[INFO] [stderr] 
[INFO] [stderr] warning: use of deprecated macro `try`: use the `?` operator instead
[INFO] [stderr]    --> src/notify/inotify/flags.rs:3:1
[INFO] [stderr]     |
[INFO] [stderr]   3 | / bitflags! {
[INFO] [stderr]   4 | |   pub flags Mask: u32 {
[INFO] [stderr]   5 | |     #[doc = " Event: File was accessed."]
[INFO] [stderr]   6 | |     #[doc = " "]
[INFO] [stderr] ...   |
[INFO] [stderr] 178 | | }
[INFO] [stderr]     | |_^
[INFO] [stderr]     |
[INFO] [stderr]     = note: this warning originates in the macro `bitflags` (in Nightly builds, run with -Z macro-backtrace for more info)
[INFO] [stderr] 
[INFO] [stderr] warning: use of deprecated macro `try`: use the `?` operator instead
[INFO] [stderr]    --> src/notify/mod.rs:336:3
[INFO] [stderr]     |
[INFO] [stderr] 336 | /   bitflags! {
[INFO] [stderr] 337 | |     /// Holds a set of bit flags representing the actions for the event.
[INFO] [stderr] 338 | |     ///
[INFO] [stderr] 339 | |     /// For a list of possible values, have a look at the [notify::op](index.html) documentation.
[INFO] [stderr] ...   |
[INFO] [stderr] 358 | |   }
[INFO] [stderr]     | |___^
[INFO] [stderr]     |
[INFO] [stderr]     = note: this warning originates in the macro `bitflags` (in Nightly builds, run with -Z macro-backtrace for more info)
[INFO] [stderr] 
[INFO] [stderr] warning: unnecessary parentheses around block return value
[INFO] [stderr]    --> src/notify/mod.rs:479:9
[INFO] [stderr]     |
[INFO] [stderr] 479 |         (a1 == b1 && a2 == b2)
[INFO] [stderr]     |         ^                    ^
[INFO] [stderr]     |
[INFO] [stderr]     = note: `#[warn(unused_parens)]` (part of `#[warn(unused)]`) on by default
[INFO] [stderr] help: remove these parentheses
[INFO] [stderr]     |
[INFO] [stderr] 479 -         (a1 == b1 && a2 == b2)
[INFO] [stderr] 479 +         a1 == b1 && a2 == b2
[INFO] [stderr]     |
[INFO] [stderr] 
[INFO] [stderr] warning: trailing semicolon in macro used in expression position
[INFO] [stderr]    --> src/lib.rs:179:25
[INFO] [stderr]     |
[INFO] [stderr] 179 | /                         error!("yeah this should never happen. unable to send mpsc msg: {:?}",
[INFO] [stderr] 180 | |                                why)
[INFO] [stderr]     | |___________________________________^
[INFO] [stderr]     |
[INFO] [stderr]     = note: macro invocations at the end of a block are treated as expressions
[INFO] [stderr]     = note: to ignore the value produced by the macro, add a semicolon after the invocation of `error`
[INFO] [stderr]     = warning: this was previously accepted by the compiler but is being phased out; it will become a hard error in a future release!
[INFO] [stderr]     = note: for more information, see issue #79813 <https://github.com/rust-lang/rust/issues/79813>
[INFO] [stderr]     = note: this warning originates in the macro `error` (in Nightly builds, run with -Z macro-backtrace for more info)
[INFO] [stderr] 
[INFO] [stderr] warning: trailing semicolon in macro used in expression position
[INFO] [stderr]    --> src/lib.rs:185:21
[INFO] [stderr]     |
[INFO] [stderr] 185 | /                     error!("unable to serialize value to JSON, this is definitely a bug: {:?}",
[INFO] [stderr] 186 | |                            why)
[INFO] [stderr]     | |_______________________________^
[INFO] [stderr]     |
[INFO] [stderr]     = note: macro invocations at the end of a block are treated as expressions
[INFO] [stderr]     = note: to ignore the value produced by the macro, add a semicolon after the invocation of `error`
[INFO] [stderr]     = warning: this was previously accepted by the compiler but is being phased out; it will become a hard error in a future release!
[INFO] [stderr]     = note: for more information, see issue #79813 <https://github.com/rust-lang/rust/issues/79813>
[INFO] [stderr]     = note: this warning originates in the macro `error` (in Nightly builds, run with -Z macro-backtrace for more info)
[INFO] [stderr] 
[INFO] [stderr] warning: use of deprecated method `std::error::Error::description`: use the Display impl or to_string()
[INFO] [stderr]   --> src/lib.rs:55:3
[INFO] [stderr]    |
[INFO] [stderr] 55 | /   error_chain!{
[INFO] [stderr] 56 | |     foreign_links {
[INFO] [stderr] 57 | |       GlobError(::glob::PatternError);
[INFO] [stderr] 58 | |       JsonError(::serde_json::Error);
[INFO] [stderr] ...  |
[INFO] [stderr] 63 | |   }
[INFO] [stderr]    | |___^
[INFO] [stderr]    |
[INFO] [stderr]    = note: this warning originates in the macro `error_chain_processed` which comes from the expansion of the macro `error_chain` (in Nightly builds, run with -Z macro-backtrace for more info)
[INFO] [stderr] 
[INFO] [stderr] warning: use of deprecated trait `std::ascii::AsciiExt`: use inherent methods instead
[INFO] [stderr]  --> src/query.rs:1:17
[INFO] [stderr]   |
[INFO] [stderr] 1 | use std::ascii::AsciiExt;
[INFO] [stderr]   |                 ^^^^^^^^
[INFO] [stderr] 
[INFO] [stderr] warning: use of deprecated module `std::usize`: all constants in this module replaced by associated constants on the type
[INFO] [stderr]  --> src/query.rs:5:10
[INFO] [stderr]   |
[INFO] [stderr] 5 | use std::usize;
[INFO] [stderr]   |          ^^^^^
[INFO] [stderr] 
[INFO] [stderr] warning: use of deprecated constant `std::usize::MAX`: replaced by the `MAX` associated constant on this type
[INFO] [stderr]    --> src/query.rs:246:51
[INFO] [stderr]     |
[INFO] [stderr] 246 |             Comparator::Greater => (steps, usize::MAX),
[INFO] [stderr]     |                                                   ^^^
[INFO] [stderr] 
[INFO] [stderr] warning: use of deprecated constant `std::usize::MAX`: replaced by the `MAX` associated constant on this type
[INFO] [stderr]    --> src/query.rs:247:60
[INFO] [stderr]     |
[INFO] [stderr] 247 |             Comparator::GreaterEqual => (steps - 1, usize::MAX),
[INFO] [stderr]     |                                                            ^^^
[INFO] [stderr] 
[INFO] [stderr] warning: use of deprecated constant `std::usize::MAX`: replaced by the `MAX` associated constant on this type
[INFO] [stderr]    --> src/query.rs:250:22
[INFO] [stderr]     |
[INFO] [stderr] 250 |           (1, usize::MAX)
[INFO] [stderr]     |                      ^^^
[INFO] [stderr] 
[INFO] [stderr] warning: trait objects without an explicit `dyn` are deprecated
[INFO] [stderr]    --> src/notify/mod.rs:531:30
[INFO] [stderr]     |
[INFO] [stderr] 531 |   fn cause(&self) -> Option<&StdError> {
[INFO] [stderr]     |                              ^^^^^^^^
[INFO] [stderr]     |
[INFO] [stderr]     = warning: this is accepted in the current edition (Rust 2015) but is a hard error in Rust 2021!
[INFO] [stderr]     = note: for more information, see <https://doc.rust-lang.org/edition-guide/rust-2021/warnings-promoted-to-error.html>
[INFO] [stderr]     = note: `#[warn(bare_trait_objects)]` (part of `#[warn(rust_2021_compatibility)]`) on by default
[INFO] [stderr] help: if this is a dyn-compatible trait, use `dyn`
[INFO] [stderr]     |
[INFO] [stderr] 531 |   fn cause(&self) -> Option<&dyn StdError> {
[INFO] [stderr]     |                              +++
[INFO] [stderr] 
[INFO] [stderr] warning: use of deprecated method `std::error::Error::cause`: replaced by Error::source, which can support downcasting
[INFO] [stderr]   --> src/lib.rs:55:3
[INFO] [stderr]    |
[INFO] [stderr] 55 | /   error_chain!{
[INFO] [stderr] 56 | |     foreign_links {
[INFO] [stderr] 57 | |       GlobError(::glob::PatternError);
[INFO] [stderr] 58 | |       JsonError(::serde_json::Error);
[INFO] [stderr] ...  |
[INFO] [stderr] 63 | |   }
[INFO] [stderr]    | |___^
[INFO] [stderr]    |
[INFO] [stderr]    = note: this warning originates in the macro `error_chain_processed` which comes from the expansion of the macro `error_chain` (in Nightly builds, run with -Z macro-backtrace for more info)
[INFO] [stderr] 
[INFO] [stderr] warning: use of deprecated associated function `bitflags::core::num::<impl usize>::max_value`: replaced by the `MAX` associated constant on this type
[INFO] [stderr]    --> src/notify/poll.rs:101:56
[INFO] [stderr]     |
[INFO] [stderr] 101 |                   let depth = if is_recursive { usize::max_value() } else { 1 };
[INFO] [stderr]     |                                                        ^^^^^^^^^
[INFO] [stderr] 
[INFO] [stderr] warning: use of deprecated associated function `bitflags::core::num::<impl usize>::max_value`: replaced by the `MAX` associated constant on this type
[INFO] [stderr]    --> src/notify/poll.rs:223:22
[INFO] [stderr]     |
[INFO] [stderr] 223 |               usize::max_value()
[INFO] [stderr]     |                      ^^^^^^^^^
[INFO] [stderr] 
[INFO] [stderr] warning: use of deprecated method `std::error::Error::description`: use the Display impl or to_string()
[INFO] [stderr]    --> src/notify/mod.rs:511:33
[INFO] [stderr]     |
[INFO] [stderr] 511 |       Error::Io(ref err) => err.description(),
[INFO] [stderr]     |                                 ^^^^^^^^^^^
[INFO] [stderr] 
[INFO] [stderr] warning: unused import: `std::ascii::AsciiExt`
[INFO] [stderr]  --> src/query.rs:1:5
[INFO] [stderr]   |
[INFO] [stderr] 1 | use std::ascii::AsciiExt;
[INFO] [stderr]   |     ^^^^^^^^^^^^^^^^^^^^
[INFO] [stderr] 
[INFO] [stderr] warning: non-local `impl` definition, `impl` blocks should be written at the same level as their item
[INFO] [stderr]   --> src/fs_view.rs:20:39
[INFO] [stderr]    |
[INFO] [stderr] 20 | #[derive(Clone, Debug, Eq, PartialEq, Serialize)]
[INFO] [stderr]    |                                       ^^^^^^^^^
[INFO] [stderr]    |                                       |
[INFO] [stderr]    |                                       `FsNode` is not local
[INFO] [stderr]    |                                       `Serialize` is not local
[INFO] [stderr]    |                                       move the `impl` block outside of this constant `_IMPL_SERIALIZE_FOR_FsNode`
[INFO] [stderr]    |
[INFO] [stderr]    = note: the derive macro `Serialize` defines the non-local `impl`, and may need to be changed
[INFO] [stderr]    = note: the derive macro `Serialize` may come from an old version of the `serde_derive` crate, try updating your dependency with `cargo update -p serde_derive`
[INFO] [stderr]    = note: an `impl` is never scoped, even when it is nested inside an item, as it may impact type checking outside of that item, which can be the case if neither the trait or the self type are at the same nesting level as the `impl`
[INFO] [stderr]    = note: items in an anonymous const item (`const _: () = { ... }`) are treated as in the same scope as the anonymous const's declaration for the purpose of this lint
[INFO] [stderr]    = note: `#[warn(non_local_definitions)]` on by default
[INFO] [stderr]    = note: this warning originates in the derive macro `Serialize` (in Nightly builds, run with -Z macro-backtrace for more info)
[INFO] [stderr] 
[INFO] [stderr] warning: non-local `impl` definition, `impl` blocks should be written at the same level as their item
[INFO] [stderr]   --> src/fs_view.rs:28:30
[INFO] [stderr]    |
[INFO] [stderr] 28 | #[derive(Clone, Copy, Debug, Serialize)]
[INFO] [stderr]    |                              ^^^^^^^^^
[INFO] [stderr]    |                              |
[INFO] [stderr]    |                              `ChangeEvent` is not local
[INFO] [stderr]    |                              `Serialize` is not local
[INFO] [stderr]    |                              move the `impl` block outside of this constant `_IMPL_SERIALIZE_FOR_ChangeEvent`
[INFO] [stderr]    |
[INFO] [stderr]    = note: the derive macro `Serialize` defines the non-local `impl`, and may need to be changed
[INFO] [stderr]    = note: the derive macro `Serialize` may come from an old version of the `serde_derive` crate, try updating your dependency with `cargo update -p serde_derive`
[INFO] [stderr]    = note: an `impl` is never scoped, even when it is nested inside an item, as it may impact type checking outside of that item, which can be the case if neither the trait or the self type are at the same nesting level as the `impl`
[INFO] [stderr]    = note: items in an anonymous const item (`const _: () = { ... }`) are treated as in the same scope as the anonymous const's declaration for the purpose of this lint
[INFO] [stderr]    = note: this warning originates in the derive macro `Serialize` (in Nightly builds, run with -Z macro-backtrace for more info)
[INFO] [stderr] 
[INFO] [stderr] warning: non-local `impl` definition, `impl` blocks should be written at the same level as their item
[INFO] [stderr]   --> src/fs_view.rs:40:17
[INFO] [stderr]    |
[INFO] [stderr] 40 | #[derive(Debug, Serialize)]
[INFO] [stderr]    |                 ^^^^^^^^^
[INFO] [stderr]    |                 |
[INFO] [stderr]    |                 `FileEvent` is not local
[INFO] [stderr]    |                 `Serialize` is not local
[INFO] [stderr]    |                 move the `impl` block outside of this constant `_IMPL_SERIALIZE_FOR_FileEvent`
[INFO] [stderr]    |
[INFO] [stderr]    = note: the derive macro `Serialize` defines the non-local `impl`, and may need to be changed
[INFO] [stderr]    = note: the derive macro `Serialize` may come from an old version of the `serde_derive` crate, try updating your dependency with `cargo update -p serde_derive`
[INFO] [stderr]    = note: an `impl` is never scoped, even when it is nested inside an item, as it may impact type checking outside of that item, which can be the case if neither the trait or the self type are at the same nesting level as the `impl`
[INFO] [stderr]    = note: items in an anonymous const item (`const _: () = { ... }`) are treated as in the same scope as the anonymous const's declaration for the purpose of this lint
[INFO] [stderr]    = note: this warning originates in the derive macro `Serialize` (in Nightly builds, run with -Z macro-backtrace for more info)
[INFO] [stderr] 
[INFO] [stderr] warning: non-local `impl` definition, `impl` blocks should be written at the same level as their item
[INFO] [stderr]   --> src/fs_view.rs:46:17
[INFO] [stderr]    |
[INFO] [stderr] 46 | #[derive(Debug, Serialize)]
[INFO] [stderr]    |                 ^^^^^^^^^
[INFO] [stderr]    |                 |
[INFO] [stderr]    |                 `Notification` is not local
[INFO] [stderr]    |                 `Serialize` is not local
[INFO] [stderr]    |                 move the `impl` block outside of this constant `_IMPL_SERIALIZE_FOR_Notification`
[INFO] [stderr]    |
[INFO] [stderr]    = note: the derive macro `Serialize` defines the non-local `impl`, and may need to be changed
[INFO] [stderr]    = note: the derive macro `Serialize` may come from an old version of the `serde_derive` crate, try updating your dependency with `cargo update -p serde_derive`
[INFO] [stderr]    = note: an `impl` is never scoped, even when it is nested inside an item, as it may impact type checking outside of that item, which can be the case if neither the trait or the self type are at the same nesting level as the `impl`
[INFO] [stderr]    = note: items in an anonymous const item (`const _: () = { ... }`) are treated as in the same scope as the anonymous const's declaration for the purpose of this lint
[INFO] [stderr]    = note: this warning originates in the derive macro `Serialize` (in Nightly builds, run with -Z macro-backtrace for more info)
[INFO] [stderr] 
[INFO] [stderr] warning: non-local `impl` definition, `impl` blocks should be written at the same level as their item
[INFO] [stderr]   --> src/fs_view.rs:52:17
[INFO] [stderr]    |
[INFO] [stderr] 52 | #[derive(Debug, Serialize)]
[INFO] [stderr]    |                 ^^^^^^^^^
[INFO] [stderr]    |                 |
[INFO] [stderr]    |                 `FsRootNode` is not local
[INFO] [stderr]    |                 `Serialize` is not local
[INFO] [stderr]    |                 move the `impl` block outside of this constant `_IMPL_SERIALIZE_FOR_FsRootNode`
[INFO] [stderr]    |
[INFO] [stderr]    = note: the derive macro `Serialize` defines the non-local `impl`, and may need to be changed
[INFO] [stderr]    = note: the derive macro `Serialize` may come from an old version of the `serde_derive` crate, try updating your dependency with `cargo update -p serde_derive`
[INFO] [stderr]    = note: an `impl` is never scoped, even when it is nested inside an item, as it may impact type checking outside of that item, which can be the case if neither the trait or the self type are at the same nesting level as the `impl`
[INFO] [stderr]    = note: items in an anonymous const item (`const _: () = { ... }`) are treated as in the same scope as the anonymous const's declaration for the purpose of this lint
[INFO] [stderr]    = note: this warning originates in the derive macro `Serialize` (in Nightly builds, run with -Z macro-backtrace for more info)
[INFO] [stderr] 
[INFO] [stderr] warning: using `.clone()` on a double reference, which returns `&PathBuf` instead of cloning the inner type
[INFO] [stderr]    --> src/fs_view.rs:279:34
[INFO] [stderr]     |
[INFO] [stderr] 279 |               segments.entry(root.clone()).or_insert_with(|| Vec::new()).push(notif);
[INFO] [stderr]     |                                  ^^^^^^^^
[INFO] [stderr]     |
[INFO] [stderr]     = note: `#[warn(suspicious_double_ref_op)]` on by default
[INFO] [stderr] 
[INFO] [stderr] warning: non-local `impl` definition, `impl` blocks should be written at the same level as their item
[INFO] [stderr]    --> src/fs_view.rs:627:39
[INFO] [stderr]     |
[INFO] [stderr] 627 | #[derive(Clone, Debug, Eq, PartialEq, Serialize)]
[INFO] [stderr]     |                                       ^^^^^^^^^
[INFO] [stderr]     |                                       |
[INFO] [stderr]     |                                       `FsEntryType` is not local
[INFO] [stderr]     |                                       `Serialize` is not local
[INFO] [stderr]     |                                       move the `impl` block outside of this constant `_IMPL_SERIALIZE_FOR_FsEntryType`
[INFO] [stderr]     |
[INFO] [stderr]     = note: the derive macro `Serialize` defines the non-local `impl`, and may need to be changed
[INFO] [stderr]     = note: the derive macro `Serialize` may come from an old version of the `serde_derive` crate, try updating your dependency with `cargo update -p serde_derive`
[INFO] [stderr]     = note: an `impl` is never scoped, even when it is nested inside an item, as it may impact type checking outside of that item, which can be the case if neither the trait or the self type are at the same nesting level as the `impl`
[INFO] [stderr]     = note: items in an anonymous const item (`const _: () = { ... }`) are treated as in the same scope as the anonymous const's declaration for the purpose of this lint
[INFO] [stderr]     = note: this warning originates in the derive macro `Serialize` (in Nightly builds, run with -Z macro-backtrace for more info)
[INFO] [stderr] 
[INFO] [stderr] warning: non-local `impl` definition, `impl` blocks should be written at the same level as their item
[INFO] [stderr]    --> src/fs_view.rs:636:30
[INFO] [stderr]     |
[INFO] [stderr] 636 | #[derive(Clone, Copy, Debug, Deserialize, Eq, PartialEq, Serialize)]
[INFO] [stderr]     |                              ^^^^^^^^^^^
[INFO] [stderr]     |                              |
[INFO] [stderr]     |                              `FsItemType` is not local
[INFO] [stderr]     |                              `Deserialize` is not local
[INFO] [stderr]     |                              move the `impl` block outside of this constant `_IMPL_DESERIALIZE_FOR_FsItemType`
[INFO] [stderr]     |
[INFO] [stderr]     = note: the derive macro `Deserialize` defines the non-local `impl`, and may need to be changed
[INFO] [stderr]     = note: the derive macro `Deserialize` may come from an old version of the `serde_derive` crate, try updating your dependency with `cargo update -p serde_derive`
[INFO] [stderr]     = note: an `impl` is never scoped, even when it is nested inside an item, as it may impact type checking outside of that item, which can be the case if neither the trait or the self type are at the same nesting level as the `impl`
[INFO] [stderr]     = note: items in an anonymous const item (`const _: () = { ... }`) are treated as in the same scope as the anonymous const's declaration for the purpose of this lint
[INFO] [stderr]     = note: this warning originates in the derive macro `Deserialize` (in Nightly builds, run with -Z macro-backtrace for more info)
[INFO] [stderr] 
[INFO] [stderr] warning: non-local `impl` definition, `impl` blocks should be written at the same level as their item
[INFO] [stderr]    --> src/fs_view.rs:636:58
[INFO] [stderr]     |
[INFO] [stderr] 636 | #[derive(Clone, Copy, Debug, Deserialize, Eq, PartialEq, Serialize)]
[INFO] [stderr]     |                                                          ^^^^^^^^^
[INFO] [stderr]     |                                                          |
[INFO] [stderr]     |                                                          `FsItemType` is not local
[INFO] [stderr]     |                                                          `Serialize` is not local
[INFO] [stderr]     |                                                          move the `impl` block outside of this constant `_IMPL_SERIALIZE_FOR_FsItemType`
[INFO] [stderr]     |
[INFO] [stderr]     = note: the derive macro `Serialize` defines the non-local `impl`, and may need to be changed
[INFO] [stderr]     = note: the derive macro `Serialize` may come from an old version of the `serde_derive` crate, try updating your dependency with `cargo update -p serde_derive`
[INFO] [stderr]     = note: an `impl` is never scoped, even when it is nested inside an item, as it may impact type checking outside of that item, which can be the case if neither the trait or the self type are at the same nesting level as the `impl`
[INFO] [stderr]     = note: items in an anonymous const item (`const _: () = { ... }`) are treated as in the same scope as the anonymous const's declaration for the purpose of this lint
[INFO] [stderr]     = note: this warning originates in the derive macro `Serialize` (in Nightly builds, run with -Z macro-backtrace for more info)
[INFO] [stderr] 
[INFO] [stderr] warning: hiding a lifetime that's elided elsewhere is confusing
[INFO] [stderr]    --> src/fs_view.rs:655:11
[INFO] [stderr]     |
[INFO] [stderr] 655 |   fn path(&self) -> Cow<Path>;
[INFO] [stderr]     |           ^^^^^     ^^^^^^^^^ the same lifetime is hidden here
[INFO] [stderr]     |           |
[INFO] [stderr]     |           the lifetime is elided here
[INFO] [stderr]     |
[INFO] [stderr]     = help: the same lifetime is referred to in inconsistent ways, making the signature confusing
[INFO] [stderr]     = note: `#[warn(mismatched_lifetime_syntaxes)]` on by default
[INFO] [stderr] help: use `'_` for type paths
[INFO] [stderr]     |
[INFO] [stderr] 655 |   fn path(&self) -> Cow<'_, Path>;
[INFO] [stderr]     |                         +++
[INFO] [stderr] 
[INFO] [stderr] warning: hiding a lifetime that's elided elsewhere is confusing
[INFO] [stderr]    --> src/fs_view.rs:660:11
[INFO] [stderr]     |
[INFO] [stderr] 660 |   fn path(&self) -> Cow<Path> {
[INFO] [stderr]     |           ^^^^^     ^^^^^^^^^ the same lifetime is hidden here
[INFO] [stderr]     |           |
[INFO] [stderr]     |           the lifetime is elided here
[INFO] [stderr]     |
[INFO] [stderr]     = help: the same lifetime is referred to in inconsistent ways, making the signature confusing
[INFO] [stderr] help: use `'_` for type paths
[INFO] [stderr]     |
[INFO] [stderr] 660 |   fn path(&self) -> Cow<'_, Path> {
[INFO] [stderr]     |                         +++
[INFO] [stderr] 
[INFO] [stderr] warning: hiding a lifetime that's elided elsewhere is confusing
[INFO] [stderr]    --> src/fs_view.rs:683:11
[INFO] [stderr]     |
[INFO] [stderr] 683 |   fn path(&self) -> Cow<Path> {
[INFO] [stderr]     |           ^^^^^     ^^^^^^^^^ the same lifetime is hidden here
[INFO] [stderr]     |           |
[INFO] [stderr]     |           the lifetime is elided here
[INFO] [stderr]     |
[INFO] [stderr]     = help: the same lifetime is referred to in inconsistent ways, making the signature confusing
[INFO] [stderr] help: use `'_` for type paths
[INFO] [stderr]     |
[INFO] [stderr] 683 |   fn path(&self) -> Cow<'_, Path> {
[INFO] [stderr]     |                         +++
[INFO] [stderr] 
[INFO] [stderr] warning: hiding a lifetime that's elided elsewhere is confusing
[INFO] [stderr]    --> src/fs_view.rs:707:11
[INFO] [stderr]     |
[INFO] [stderr] 707 |   fn path(&self) -> Cow<Path> {
[INFO] [stderr]     |           ^^^^^     ^^^^^^^^^ the same lifetime is hidden here
[INFO] [stderr]     |           |
[INFO] [stderr]     |           the lifetime is elided here
[INFO] [stderr]     |
[INFO] [stderr]     = help: the same lifetime is referred to in inconsistent ways, making the signature confusing
[INFO] [stderr] help: use `'_` for type paths
[INFO] [stderr]     |
[INFO] [stderr] 707 |   fn path(&self) -> Cow<'_, Path> {
[INFO] [stderr]     |                         +++
[INFO] [stderr] 
[INFO] [stderr] warning: non-local `impl` definition, `impl` blocks should be written at the same level as their item
[INFO] [stderr]   --> src/query.rs:20:17
[INFO] [stderr]    |
[INFO] [stderr] 20 | #[derive(Debug, Deserialize)]
[INFO] [stderr]    |                 ^^^^^^^^^^^
[INFO] [stderr]    |                 |
[INFO] [stderr]    |                 `Query` is not local
[INFO] [stderr]    |                 `Deserialize` is not local
[INFO] [stderr]    |                 move the `impl` block outside of this constant `_IMPL_DESERIALIZE_FOR_Query`
[INFO] [stderr]    |
[INFO] [stderr]    = note: the derive macro `Deserialize` defines the non-local `impl`, and may need to be changed
[INFO] [stderr]    = note: the derive macro `Deserialize` may come from an old version of the `serde_derive` crate, try updating your dependency with `cargo update -p serde_derive`
[INFO] [stderr]    = note: an `impl` is never scoped, even when it is nested inside an item, as it may impact type checking outside of that item, which can be the case if neither the trait or the self type are at the same nesting level as the `impl`
[INFO] [stderr]    = note: items in an anonymous const item (`const _: () = { ... }`) are treated as in the same scope as the anonymous const's declaration for the purpose of this lint
[INFO] [stderr]    = note: this warning originates in the derive macro `Deserialize` (in Nightly builds, run with -Z macro-backtrace for more info)
[INFO] [stderr] 
[INFO] [stderr] warning: non-local `impl` definition, `impl` blocks should be written at the same level as their item
[INFO] [stderr]   --> src/query.rs:32:17
[INFO] [stderr]    |
[INFO] [stderr] 32 | #[derive(Debug, Deserialize)]
[INFO] [stderr]    |                 ^^^^^^^^^^^
[INFO] [stderr]    |                 |
[INFO] [stderr]    |                 `PartialQuery` is not local
[INFO] [stderr]    |                 `Deserialize` is not local
[INFO] [stderr]    |                 move the `impl` block outside of this constant `_IMPL_DESERIALIZE_FOR_PartialQuery`
[INFO] [stderr]    |
[INFO] [stderr]    = note: the derive macro `Deserialize` defines the non-local `impl`, and may need to be changed
[INFO] [stderr]    = note: the derive macro `Deserialize` may come from an old version of the `serde_derive` crate, try updating your dependency with `cargo update -p serde_derive`
[INFO] [stderr]    = note: an `impl` is never scoped, even when it is nested inside an item, as it may impact type checking outside of that item, which can be the case if neither the trait or the self type are at the same nesting level as the `impl`
[INFO] [stderr]    = note: items in an anonymous const item (`const _: () = { ... }`) are treated as in the same scope as the anonymous const's declaration for the purpose of this lint
[INFO] [stderr]    = note: this warning originates in the derive macro `Deserialize` (in Nightly builds, run with -Z macro-backtrace for more info)
[INFO] [stderr] 
[INFO] [stderr] warning: non-local `impl` definition, `impl` blocks should be written at the same level as their item
[INFO] [stderr]   --> src/query.rs:37:10
[INFO] [stderr]    |
[INFO] [stderr] 37 | #[derive(Serialize)]
[INFO] [stderr]    |          ^^^^^^^^^
[INFO] [stderr]    |          |
[INFO] [stderr]    |          `QueryResult` is not local
[INFO] [stderr]    |          `Serialize` is not local
[INFO] [stderr]    |          move the `impl` block outside of this constant `_IMPL_SERIALIZE_FOR_QueryResult`
[INFO] [stderr]    |
[INFO] [stderr]    = note: the derive macro `Serialize` defines the non-local `impl`, and may need to be changed
[INFO] [stderr]    = note: the derive macro `Serialize` may come from an old version of the `serde_derive` crate, try updating your dependency with `cargo update -p serde_derive`
[INFO] [stderr]    = note: an `impl` is never scoped, even when it is nested inside an item, as it may impact type checking outside of that item, which can be the case if neither the trait or the self type are at the same nesting level as the `impl`
[INFO] [stderr]    = note: items in an anonymous const item (`const _: () = { ... }`) are treated as in the same scope as the anonymous const's declaration for the purpose of this lint
[INFO] [stderr]    = note: this warning originates in the derive macro `Serialize` (in Nightly builds, run with -Z macro-backtrace for more info)
[INFO] [stderr] 
[INFO] [stderr] warning: non-local `impl` definition, `impl` blocks should be written at the same level as their item
[INFO] [stderr]   --> src/query.rs:43:17
[INFO] [stderr]    |
[INFO] [stderr] 43 | #[derive(Debug, Serialize)]
[INFO] [stderr]    |                 ^^^^^^^^^
[INFO] [stderr]    |                 |
[INFO] [stderr]    |                 `QueryError` is not local
[INFO] [stderr]    |                 `Serialize` is not local
[INFO] [stderr]    |                 move the `impl` block outside of this constant `_IMPL_SERIALIZE_FOR_QueryError`
[INFO] [stderr]    |
[INFO] [stderr]    = note: the derive macro `Serialize` defines the non-local `impl`, and may need to be changed
[INFO] [stderr]    = note: the derive macro `Serialize` may come from an old version of the `serde_derive` crate, try updating your dependency with `cargo update -p serde_derive`
[INFO] [stderr]    = note: an `impl` is never scoped, even when it is nested inside an item, as it may impact type checking outside of that item, which can be the case if neither the trait or the self type are at the same nesting level as the `impl`
[INFO] [stderr]    = note: items in an anonymous const item (`const _: () = { ... }`) are treated as in the same scope as the anonymous const's declaration for the purpose of this lint
[INFO] [stderr]    = note: this warning originates in the derive macro `Serialize` (in Nightly builds, run with -Z macro-backtrace for more info)
[INFO] [stderr] 
[INFO] [stderr] warning: non-local `impl` definition, `impl` blocks should be written at the same level as their item
[INFO] [stderr]   --> src/query.rs:53:17
[INFO] [stderr]    |
[INFO] [stderr] 53 | #[derive(Debug, Serialize)]
[INFO] [stderr]    |                 ^^^^^^^^^
[INFO] [stderr]    |                 |
[INFO] [stderr]    |                 `FileResult` is not local
[INFO] [stderr]    |                 `Serialize` is not local
[INFO] [stderr]    |                 move the `impl` block outside of this constant `_IMPL_SERIALIZE_FOR_FileResult`
[INFO] [stderr]    |
[INFO] [stderr]    = note: the derive macro `Serialize` defines the non-local `impl`, and may need to be changed
[INFO] [stderr]    = note: the derive macro `Serialize` may come from an old version of the `serde_derive` crate, try updating your dependency with `cargo update -p serde_derive`
[INFO] [stderr]    = note: an `impl` is never scoped, even when it is nested inside an item, as it may impact type checking outside of that item, which can be the case if neither the trait or the self type are at the same nesting level as the `impl`
[INFO] [stderr]    = note: items in an anonymous const item (`const _: () = { ... }`) are treated as in the same scope as the anonymous const's declaration for the purpose of this lint
[INFO] [stderr]    = note: this warning originates in the derive macro `Serialize` (in Nightly builds, run with -Z macro-backtrace for more info)
[INFO] [stderr] 
[INFO] [stderr] warning: non-local `impl` definition, `impl` blocks should be written at the same level as their item
[INFO] [stderr]   --> src/query.rs:87:17
[INFO] [stderr]    |
[INFO] [stderr] 87 | #[derive(Debug, Deserialize, Serialize)]
[INFO] [stderr]    |                 ^^^^^^^^^^^
[INFO] [stderr]    |                 |
[INFO] [stderr]    |                 `QueryExpression` is not local
[INFO] [stderr]    |                 `Deserialize` is not local
[INFO] [stderr]    |                 move the `impl` block outside of this constant `_IMPL_DESERIALIZE_FOR_QueryExpression`
[INFO] [stderr]    |
[INFO] [stderr]    = note: the derive macro `Deserialize` defines the non-local `impl`, and may need to be changed
[INFO] [stderr]    = note: the derive macro `Deserialize` may come from an old version of the `serde_derive` crate, try updating your dependency with `cargo update -p serde_derive`
[INFO] [stderr]    = note: an `impl` is never scoped, even when it is nested inside an item, as it may impact type checking outside of that item, which can be the case if neither the trait or the self type are at the same nesting level as the `impl`
[INFO] [stderr]    = note: items in an anonymous const item (`const _: () = { ... }`) are treated as in the same scope as the anonymous const's declaration for the purpose of this lint
[INFO] [stderr]    = note: this warning originates in the derive macro `Deserialize` (in Nightly builds, run with -Z macro-backtrace for more info)
[INFO] [stderr] 
[INFO] [stderr] warning: non-local `impl` definition, `impl` blocks should be written at the same level as their item
[INFO] [stderr]   --> src/query.rs:87:30
[INFO] [stderr]    |
[INFO] [stderr] 87 | #[derive(Debug, Deserialize, Serialize)]
[INFO] [stderr]    |                              ^^^^^^^^^
[INFO] [stderr]    |                              |
[INFO] [stderr]    |                              `QueryExpression` is not local
[INFO] [stderr]    |                              `Serialize` is not local
[INFO] [stderr]    |                              move the `impl` block outside of this constant `_IMPL_SERIALIZE_FOR_QueryExpression`
[INFO] [stderr]    |
[INFO] [stderr]    = note: the derive macro `Serialize` defines the non-local `impl`, and may need to be changed
[INFO] [stderr]    = note: the derive macro `Serialize` may come from an old version of the `serde_derive` crate, try updating your dependency with `cargo update -p serde_derive`
[INFO] [stderr]    = note: an `impl` is never scoped, even when it is nested inside an item, as it may impact type checking outside of that item, which can be the case if neither the trait or the self type are at the same nesting level as the `impl`
[INFO] [stderr]    = note: items in an anonymous const item (`const _: () = { ... }`) are treated as in the same scope as the anonymous const's declaration for the purpose of this lint
[INFO] [stderr]    = note: this warning originates in the derive macro `Serialize` (in Nightly builds, run with -Z macro-backtrace for more info)
[INFO] [stderr] 
[INFO] [stderr] warning: hiding a lifetime that's elided elsewhere is confusing
[INFO] [stderr]    --> src/query.rs:313:29
[INFO] [stderr]     |
[INFO] [stderr] 313 | fn node_name_to_match(node: &FsNode, match_ty: FilenameMatchType) -> Cow<str> {
[INFO] [stderr]     |                             ^^^^^^^ the lifetime is elided here      ^^^^^^^^ the same lifetime is hidden here
[INFO] [stderr]     |
[INFO] [stderr]     = help: the same lifetime is referred to in inconsistent ways, making the signature confusing
[INFO] [stderr] help: use `'_` for type paths
[INFO] [stderr]     |
[INFO] [stderr] 313 | fn node_name_to_match(node: &FsNode, match_ty: FilenameMatchType) -> Cow<'_, str> {
[INFO] [stderr]     |                                                                          +++
[INFO] [stderr] 
[INFO] [stderr] warning: non-local `impl` definition, `impl` blocks should be written at the same level as their item
[INFO] [stderr]    --> src/query.rs:320:30
[INFO] [stderr]     |
[INFO] [stderr] 320 | #[derive(Clone, Copy, Debug, Deserialize, Serialize)]
[INFO] [stderr]     |                              ^^^^^^^^^^^
[INFO] [stderr]     |                              |
[INFO] [stderr]     |                              `DepthSpec` is not local
[INFO] [stderr]     |                              `Deserialize` is not local
[INFO] [stderr]     |                              move the `impl` block outside of this constant `_IMPL_DESERIALIZE_FOR_DepthSpec`
[INFO] [stderr]     |
[INFO] [stderr]     = note: the derive macro `Deserialize` defines the non-local `impl`, and may need to be changed
[INFO] [stderr]     = note: the derive macro `Deserialize` may come from an old version of the `serde_derive` crate, try updating your dependency with `cargo update -p serde_derive`
[INFO] [stderr]     = note: an `impl` is never scoped, even when it is nested inside an item, as it may impact type checking outside of that item, which can be the case if neither the trait or the self type are at the same nesting level as the `impl`
[INFO] [stderr]     = note: items in an anonymous const item (`const _: () = { ... }`) are treated as in the same scope as the anonymous const's declaration for the purpose of this lint
[INFO] [stderr]     = note: this warning originates in the derive macro `Deserialize` (in Nightly builds, run with -Z macro-backtrace for more info)
[INFO] [stderr] 
[INFO] [stderr] warning: non-local `impl` definition, `impl` blocks should be written at the same level as their item
[INFO] [stderr]    --> src/query.rs:320:43
[INFO] [stderr]     |
[INFO] [stderr] 320 | #[derive(Clone, Copy, Debug, Deserialize, Serialize)]
[INFO] [stderr]     |                                           ^^^^^^^^^
[INFO] [stderr]     |                                           |
[INFO] [stderr]     |                                           `DepthSpec` is not local
[INFO] [stderr]     |                                           `Serialize` is not local
[INFO] [stderr]     |                                           move the `impl` block outside of this constant `_IMPL_SERIALIZE_FOR_DepthSpec`
[INFO] [stderr]     |
[INFO] [stderr]     = note: the derive macro `Serialize` defines the non-local `impl`, and may need to be changed
[INFO] [stderr]     = note: the derive macro `Serialize` may come from an old version of the `serde_derive` crate, try updating your dependency with `cargo update -p serde_derive`
[INFO] [stderr]     = note: an `impl` is never scoped, even when it is nested inside an item, as it may impact type checking outside of that item, which can be the case if neither the trait or the self type are at the same nesting level as the `impl`
[INFO] [stderr]     = note: items in an anonymous const item (`const _: () = { ... }`) are treated as in the same scope as the anonymous const's declaration for the purpose of this lint
[INFO] [stderr]     = note: this warning originates in the derive macro `Serialize` (in Nightly builds, run with -Z macro-backtrace for more info)
[INFO] [stderr] 
[INFO] [stderr] warning: non-local `impl` definition, `impl` blocks should be written at the same level as their item
[INFO] [stderr]    --> src/query.rs:326:30
[INFO] [stderr]     |
[INFO] [stderr] 326 | #[derive(Clone, Copy, Debug, Deserialize, Serialize)]
[INFO] [stderr]     |                              ^^^^^^^^^^^
[INFO] [stderr]     |                              |
[INFO] [stderr]     |                              `Comparator` is not local
[INFO] [stderr]     |                              `Deserialize` is not local
[INFO] [stderr]     |                              move the `impl` block outside of this constant `_IMPL_DESERIALIZE_FOR_Comparator`
[INFO] [stderr]     |
[INFO] [stderr]     = note: the derive macro `Deserialize` defines the non-local `impl`, and may need to be changed
[INFO] [stderr]     = note: the derive macro `Deserialize` may come from an old version of the `serde_derive` crate, try updating your dependency with `cargo update -p serde_derive`
[INFO] [stderr]     = note: an `impl` is never scoped, even when it is nested inside an item, as it may impact type checking outside of that item, which can be the case if neither the trait or the self type are at the same nesting level as the `impl`
[INFO] [stderr]     = note: items in an anonymous const item (`const _: () = { ... }`) are treated as in the same scope as the anonymous const's declaration for the purpose of this lint
[INFO] [stderr]     = note: this warning originates in the derive macro `Deserialize` (in Nightly builds, run with -Z macro-backtrace for more info)
[INFO] [stderr] 
[INFO] [stderr] warning: non-local `impl` definition, `impl` blocks should be written at the same level as their item
[INFO] [stderr]    --> src/query.rs:326:43
[INFO] [stderr]     |
[INFO] [stderr] 326 | #[derive(Clone, Copy, Debug, Deserialize, Serialize)]
[INFO] [stderr]     |                                           ^^^^^^^^^
[INFO] [stderr]     |                                           |
[INFO] [stderr]     |                                           `Comparator` is not local
[INFO] [stderr]     |                                           `Serialize` is not local
[INFO] [stderr]     |                                           move the `impl` block outside of this constant `_IMPL_SERIALIZE_FOR_Comparator`
[INFO] [stderr]     |
[INFO] [stderr]     = note: the derive macro `Serialize` defines the non-local `impl`, and may need to be changed
[INFO] [stderr]     = note: the derive macro `Serialize` may come from an old version of the `serde_derive` crate, try updating your dependency with `cargo update -p serde_derive`
[INFO] [stderr]     = note: an `impl` is never scoped, even when it is nested inside an item, as it may impact type checking outside of that item, which can be the case if neither the trait or the self type are at the same nesting level as the `impl`
[INFO] [stderr]     = note: items in an anonymous const item (`const _: () = { ... }`) are treated as in the same scope as the anonymous const's declaration for the purpose of this lint
[INFO] [stderr]     = note: this warning originates in the derive macro `Serialize` (in Nightly builds, run with -Z macro-backtrace for more info)
[INFO] [stderr] 
[INFO] [stderr] warning: non-local `impl` definition, `impl` blocks should be written at the same level as their item
[INFO] [stderr]    --> src/query.rs:352:30
[INFO] [stderr]     |
[INFO] [stderr] 352 | #[derive(Clone, Copy, Debug, Deserialize, Serialize)]
[INFO] [stderr]     |                              ^^^^^^^^^^^
[INFO] [stderr]     |                              |
[INFO] [stderr]     |                              `FilenameMatchType` is not local
[INFO] [stderr]     |                              `Deserialize` is not local
[INFO] [stderr]     |                              move the `impl` block outside of this constant `_IMPL_DESERIALIZE_FOR_FilenameMatchType`
[INFO] [stderr]     |
[INFO] [stderr]     = note: the derive macro `Deserialize` defines the non-local `impl`, and may need to be changed
[INFO] [stderr]     = note: the derive macro `Deserialize` may come from an old version of the `serde_derive` crate, try updating your dependency with `cargo update -p serde_derive`
[INFO] [stderr]     = note: an `impl` is never scoped, even when it is nested inside an item, as it may impact type checking outside of that item, which can be the case if neither the trait or the self type are at the same nesting level as the `impl`
[INFO] [stderr]     = note: items in an anonymous const item (`const _: () = { ... }`) are treated as in the same scope as the anonymous const's declaration for the purpose of this lint
[INFO] [stderr]     = note: this warning originates in the derive macro `Deserialize` (in Nightly builds, run with -Z macro-backtrace for more info)
[INFO] [stderr] 
[INFO] [stderr] warning: non-local `impl` definition, `impl` blocks should be written at the same level as their item
[INFO] [stderr]    --> src/query.rs:352:43
[INFO] [stderr]     |
[INFO] [stderr] 352 | #[derive(Clone, Copy, Debug, Deserialize, Serialize)]
[INFO] [stderr]     |                                           ^^^^^^^^^
[INFO] [stderr]     |                                           |
[INFO] [stderr]     |                                           `FilenameMatchType` is not local
[INFO] [stderr]     |                                           `Serialize` is not local
[INFO] [stderr]     |                                           move the `impl` block outside of this constant `_IMPL_SERIALIZE_FOR_FilenameMatchType`
[INFO] [stderr]     |
[INFO] [stderr]     = note: the derive macro `Serialize` defines the non-local `impl`, and may need to be changed
[INFO] [stderr]     = note: the derive macro `Serialize` may come from an old version of the `serde_derive` crate, try updating your dependency with `cargo update -p serde_derive`
[INFO] [stderr]     = note: an `impl` is never scoped, even when it is nested inside an item, as it may impact type checking outside of that item, which can be the case if neither the trait or the self type are at the same nesting level as the `impl`
[INFO] [stderr]     = note: items in an anonymous const item (`const _: () = { ... }`) are treated as in the same scope as the anonymous const's declaration for the purpose of this lint
[INFO] [stderr]     = note: this warning originates in the derive macro `Serialize` (in Nightly builds, run with -Z macro-backtrace for more info)
[INFO] [stderr] 
[INFO] [stderr] warning: `fomo` (lib) generated 53 warnings (1 duplicate) (run `cargo fix --lib -p fomo` to apply 8 suggestions)
[INFO] [stderr] warning: `fomo` (lib test) generated 53 warnings (53 duplicates)
[INFO] [stderr] warning: unused macro definition: `assert_eq_any`
[INFO] [stderr]    --> tests/utils/mod.rs:207:14
[INFO] [stderr]     |
[INFO] [stderr] 207 | macro_rules! assert_eq_any {
[INFO] [stderr]     |              ^^^^^^^^^^^^^
[INFO] [stderr]     |
[INFO] [stderr]     = note: `#[warn(unused_macros)]` (part of `#[warn(unused)]`) on by default
[INFO] [stderr] 
[INFO] [stderr] warning: function `inflate_events` is never used
[INFO] [stderr]   --> tests/utils/mod.rs:49:8
[INFO] [stderr]    |
[INFO] [stderr] 49 | pub fn inflate_events(input: Vec<(PathBuf, Op, Option<u32>)>) -> Vec<(PathBuf, Op, Option<u32>)> {
[INFO] [stderr]    |        ^^^^^^^^^^^^^^
[INFO] [stderr]    |
[INFO] [stderr]    = note: `#[warn(dead_code)]` (part of `#[warn(unused)]`) on by default
[INFO] [stderr] 
[INFO] [stderr] warning: function `extract_cookies` is never used
[INFO] [stderr]   --> tests/utils/mod.rs:78:8
[INFO] [stderr]    |
[INFO] [stderr] 78 | pub fn extract_cookies(events: &[ (PathBuf, Op, Option<u32>) ]) -> Vec<u32> {
[INFO] [stderr]    |        ^^^^^^^^^^^^^^^
[INFO] [stderr] 
[INFO] [stderr] warning: function `sleep` is never used
[INFO] [stderr]   --> tests/utils/mod.rs:91:8
[INFO] [stderr]    |
[INFO] [stderr] 91 | pub fn sleep(duration: u64) {
[INFO] [stderr]    |        ^^^^^
[INFO] [stderr] 
[INFO] [stderr] warning: methods `create_all`, `rename`, `chmod`, and `remove` are never used
[INFO] [stderr]    --> tests/utils/mod.rs:118:6
[INFO] [stderr]     |
[INFO] [stderr] 109 | pub trait TestHelpers {
[INFO] [stderr]     |           ----------- methods in this trait
[INFO] [stderr] ...
[INFO] [stderr] 118 |   fn create_all(&self, paths: Vec<&str>);
[INFO] [stderr]     |      ^^^^^^^^^^
[INFO] [stderr] 119 |   /// Rename file or directory.
[INFO] [stderr] 120 |   fn rename(&self, a: &str, b: &str);
[INFO] [stderr]     |      ^^^^^^
[INFO] [stderr] 121 |   /// Toggle "other" rights on linux and os x and "readonly" on windows
[INFO] [stderr] 122 |   fn chmod(&self, p: &str);
[INFO] [stderr]     |      ^^^^^
[INFO] [stderr] ...
[INFO] [stderr] 126 |   fn remove(&self, p: &str);
[INFO] [stderr]     |      ^^^^^^
[INFO] [stderr] 
[INFO] [stderr] warning: unexpected `cfg` condition value: `manual_tests`
[INFO] [stderr]   --> tests/watcher.rs:12:11
[INFO] [stderr]    |
[INFO] [stderr] 12 | #[cfg(all(feature = "manual_tests", target_os="linux"))]
[INFO] [stderr]    |           ^^^^^^^^^^^^^^^^^^^^^^^^ help: remove the condition
[INFO] [stderr]    |
[INFO] [stderr]    = note: no expected values for `feature`
[INFO] [stderr]    = help: consider adding `manual_tests` as a feature in `Cargo.toml`
[INFO] [stderr]    = note: see <https://doc.rust-lang.org/nightly/rustc/check-cfg/cargo-specifics.html> for more information about checking conditional configuration
[INFO] [stderr]    = note: `#[warn(unexpected_cfgs)]` on by default
[INFO] [stderr] 
[INFO] [stderr] warning: unexpected `cfg` condition value: `manual_tests`
[INFO] [stderr]   --> tests/watcher.rs:14:11
[INFO] [stderr]    |
[INFO] [stderr] 14 | #[cfg(all(feature = "manual_tests", target_os="linux"))]
[INFO] [stderr]    |           ^^^^^^^^^^^^^^^^^^^^^^^^ help: remove the condition
[INFO] [stderr]    |
[INFO] [stderr]    = note: no expected values for `feature`
[INFO] [stderr]    = help: consider adding `manual_tests` as a feature in `Cargo.toml`
[INFO] [stderr]    = note: see <https://doc.rust-lang.org/nightly/rustc/check-cfg/cargo-specifics.html> for more information about checking conditional configuration
[INFO] [stderr] 
[INFO] [stderr] warning: unexpected `cfg` condition value: `manual_tests`
[INFO] [stderr]   --> tests/watcher.rs:16:11
[INFO] [stderr]    |
[INFO] [stderr] 16 | #[cfg(all(feature = "manual_tests", target_os="linux"))]
[INFO] [stderr]    |           ^^^^^^^^^^^^^^^^^^^^^^^^ help: remove the condition
[INFO] [stderr]    |
[INFO] [stderr]    = note: no expected values for `feature`
[INFO] [stderr]    = help: consider adding `manual_tests` as a feature in `Cargo.toml`
[INFO] [stderr]    = note: see <https://doc.rust-lang.org/nightly/rustc/check-cfg/cargo-specifics.html> for more information about checking conditional configuration
[INFO] [stderr] 
[INFO] [stderr] warning: unexpected `cfg` condition value: `manual_tests`
[INFO] [stderr]    --> tests/watcher.rs:243:11
[INFO] [stderr]     |
[INFO] [stderr] 243 | #[cfg(all(feature = "manual_tests", target_os="linux"))]
[INFO] [stderr]     |           ^^^^^^^^^^^^^^^^^^^^^^^^ help: remove the condition
[INFO] [stderr]     |
[INFO] [stderr]     = note: no expected values for `feature`
[INFO] [stderr]     = help: consider adding `manual_tests` as a feature in `Cargo.toml`
[INFO] [stderr]     = note: see <https://doc.rust-lang.org/nightly/rustc/check-cfg/cargo-specifics.html> for more information about checking conditional configuration
[INFO] [stderr] 
[INFO] [stderr] warning: method `chmod` is never used
[INFO] [stderr]    --> tests/utils/mod.rs:122:6
[INFO] [stderr]     |
[INFO] [stderr] 109 | pub trait TestHelpers {
[INFO] [stderr]     |           ----------- method in this trait
[INFO] [stderr] ...
[INFO] [stderr] 122 |   fn chmod(&self, p: &str);
[INFO] [stderr]     |      ^^^^^
[INFO] [stderr]     |
[INFO] [stderr]     = note: `#[warn(dead_code)]` (part of `#[warn(unused)]`) on by default
[INFO] [stderr] 
[INFO] [stderr] warning: unexpected `cfg` condition value: `timing_tests`
[INFO] [stderr]  --> tests/fsevents.rs:8:32
[INFO] [stderr]   |
[INFO] [stderr] 8 | #[cfg(all(target_os = "macos", feature = "timing_tests"))]
[INFO] [stderr]   |                                ^^^^^^^^^^^^^^^^^^^^^^^^ help: remove the condition
[INFO] [stderr]   |
[INFO] [stderr]   = note: no expected values for `feature`
[INFO] [stderr]   = help: consider adding `timing_tests` as a feature in `Cargo.toml`
[INFO] [stderr]   = note: see <https://doc.rust-lang.org/nightly/rustc/check-cfg/cargo-specifics.html> for more information about checking conditional configuration
[INFO] [stderr]   = note: `#[warn(unexpected_cfgs)]` on by default
[INFO] [stderr] 
[INFO] [stderr] warning: unused import: `fomo::notify`
[INFO] [stderr]  --> tests/notify.rs:6:5
[INFO] [stderr]   |
[INFO] [stderr] 6 | use fomo::notify;
[INFO] [stderr]   |     ^^^^^^^^^^^^
[INFO] [stderr]   |
[INFO] [stderr]   = note: `#[warn(unused_imports)]` (part of `#[warn(unused)]`) on by default
[INFO] [stderr] 
[INFO] [stderr] warning: function `sleep` is never used
[INFO] [stderr]   --> tests/utils/mod.rs:91:8
[INFO] [stderr]    |
[INFO] [stderr] 91 | pub fn sleep(duration: u64) {
[INFO] [stderr]    |        ^^^^^
[INFO] [stderr]    |
[INFO] [stderr]    = note: `#[warn(dead_code)]` (part of `#[warn(unused)]`) on by default
[INFO] [stderr] 
[INFO] [stderr] warning: `fomo` (test "event_path") generated 5 warnings
[INFO] [stderr] warning: `fomo` (test "watcher") generated 6 warnings (1 duplicate)
[INFO] [stderr] warning: `fomo` (test "fsevents") generated 2 warnings (1 duplicate)
[INFO] [stderr] warning: `fomo` (test "notify") generated 3 warnings (1 duplicate) (run `cargo fix --test "notify" -p fomo` to apply 1 suggestion)
[INFO] [stderr]     Finished `release` profile [optimized] target(s) in 0.12s
[INFO] [stderr] warning: the following packages contain code that will be rejected by a future version of Rust: bitflags v0.4.0, bitflags v0.7.0, syn v0.11.4
[INFO] [stderr] note: to see what the problems were, use the option `--future-incompat-report`, or run `cargo report future-incompatibilities --id 4`
[INFO] [stderr]      Running unittests src/lib.rs (/opt/rustwide/target/release/deps/fomo-2bc1c19abed61974)
[INFO] [stdout] 
[INFO] [stdout] running 3 tests
[INFO] [stdout] test notify::display_formatted_errors ... FAILED
[INFO] [stdout] test fs_view::test::single_file_tmp_dir ... ok
[INFO] [stdout] test fs_view::test::fixed_roundtrip ... ok
[INFO] [stdout] 
[INFO] [stdout] failures:
[INFO] [stdout] 
[INFO] [stdout] ---- notify::display_formatted_errors stdout ----
[INFO] [stdout] 
[INFO] [stdout] thread 'notify::display_formatted_errors' (3444) panicked at src/notify/mod.rs:674:3:
[INFO] [stdout] assertion `left == right` failed
[INFO] [stdout]   left: "Some error"
[INFO] [stdout]  right: "description() is deprecated; use Display"
[INFO] [stdout] stack backtrace:
[INFO] [stdout]    0:     0x59453075b1d1 - <<std[70759c8f55707aa4]::sys::backtrace::BacktraceLock>::print::DisplayBacktrace as core[df12db4294e9bfd3]::fmt::Display>::fmt
[INFO] [stdout]    1:     0x59453076ffca - core[df12db4294e9bfd3]::fmt::write
[INFO] [stdout]    2:     0x59453075fa7c - <alloc[2182bb758b4b3781]::vec::Vec<u8> as core[df12db4294e9bfd3]::io::write::Write>::write_fmt
[INFO] [stdout]    3:     0x594530735436 - std[70759c8f55707aa4]::panicking::default_hook::{closure#0}
[INFO] [stdout]    4:     0x594530752c19 - std[70759c8f55707aa4]::panicking::default_hook
[INFO] [stdout]    5:     0x5945306d9d90 - test[9d35eded1c95d3be]::test_main_inner::<test[9d35eded1c95d3be]::test_main_static::{closure#0}>::{closure#0}
[INFO] [stdout]    6:     0x594530752dd2 - std[70759c8f55707aa4]::panicking::panic_with_hook
[INFO] [stdout]    7:     0x5945307354e2 - std[70759c8f55707aa4]::panicking::panic_handler::{closure#0}
[INFO] [stdout]    8:     0x59453072e019 - std[70759c8f55707aa4]::sys::backtrace::__rust_end_short_backtrace::<std[70759c8f55707aa4]::panicking::panic_handler::{closure#0}, !>
[INFO] [stdout]    9:     0x5945307361cd - __rustc[8fa7c3cbc660c2b3]::rust_begin_unwind
[INFO] [stdout]   10:     0x5945307706fc - core[df12db4294e9bfd3]::panicking::panic_fmt
[INFO] [stdout]   11:     0x594530770613 - core[df12db4294e9bfd3]::panicking::assert_failed_inner
[INFO] [stdout]   12:     0x5945306c556b - core[df12db4294e9bfd3]::panicking::assert_failed::<&str, alloc[2182bb758b4b3781]::string::String>
[INFO] [stdout]   13:     0x5945306c7ab4 - fomo[e7f85f88dddbb1ba]::notify::display_formatted_errors
[INFO] [stdout]   14:     0x5945306c94e9 - <fomo[e7f85f88dddbb1ba]::notify::display_formatted_errors::{closure#0} as core[df12db4294e9bfd3]::ops::function::FnOnce<()>>::call_once
[INFO] [stdout]   15:     0x5945306cd07b - test[9d35eded1c95d3be]::__rust_begin_short_backtrace::<core[df12db4294e9bfd3]::result::Result<(), alloc[2182bb758b4b3781]::string::String>, fn() -> core[df12db4294e9bfd3]::result::Result<(), alloc[2182bb758b4b3781]::string::String>>
[INFO] [stdout]   16:     0x5945306da6e5 - test[9d35eded1c95d3be]::run_test::{closure#0}
[INFO] [stdout]   17:     0x5945306d3fa4 - std[70759c8f55707aa4]::sys::backtrace::__rust_begin_short_backtrace::<test[9d35eded1c95d3be]::run_test::{closure#1}, ()>
[INFO] [stdout]   18:     0x5945306dd842 - <std[70759c8f55707aa4]::thread::lifecycle::spawn_unchecked<test[9d35eded1c95d3be]::run_test::{closure#1}, ()>::{closure#1} as core[df12db4294e9bfd3]::ops::function::FnOnce<()>>::call_once::{shim:vtable#0}
[INFO] [stdout]   19:     0x59453075aaa9 - <std[70759c8f55707aa4]::sys::thread::unix::Thread>::new::thread_start
[INFO] [stdout]   20:     0x727a417c0dfa - <unknown>
[INFO] [stdout]   21:     0x727a418543d4 - clone
[INFO] [stdout]   22:                0x0 - <unknown>
[INFO] [stdout] 
[INFO] [stdout] 
[INFO] [stdout] failures:
[INFO] [stdout]     notify::display_formatted_errors
[INFO] [stdout] 
[INFO] [stdout] test result: FAILED. 2 passed; 1 failed; 0 ignored; 0 measured; 0 filtered out; finished in 0.00s
[INFO] [stdout] 
[INFO] [stderr] error: test failed, to rerun pass `--lib`
[INFO] running `Command { std: "docker" "inspect" "af314a85709d5e84b05352f728d29f8095df82d753d36f9ee50a5fc39ad50e96", kill_on_drop: false }`
[INFO] running `Command { std: "docker" "rm" "-f" "af314a85709d5e84b05352f728d29f8095df82d753d36f9ee50a5fc39ad50e96", kill_on_drop: false }`
[INFO] [stdout] af314a85709d5e84b05352f728d29f8095df82d753d36f9ee50a5fc39ad50e96
