[INFO] cloning repository https://github.com/akindoyinabraham0-collab/supply-chain-provenance
[INFO] running `Command { std: "git" "-c" "credential.helper=" "-c" "credential.helper=/workspace/cargo-home/bin/git-credential-null" "clone" "--bare" "https://github.com/akindoyinabraham0-collab/supply-chain-provenance" "/workspace/cache/git-repos/https%3A%2F%2Fgithub.com%2Fakindoyinabraham0-collab%2Fsupply-chain-provenance", kill_on_drop: false }`
[INFO] [stderr] Cloning into bare repository '/workspace/cache/git-repos/https%3A%2F%2Fgithub.com%2Fakindoyinabraham0-collab%2Fsupply-chain-provenance'...
[INFO] running `Command { std: "git" "rev-parse" "HEAD", kill_on_drop: false }`
[INFO] [stdout] ff9db36496682ca46eee02569ba0b16b7058605f
[INFO] testing akindoyinabraham0-collab/supply-chain-provenance against 1.100.0-beta.1+cargoflags=--release for beta-release-1.100-2
[INFO] running `Command { std: "git" "clone" "/workspace/cache/git-repos/https%3A%2F%2Fgithub.com%2Fakindoyinabraham0-collab%2Fsupply-chain-provenance" "/workspace/builds/worker-6-tc2/source", kill_on_drop: false }`
[INFO] [stderr] Cloning into '/workspace/builds/worker-6-tc2/source'...
[INFO] [stderr] done.
[INFO] removed /workspace/builds/worker-6-tc2/source/rust-toolchain.toml
[INFO] started tweaking git repo https://github.com/akindoyinabraham0-collab/supply-chain-provenance
[INFO] finished tweaking git repo https://github.com/akindoyinabraham0-collab/supply-chain-provenance
[INFO] tweaked toml for git repo https://github.com/akindoyinabraham0-collab/supply-chain-provenance written to /workspace/builds/worker-6-tc2/source/Cargo.toml
[INFO] validating manifest of git repo https://github.com/akindoyinabraham0-collab/supply-chain-provenance on toolchain 1.100.0-beta.1
[INFO] running `Command { std: CARGO_HOME="/workspace/cargo-home" RUSTUP_HOME="/workspace/rustup-home" "/workspace/cargo-home/bin/cargo" "+1.100.0-beta.1" "metadata" "--manifest-path" "Cargo.toml" "--no-deps", kill_on_drop: false }`
[INFO] crate git repo https://github.com/akindoyinabraham0-collab/supply-chain-provenance already has a lockfile, it will not be regenerated
[INFO] running `Command { std: CARGO_HOME="/workspace/cargo-home" RUSTUP_HOME="/workspace/rustup-home" "/workspace/cargo-home/bin/cargo" "+1.100.0-beta.1" "fetch" "--manifest-path" "Cargo.toml", kill_on_drop: false }`
[INFO] running `Command { std: "docker" "create" "-v" "/var/lib/crater-agent-workspace/builds/worker-6-tc2/source:/opt/rustwide/workdir:ro,Z" "-v" "/var/lib/crater-agent-workspace/builds/worker-6-tc2/target:/opt/rustwide/target:rw,Z" "-v" "/var/lib/crater-agent-workspace/cargo-home:/opt/rustwide/cargo-home:ro,Z" "-v" "/var/lib/crater-agent-workspace/rustup-home:/opt/rustwide/rustup-home:ro,Z" "-m" "1610612736" "--network" "none" "ghcr.io/rust-lang/crates-build-env/linux@sha256:77db811e55d90add9212f6832c23229e3de5f1c1f9905e8cb07319ea15df73ac" "sleep" "infinity", kill_on_drop: false }`
[INFO] [stdout] 2bc0f58e83c45d74d4f0a747fe9d0d90233b586ea039a1d5b667250016dfd424
[INFO] running `Command { std: "docker" "start" "2bc0f58e83c45d74d4f0a747fe9d0d90233b586ea039a1d5b667250016dfd424", kill_on_drop: false }`
[INFO] running `Command { std: "docker" "inspect" "2bc0f58e83c45d74d4f0a747fe9d0d90233b586ea039a1d5b667250016dfd424", kill_on_drop: false }`
[INFO] running `Command { std: "docker" "exec" "-e" "SOURCE_DIR=/opt/rustwide/workdir" "-e" "CARGO_HOME=/opt/rustwide/cargo-home" "-e" "RUSTUP_HOME=/opt/rustwide/rustup-home" "-e" "CARGO_TARGET_DIR=/opt/rustwide/target" "-w" "/opt/rustwide/workdir" "--user" "0:0" "2bc0f58e83c45d74d4f0a747fe9d0d90233b586ea039a1d5b667250016dfd424" "/opt/rustwide/cargo-home/bin/cargo" "+1.100.0-beta.1" "metadata" "--no-deps" "--format-version=1", kill_on_drop: false }`
[INFO] running `Command { std: "docker" "inspect" "2bc0f58e83c45d74d4f0a747fe9d0d90233b586ea039a1d5b667250016dfd424", kill_on_drop: false }`
[INFO] running `Command { std: "docker" "exec" "-e" "SOURCE_DIR=/opt/rustwide/workdir" "-e" "CARGO_HOME=/opt/rustwide/cargo-home" "-e" "RUSTUP_HOME=/opt/rustwide/rustup-home" "-e" "CARGO_TARGET_DIR=/opt/rustwide/target" "-e" "CARGO_INCREMENTAL=0" "-e" "RUST_BACKTRACE=full" "-e" "RUSTFLAGS=--cap-lints=warn" "-e" "RUSTDOCFLAGS=--cap-lints=warn" "-w" "/opt/rustwide/workdir" "--user" "0:0" "2bc0f58e83c45d74d4f0a747fe9d0d90233b586ea039a1d5b667250016dfd424" "/opt/rustwide/cargo-home/bin/cargo" "+1.100.0-beta.1" "build" "--frozen" "--message-format=json" "--release", kill_on_drop: false }`
[INFO] [stderr]    Compiling proc-macro2 v1.0.106
[INFO] [stderr]    Compiling unicode-ident v1.0.24
[INFO] [stderr]    Compiling quote v1.0.45
[INFO] [stderr]    Compiling version_check v0.9.5
[INFO] [stderr]    Compiling zmij v1.0.21
[INFO] [stderr]    Compiling serde v1.0.228
[INFO] [stderr]    Compiling serde_core v1.0.228
[INFO] [stderr]    Compiling serde_json v1.0.150
[INFO] [stderr]    Compiling itoa v1.0.18
[INFO] [stderr]    Compiling memchr v2.8.2
[INFO] [stderr]    Compiling typenum v1.20.1
[INFO] [stderr]    Compiling cfg-if v1.0.4
[INFO] [stderr]    Compiling subtle v2.6.1
[INFO] [stderr]    Compiling libc v0.2.186
[INFO] [stderr]    Compiling autocfg v1.5.1
[INFO] [stderr]    Compiling const-oid v0.9.6
[INFO] [stderr]    Compiling strsim v0.11.1
[INFO] [stderr]    Compiling ident_case v1.0.1
[INFO] [stderr]    Compiling zerocopy v0.8.52
[INFO] [stderr]    Compiling semver v1.0.28
[INFO] [stderr]    Compiling paste v1.0.15
[INFO] [stderr]    Compiling schemars v0.8.22
[INFO] [stderr]    Compiling dyn-clone v1.0.20
[INFO] [stderr]    Compiling data-encoding v2.11.0
[INFO] [stderr]    Compiling generic-array v0.14.9
[INFO] [stderr]    Compiling cpufeatures v0.2.17
[INFO] [stderr]    Compiling ethnum v1.5.3
[INFO] [stderr]    Compiling num-traits v0.2.19
[INFO] [stderr]    Compiling escape-bytes v0.1.1
[INFO] [stderr]    Compiling rustc_version v0.4.1
[INFO] [stderr]    Compiling ahash v0.8.12
[INFO] [stderr]    Compiling arrayvec v0.7.6
[INFO] [stderr]    Compiling either v1.16.0
[INFO] [stderr]    Compiling base16ct v0.2.0
[INFO] [stderr]    Compiling libm v0.2.16
[INFO] [stderr]    Compiling allocator-api2 v0.2.21
[INFO] [stderr]    Compiling once_cell v1.21.4
[INFO] [stderr]    Compiling itertools v0.13.0
[INFO] [stderr]    Compiling hashbrown v0.17.1
[INFO] [stderr]    Compiling thiserror v1.0.69
[INFO] [stderr]    Compiling equivalent v1.0.2
[INFO] [stderr]    Compiling curve25519-dalek v4.1.3
[INFO] [stderr]    Compiling prettyplease v0.2.37
[INFO] [stderr]    Compiling hashbrown v0.15.5
[INFO] [stderr]    Compiling syn v2.0.118
[INFO] [stderr]    Compiling indexmap-nostd v0.4.0
[INFO] [stderr]    Compiling downcast-rs v1.2.1
[INFO] [stderr]    Compiling fnv v1.0.7
[INFO] [stderr]    Compiling num-integer v0.1.46
[INFO] [stderr]    Compiling wasmparser-nostd v0.100.2
[INFO] [stderr]    Compiling getrandom v0.2.17
[INFO] [stderr]    Compiling base64 v0.22.1
[INFO] [stderr]    Compiling rand_core v0.6.4
[INFO] [stderr]    Compiling block-buffer v0.10.4
[INFO] [stderr]    Compiling crypto-common v0.1.6
[INFO] [stderr]    Compiling num-bigint v0.4.6
[INFO] [stderr]    Compiling indexmap v2.14.0
[INFO] [stderr]    Compiling byteorder v1.5.0
[INFO] [stderr]    Compiling digest v0.10.7
[INFO] [stderr]    Compiling ff v0.13.1
[INFO] [stderr]    Compiling wasmi_core v0.13.0
[INFO] [stderr]    Compiling group v0.13.0
[INFO] [stderr]    Compiling sha2 v0.10.9
[INFO] [stderr]    Compiling spin v0.9.8
[INFO] [stderr]    Compiling hex v0.4.3
[INFO] [stderr]    Compiling wasmparser v0.116.1
[INFO] [stderr]    Compiling heapless v0.8.0
[INFO] [stderr]    Compiling wasmi_arena v0.4.1
[INFO] [stderr]    Compiling smallvec v1.15.2
[INFO] [stderr]    Compiling hash32 v0.3.1
[INFO] [stderr]    Compiling keccak v0.1.6
[INFO] [stderr]    Compiling soroban-env-host v27.0.0
[INFO] [stderr]    Compiling static_assertions v1.1.0
[INFO] [stderr]    Compiling stable_deref_trait v1.2.1
[INFO] [stderr]    Compiling heck v0.5.0
[INFO] [stderr]    Compiling hex-literal v0.4.1
[INFO] [stderr]    Compiling soroban-wasmi v0.31.1-soroban.20.0.1
[INFO] [stderr]    Compiling ppv-lite86 v0.2.21
[INFO] [stderr]    Compiling rand_chacha v0.3.1
[INFO] [stderr]    Compiling darling_core v0.23.0
[INFO] [stderr]    Compiling darling_core v0.20.11
[INFO] [stderr]    Compiling macro-string v0.1.4
[INFO] [stderr]    Compiling rand v0.8.6
[INFO] [stderr]    Compiling serde_derive v1.0.228
[INFO] [stderr]    Compiling zeroize_derive v1.5.0
[INFO] [stderr]    Compiling cfg_eval v0.1.2
[INFO] [stderr]    Compiling enum-ordinalize-derive v4.3.2
[INFO] [stderr]    Compiling ark-serialize-derive v0.5.0
[INFO] [stderr]    Compiling ark-ff-asm v0.5.0
[INFO] [stderr]    Compiling ark-ff-macros v0.5.0
[INFO] [stderr]    Compiling num-derive v0.4.2
[INFO] [stderr]    Compiling thiserror-impl v1.0.69
[INFO] [stderr]    Compiling enum-ordinalize v4.3.2
[INFO] [stderr]    Compiling ark-std v0.5.0
[INFO] [stderr]    Compiling educe v0.6.0
[INFO] [stderr]    Compiling curve25519-dalek-derive v0.1.1
[INFO] [stderr]    Compiling zeroize v1.9.0
[INFO] [stderr]    Compiling soroban-builtin-sdk-macros v27.0.0
[INFO] [stderr]    Compiling visibility v0.1.1
[INFO] [stderr]    Compiling der v0.7.10
[INFO] [stderr]    Compiling bytes-lit v0.0.6
[INFO] [stderr]    Compiling darling_macro v0.20.11
[INFO] [stderr]    Compiling sec1 v0.7.3
[INFO] [stderr]    Compiling crypto-bigint v0.5.5
[INFO] [stderr]    Compiling darling v0.20.11
[INFO] [stderr]    Compiling ark-serialize v0.5.0
[INFO] [stderr]    Compiling signature v2.2.0
[INFO] [stderr]    Compiling hmac v0.12.1
[INFO] [stderr]    Compiling rfc6979 v0.4.0
[INFO] [stderr]    Compiling ed25519 v2.2.3
[INFO] [stderr]    Compiling sha3 v0.10.9
[INFO] [stderr]    Compiling darling_macro v0.23.0
[INFO] [stderr]    Compiling darling v0.23.0
[INFO] [stderr]    Compiling serde_with_macros v3.21.0
[INFO] [stderr]    Compiling ed25519-dalek v2.2.0
[INFO] [stderr]    Compiling ark-ff v0.5.0
[INFO] [stderr]    Compiling elliptic-curve v0.13.8
[INFO] [stderr]    Compiling ecdsa v0.16.9
[INFO] [stderr]    Compiling primeorder v0.13.6
[INFO] [stderr]    Compiling crate-git-revision v0.0.6
[INFO] [stderr]    Compiling crate-git-revision v0.0.9
[INFO] [stderr]    Compiling k256 v0.13.4
[INFO] [stderr]    Compiling p256 v0.13.2
[INFO] [stderr]    Compiling stellar-strkey v0.0.13
[INFO] [stderr]    Compiling stellar-xdr v27.0.0
[INFO] [stderr]    Compiling soroban-env-common v27.0.0
[INFO] [stderr]    Compiling stellar-strkey v0.0.16
[INFO] [stderr]    Compiling soroban-sdk v27.0.0-rc.1
[INFO] [stderr]    Compiling serde_with v3.21.0
[INFO] [stderr]    Compiling ark-poly v0.5.0
[INFO] [stderr]    Compiling ark-ec v0.5.0
[INFO] [stderr]    Compiling ark-bn254 v0.5.0
[INFO] [stderr]    Compiling ark-bls12-381 v0.5.0
[INFO] [stderr]    Compiling soroban-spec v27.0.0-rc.1
[INFO] [stderr]    Compiling soroban-spec-rust v27.0.0-rc.1
[INFO] [stderr]    Compiling soroban-env-macros v27.0.0
[INFO] [stderr]    Compiling soroban-sdk-macros v27.0.0-rc.1
[INFO] [stderr]    Compiling provenance v0.1.0 (/opt/rustwide/workdir/contracts/provenance)
[INFO] [stderr]     Finished `release` profile [optimized] target(s) in 2m 02s
[INFO] running `Command { std: "docker" "inspect" "2bc0f58e83c45d74d4f0a747fe9d0d90233b586ea039a1d5b667250016dfd424", kill_on_drop: false }`
[INFO] running `Command { std: "docker" "exec" "-e" "SOURCE_DIR=/opt/rustwide/workdir" "-e" "CARGO_HOME=/opt/rustwide/cargo-home" "-e" "RUSTUP_HOME=/opt/rustwide/rustup-home" "-e" "CARGO_TARGET_DIR=/opt/rustwide/target" "-e" "CARGO_INCREMENTAL=0" "-e" "RUST_BACKTRACE=full" "-e" "RUSTFLAGS=--cap-lints=warn" "-e" "RUSTDOCFLAGS=--cap-lints=warn" "-w" "/opt/rustwide/workdir" "--user" "0:0" "2bc0f58e83c45d74d4f0a747fe9d0d90233b586ea039a1d5b667250016dfd424" "/opt/rustwide/cargo-home/bin/cargo" "+1.100.0-beta.1" "test" "--frozen" "--no-run" "--message-format=json" "--release", kill_on_drop: false }`
[INFO] [stderr]    Compiling serde_core v1.0.228
[INFO] [stderr]    Compiling serde_json v1.0.150
[INFO] [stderr]    Compiling schemars v0.8.22
[INFO] [stderr]    Compiling dyn-clone v1.0.20
[INFO] [stderr]    Compiling stellar-xdr v27.0.0
[INFO] [stderr]    Compiling derive_arbitrary v1.3.2
[INFO] [stderr]    Compiling soroban-env-common v27.0.0
[INFO] [stderr]    Compiling soroban-env-host v27.0.0
[INFO] [stderr]    Compiling thiserror v1.0.69
[INFO] [stderr]    Compiling dtor-proc-macro v0.0.6
[INFO] [stderr]    Compiling soroban-sdk v27.0.0-rc.1
[INFO] [stderr]    Compiling ctor-proc-macro v0.0.6
[INFO] [stderr]    Compiling soroban-sdk-macros v27.0.0-rc.1
[INFO] [stderr]    Compiling dtor v0.1.1
[INFO] [stderr]    Compiling ctor v0.5.0
[INFO] [stderr]    Compiling arbitrary v1.3.2
[INFO] [stderr]    Compiling serde v1.0.228
[INFO] [stderr]    Compiling hex v0.4.3
[INFO] [stderr]    Compiling serde_with v3.21.0
[INFO] [stderr]    Compiling soroban-ledger-snapshot v27.0.0-rc.1
[INFO] [stderr]    Compiling provenance v0.1.0 (/opt/rustwide/workdir/contracts/provenance)
[INFO] [stderr]     Finished `release` profile [optimized] target(s) in 1m 39s
[INFO] running `Command { std: "docker" "inspect" "2bc0f58e83c45d74d4f0a747fe9d0d90233b586ea039a1d5b667250016dfd424", kill_on_drop: false }`
[INFO] running `Command { std: "docker" "exec" "-e" "SOURCE_DIR=/opt/rustwide/workdir" "-e" "CARGO_HOME=/opt/rustwide/cargo-home" "-e" "RUSTUP_HOME=/opt/rustwide/rustup-home" "-e" "CARGO_TARGET_DIR=/opt/rustwide/target" "-e" "CARGO_INCREMENTAL=0" "-e" "RUST_BACKTRACE=full" "-e" "RUSTFLAGS=--cap-lints=warn" "-e" "RUSTDOCFLAGS=--cap-lints=warn" "-w" "/opt/rustwide/workdir" "--user" "0:0" "2bc0f58e83c45d74d4f0a747fe9d0d90233b586ea039a1d5b667250016dfd424" "/opt/rustwide/cargo-home/bin/cargo" "+1.100.0-beta.1" "test" "--frozen" "--release", kill_on_drop: false }`
[INFO] [stderr]     Finished `release` profile [optimized] target(s) in 0.30s
[INFO] [stdout] 
[INFO] [stderr]      Running unittests src/lib.rs (/opt/rustwide/target/release/build/provenance/b2fa45aac73beb04/out/provenance-b2fa45aac73beb04)
[INFO] [stdout] running 12 tests
[INFO] [stdout] test tests::test_register_participant ... FAILED
[INFO] [stdout] test tests::test_register_product_wrong_role ... FAILED
[INFO] [stdout] test tests::test_register_product ... FAILED
[INFO] [stdout] test tests::test_set_product_status ... FAILED
[INFO] [stdout] test tests::test_transfer_product ... FAILED
[INFO] [stdout] test tests::test_init ... FAILED
[INFO] [stdout] test tests::test_register_product_unregistered_participant ... FAILED
[INFO] [stdout] test tests::test_event_pagination ... FAILED
[INFO] [stdout] test tests::test_get_products_by_owner ... FAILED
[INFO] [stdout] test tests::test_record_event ... FAILED
[INFO] [stdout] test tests::test_get_all_products ... FAILED
[INFO] [stdout] test tests::test_full_supply_chain_scenario ... FAILED
[INFO] [stdout] 
[INFO] [stdout] failures:
[INFO] [stdout] 
[INFO] [stdout] ---- tests::test_register_participant stdout ----
[INFO] [stdout] Writing test snapshot file for test "tests::test_register_participant" to "test_snapshots/tests/test_register_participant.1.json".
[INFO] [stdout] 
[INFO] [stdout] thread 'tests::test_register_participant' (3247) panicked at /opt/rustwide/cargo-home/registry/src/index.crates.io-1949cf8c6b5b557f/soroban-sdk-27.0.0-rc.1/src/env.rs:2001:32:
[INFO] [stdout] called `Result::unwrap()` on an `Err` value: Os { code: 30, kind: ReadOnlyFilesystem, message: "Read-only file system" }
[INFO] [stdout] stack backtrace:
[INFO] [stdout]    0:     0x588017bc8b77 - <unknown>
[INFO] [stdout]    1:     0x588017a53a14 - <unknown>
[INFO] [stdout]    2:     0x588017bc813b - <unknown>
[INFO] [stdout]    3:     0x588017bc7d39 - <unknown>
[INFO] [stdout]    4:     0x588017bc79ba - <unknown>
[INFO] [stdout]    5:     0x588017bc74eb - <unknown>
[INFO] [stdout]    6:     0x588017bed351 - <unknown>
[INFO] [stdout]    7:     0x588017bed309 - <unknown>
[INFO] [stdout]    8:     0x588017bed7fc - <unknown>
[INFO] [stdout]    9:     0x588017a538ab - <unknown>
[INFO] [stdout]   10:     0x588017a57011 - <unknown>
[INFO] [stdout]   11:     0x588017b8f21c - <unknown>
[INFO] [stdout]   12:     0x588017a3e7f7 - <unknown>
[INFO] [stdout]   13:     0x588017a4b500 - <unknown>
[INFO] [stdout]   14:     0x588017c075ab - <unknown>
[INFO] [stdout]   15:     0x588017c02c82 - <unknown>
[INFO] [stdout]   16:     0x588017c0272c - <unknown>
[INFO] [stdout]   17:     0x588017c2142c - <unknown>
[INFO] [stdout]   18:     0x588017beefe8 - <unknown>
[INFO] [stdout]   19:     0x75cfdabdddfa - <unknown>
[INFO] [stdout]   20:     0x75cfdac713d4 - clone
[INFO] [stdout]   21:                0x0 - <unknown>
[INFO] [stdout] 
[INFO] [stdout] ---- tests::test_register_product_wrong_role stdout ----
[INFO] [stdout] Writing test snapshot file for test "tests::test_register_product_wrong_role" to "test_snapshots/tests/test_register_product_wrong_role.1.json".
[INFO] [stdout] 
[INFO] [stdout] thread 'tests::test_register_product_wrong_role' (3250) panicked at /opt/rustwide/cargo-home/registry/src/index.crates.io-1949cf8c6b5b557f/soroban-sdk-27.0.0-rc.1/src/env.rs:2001:32:
[INFO] [stdout] called `Result::unwrap()` on an `Err` value: Os { code: 30, kind: ReadOnlyFilesystem, message: "Read-only file system" }
[INFO] [stdout] stack backtrace:
[INFO] [stdout]    0:     0x588017bc8b77 - <unknown>
[INFO] [stdout]    1:     0x588017a53a14 - <unknown>
[INFO] [stdout]    2:     0x588017bc813b - <unknown>
[INFO] [stdout]    3:     0x588017bc7d39 - <unknown>
[INFO] [stdout]    4:     0x588017bc79ba - <unknown>
[INFO] [stdout]    5:     0x588017bc74eb - <unknown>
[INFO] [stdout]    6:     0x588017bed351 - <unknown>
[INFO] [stdout]    7:     0x588017bed309 - <unknown>
[INFO] [stdout]    8:     0x588017bed7fc - <unknown>
[INFO] [stdout]    9:     0x588017a538ab - <unknown>
[INFO] [stdout]   10:     0x588017a57011 - <unknown>
[INFO] [stdout]   11:     0x588017b8f21c - <unknown>
[INFO] [stdout]   12:     0x588017a3e7f7 - <unknown>
[INFO] [stdout]   13:     0x588017a4ce8c - <unknown>
[INFO] [stdout]   14:     0x588017c075ab - <unknown>
[INFO] [stdout]   15:     0x588017c02c82 - <unknown>
[INFO] [stdout]   16:     0x588017c0272c - <unknown>
[INFO] [stdout]   17:     0x588017c2142c - <unknown>
[INFO] [stdout]   18:     0x588017beefe8 - <unknown>
[INFO] [stdout]   19:     0x75cfdabdddfa - <unknown>
[INFO] [stdout]   20:     0x75cfdac713d4 - clone
[INFO] [stdout]   21:                0x0 - <unknown>
[INFO] [stdout] 
[INFO] [stdout] ---- tests::test_register_product stdout ----
[INFO] [stdout] Writing test snapshot file for test "tests::test_register_product" to "test_snapshots/tests/test_register_product.1.json".
[INFO] [stdout] 
[INFO] [stdout] thread 'tests::test_register_product' (3248) panicked at /opt/rustwide/cargo-home/registry/src/index.crates.io-1949cf8c6b5b557f/soroban-sdk-27.0.0-rc.1/src/env.rs:2001:32:
[INFO] [stdout] called `Result::unwrap()` on an `Err` value: Os { code: 30, kind: ReadOnlyFilesystem, message: "Read-only file system" }
[INFO] [stdout] stack backtrace:
[INFO] [stdout]    0:     0x588017bc8b77 - <unknown>
[INFO] [stdout]    1:     0x588017a53a14 - <unknown>
[INFO] [stdout]    2:     0x588017bc813b - <unknown>
[INFO] [stdout]    3:     0x588017bc7d39 - <unknown>
[INFO] [stdout]    4:     0x588017bc79ba - <unknown>
[INFO] [stdout]    5:     0x588017bc74eb - <unknown>
[INFO] [stdout]    6:     0x588017bed351 - <unknown>
[INFO] [stdout]    7:     0x588017bed309 - <unknown>
[INFO] [stdout]    8:     0x588017bed7fc - <unknown>
[INFO] [stdout]    9:     0x588017a538ab - <unknown>
[INFO] [stdout]   10:     0x588017a57011 - <unknown>
[INFO] [stdout]   11:     0x588017b8f21c - <unknown>
[INFO] [stdout]   12:     0x588017a3e7f7 - <unknown>
[INFO] [stdout]   13:     0x588017a4a2f3 - <unknown>
[INFO] [stdout]   14:     0x588017c075ab - <unknown>
[INFO] [stdout]   15:     0x588017c02c82 - <unknown>
[INFO] [stdout]   16:     0x588017c0272c - <unknown>
[INFO] [stdout]   17:     0x588017c2142c - <unknown>
[INFO] [stdout]   18:     0x588017beefe8 - <unknown>
[INFO] [stdout]   19:     0x75cfdabdddfa - <unknown>
[INFO] [stdout]   20:     0x75cfdac713d4 - clone
[INFO] [stdout]   21:                0x0 - <unknown>
[INFO] [stdout] 
[INFO] [stdout] ---- tests::test_set_product_status stdout ----
[INFO] [stdout] Writing test snapshot file for test "tests::test_set_product_status" to "test_snapshots/tests/test_set_product_status.1.json".
[INFO] [stdout] 
[INFO] [stdout] thread 'tests::test_set_product_status' (3251) panicked at /opt/rustwide/cargo-home/registry/src/index.crates.io-1949cf8c6b5b557f/soroban-sdk-27.0.0-rc.1/src/env.rs:2001:32:
[INFO] [stdout] called `Result::unwrap()` on an `Err` value: Os { code: 30, kind: ReadOnlyFilesystem, message: "Read-only file system" }
[INFO] [stdout] stack backtrace:
[INFO] [stdout]    0:     0x588017bc8b77 - <unknown>
[INFO] [stdout]    1:     0x588017a53a14 - <unknown>
[INFO] [stdout]    2:     0x588017bc813b - <unknown>
[INFO] [stdout]    3:     0x588017bc7d39 - <unknown>
[INFO] [stdout]    4:     0x588017bc79ba - <unknown>
[INFO] [stdout]    5:     0x588017bc74eb - <unknown>
[INFO] [stdout]    6:     0x588017bed351 - <unknown>
[INFO] [stdout]    7:     0x588017bed309 - <unknown>
[INFO] [stdout]    8:     0x588017bed7fc - <unknown>
[INFO] [stdout]    9:     0x588017a538ab - <unknown>
[INFO] [stdout]   10:     0x588017a57011 - <unknown>
[INFO] [stdout]   11:     0x588017b8f21c - <unknown>
[INFO] [stdout]   12:     0x588017a3e7f7 - <unknown>
[INFO] [stdout]   13:     0x588017a4ad38 - <unknown>
[INFO] [stdout]   14:     0x588017c075ab - <unknown>
[INFO] [stdout]   15:     0x588017c02c82 - <unknown>
[INFO] [stdout]   16:     0x588017c0272c - <unknown>
[INFO] [stdout]   17:     0x588017c2142c - <unknown>
[INFO] [stdout]   18:     0x588017beefe8 - <unknown>
[INFO] [stdout]   19:     0x75cfdabdddfa - <unknown>
[INFO] [stdout]   20:     0x75cfdac713d4 - clone
[INFO] [stdout]   21:                0x0 - <unknown>
[INFO] [stdout] 
[INFO] [stdout] ---- tests::test_transfer_product stdout ----
[INFO] [stdout] Writing test snapshot file for test "tests::test_transfer_product" to "test_snapshots/tests/test_transfer_product.1.json".
[INFO] [stdout] 
[INFO] [stdout] thread 'tests::test_transfer_product' (3252) panicked at /opt/rustwide/cargo-home/registry/src/index.crates.io-1949cf8c6b5b557f/soroban-sdk-27.0.0-rc.1/src/env.rs:2001:32:
[INFO] [stdout] called `Result::unwrap()` on an `Err` value: Os { code: 30, kind: ReadOnlyFilesystem, message: "Read-only file system" }
[INFO] [stdout] stack backtrace:
[INFO] [stdout]    0:     0x588017bc8b77 - <unknown>
[INFO] [stdout]    1:     0x588017a53a14 - <unknown>
[INFO] [stdout]    2:     0x588017bc813b - <unknown>
[INFO] [stdout]    3:     0x588017bc7d39 - <unknown>
[INFO] [stdout]    4:     0x588017bc79ba - <unknown>
[INFO] [stdout]    5:     0x588017bc74eb - <unknown>
[INFO] [stdout]    6:     0x588017bed351 - <unknown>
[INFO] [stdout]    7:     0x588017bed309 - <unknown>
[INFO] [stdout]    8:     0x588017bed7fc - <unknown>
[INFO] [stdout]    9:     0x588017a538ab - <unknown>
[INFO] [stdout]   10:     0x588017a57011 - <unknown>
[INFO] [stdout]   11:     0x588017b8f21c - <unknown>
[INFO] [stdout]   12:     0x588017a3e7f7 - <unknown>
[INFO] [stdout]   13:     0x588017a4a90b - <unknown>
[INFO] [stdout]   14:     0x588017c075ab - <unknown>
[INFO] [stdout]   15:     0x588017c02c82 - <unknown>
[INFO] [stdout]   16:     0x588017c0272c - <unknown>
[INFO] [stdout]   17:     0x588017c2142c - <unknown>
[INFO] [stdout]   18:     0x588017beefe8 - <unknown>
[INFO] [stdout]   19:     0x75cfdabdddfa - <unknown>
[INFO] [stdout]   20:     0x75cfdac713d4 - clone
[INFO] [stdout]   21:                0x0 - <unknown>
[INFO] [stdout] 
[INFO] [stdout] ---- tests::test_init stdout ----
[INFO] [stdout] Writing test snapshot file for test "tests::test_init" to "test_snapshots/tests/test_init.1.json".
[INFO] [stdout] 
[INFO] [stdout] thread 'tests::test_init' (3245) panicked at /opt/rustwide/cargo-home/registry/src/index.crates.io-1949cf8c6b5b557f/soroban-sdk-27.0.0-rc.1/src/env.rs:2001:32:
[INFO] [stdout] called `Result::unwrap()` on an `Err` value: Os { code: 30, kind: ReadOnlyFilesystem, message: "Read-only file system" }
[INFO] [stdout] stack backtrace:
[INFO] [stdout]    0:     0x588017bc8b77 - <unknown>
[INFO] [stdout]    1:     0x588017a53a14 - <unknown>
[INFO] [stdout]    2:     0x588017bc813b - <unknown>
[INFO] [stdout]    3:     0x588017bc7d39 - <unknown>
[INFO] [stdout]    4:     0x588017bc79ba - <unknown>
[INFO] [stdout]    5:     0x588017bc74eb - <unknown>
[INFO] [stdout]    6:     0x588017bed351 - <unknown>
[INFO] [stdout]    7:     0x588017bed309 - <unknown>
[INFO] [stdout]    8:     0x588017bed7fc - <unknown>
[INFO] [stdout]    9:     0x588017a538ab - <unknown>
[INFO] [stdout]   10:     0x588017a57011 - <unknown>
[INFO] [stdout]   11:     0x588017b8f21c - <unknown>
[INFO] [stdout]   12:     0x588017a3e7f7 - <unknown>
[INFO] [stdout]   13:     0x588017a4d4cd - <unknown>
[INFO] [stdout]   14:     0x588017c075ab - <unknown>
[INFO] [stdout]   15:     0x588017c02c82 - <unknown>
[INFO] [stdout]   16:     0x588017c0272c - <unknown>
[INFO] [stdout]   17:     0x588017c2142c - <unknown>
[INFO] [stdout]   18:     0x588017beefe8 - <unknown>
[INFO] [stdout]   19:     0x75cfdabdddfa - <unknown>
[INFO] [stdout]   20:     0x75cfdac713d4 - clone
[INFO] [stdout]   21:                0x0 - <unknown>
[INFO] [stdout] 
[INFO] [stdout] ---- tests::test_register_product_unregistered_participant stdout ----
[INFO] [stdout] Writing test snapshot file for test "tests::test_register_product_unregistered_participant" to "test_snapshots/tests/test_register_product_unregistered_participant.1.json".
[INFO] [stdout] 
[INFO] [stdout] thread 'tests::test_register_product_unregistered_participant' (3249) panicked at /opt/rustwide/cargo-home/registry/src/index.crates.io-1949cf8c6b5b557f/soroban-sdk-27.0.0-rc.1/src/env.rs:2001:32:
[INFO] [stdout] called `Result::unwrap()` on an `Err` value: Os { code: 30, kind: ReadOnlyFilesystem, message: "Read-only file system" }
[INFO] [stdout] stack backtrace:
[INFO] [stdout]    0:     0x588017bc8b77 - <unknown>
[INFO] [stdout]    1:     0x588017a53a14 - <unknown>
[INFO] [stdout]    2:     0x588017bc813b - <unknown>
[INFO] [stdout]    3:     0x588017bc7d39 - <unknown>
[INFO] [stdout]    4:     0x588017bc79ba - <unknown>
[INFO] [stdout]    5:     0x588017bc74eb - <unknown>
[INFO] [stdout]    6:     0x588017bed351 - <unknown>
[INFO] [stdout]    7:     0x588017bed309 - <unknown>
[INFO] [stdout]    8:     0x588017bed7fc - <unknown>
[INFO] [stdout]    9:     0x588017a538ab - <unknown>
[INFO] [stdout]   10:     0x588017a57011 - <unknown>
[INFO] [stdout]   11:     0x588017b8f21c - <unknown>
[INFO] [stdout]   12:     0x588017a3e7f7 - <unknown>
[INFO] [stdout]   13:     0x588017a4d0fb - <unknown>
[INFO] [stdout]   14:     0x588017c075ab - <unknown>
[INFO] [stdout]   15:     0x588017c02c82 - <unknown>
[INFO] [stdout]   16:     0x588017c0272c - <unknown>
[INFO] [stdout]   17:     0x588017c2142c - <unknown>
[INFO] [stdout]   18:     0x588017beefe8 - <unknown>
[INFO] [stdout]   19:     0x75cfdabdddfa - <unknown>
[INFO] [stdout]   20:     0x75cfdac713d4 - clone
[INFO] [stdout]   21:                0x0 - <unknown>
[INFO] [stdout] 
[INFO] [stdout] ---- tests::test_event_pagination stdout ----
[INFO] [stdout] Writing test snapshot file for test "tests::test_event_pagination" to "test_snapshots/tests/test_event_pagination.1.json".
[INFO] [stdout] 
[INFO] [stdout] thread 'tests::test_event_pagination' (3241) panicked at /opt/rustwide/cargo-home/registry/src/index.crates.io-1949cf8c6b5b557f/soroban-sdk-27.0.0-rc.1/src/env.rs:2001:32:
[INFO] [stdout] called `Result::unwrap()` on an `Err` value: Os { code: 30, kind: ReadOnlyFilesystem, message: "Read-only file system" }
[INFO] [stdout] stack backtrace:
[INFO] [stdout]    0:     0x588017bc8b77 - <unknown>
[INFO] [stdout]    1:     0x588017a53a14 - <unknown>
[INFO] [stdout]    2:     0x588017bc813b - <unknown>
[INFO] [stdout]    3:     0x588017bc7d39 - <unknown>
[INFO] [stdout]    4:     0x588017bc79ba - <unknown>
[INFO] [stdout]    5:     0x588017bc74eb - <unknown>
[INFO] [stdout]    6:     0x588017bed351 - <unknown>
[INFO] [stdout]    7:     0x588017bed309 - <unknown>
[INFO] [stdout]    8:     0x588017bed7fc - <unknown>
[INFO] [stdout]    9:     0x588017a538ab - <unknown>
[INFO] [stdout]   10:     0x588017a57011 - <unknown>
[INFO] [stdout]   11:     0x588017b8f21c - <unknown>
[INFO] [stdout]   12:     0x588017a3e7f7 - <unknown>
[INFO] [stdout]   13:     0x588017a497b8 - <unknown>
[INFO] [stdout]   14:     0x588017c075ab - <unknown>
[INFO] [stdout]   15:     0x588017c02c82 - <unknown>
[INFO] [stdout]   16:     0x588017c0272c - <unknown>
[INFO] [stdout]   17:     0x588017c2142c - <unknown>
[INFO] [stdout]   18:     0x588017beefe8 - <unknown>
[INFO] [stdout]   19:     0x75cfdabdddfa - <unknown>
[INFO] [stdout]   20:     0x75cfdac713d4 - clone
[INFO] [stdout]   21:                0x0 - <unknown>
[INFO] [stdout] 
[INFO] [stdout] ---- tests::test_get_products_by_owner stdout ----
[INFO] [stdout] Writing test snapshot file for test "tests::test_get_products_by_owner" to "test_snapshots/tests/test_get_products_by_owner.1.json".
[INFO] [stdout] 
[INFO] [stdout] thread 'tests::test_get_products_by_owner' (3244) panicked at /opt/rustwide/cargo-home/registry/src/index.crates.io-1949cf8c6b5b557f/soroban-sdk-27.0.0-rc.1/src/env.rs:2001:32:
[INFO] [stdout] called `Result::unwrap()` on an `Err` value: Os { code: 30, kind: ReadOnlyFilesystem, message: "Read-only file system" }
[INFO] [stdout] stack backtrace:
[INFO] [stdout]    0:     0x588017bc8b77 - <unknown>
[INFO] [stdout]    1:     0x588017a53a14 - <unknown>
[INFO] [stdout]    2:     0x588017bc813b - <unknown>
[INFO] [stdout]    3:     0x588017bc7d39 - <unknown>
[INFO] [stdout]    4:     0x588017bc79ba - <unknown>
[INFO] [stdout]    5:     0x588017bc74eb - <unknown>
[INFO] [stdout]    6:     0x588017bed351 - <unknown>
[INFO] [stdout]    7:     0x588017bed309 - <unknown>
[INFO] [stdout]    8:     0x588017bed7fc - <unknown>
[INFO] [stdout]    9:     0x588017a538ab - <unknown>
[INFO] [stdout]   10:     0x588017a57011 - <unknown>
[INFO] [stdout]   11:     0x588017b8f21c - <unknown>
[INFO] [stdout]   12:     0x588017a3e7f7 - <unknown>
[INFO] [stdout]   13:     0x588017a4bd0d - <unknown>
[INFO] [stdout]   14:     0x588017c075ab - <unknown>
[INFO] [stdout]   15:     0x588017c02c82 - <unknown>
[INFO] [stdout]   16:     0x588017c0272c - <unknown>
[INFO] [stdout]   17:     0x588017c2142c - <unknown>
[INFO] [stdout]   18:     0x588017beefe8 - <unknown>
[INFO] [stdout]   19:     0x75cfdabdddfa - <unknown>
[INFO] [stdout]   20:     0x75cfdac713d4 - clone
[INFO] [stdout]   21:                0x0 - <unknown>
[INFO] [stdout] 
[INFO] [stdout] ---- tests::test_record_event stdout ----
[INFO] [stdout] Writing test snapshot file for test "tests::test_record_event" to "test_snapshots/tests/test_record_event.1.json".
[INFO] [stdout] 
[INFO] [stdout] thread 'tests::test_record_event' (3246) panicked at /opt/rustwide/cargo-home/registry/src/index.crates.io-1949cf8c6b5b557f/soroban-sdk-27.0.0-rc.1/src/env.rs:2001:32:
[INFO] [stdout] called `Result::unwrap()` on an `Err` value: Os { code: 30, kind: ReadOnlyFilesystem, message: "Read-only file system" }
[INFO] [stdout] stack backtrace:
[INFO] [stdout]    0:     0x588017bc8b77 - <unknown>
[INFO] [stdout]    1:     0x588017a53a14 - <unknown>
[INFO] [stdout]    2:     0x588017bc813b - <unknown>
[INFO] [stdout]    3:     0x588017bc7d39 - <unknown>
[INFO] [stdout]    4:     0x588017bc79ba - <unknown>
[INFO] [stdout]    5:     0x588017bc74eb - <unknown>
[INFO] [stdout]    6:     0x588017bed351 - <unknown>
[INFO] [stdout]    7:     0x588017bed309 - <unknown>
[INFO] [stdout]    8:     0x588017bed7fc - <unknown>
[INFO] [stdout]    9:     0x588017a538ab - <unknown>
[INFO] [stdout]   10:     0x588017a57011 - <unknown>
[INFO] [stdout]   11:     0x588017b8f21c - <unknown>
[INFO] [stdout]   12:     0x588017a3e7f7 - <unknown>
[INFO] [stdout]   13:     0x588017a48f16 - <unknown>
[INFO] [stdout]   14:     0x588017c075ab - <unknown>
[INFO] [stdout]   15:     0x588017c02c82 - <unknown>
[INFO] [stdout]   16:     0x588017c0272c - <unknown>
[INFO] [stdout]   17:     0x588017c2142c - <unknown>
[INFO] [stdout]   18:     0x588017beefe8 - <unknown>
[INFO] [stdout]   19:     0x75cfdabdddfa - <unknown>
[INFO] [stdout]   20:     0x75cfdac713d4 - clone
[INFO] [stdout]   21:                0x0 - <unknown>
[INFO] [stdout] 
[INFO] [stdout] ---- tests::test_get_all_products stdout ----
[INFO] [stdout] Writing test snapshot file for test "tests::test_get_all_products" to "test_snapshots/tests/test_get_all_products.1.json".
[INFO] [stdout] 
[INFO] [stdout] thread 'tests::test_get_all_products' (3243) panicked at /opt/rustwide/cargo-home/registry/src/index.crates.io-1949cf8c6b5b557f/soroban-sdk-27.0.0-rc.1/src/env.rs:2001:32:
[INFO] [stdout] called `Result::unwrap()` on an `Err` value: Os { code: 30, kind: ReadOnlyFilesystem, message: "Read-only file system" }
[INFO] [stdout] stack backtrace:
[INFO] [stdout]    0:     0x588017bc8b77 - <unknown>
[INFO] [stdout]    1:     0x588017a53a14 - <unknown>
[INFO] [stdout]    2:     0x588017bc813b - <unknown>
[INFO] [stdout]    3:     0x588017bc7d39 - <unknown>
[INFO] [stdout]    4:     0x588017bc79ba - <unknown>
[INFO] [stdout]    5:     0x588017bc74eb - <unknown>
[INFO] [stdout]    6:     0x588017bed351 - <unknown>
[INFO] [stdout]    7:     0x588017bed309 - <unknown>
[INFO] [stdout]    8:     0x588017bed7fc - <unknown>
[INFO] [stdout]    9:     0x588017a538ab - <unknown>
[INFO] [stdout]   10:     0x588017a57011 - <unknown>
[INFO] [stdout]   11:     0x588017b8f21c - <unknown>
[INFO] [stdout]   12:     0x588017a3e7f7 - <unknown>
[INFO] [stdout]   13:     0x588017a49e22 - <unknown>
[INFO] [stdout]   14:     0x588017c075ab - <unknown>
[INFO] [stdout]   15:     0x588017c02c82 - <unknown>
[INFO] [stdout]   16:     0x588017c0272c - <unknown>
[INFO] [stdout]   17:     0x588017c2142c - <unknown>
[INFO] [stdout]   18:     0x588017beefe8 - <unknown>
[INFO] [stdout]   19:     0x75cfdabdddfa - <unknown>
[INFO] [stdout]   20:     0x75cfdac713d4 - clone
[INFO] [stdout]   21:                0x0 - <unknown>
[INFO] [stdout] 
[INFO] [stdout] ---- tests::test_full_supply_chain_scenario stdout ----
[INFO] [stdout] Writing test snapshot file for test "tests::test_full_supply_chain_scenario" to "test_snapshots/tests/test_full_supply_chain_scenario.1.json".
[INFO] [stdout] 
[INFO] [stdout] thread 'tests::test_full_supply_chain_scenario' (3242) panicked at /opt/rustwide/cargo-home/registry/src/index.crates.io-1949cf8c6b5b557f/soroban-sdk-27.0.0-rc.1/src/env.rs:2001:32:
[INFO] [stdout] called `Result::unwrap()` on an `Err` value: Os { code: 30, kind: ReadOnlyFilesystem, message: "Read-only file system" }
[INFO] [stdout] stack backtrace:
[INFO] [stdout]    0:     0x588017bc8b77 - <unknown>
[INFO] [stdout]    1:     0x588017a53a14 - <unknown>
[INFO] [stdout]    2:     0x588017bc813b - <unknown>
[INFO] [stdout]    3:     0x588017bc7d39 - <unknown>
[INFO] [stdout]    4:     0x588017bc79ba - <unknown>
[INFO] [stdout]    5:     0x588017bc74eb - <unknown>
[INFO] [stdout]    6:     0x588017bed351 - <unknown>
[INFO] [stdout]    7:     0x588017bed309 - <unknown>
[INFO] [stdout]    8:     0x588017bed7fc - <unknown>
[INFO] [stdout]    9:     0x588017a538ab - <unknown>
[INFO] [stdout]   10:     0x588017a57011 - <unknown>
[INFO] [stdout]   11:     0x588017b8f21c - <unknown>
[INFO] [stdout]   12:     0x588017a3e7f7 - <unknown>
[INFO] [stdout]   13:     0x588017a4c866 - <unknown>
[INFO] [stdout]   14:     0x588017c075ab - <unknown>
[INFO] [stdout]   15:     0x588017c02c82 - <unknown>
[INFO] [stdout]   16:     0x588017c0272c - <unknown>
[INFO] [stdout]   17:     0x588017c2142c - <unknown>
[INFO] [stdout]   18:     0x588017beefe8 - <unknown>
[INFO] [stdout]   19:     0x75cfdabdddfa - <unknown>
[INFO] [stdout]   20:     0x75cfdac713d4 - clone
[INFO] [stdout]   21:                0x0 - <unknown>
[INFO] [stdout] 
[INFO] [stdout] 
[INFO] [stdout] failures:
[INFO] [stdout]     tests::test_event_pagination
[INFO] [stdout]     tests::test_full_supply_chain_scenario
[INFO] [stdout]     tests::test_get_all_products
[INFO] [stdout]     tests::test_get_products_by_owner
[INFO] [stdout]     tests::test_init
[INFO] [stdout]     tests::test_record_event
[INFO] [stdout]     tests::test_register_participant
[INFO] [stdout]     tests::test_register_product
[INFO] [stdout]     tests::test_register_product_unregistered_participant
[INFO] [stdout]     tests::test_register_product_wrong_role
[INFO] [stdout]     tests::test_set_product_status
[INFO] [stdout]     tests::test_transfer_product
[INFO] [stdout] 
[INFO] [stdout] test result: FAILED. 0 passed; 12 failed; 0 ignored; 0 measured; 0 filtered out; finished in 0.02s
[INFO] [stdout] 
[INFO] [stderr] error: test failed, to rerun pass `--lib`
[INFO] running `Command { std: "docker" "inspect" "2bc0f58e83c45d74d4f0a747fe9d0d90233b586ea039a1d5b667250016dfd424", kill_on_drop: false }`
[INFO] running `Command { std: "docker" "rm" "-f" "2bc0f58e83c45d74d4f0a747fe9d0d90233b586ea039a1d5b667250016dfd424", kill_on_drop: false }`
[INFO] [stdout] 2bc0f58e83c45d74d4f0a747fe9d0d90233b586ea039a1d5b667250016dfd424
