[INFO] cloning repository https://github.com/aiqubits/sniper-token
[INFO] running `Command { std: "git" "-c" "credential.helper=" "-c" "credential.helper=/workspace/cargo-home/bin/git-credential-null" "clone" "--bare" "https://github.com/aiqubits/sniper-token" "/workspace/cache/git-repos/https%3A%2F%2Fgithub.com%2Faiqubits%2Fsniper-token", kill_on_drop: false }`
[INFO] [stderr] Cloning into bare repository '/workspace/cache/git-repos/https%3A%2F%2Fgithub.com%2Faiqubits%2Fsniper-token'...
[INFO] running `Command { std: "git" "rev-parse" "HEAD", kill_on_drop: false }`
[INFO] [stdout] b0c5a3bd99b80cac115b8ad950bfa94c338d67cd
[INFO] testing aiqubits/sniper-token against 1.99.0-beta.8+cargoflags=--release for beta-release-1.100-2
[INFO] running `Command { std: "git" "clone" "/workspace/cache/git-repos/https%3A%2F%2Fgithub.com%2Faiqubits%2Fsniper-token" "/workspace/builds/worker-5-tc1/source", kill_on_drop: false }`
[INFO] [stderr] Cloning into '/workspace/builds/worker-5-tc1/source'...
[INFO] [stderr] done.
[INFO] started tweaking git repo https://github.com/aiqubits/sniper-token
[INFO] finished tweaking git repo https://github.com/aiqubits/sniper-token
[INFO] tweaked toml for git repo https://github.com/aiqubits/sniper-token written to /workspace/builds/worker-5-tc1/source/Cargo.toml
[INFO] validating manifest of git repo https://github.com/aiqubits/sniper-token on toolchain 1.99.0-beta.8
[INFO] running `Command { std: CARGO_HOME="/workspace/cargo-home" RUSTUP_HOME="/workspace/rustup-home" "/workspace/cargo-home/bin/cargo" "+1.99.0-beta.8" "metadata" "--manifest-path" "Cargo.toml" "--no-deps", kill_on_drop: false }`
[INFO] crate git repo https://github.com/aiqubits/sniper-token already has a lockfile, it will not be regenerated
[INFO] running `Command { std: CARGO_HOME="/workspace/cargo-home" RUSTUP_HOME="/workspace/rustup-home" "/workspace/cargo-home/bin/cargo" "+1.99.0-beta.8" "fetch" "--manifest-path" "Cargo.toml", kill_on_drop: false }`
[INFO] [stderr]  Downloading crates ...
[INFO] [stderr]   Downloaded redox_syscall v0.5.14
[INFO] [stderr]   Downloaded ctrlc v3.4.7
[INFO] [stderr]   Downloaded actix-web v4.11.0
[INFO] [stderr]   Downloaded actix-http v3.11.0
[INFO] [stderr]   Downloaded brotli v8.0.1
[INFO] running `Command { std: "docker" "create" "-v" "/var/lib/crater-agent-workspace/builds/worker-5-tc1/source:/opt/rustwide/workdir:ro,Z" "-v" "/var/lib/crater-agent-workspace/builds/worker-5-tc1/target:/opt/rustwide/target:rw,Z" "-v" "/var/lib/crater-agent-workspace/cargo-home:/opt/rustwide/cargo-home:ro,Z" "-v" "/var/lib/crater-agent-workspace/rustup-home:/opt/rustwide/rustup-home:ro,Z" "-m" "1610612736" "--network" "none" "ghcr.io/rust-lang/crates-build-env/linux@sha256:77db811e55d90add9212f6832c23229e3de5f1c1f9905e8cb07319ea15df73ac" "sleep" "infinity", kill_on_drop: false }`
[INFO] [stdout] e2b1ad858dee673cc98ac3764667124ecda6ddf213992d7650dc9282e6cabbcf
[INFO] running `Command { std: "docker" "start" "e2b1ad858dee673cc98ac3764667124ecda6ddf213992d7650dc9282e6cabbcf", kill_on_drop: false }`
[INFO] running `Command { std: "docker" "inspect" "e2b1ad858dee673cc98ac3764667124ecda6ddf213992d7650dc9282e6cabbcf", kill_on_drop: false }`
[INFO] running `Command { std: "docker" "exec" "-e" "SOURCE_DIR=/opt/rustwide/workdir" "-e" "CARGO_HOME=/opt/rustwide/cargo-home" "-e" "RUSTUP_HOME=/opt/rustwide/rustup-home" "-e" "CARGO_TARGET_DIR=/opt/rustwide/target" "-w" "/opt/rustwide/workdir" "--user" "0:0" "e2b1ad858dee673cc98ac3764667124ecda6ddf213992d7650dc9282e6cabbcf" "/opt/rustwide/cargo-home/bin/cargo" "+1.99.0-beta.8" "metadata" "--no-deps" "--format-version=1", kill_on_drop: false }`
[INFO] running `Command { std: "docker" "inspect" "e2b1ad858dee673cc98ac3764667124ecda6ddf213992d7650dc9282e6cabbcf", kill_on_drop: false }`
[INFO] running `Command { std: "docker" "exec" "-e" "SOURCE_DIR=/opt/rustwide/workdir" "-e" "CARGO_HOME=/opt/rustwide/cargo-home" "-e" "RUSTUP_HOME=/opt/rustwide/rustup-home" "-e" "CARGO_TARGET_DIR=/opt/rustwide/target" "-e" "CARGO_INCREMENTAL=0" "-e" "RUST_BACKTRACE=full" "-e" "RUSTFLAGS=--cap-lints=warn" "-e" "RUSTDOCFLAGS=--cap-lints=warn" "-w" "/opt/rustwide/workdir" "--user" "0:0" "e2b1ad858dee673cc98ac3764667124ecda6ddf213992d7650dc9282e6cabbcf" "/opt/rustwide/cargo-home/bin/cargo" "+1.99.0-beta.8" "build" "--frozen" "--message-format=json" "--release", kill_on_drop: false }`
[INFO] [stderr]    Compiling proc-macro2 v1.0.95
[INFO] [stderr]    Compiling unicode-ident v1.0.18
[INFO] [stderr]    Compiling cfg-if v1.0.1
[INFO] [stderr]    Compiling libc v0.2.174
[INFO] [stderr]    Compiling stable_deref_trait v1.2.0
[INFO] [stderr]    Compiling log v0.4.27
[INFO] [stderr]    Compiling smallvec v1.15.1
[INFO] [stderr]    Compiling pin-project-lite v0.2.16
[INFO] [stderr]    Compiling lock_api v0.4.13
[INFO] [stderr]    Compiling itoa v1.0.15
[INFO] [stderr]    Compiling bytes v1.10.1
[INFO] [stderr]    Compiling parking_lot_core v0.9.11
[INFO] [stderr]    Compiling memchr v2.7.5
[INFO] [stderr]    Compiling futures-core v0.3.31
[INFO] [stderr]    Compiling typenum v1.18.0
[INFO] [stderr]    Compiling serde v1.0.219
[INFO] [stderr]    Compiling generic-array v0.14.7
[INFO] [stderr]    Compiling litemap v0.8.0
[INFO] [stderr]    Compiling writeable v0.6.1
[INFO] [stderr]    Compiling tracing-core v0.1.34
[INFO] [stderr]    Compiling quote v1.0.40
[INFO] [stderr]    Compiling syn v2.0.104
[INFO] [stderr]    Compiling jobserver v0.1.33
[INFO] [stderr]    Compiling getrandom v0.3.3
[INFO] [stderr]    Compiling icu_properties_data v2.0.1
[INFO] [stderr]    Compiling cc v1.2.30
[INFO] [stderr]    Compiling zerocopy v0.8.26
[INFO] [stderr]    Compiling icu_normalizer_data v2.0.0
[INFO] [stderr]    Compiling aho-corasick v1.1.3
[INFO] [stderr]    Compiling regex-syntax v0.8.5
[INFO] [stderr]    Compiling hashbrown v0.15.4
[INFO] [stderr]    Compiling futures-sink v0.3.31
[INFO] [stderr]    Compiling percent-encoding v2.3.1
[INFO] [stderr]    Compiling socket2 v0.5.10
[INFO] [stderr]    Compiling parking_lot v0.12.4
[INFO] [stderr]    Compiling mio v1.0.4
[INFO] [stderr]    Compiling signal-hook-registry v1.4.5
[INFO] [stderr]    Compiling zstd-sys v2.0.15+zstd.1.5.7
[INFO] [stderr]    Compiling indexmap v2.10.0
[INFO] [stderr]    Compiling fnv v1.0.7
[INFO] [stderr]    Compiling local-waker v0.1.4
[INFO] [stderr]    Compiling futures-task v0.3.31
[INFO] [stderr]    Compiling alloc-no-stdlib v2.0.4
[INFO] [stderr]    Compiling bitflags v2.9.1
[INFO] [stderr]    Compiling ryu v1.0.20
[INFO] [stderr]    Compiling zstd-safe v7.2.4
[INFO] [stderr]    Compiling futures-util v0.3.31
[INFO] [stderr]    Compiling anstyle-parse v0.2.7
[INFO] [stderr]    Compiling regex-automata v0.4.9
[INFO] [stderr]    Compiling alloc-stdlib v0.2.2
[INFO] [stderr]    Compiling http v0.2.12
[INFO] [stderr]    Compiling synstructure v0.13.2
[INFO] [stderr]    Compiling ppv-lite86 v0.2.21
[INFO] [stderr]    Compiling crc32fast v1.5.0
[INFO] [stderr]    Compiling rand_core v0.9.3
[INFO] [stderr]    Compiling block-buffer v0.10.4
[INFO] [stderr]    Compiling crypto-common v0.1.6
[INFO] [stderr]    Compiling is_terminal_polyfill v1.70.1
[INFO] [stderr]    Compiling adler2 v2.0.1
[INFO] [stderr]    Compiling colorchoice v1.0.4
[INFO] [stderr]    Compiling unicode-xid v0.2.6
[INFO] [stderr]    Compiling cfg_aliases v0.2.1
[INFO] [stderr]    Compiling powerfmt v0.2.0
[INFO] [stderr]    Compiling anstyle v1.0.11
[INFO] [stderr]    Compiling num-conv v0.1.0
[INFO] [stderr]    Compiling serde_json v1.0.141
[INFO] [stderr]    Compiling anstyle-query v1.1.3
[INFO] [stderr]    Compiling time-core v0.1.4
[INFO] [stderr]    Compiling time-macros v0.2.22
[INFO] [stderr]    Compiling bytestring v1.4.0
[INFO] [stderr]    Compiling regex v1.11.1
[INFO] [stderr]    Compiling zerofrom-derive v0.1.6
[INFO] [stderr]    Compiling yoke-derive v0.8.0
[INFO] [stderr]    Compiling zerovec-derive v0.11.1
[INFO] [stderr]    Compiling displaydoc v0.2.5
[INFO] [stderr]    Compiling zerofrom v0.1.6
[INFO] [stderr]    Compiling tokio-macros v2.5.0
[INFO] [stderr]    Compiling yoke v0.8.0
[INFO] [stderr]    Compiling serde_derive v1.0.219
[INFO] [stderr]    Compiling tracing-attributes v0.1.30
[INFO] [stderr]    Compiling zerotrie v0.2.2
[INFO] [stderr]    Compiling tokio v1.46.1
[INFO] [stderr]    Compiling zerovec v0.11.2
[INFO] [stderr]    Compiling actix-macros v0.2.4
[INFO] [stderr]    Compiling derive_more-impl v2.0.1
[INFO] [stderr]    Compiling tracing v0.1.41
[INFO] [stderr]    Compiling tinystr v0.8.1
[INFO] [stderr]    Compiling potential_utf v0.1.2
[INFO] [stderr]    Compiling icu_locale_core v2.0.0
[INFO] [stderr]    Compiling icu_collections v2.0.0
[INFO] [stderr]    Compiling anstream v0.6.19
[INFO] [stderr]    Compiling deranged v0.4.0
[INFO] [stderr]    Compiling icu_provider v2.0.0
[INFO] [stderr]    Compiling icu_normalizer v2.0.0
[INFO] [stderr]    Compiling icu_properties v2.0.1
[INFO] [stderr]    Compiling nix v0.30.1
[INFO] [stderr]    Compiling miniz_oxide v0.8.9
[INFO] [stderr]    Compiling rand_chacha v0.9.0
[INFO] [stderr]    Compiling digest v0.10.7
[INFO] [stderr]    Compiling idna_adapter v1.2.1
[INFO] [stderr]    Compiling crossbeam-epoch v0.9.18
[INFO] [stderr]    Compiling brotli-decompressor v5.0.0
[INFO] [stderr]    Compiling actix-utils v3.0.1
[INFO] [stderr]    Compiling form_urlencoded v1.2.1
[INFO] [stderr]    Compiling actix-service v2.0.3
[INFO] [stderr]    Compiling cookie v0.16.2
[INFO] [stderr]    Compiling slab v0.4.10
[INFO] [stderr]    Compiling cpufeatures v0.2.17
[INFO] [stderr]    Compiling anyhow v1.0.98
[INFO] [stderr]    Compiling rayon-core v1.12.1
[INFO] [stderr]    Compiling regex-lite v0.1.6
[INFO] [stderr]    Compiling time v0.3.41
[INFO] [stderr]    Compiling tokio-util v0.7.15
[INFO] [stderr]    Compiling actix-rt v2.10.0
[INFO] [stderr]    Compiling actix-router v0.5.3
[INFO] [stderr]    Compiling actix-codec v0.5.2
[INFO] [stderr]    Compiling h2 v0.3.27
[INFO] [stderr]    Compiling brotli v8.0.1
[INFO] [stderr]    Compiling idna v1.0.3
[INFO] [stderr]    Compiling sha1 v0.10.6
[INFO] [stderr]    Compiling flate2 v1.1.2
[INFO] [stderr]    Compiling crossbeam-deque v0.8.6
[INFO] [stderr]    Compiling rand v0.9.2
[INFO] [stderr]    Compiling derive_more v2.0.1
[INFO] [stderr]    Compiling thiserror-impl v1.0.69
[INFO] [stderr]    Compiling local-channel v0.1.5
[INFO] [stderr]    Compiling encoding_rs v0.8.35
[INFO] [stderr]    Compiling unsafe-libyaml v0.2.11
[INFO] [stderr]    Compiling clap_lex v0.7.5
[INFO] [stderr]    Compiling httpdate v1.0.3
[INFO] [stderr]    Compiling foldhash v0.1.5
[INFO] [stderr]    Compiling language-tags v0.3.2
[INFO] [stderr]    Compiling mime v0.3.17
[INFO] [stderr]    Compiling clap_builder v4.5.41
[INFO] [stderr]    Compiling clap_derive v4.5.41
[INFO] [stderr]    Compiling serde_yaml v0.9.34+deprecated
[INFO] [stderr]    Compiling thiserror v1.0.69
[INFO] [stderr]    Compiling url v2.5.4
[INFO] [stderr]    Compiling actix-web-codegen v4.3.0
[INFO] [stderr]    Compiling actix-server v2.6.0
[INFO] [stderr]    Compiling serde_urlencoded v0.7.1
[INFO] [stderr]    Compiling env_filter v0.1.3
[INFO] [stderr]    Compiling libloading v0.8.8
[INFO] [stderr]    Compiling jiff v0.2.15
[INFO] [stderr]    Compiling iana-time-zone v0.1.63
[INFO] [stderr]    Compiling impl-more v0.1.9
[INFO] [stderr]    Compiling either v1.15.0
[INFO] [stderr]    Compiling rayon v1.10.0
[INFO] [stderr]    Compiling chrono v0.4.41
[INFO] [stderr]    Compiling sniper-core v0.1.0 (/opt/rustwide/workdir/core)
[INFO] [stderr]    Compiling clap v4.5.41
[INFO] [stderr]    Compiling ctrlc v3.4.7
[INFO] [stderr]    Compiling fs_extra v1.3.0
[INFO] [stderr]    Compiling env_logger v0.11.8
[INFO] [stderr]    Compiling zstd v0.13.3
[INFO] [stderr]    Compiling actix-http v3.11.0
[INFO] [stderr]    Compiling actix-web v4.11.0
[INFO] [stderr]    Compiling dyn-plug v0.1.0 (/opt/rustwide/workdir)
[INFO] [stderr]     Finished `release` profile [optimized] target(s) in 5m 57s
[INFO] running `Command { std: "docker" "inspect" "e2b1ad858dee673cc98ac3764667124ecda6ddf213992d7650dc9282e6cabbcf", kill_on_drop: false }`
[INFO] running `Command { std: "docker" "exec" "-e" "SOURCE_DIR=/opt/rustwide/workdir" "-e" "CARGO_HOME=/opt/rustwide/cargo-home" "-e" "RUSTUP_HOME=/opt/rustwide/rustup-home" "-e" "CARGO_TARGET_DIR=/opt/rustwide/target" "-e" "CARGO_INCREMENTAL=0" "-e" "RUST_BACKTRACE=full" "-e" "RUSTFLAGS=--cap-lints=warn" "-e" "RUSTDOCFLAGS=--cap-lints=warn" "-w" "/opt/rustwide/workdir" "--user" "0:0" "e2b1ad858dee673cc98ac3764667124ecda6ddf213992d7650dc9282e6cabbcf" "/opt/rustwide/cargo-home/bin/cargo" "+1.99.0-beta.8" "test" "--frozen" "--no-run" "--message-format=json" "--release", kill_on_drop: false }`
[INFO] [stderr]    Compiling bitflags v2.9.1
[INFO] [stderr]    Compiling rustix v1.0.8
[INFO] [stderr]    Compiling linux-raw-sys v0.9.4
[INFO] [stderr]    Compiling fastrand v2.3.0
[INFO] [stderr]    Compiling actix-codec v0.5.2
[INFO] [stderr]    Compiling nix v0.30.1
[INFO] [stderr]    Compiling actix-http v3.11.0
[INFO] [stderr]    Compiling ctrlc v3.4.7
[INFO] [stderr]    Compiling tempfile v3.20.0
[INFO] [stderr]    Compiling actix-web v4.11.0
[INFO] [stderr]    Compiling dyn-plug v0.1.0 (/opt/rustwide/workdir)
[INFO] [stderr]     Finished `release` profile [optimized] target(s) in 1m 14s
[INFO] running `Command { std: "docker" "inspect" "e2b1ad858dee673cc98ac3764667124ecda6ddf213992d7650dc9282e6cabbcf", kill_on_drop: false }`
[INFO] running `Command { std: "docker" "exec" "-e" "SOURCE_DIR=/opt/rustwide/workdir" "-e" "CARGO_HOME=/opt/rustwide/cargo-home" "-e" "RUSTUP_HOME=/opt/rustwide/rustup-home" "-e" "CARGO_TARGET_DIR=/opt/rustwide/target" "-e" "CARGO_INCREMENTAL=0" "-e" "RUST_BACKTRACE=full" "-e" "RUSTFLAGS=--cap-lints=warn" "-e" "RUSTDOCFLAGS=--cap-lints=warn" "-w" "/opt/rustwide/workdir" "--user" "0:0" "e2b1ad858dee673cc98ac3764667124ecda6ddf213992d7650dc9282e6cabbcf" "/opt/rustwide/cargo-home/bin/cargo" "+1.99.0-beta.8" "test" "--frozen" "--release", kill_on_drop: false }`
[INFO] [stderr]     Finished `release` profile [optimized] target(s) in 0.21s
[INFO] [stderr]      Running unittests src/main.rs (/opt/rustwide/target/release/deps/dyn_plug-5084866098454575)
[INFO] [stdout] 
[INFO] [stdout] running 5 tests
[INFO] [stdout] test tests::test_cli_parsing ... ok
[INFO] [stdout] test tests::test_truncate_string ... ok
[INFO] [stdout] test api::tests::test_execute_nonexistent_plugin ... FAILED
[INFO] [stdout] test api::tests::test_health_endpoint ... FAILED
[INFO] [stdout] test api::tests::test_list_plugins_endpoint ... FAILED
[INFO] [stdout] 
[INFO] [stdout] failures:
[INFO] [stdout] 
[INFO] [stdout] ---- api::tests::test_execute_nonexistent_plugin stdout ----
[INFO] [stdout] 
[INFO] [stdout] thread 'api::tests::test_execute_nonexistent_plugin' (3485) panicked at src/api.rs:377:44:
[INFO] [stdout] Failed to create plugin manager: IoError { source: Os { code: 30, kind: ReadOnlyFilesystem, message: "Read-only file system" } }
[INFO] [stdout] stack backtrace:
[INFO] [stdout]    0:     0x5a124f3c2701 - <<std[70759c8f55707aa4]::sys::backtrace::BacktraceLock>::print::DisplayBacktrace as core[df12db4294e9bfd3]::fmt::Display>::fmt
[INFO] [stdout]    1:     0x5a124f3db15a - core[df12db4294e9bfd3]::fmt::write
[INFO] [stdout]    2:     0x5a124f3c768c - <alloc[2182bb758b4b3781]::vec::Vec<u8> as core[df12db4294e9bfd3]::io::write::Write>::write_fmt
[INFO] [stdout]    3:     0x5a124f39ba26 - std[70759c8f55707aa4]::panicking::default_hook::{closure#0}
[INFO] [stdout]    4:     0x5a124f3b9579 - std[70759c8f55707aa4]::panicking::default_hook
[INFO] [stdout]    5:     0x5a124f119950 - test[9d35eded1c95d3be]::test_main_inner::<test[9d35eded1c95d3be]::test_main_static::{closure#0}>::{closure#0}
[INFO] [stdout]    6:     0x5a124f3b98a2 - std[70759c8f55707aa4]::panicking::panic_with_hook
[INFO] [stdout]    7:     0x5a124f39bad2 - std[70759c8f55707aa4]::panicking::panic_handler::{closure#0}
[INFO] [stdout]    8:     0x5a124f393f49 - std[70759c8f55707aa4]::sys::backtrace::__rust_end_short_backtrace::<std[70759c8f55707aa4]::panicking::panic_handler::{closure#0}, !>
[INFO] [stdout]    9:     0x5a124f39c7dd - __rustc[8fa7c3cbc660c2b3]::rust_begin_unwind
[INFO] [stdout]   10:     0x5a124f3db93c - core[df12db4294e9bfd3]::panicking::panic_fmt
[INFO] [stdout]   11:     0x5a124f3db712 - core[df12db4294e9bfd3]::result::unwrap_failed
[INFO] [stdout]   12:     0x5a124f0e4577 - dyn_plug[8ed94d150a510444]::api::tests::create_test_app
[INFO] [stdout]   13:     0x5a124f0bdda0 - <std[70759c8f55707aa4]::thread::local::LocalKey<tokio[215411b12e235d43]::task::local::LocalData>>::with::<<tokio[215411b12e235d43]::task::local::LocalSet>::with<core[df12db4294e9bfd3]::task::poll::Poll<()>, <tokio[215411b12e235d43]::task::local::RunUntil<dyn_plug[8ed94d150a510444]::api::tests::test_execute_nonexistent_plugin::{closure#0}> as core[df12db4294e9bfd3]::future::future::Future>::poll::{closure#0}>::{closure#0}, core[df12db4294e9bfd3]::task::poll::Poll<()>>
[INFO] [stdout]   14:     0x5a124f0e4e83 - <core[df12db4294e9bfd3]::pin::Pin<&mut <tokio[215411b12e235d43]::task::local::LocalSet>::run_until<dyn_plug[8ed94d150a510444]::api::tests::test_execute_nonexistent_plugin::{closure#0}>::{closure#0}> as core[df12db4294e9bfd3]::future::future::Future>::poll
[INFO] [stdout]   15:     0x5a124f0fb59f - <tokio[215411b12e235d43]::runtime::scheduler::current_thread::Context>::enter::<core[df12db4294e9bfd3]::task::poll::Poll<()>, <tokio[215411b12e235d43]::runtime::scheduler::current_thread::CoreGuard>::block_on<core[df12db4294e9bfd3]::pin::Pin<&mut <tokio[215411b12e235d43]::task::local::LocalSet>::run_until<dyn_plug[8ed94d150a510444]::api::tests::test_execute_nonexistent_plugin::{closure#0}>::{closure#0}>>::{closure#0}::{closure#0}>
[INFO] [stdout]   16:     0x5a124f0be7c9 - <std[70759c8f55707aa4]::thread::local::LocalKey<tokio[215411b12e235d43]::runtime::context::Context>>::with::<tokio[215411b12e235d43]::runtime::context::set_scheduler<(alloc[2182bb758b4b3781]::boxed::Box<tokio[215411b12e235d43]::runtime::scheduler::current_thread::Core>, core[df12db4294e9bfd3]::option::Option<()>), <tokio[215411b12e235d43]::runtime::scheduler::current_thread::CoreGuard>::enter<<tokio[215411b12e235d43]::runtime::scheduler::current_thread::CoreGuard>::block_on<core[df12db4294e9bfd3]::pin::Pin<&mut <tokio[215411b12e235d43]::task::local::LocalSet>::run_until<dyn_plug[8ed94d150a510444]::api::tests::test_execute_nonexistent_plugin::{closure#0}>::{closure#0}>>::{closure#0}, core[df12db4294e9bfd3]::option::Option<()>>::{closure#0}>::{closure#0}, (alloc[2182bb758b4b3781]::boxed::Box<tokio[215411b12e235d43]::runtime::scheduler::current_thread::Core>, core[df12db4294e9bfd3]::option::Option<()>)>
[INFO] [stdout]   17:     0x5a124f0fac01 - <tokio[215411b12e235d43]::runtime::runtime::Runtime>::block_on::<<tokio[215411b12e235d43]::task::local::LocalSet>::run_until<dyn_plug[8ed94d150a510444]::api::tests::test_execute_nonexistent_plugin::{closure#0}>::{closure#0}>
[INFO] [stdout]   18:     0x5a124f10c789 - <dyn_plug[8ed94d150a510444]::api::tests::test_execute_nonexistent_plugin::{closure#0} as core[df12db4294e9bfd3]::ops::function::FnOnce<()>>::call_once
[INFO] [stdout]   19:     0x5a124f10cc3b - test[9d35eded1c95d3be]::__rust_begin_short_backtrace::<core[df12db4294e9bfd3]::result::Result<(), alloc[2182bb758b4b3781]::string::String>, fn() -> core[df12db4294e9bfd3]::result::Result<(), alloc[2182bb758b4b3781]::string::String>>
[INFO] [stdout]   20:     0x5a124f11a2a5 - test[9d35eded1c95d3be]::run_test::{closure#0}
[INFO] [stdout]   21:     0x5a124f113b64 - std[70759c8f55707aa4]::sys::backtrace::__rust_begin_short_backtrace::<test[9d35eded1c95d3be]::run_test::{closure#1}, ()>
[INFO] [stdout]   22:     0x5a124f11d402 - <std[70759c8f55707aa4]::thread::lifecycle::spawn_unchecked<test[9d35eded1c95d3be]::run_test::{closure#1}, ()>::{closure#1} as core[df12db4294e9bfd3]::ops::function::FnOnce<()>>::call_once::{shim:vtable#0}
[INFO] [stdout]   23:     0x5a124f3c1979 - <std[70759c8f55707aa4]::sys::thread::unix::Thread>::new::thread_start
[INFO] [stdout]   24:     0x72d8e8f12dfa - <unknown>
[INFO] [stdout]   25:     0x72d8e8fa63d4 - clone
[INFO] [stdout]   26:                0x0 - <unknown>
[INFO] [stdout] 
[INFO] [stdout] ---- api::tests::test_health_endpoint stdout ----
[INFO] [stdout] 
[INFO] [stdout] thread 'api::tests::test_health_endpoint' (3486) panicked at src/api.rs:377:44:
[INFO] [stdout] Failed to create plugin manager: IoError { source: Os { code: 30, kind: ReadOnlyFilesystem, message: "Read-only file system" } }
[INFO] [stdout] stack backtrace:
[INFO] [stdout]    0:     0x5a124f3c2701 - <<std[70759c8f55707aa4]::sys::backtrace::BacktraceLock>::print::DisplayBacktrace as core[df12db4294e9bfd3]::fmt::Display>::fmt
[INFO] [stdout]    1:     0x5a124f3db15a - core[df12db4294e9bfd3]::fmt::write
[INFO] [stdout]    2:     0x5a124f3c768c - <alloc[2182bb758b4b3781]::vec::Vec<u8> as core[df12db4294e9bfd3]::io::write::Write>::write_fmt
[INFO] [stdout]    3:     0x5a124f39ba26 - std[70759c8f55707aa4]::panicking::default_hook::{closure#0}
[INFO] [stdout]    4:     0x5a124f3b9579 - std[70759c8f55707aa4]::panicking::default_hook
[INFO] [stdout]    5:     0x5a124f119950 - test[9d35eded1c95d3be]::test_main_inner::<test[9d35eded1c95d3be]::test_main_static::{closure#0}>::{closure#0}
[INFO] [stdout]    6:     0x5a124f3b98a2 - std[70759c8f55707aa4]::panicking::panic_with_hook
[INFO] [stdout]    7:     0x5a124f39bad2 - std[70759c8f55707aa4]::panicking::panic_handler::{closure#0}
[INFO] [stdout]    8:     0x5a124f393f49 - std[70759c8f55707aa4]::sys::backtrace::__rust_end_short_backtrace::<std[70759c8f55707aa4]::panicking::panic_handler::{closure#0}, !>
[INFO] [stdout]    9:     0x5a124f39c7dd - __rustc[8fa7c3cbc660c2b3]::rust_begin_unwind
[INFO] [stdout]   10:     0x5a124f3db93c - core[df12db4294e9bfd3]::panicking::panic_fmt
[INFO] [stdout]   11:     0x5a124f3db712 - core[df12db4294e9bfd3]::result::unwrap_failed
[INFO] [stdout]   12:     0x5a124f0e4577 - dyn_plug[8ed94d150a510444]::api::tests::create_test_app
[INFO] [stdout]   13:     0x5a124f0bd3fa - <std[70759c8f55707aa4]::thread::local::LocalKey<tokio[215411b12e235d43]::task::local::LocalData>>::with::<<tokio[215411b12e235d43]::task::local::LocalSet>::with<core[df12db4294e9bfd3]::task::poll::Poll<()>, <tokio[215411b12e235d43]::task::local::RunUntil<dyn_plug[8ed94d150a510444]::api::tests::test_health_endpoint::{closure#0}> as core[df12db4294e9bfd3]::future::future::Future>::poll::{closure#0}>::{closure#0}, core[df12db4294e9bfd3]::task::poll::Poll<()>>
[INFO] [stdout]   14:     0x5a124f0e4c83 - <core[df12db4294e9bfd3]::pin::Pin<&mut <tokio[215411b12e235d43]::task::local::LocalSet>::run_until<dyn_plug[8ed94d150a510444]::api::tests::test_health_endpoint::{closure#0}>::{closure#0}> as core[df12db4294e9bfd3]::future::future::Future>::poll
[INFO] [stdout]   15:     0x5a124f0fb25f - <tokio[215411b12e235d43]::runtime::scheduler::current_thread::Context>::enter::<core[df12db4294e9bfd3]::task::poll::Poll<()>, <tokio[215411b12e235d43]::runtime::scheduler::current_thread::CoreGuard>::block_on<core[df12db4294e9bfd3]::pin::Pin<&mut <tokio[215411b12e235d43]::task::local::LocalSet>::run_until<dyn_plug[8ed94d150a510444]::api::tests::test_health_endpoint::{closure#0}>::{closure#0}>>::{closure#0}::{closure#0}>
[INFO] [stdout]   16:     0x5a124f0be389 - <std[70759c8f55707aa4]::thread::local::LocalKey<tokio[215411b12e235d43]::runtime::context::Context>>::with::<tokio[215411b12e235d43]::runtime::context::set_scheduler<(alloc[2182bb758b4b3781]::boxed::Box<tokio[215411b12e235d43]::runtime::scheduler::current_thread::Core>, core[df12db4294e9bfd3]::option::Option<()>), <tokio[215411b12e235d43]::runtime::scheduler::current_thread::CoreGuard>::enter<<tokio[215411b12e235d43]::runtime::scheduler::current_thread::CoreGuard>::block_on<core[df12db4294e9bfd3]::pin::Pin<&mut <tokio[215411b12e235d43]::task::local::LocalSet>::run_until<dyn_plug[8ed94d150a510444]::api::tests::test_health_endpoint::{closure#0}>::{closure#0}>>::{closure#0}, core[df12db4294e9bfd3]::option::Option<()>>::{closure#0}>::{closure#0}, (alloc[2182bb758b4b3781]::boxed::Box<tokio[215411b12e235d43]::runtime::scheduler::current_thread::Core>, core[df12db4294e9bfd3]::option::Option<()>)>
[INFO] [stdout]   17:     0x5a124f0f8e0c - <tokio[215411b12e235d43]::runtime::runtime::Runtime>::block_on::<<tokio[215411b12e235d43]::task::local::LocalSet>::run_until<dyn_plug[8ed94d150a510444]::api::tests::test_health_endpoint::{closure#0}>::{closure#0}>
[INFO] [stdout]   18:     0x5a124f10c669 - <dyn_plug[8ed94d150a510444]::api::tests::test_health_endpoint::{closure#0} as core[df12db4294e9bfd3]::ops::function::FnOnce<()>>::call_once
[INFO] [stdout]   19:     0x5a124f10cc3b - test[9d35eded1c95d3be]::__rust_begin_short_backtrace::<core[df12db4294e9bfd3]::result::Result<(), alloc[2182bb758b4b3781]::string::String>, fn() -> core[df12db4294e9bfd3]::result::Result<(), alloc[2182bb758b4b3781]::string::String>>
[INFO] [stdout]   20:     0x5a124f11a2a5 - test[9d35eded1c95d3be]::run_test::{closure#0}
[INFO] [stdout]   21:     0x5a124f113b64 - std[70759c8f55707aa4]::sys::backtrace::__rust_begin_short_backtrace::<test[9d35eded1c95d3be]::run_test::{closure#1}, ()>
[INFO] [stdout]   22:     0x5a124f11d402 - <std[70759c8f55707aa4]::thread::lifecycle::spawn_unchecked<test[9d35eded1c95d3be]::run_test::{closure#1}, ()>::{closure#1} as core[df12db4294e9bfd3]::ops::function::FnOnce<()>>::call_once::{shim:vtable#0}
[INFO] [stdout]   23:     0x5a124f3c1979 - <std[70759c8f55707aa4]::sys::thread::unix::Thread>::new::thread_start
[INFO] [stdout]   24:     0x72d8e8f12dfa - <unknown>
[INFO] [stdout]   25:     0x72d8e8fa63d4 - clone
[INFO] [stdout]   26:                0x0 - <unknown>
[INFO] [stdout] 
[INFO] [stdout] ---- api::tests::test_list_plugins_endpoint stdout ----
[INFO] [stdout] 
[INFO] [stdout] thread 'api::tests::test_list_plugins_endpoint' (3487) panicked at src/api.rs:377:44:
[INFO] [stdout] Failed to create plugin manager: IoError { source: Os { code: 30, kind: ReadOnlyFilesystem, message: "Read-only file system" } }
[INFO] [stdout] stack backtrace:
[INFO] [stdout]    0:     0x5a124f3c2701 - <<std[70759c8f55707aa4]::sys::backtrace::BacktraceLock>::print::DisplayBacktrace as core[df12db4294e9bfd3]::fmt::Display>::fmt
[INFO] [stdout]    1:     0x5a124f3db15a - core[df12db4294e9bfd3]::fmt::write
[INFO] [stdout]    2:     0x5a124f3c768c - <alloc[2182bb758b4b3781]::vec::Vec<u8> as core[df12db4294e9bfd3]::io::write::Write>::write_fmt
[INFO] [stdout]    3:     0x5a124f39ba26 - std[70759c8f55707aa4]::panicking::default_hook::{closure#0}
[INFO] [stdout]    4:     0x5a124f3b9579 - std[70759c8f55707aa4]::panicking::default_hook
[INFO] [stdout]    5:     0x5a124f119950 - test[9d35eded1c95d3be]::test_main_inner::<test[9d35eded1c95d3be]::test_main_static::{closure#0}>::{closure#0}
[INFO] [stdout]    6:     0x5a124f3b98a2 - std[70759c8f55707aa4]::panicking::panic_with_hook
[INFO] [stdout]    7:     0x5a124f39bad2 - std[70759c8f55707aa4]::panicking::panic_handler::{closure#0}
[INFO] [stdout]    8:     0x5a124f393f49 - std[70759c8f55707aa4]::sys::backtrace::__rust_end_short_backtrace::<std[70759c8f55707aa4]::panicking::panic_handler::{closure#0}, !>
[INFO] [stdout]    9:     0x5a124f39c7dd - __rustc[8fa7c3cbc660c2b3]::rust_begin_unwind
[INFO] [stdout]   10:     0x5a124f3db93c - core[df12db4294e9bfd3]::panicking::panic_fmt
[INFO] [stdout]   11:     0x5a124f3db712 - core[df12db4294e9bfd3]::result::unwrap_failed
[INFO] [stdout]   12:     0x5a124f0e4577 - dyn_plug[8ed94d150a510444]::api::tests::create_test_app
[INFO] [stdout]   13:     0x5a124f0bd8ca - <std[70759c8f55707aa4]::thread::local::LocalKey<tokio[215411b12e235d43]::task::local::LocalData>>::with::<<tokio[215411b12e235d43]::task::local::LocalSet>::with<core[df12db4294e9bfd3]::task::poll::Poll<()>, <tokio[215411b12e235d43]::task::local::RunUntil<dyn_plug[8ed94d150a510444]::api::tests::test_list_plugins_endpoint::{closure#0}> as core[df12db4294e9bfd3]::future::future::Future>::poll::{closure#0}>::{closure#0}, core[df12db4294e9bfd3]::task::poll::Poll<()>>
[INFO] [stdout]   14:     0x5a124f0e4d83 - <core[df12db4294e9bfd3]::pin::Pin<&mut <tokio[215411b12e235d43]::task::local::LocalSet>::run_until<dyn_plug[8ed94d150a510444]::api::tests::test_list_plugins_endpoint::{closure#0}>::{closure#0}> as core[df12db4294e9bfd3]::future::future::Future>::poll
[INFO] [stdout]   15:     0x5a124f0fb3ff - <tokio[215411b12e235d43]::runtime::scheduler::current_thread::Context>::enter::<core[df12db4294e9bfd3]::task::poll::Poll<()>, <tokio[215411b12e235d43]::runtime::scheduler::current_thread::CoreGuard>::block_on<core[df12db4294e9bfd3]::pin::Pin<&mut <tokio[215411b12e235d43]::task::local::LocalSet>::run_until<dyn_plug[8ed94d150a510444]::api::tests::test_list_plugins_endpoint::{closure#0}>::{closure#0}>>::{closure#0}::{closure#0}>
[INFO] [stdout]   16:     0x5a124f0be5a9 - <std[70759c8f55707aa4]::thread::local::LocalKey<tokio[215411b12e235d43]::runtime::context::Context>>::with::<tokio[215411b12e235d43]::runtime::context::set_scheduler<(alloc[2182bb758b4b3781]::boxed::Box<tokio[215411b12e235d43]::runtime::scheduler::current_thread::Core>, core[df12db4294e9bfd3]::option::Option<()>), <tokio[215411b12e235d43]::runtime::scheduler::current_thread::CoreGuard>::enter<<tokio[215411b12e235d43]::runtime::scheduler::current_thread::CoreGuard>::block_on<core[df12db4294e9bfd3]::pin::Pin<&mut <tokio[215411b12e235d43]::task::local::LocalSet>::run_until<dyn_plug[8ed94d150a510444]::api::tests::test_list_plugins_endpoint::{closure#0}>::{closure#0}>>::{closure#0}, core[df12db4294e9bfd3]::option::Option<()>>::{closure#0}>::{closure#0}, (alloc[2182bb758b4b3781]::boxed::Box<tokio[215411b12e235d43]::runtime::scheduler::current_thread::Core>, core[df12db4294e9bfd3]::option::Option<()>)>
[INFO] [stdout]   17:     0x5a124f0f9cec - <tokio[215411b12e235d43]::runtime::runtime::Runtime>::block_on::<<tokio[215411b12e235d43]::task::local::LocalSet>::run_until<dyn_plug[8ed94d150a510444]::api::tests::test_list_plugins_endpoint::{closure#0}>::{closure#0}>
[INFO] [stdout]   18:     0x5a124f10c6f9 - <dyn_plug[8ed94d150a510444]::api::tests::test_list_plugins_endpoint::{closure#0} as core[df12db4294e9bfd3]::ops::function::FnOnce<()>>::call_once
[INFO] [stdout]   19:     0x5a124f10cc3b - test[9d35eded1c95d3be]::__rust_begin_short_backtrace::<core[df12db4294e9bfd3]::result::Result<(), alloc[2182bb758b4b3781]::string::String>, fn() -> core[df12db4294e9bfd3]::result::Result<(), alloc[2182bb758b4b3781]::string::String>>
[INFO] [stdout]   20:     0x5a124f11a2a5 - test[9d35eded1c95d3be]::run_test::{closure#0}
[INFO] [stdout]   21:     0x5a124f113b64 - std[70759c8f55707aa4]::sys::backtrace::__rust_begin_short_backtrace::<test[9d35eded1c95d3be]::run_test::{closure#1}, ()>
[INFO] [stdout]   22:     0x5a124f11d402 - <std[70759c8f55707aa4]::thread::lifecycle::spawn_unchecked<test[9d35eded1c95d3be]::run_test::{closure#1}, ()>::{closure#1} as core[df12db4294e9bfd3]::ops::function::FnOnce<()>>::call_once::{shim:vtable#0}
[INFO] [stdout]   23:     0x5a124f3c1979 - <std[70759c8f55707aa4]::sys::thread::unix::Thread>::new::thread_start
[INFO] [stdout]   24:     0x72d8e8f12dfa - <unknown>
[INFO] [stdout]   25:     0x72d8e8fa63d4 - clone
[INFO] [stdout]   26:                0x0 - <unknown>
[INFO] [stdout] 
[INFO] [stdout] 
[INFO] [stdout] failures:
[INFO] [stdout]     api::tests::test_execute_nonexistent_plugin
[INFO] [stdout]     api::tests::test_health_endpoint
[INFO] [stdout]     api::tests::test_list_plugins_endpoint
[INFO] [stdout] 
[INFO] [stdout] test result: FAILED. 2 passed; 3 failed; 0 ignored; 0 measured; 0 filtered out; finished in 0.03s
[INFO] [stdout] 
[INFO] [stderr] error: test failed, to rerun pass `--bin dyn-plug`
[INFO] running `Command { std: "docker" "inspect" "e2b1ad858dee673cc98ac3764667124ecda6ddf213992d7650dc9282e6cabbcf", kill_on_drop: false }`
[INFO] running `Command { std: "docker" "rm" "-f" "e2b1ad858dee673cc98ac3764667124ecda6ddf213992d7650dc9282e6cabbcf", kill_on_drop: false }`
[INFO] [stdout] e2b1ad858dee673cc98ac3764667124ecda6ddf213992d7650dc9282e6cabbcf
