[INFO] cloning repository https://github.com/a-mpch/lightning-parser
[INFO] running `Command { std: "git" "-c" "credential.helper=" "-c" "credential.helper=/workspace/cargo-home/bin/git-credential-null" "clone" "--bare" "https://github.com/a-mpch/lightning-parser" "/workspace/cache/git-repos/https%3A%2F%2Fgithub.com%2Fa-mpch%2Flightning-parser", kill_on_drop: false }`
[INFO] [stderr] Cloning into bare repository '/workspace/cache/git-repos/https%3A%2F%2Fgithub.com%2Fa-mpch%2Flightning-parser'...
[INFO] running `Command { std: "git" "rev-parse" "HEAD", kill_on_drop: false }`
[INFO] [stdout] f9ca7d89567a8d3f8ed17275a5340f8ef3f3f2b4
[INFO] testing a-mpch/lightning-parser against 1.99.0-beta.8+cargoflags=--release for beta-release-1.100-2
[INFO] running `Command { std: "git" "clone" "/workspace/cache/git-repos/https%3A%2F%2Fgithub.com%2Fa-mpch%2Flightning-parser" "/workspace/builds/worker-3-tc1/source", kill_on_drop: false }`
[INFO] [stderr] Cloning into '/workspace/builds/worker-3-tc1/source'...
[INFO] [stderr] done.
[INFO] started tweaking git repo https://github.com/a-mpch/lightning-parser
[INFO] finished tweaking git repo https://github.com/a-mpch/lightning-parser
[INFO] tweaked toml for git repo https://github.com/a-mpch/lightning-parser written to /workspace/builds/worker-3-tc1/source/Cargo.toml
[INFO] validating manifest of git repo https://github.com/a-mpch/lightning-parser on toolchain 1.99.0-beta.8
[INFO] running `Command { std: CARGO_HOME="/workspace/cargo-home" RUSTUP_HOME="/workspace/rustup-home" "/workspace/cargo-home/bin/cargo" "+1.99.0-beta.8" "metadata" "--manifest-path" "Cargo.toml" "--no-deps", kill_on_drop: false }`
[INFO] crate git repo https://github.com/a-mpch/lightning-parser already has a lockfile, it will not be regenerated
[INFO] running `Command { std: CARGO_HOME="/workspace/cargo-home" RUSTUP_HOME="/workspace/rustup-home" "/workspace/cargo-home/bin/cargo" "+1.99.0-beta.8" "fetch" "--manifest-path" "Cargo.toml", kill_on_drop: false }`
[INFO] [stderr]     Updating crates.io index
[INFO] [stderr]  Downloading crates ...
[INFO] [stderr]   Downloaded zerovec v0.11.3
[INFO] [stderr]   Downloaded yoke-derive v0.8.0
[INFO] [stderr]   Downloaded linked-hash-map v0.5.6
[INFO] [stderr]   Downloaded errno v0.3.13
[INFO] [stderr]   Downloaded devise v0.4.2
[INFO] [stderr]   Downloaded tokio-test v0.4.4
[INFO] [stderr]   Downloaded is-terminal v0.4.16
[INFO] [stderr]   Downloaded ubyte v0.10.4
[INFO] [stderr]   Downloaded zerovec-derive v0.11.1
[INFO] [stderr]   Downloaded writeable v0.6.1
[INFO] [stderr]   Downloaded lru-cache v0.1.2
[INFO] [stderr]   Downloaded predicates-tree v1.0.12
[INFO] [stderr]   Downloaded predicates-core v1.0.9
[INFO] [stderr]   Downloaded trust-dns-resolver v0.23.2
[INFO] [stderr]   Downloaded yoke v0.8.0
[INFO] [stderr]   Downloaded potential_utf v0.1.2
[INFO] [stderr]   Downloaded tinystr v0.8.1
[INFO] [stderr]   Downloaded slab v0.4.10
[INFO] [stderr]   Downloaded lightning-types v0.2.0
[INFO] [stderr]   Downloaded ipconfig v0.3.2
[INFO] [stderr]   Downloaded devise_codegen v0.4.2
[INFO] [stderr]   Downloaded mockall v0.13.1
[INFO] [stderr]   Downloaded glob v0.3.2
[INFO] [stderr]   Downloaded devise_core v0.4.2
[INFO] [stderr]   Downloaded multer v3.1.0
[INFO] [stderr]   Downloaded resolv-conf v0.7.4
[INFO] [stderr]   Downloaded downcast v0.11.0
[INFO] [stderr]   Downloaded fragile v2.0.1
[INFO] [stderr]   Downloaded hex_lit v0.1.1
[INFO] [stderr]   Downloaded base58ck v0.1.0
[INFO] [stderr]   Downloaded possiblyrandom v0.2.0
[INFO] [stderr]   Downloaded litemap v0.8.0
[INFO] [stderr]   Downloaded async-trait v0.1.88
[INFO] [stderr]   Downloaded tokio-stream v0.1.17
[INFO] [stderr]   Downloaded state v0.6.0
[INFO] [stderr]   Downloaded predicates v3.1.3
[INFO] [stderr]   Downloaded askama_escape v0.10.3
[INFO] [stderr]   Downloaded tempfile v3.20.0
[INFO] [stderr]   Downloaded bitcoin-io v0.1.3
[INFO] [stderr]   Downloaded bitcoin-internals v0.3.0
[INFO] [stderr]   Downloaded icu_properties v2.0.1
[INFO] [stderr]   Downloaded askama_derive v0.12.5
[INFO] [stderr]   Downloaded askama_parser v0.2.1
[INFO] [stderr]   Downloaded icu_provider v2.0.0
[INFO] [stderr]   Downloaded base64-url v3.0.0
[INFO] [stderr]   Downloaded icu_normalizer v2.0.0
[INFO] [stderr]   Downloaded hex-conservative v0.2.1
[INFO] [stderr]   Downloaded askama v0.12.1
[INFO] [stderr]   Downloaded zerotrie v0.2.2
[INFO] [stderr]   Downloaded mockall_derive v0.13.1
[INFO] [stderr]   Downloaded bitcoin-units v0.1.2
[INFO] [stderr]   Downloaded icu_locale_core v2.0.0
[INFO] [stderr]   Downloaded bitcoin_hashes v0.14.0
[INFO] [stderr]   Downloaded bech32 v0.11.0
[INFO] [stderr]   Downloaded lightning-invoice v0.33.2
[INFO] [stderr]   Downloaded basic-toml v0.1.10
[INFO] [stderr]   Downloaded icu_collections v2.0.0
[INFO] [stderr]   Downloaded icu_normalizer_data v2.0.0
[INFO] [stderr]   Downloaded cc v1.2.31
[INFO] [stderr]   Downloaded rocket_http v0.5.1
[INFO] [stderr]   Downloaded io-uring v0.7.9
[INFO] [stderr]   Downloaded widestring v1.2.0
[INFO] [stderr]   Downloaded rocket_codegen v0.5.1
[INFO] [stderr]   Downloaded icu_properties_data v2.0.1
[INFO] [stderr]   Downloaded serde_json v1.0.142
[INFO] [stderr]   Downloaded winnow v0.7.12
[INFO] [stderr]   Downloaded secp256k1 v0.29.1
[INFO] [stderr]   Downloaded rocket v0.5.1
[INFO] [stderr]   Downloaded trust-dns-proto v0.23.2
[INFO] [stderr]   Downloaded rustix v1.0.8
[INFO] [stderr]   Downloaded bitcoin v0.32.7
[INFO] [stderr]   Downloaded dnssec-prover v0.6.8
[INFO] [stderr]   Downloaded lightning v0.1.5
[INFO] [stderr]   Downloaded secp256k1-sys v0.10.1
[INFO] running `Command { std: "docker" "create" "-v" "/var/lib/crater-agent-workspace/builds/worker-3-tc1/source:/opt/rustwide/workdir:ro,Z" "-v" "/var/lib/crater-agent-workspace/builds/worker-3-tc1/target:/opt/rustwide/target:rw,Z" "-v" "/var/lib/crater-agent-workspace/cargo-home:/opt/rustwide/cargo-home:ro,Z" "-v" "/var/lib/crater-agent-workspace/rustup-home:/opt/rustwide/rustup-home:ro,Z" "-m" "1610612736" "--network" "none" "ghcr.io/rust-lang/crates-build-env/linux@sha256:77db811e55d90add9212f6832c23229e3de5f1c1f9905e8cb07319ea15df73ac" "sleep" "infinity", kill_on_drop: false }`
[INFO] [stdout] ca8b775cc099ca91a2e352ba03cca53ca9e774ce56f4c2c832dc40ad6c22e32a
[INFO] running `Command { std: "docker" "start" "ca8b775cc099ca91a2e352ba03cca53ca9e774ce56f4c2c832dc40ad6c22e32a", kill_on_drop: false }`
[INFO] running `Command { std: "docker" "inspect" "ca8b775cc099ca91a2e352ba03cca53ca9e774ce56f4c2c832dc40ad6c22e32a", kill_on_drop: false }`
[INFO] running `Command { std: "docker" "exec" "-e" "SOURCE_DIR=/opt/rustwide/workdir" "-e" "CARGO_HOME=/opt/rustwide/cargo-home" "-e" "RUSTUP_HOME=/opt/rustwide/rustup-home" "-e" "CARGO_TARGET_DIR=/opt/rustwide/target" "-w" "/opt/rustwide/workdir" "--user" "0:0" "ca8b775cc099ca91a2e352ba03cca53ca9e774ce56f4c2c832dc40ad6c22e32a" "/opt/rustwide/cargo-home/bin/cargo" "+1.99.0-beta.8" "metadata" "--no-deps" "--format-version=1", kill_on_drop: false }`
[INFO] running `Command { std: "docker" "inspect" "ca8b775cc099ca91a2e352ba03cca53ca9e774ce56f4c2c832dc40ad6c22e32a", kill_on_drop: false }`
[INFO] running `Command { std: "docker" "exec" "-e" "SOURCE_DIR=/opt/rustwide/workdir" "-e" "CARGO_HOME=/opt/rustwide/cargo-home" "-e" "RUSTUP_HOME=/opt/rustwide/rustup-home" "-e" "CARGO_TARGET_DIR=/opt/rustwide/target" "-e" "CARGO_INCREMENTAL=0" "-e" "RUST_BACKTRACE=full" "-e" "RUSTFLAGS=--cap-lints=warn" "-e" "RUSTDOCFLAGS=--cap-lints=warn" "-w" "/opt/rustwide/workdir" "--user" "0:0" "ca8b775cc099ca91a2e352ba03cca53ca9e774ce56f4c2c832dc40ad6c22e32a" "/opt/rustwide/cargo-home/bin/cargo" "+1.99.0-beta.8" "build" "--frozen" "--message-format=json" "--release", kill_on_drop: false }`
[INFO] [stderr]    Compiling proc-macro2 v1.0.95
[INFO] [stderr]    Compiling unicode-ident v1.0.18
[INFO] [stderr]    Compiling libc v0.2.174
[INFO] [stderr]    Compiling cfg-if v1.0.1
[INFO] [stderr]    Compiling serde v1.0.219
[INFO] [stderr]    Compiling stable_deref_trait v1.2.0
[INFO] [stderr]    Compiling memchr v2.7.5
[INFO] [stderr]    Compiling proc-macro2-diagnostics v0.10.1
[INFO] [stderr]    Compiling bytes v1.10.1
[INFO] [stderr]    Compiling yansi v1.0.1
[INFO] [stderr]    Compiling itoa v1.0.15
[INFO] [stderr]    Compiling autocfg v1.5.0
[INFO] [stderr]    Compiling smallvec v1.15.1
[INFO] [stderr]    Compiling futures-channel v0.3.31
[INFO] [stderr]    Compiling hashbrown v0.15.4
[INFO] [stderr]    Compiling num-conv v0.1.0
[INFO] [stderr]    Compiling writeable v0.6.1
[INFO] [stderr]    Compiling futures-task v0.3.31
[INFO] [stderr]    Compiling bitcoin-io v0.1.3
[INFO] [stderr]    Compiling slab v0.4.10
[INFO] [stderr]    Compiling quote v1.0.40
[INFO] [stderr]    Compiling litemap v0.8.0
[INFO] [stderr]    Compiling syn v2.0.104
[INFO] [stderr]    Compiling futures-io v0.3.31
[INFO] [stderr]    Compiling socket2 v0.6.0
[INFO] [stderr]    Compiling signal-hook-registry v1.4.6
[INFO] [stderr]    Compiling mio v1.0.4
[INFO] [stderr]    Compiling time-core v0.1.4
[INFO] [stderr]    Compiling cc v1.2.31
[INFO] [stderr]    Compiling time-macros v0.2.22
[INFO] [stderr]    Compiling futures-util v0.3.31
[INFO] [stderr]    Compiling getrandom v0.2.16
[INFO] [stderr]    Compiling cookie v0.18.1
[INFO] [stderr]    Compiling icu_normalizer_data v2.0.0
[INFO] [stderr]    Compiling arrayvec v0.7.6
[INFO] [stderr]    Compiling ref-cast v1.0.24
[INFO] [stderr]    Compiling percent-encoding v2.3.1
[INFO] [stderr]    Compiling zerocopy v0.8.26
[INFO] [stderr]    Compiling icu_properties_data v2.0.1
[INFO] [stderr]    Compiling bitcoin-internals v0.3.0
[INFO] [stderr]    Compiling hex-conservative v0.2.1
[INFO] [stderr]    Compiling tracing-core v0.1.34
[INFO] [stderr]    Compiling futures-sink v0.3.31
[INFO] [stderr]    Compiling futures-core v0.3.31
[INFO] [stderr]    Compiling bitcoin_hashes v0.14.0
[INFO] [stderr]    Compiling secp256k1-sys v0.10.1
[INFO] [stderr]    Compiling once_cell v1.21.3
[INFO] [stderr]    Compiling powerfmt v0.2.0
[INFO] [stderr]    Compiling hex_lit v0.1.1
[INFO] [stderr]    Compiling pin-utils v0.1.0
[INFO] [stderr]    Compiling http v0.2.12
[INFO] [stderr]    Compiling deranged v0.4.0
[INFO] [stderr]    Compiling ppv-lite86 v0.2.21
[INFO] [stderr]    Compiling rand_core v0.6.4
[INFO] [stderr]    Compiling is-terminal v0.4.16
[INFO] [stderr]    Compiling lock_api v0.4.13
[INFO] [stderr]    Compiling httparse v1.10.1
[INFO] [stderr]    Compiling uncased v0.9.10
[INFO] [stderr]    Compiling synstructure v0.13.2
[INFO] [stderr]    Compiling unicase v2.8.1
[INFO] [stderr]    Compiling bitflags v2.9.1
[INFO] [stderr]    Compiling libm v0.2.15
[INFO] [stderr]    Compiling bitcoin v0.32.7
[INFO] [stderr]    Compiling try-lock v0.2.5
[INFO] [stderr]    Compiling parking_lot_core v0.9.11
[INFO] [stderr]    Compiling tinyvec v1.9.0
[INFO] [stderr]    Compiling want v0.3.1
[INFO] [stderr]    Compiling devise_core v0.4.2
[INFO] [stderr]    Compiling mime_guess v2.0.5
[INFO] [stderr]    Compiling rand_chacha v0.3.1
[INFO] [stderr]    Compiling tokio v1.47.1
[INFO] [stderr]    Compiling tracing v0.1.41
[INFO] [stderr]    Compiling http-body v0.4.6
[INFO] [stderr]    Compiling time v0.3.41
[INFO] [stderr]    Compiling serde_derive v1.0.219
[INFO] [stderr]    Compiling zerofrom-derive v0.1.6
[INFO] [stderr]    Compiling yoke-derive v0.8.0
[INFO] [stderr]    Compiling zerovec-derive v0.11.1
[INFO] [stderr]    Compiling displaydoc v0.2.5
[INFO] [stderr]    Compiling tokio-macros v2.5.0
[INFO] [stderr]    Compiling pear_codegen v0.2.9
[INFO] [stderr]    Compiling zerofrom v0.1.6
[INFO] [stderr]    Compiling tracing-attributes v0.1.30
[INFO] [stderr]    Compiling yoke v0.8.0
[INFO] [stderr]    Compiling zerovec v0.11.3
[INFO] [stderr]    Compiling zerotrie v0.2.2
[INFO] [stderr]    Compiling ref-cast-impl v1.0.24
[INFO] [stderr]    Compiling base58ck v0.1.0
[INFO] [stderr]    Compiling bitcoin-units v0.1.2
[INFO] [stderr]    Compiling socket2 v0.5.10
[INFO] [stderr]    Compiling tinystr v0.8.1
[INFO] [stderr]    Compiling icu_locale_core v2.0.0
[INFO] [stderr]    Compiling potential_utf v0.1.2
[INFO] [stderr]    Compiling icu_collections v2.0.0
[INFO] [stderr]    Compiling tower-service v0.3.3
[INFO] [stderr]    Compiling minimal-lexical v0.2.1
[INFO] [stderr]    Compiling secp256k1 v0.29.1
[INFO] [stderr]    Compiling httpdate v1.0.3
[INFO] [stderr]    Compiling rustix v1.0.8
[INFO] [stderr]    Compiling getrandom v0.3.3
[INFO] [stderr]    Compiling icu_provider v2.0.0
[INFO] [stderr]    Compiling inlinable_string v0.1.15
[INFO] [stderr]    Compiling equivalent v1.0.2
[INFO] [stderr]    Compiling bech32 v0.11.0
[INFO] [stderr]    Compiling winnow v0.7.12
[INFO] [stderr]    Compiling icu_properties v2.0.1
[INFO] [stderr]    Compiling icu_normalizer v2.0.0
[INFO] [stderr]    Compiling toml_write v0.1.2
[INFO] [stderr]    Compiling thiserror v1.0.69
[INFO] [stderr]    Compiling indexmap v2.10.0
[INFO] [stderr]    Compiling idna_adapter v1.2.1
[INFO] [stderr]    Compiling idna v1.0.3
[INFO] [stderr]    Compiling pear v0.2.9
[INFO] [stderr]    Compiling futures v0.3.31
[INFO] [stderr]    Compiling tokio-util v0.7.16
[INFO] [stderr]    Compiling toml_datetime v0.6.11
[INFO] [stderr]    Compiling serde_spanned v0.6.9
[INFO] [stderr]    Compiling hyper v0.14.32
[INFO] [stderr]    Compiling nom v7.1.3
[INFO] [stderr]    Compiling h2 v0.3.27
[INFO] [stderr]    Compiling toml_edit v0.22.27
[INFO] [stderr]    Compiling async-trait v0.1.88
[INFO] [stderr]    Compiling devise_codegen v0.4.2
[INFO] [stderr]    Compiling thiserror-impl v1.0.69
[INFO] [stderr]    Compiling unicode-normalization v0.1.24
[INFO] [stderr]    Compiling rand v0.8.5
[INFO] [stderr]    Compiling stable-pattern v0.1.0
[INFO] [stderr]    Compiling form_urlencoded v1.2.1
[INFO] [stderr]    Compiling num-traits v0.2.19
[INFO] [stderr]    Compiling figment v0.10.19
[INFO] [stderr]    Compiling multer v3.1.0
[INFO] [stderr]    Compiling log v0.4.27
[INFO] [stderr]    Compiling unicode-bidi v0.3.18
[INFO] [stderr]    Compiling predicates-core v1.0.9
[INFO] [stderr]    Compiling linux-raw-sys v0.9.4
[INFO] [stderr]    Compiling mockall_derive v0.13.1
[INFO] [stderr]    Compiling heck v0.5.0
[INFO] [stderr]    Compiling mime v0.3.17
[INFO] [stderr]    Compiling ryu v1.0.20
[INFO] [stderr]    Compiling state v0.6.0
[INFO] [stderr]    Compiling either v1.15.0
[INFO] [stderr]    Compiling serde_json v1.0.142
[INFO] [stderr]    Compiling rocket_http v0.5.1
[INFO] [stderr]    Compiling enum-as-inner v0.6.1
[INFO] [stderr]    Compiling idna v0.4.0
[INFO] [stderr]    Compiling url v2.5.4
[INFO] [stderr]    Compiling parking_lot v0.12.4
[INFO] [stderr]    Compiling toml v0.8.23
[INFO] [stderr]    Compiling basic-toml v0.1.10
[INFO] [stderr]    Compiling lightning-types v0.2.0
[INFO] [stderr]    Compiling devise v0.4.2
[INFO] [stderr]    Compiling askama_parser v0.2.1
[INFO] [stderr]    Compiling async-stream-impl v0.3.6
[INFO] [stderr]    Compiling http v1.3.1
[INFO] [stderr]    Compiling aho-corasick v1.1.3
[INFO] [stderr]    Compiling encoding_rs v0.8.35
[INFO] [stderr]    Compiling rocket v0.5.1
[INFO] [stderr]    Compiling regex-syntax v0.8.5
[INFO] [stderr]    Compiling data-encoding v2.9.0
[INFO] [stderr]    Compiling ipnet v2.11.0
[INFO] [stderr]    Compiling linked-hash-map v0.5.6
[INFO] [stderr]    Compiling termtree v0.5.1
[INFO] [stderr]    Compiling glob v0.3.2
[INFO] [stderr]    Compiling spin v0.9.8
[INFO] [stderr]    Compiling anstyle v1.0.11
[INFO] [stderr]    Compiling fastrand v2.3.0
[INFO] [stderr]    Compiling rocket_codegen v0.5.1
[INFO] [stderr]    Compiling tempfile v3.20.0
[INFO] [stderr]    Compiling regex-automata v0.4.9
[INFO] [stderr]    Compiling predicates v3.1.3
[INFO] [stderr]    Compiling predicates-tree v1.0.12
[INFO] [stderr]    Compiling lru-cache v0.1.2
[INFO] [stderr]    Compiling trust-dns-proto v0.23.2
[INFO] [stderr]    Compiling askama_derive v0.12.5
[INFO] [stderr]    Compiling async-stream v0.3.6
[INFO] [stderr]    Compiling lightning-invoice v0.33.2
[INFO] [stderr]    Compiling humansize v2.1.3
[INFO] [stderr]    Compiling ubyte v0.10.4
[INFO] [stderr]    Compiling tokio-stream v0.1.17
[INFO] [stderr]    Compiling possiblyrandom v0.2.0
[INFO] [stderr]    Compiling num_cpus v1.17.0
[INFO] [stderr]    Compiling resolv-conf v0.7.4
[INFO] [stderr]    Compiling hashbrown v0.13.2
[INFO] [stderr]    Compiling base64 v0.22.1
[INFO] [stderr]    Compiling unsafe-libyaml v0.2.11
[INFO] [stderr]    Compiling binascii v0.1.4
[INFO] [stderr]    Compiling fragile v2.0.1
[INFO] [stderr]    Compiling dnssec-prover v0.6.8
[INFO] [stderr]    Compiling atomic v0.5.3
[INFO] [stderr]    Compiling downcast v0.11.0
[INFO] [stderr]    Compiling askama_escape v0.10.3
[INFO] [stderr]    Compiling askama v0.12.1
[INFO] [stderr]    Compiling mockall v0.13.1
[INFO] [stderr]    Compiling lightning v0.1.5
[INFO] [stderr]    Compiling serde_yaml v0.9.34+deprecated
[INFO] [stderr]    Compiling base64-url v3.0.0
[INFO] [stderr]    Compiling trust-dns-resolver v0.23.2
[INFO] [stderr]    Compiling regex v1.11.1
[INFO] [stderr]    Compiling lightning-parser v0.1.0 (/opt/rustwide/workdir)
[INFO] [stderr]     Finished `release` profile [optimized] target(s) in 7m 17s
[INFO] running `Command { std: "docker" "inspect" "ca8b775cc099ca91a2e352ba03cca53ca9e774ce56f4c2c832dc40ad6c22e32a", kill_on_drop: false }`
[INFO] running `Command { std: "docker" "exec" "-e" "SOURCE_DIR=/opt/rustwide/workdir" "-e" "CARGO_HOME=/opt/rustwide/cargo-home" "-e" "RUSTUP_HOME=/opt/rustwide/rustup-home" "-e" "CARGO_TARGET_DIR=/opt/rustwide/target" "-e" "CARGO_INCREMENTAL=0" "-e" "RUST_BACKTRACE=full" "-e" "RUSTFLAGS=--cap-lints=warn" "-e" "RUSTDOCFLAGS=--cap-lints=warn" "-w" "/opt/rustwide/workdir" "--user" "0:0" "ca8b775cc099ca91a2e352ba03cca53ca9e774ce56f4c2c832dc40ad6c22e32a" "/opt/rustwide/cargo-home/bin/cargo" "+1.99.0-beta.8" "test" "--frozen" "--no-run" "--message-format=json" "--release", kill_on_drop: false }`
[INFO] [stderr]    Compiling tokio v1.47.1
[INFO] [stderr]    Compiling bitcoin-io v0.1.3
[INFO] [stderr]    Compiling bitcoin-internals v0.3.0
[INFO] [stderr]    Compiling hex-conservative v0.2.1
[INFO] [stderr]    Compiling secp256k1-sys v0.10.1
[INFO] [stderr]    Compiling bitcoin v0.32.7
[INFO] [stderr]    Compiling bech32 v0.11.0
[INFO] [stderr]    Compiling bitcoin-units v0.1.2
[INFO] [stderr]    Compiling bitcoin_hashes v0.14.0
[INFO] [stderr]    Compiling base58ck v0.1.0
[INFO] [stderr]    Compiling tokio-util v0.7.16
[INFO] [stderr]    Compiling tokio-stream v0.1.17
[INFO] [stderr]    Compiling trust-dns-proto v0.23.2
[INFO] [stderr]    Compiling h2 v0.3.27
[INFO] [stderr]    Compiling multer v3.1.0
[INFO] [stderr]    Compiling tokio-test v0.4.4
[INFO] [stderr]    Compiling secp256k1 v0.29.1
[INFO] [stderr]    Compiling trust-dns-resolver v0.23.2
[INFO] [stderr]    Compiling hyper v0.14.32
[INFO] [stderr]    Compiling rocket_http v0.5.1
[INFO] [stderr]    Compiling lightning-types v0.2.0
[INFO] [stderr]    Compiling lightning-invoice v0.33.2
[INFO] [stderr]    Compiling lightning v0.1.5
[INFO] [stderr]    Compiling rocket v0.5.1
[INFO] [stderr]    Compiling lightning-parser v0.1.0 (/opt/rustwide/workdir)
[INFO] [stderr]     Finished `release` profile [optimized] target(s) in 3m 55s
[INFO] running `Command { std: "docker" "inspect" "ca8b775cc099ca91a2e352ba03cca53ca9e774ce56f4c2c832dc40ad6c22e32a", kill_on_drop: false }`
[INFO] running `Command { std: "docker" "exec" "-e" "SOURCE_DIR=/opt/rustwide/workdir" "-e" "CARGO_HOME=/opt/rustwide/cargo-home" "-e" "RUSTUP_HOME=/opt/rustwide/rustup-home" "-e" "CARGO_TARGET_DIR=/opt/rustwide/target" "-e" "CARGO_INCREMENTAL=0" "-e" "RUST_BACKTRACE=full" "-e" "RUSTFLAGS=--cap-lints=warn" "-e" "RUSTDOCFLAGS=--cap-lints=warn" "-w" "/opt/rustwide/workdir" "--user" "0:0" "ca8b775cc099ca91a2e352ba03cca53ca9e774ce56f4c2c832dc40ad6c22e32a" "/opt/rustwide/cargo-home/bin/cargo" "+1.99.0-beta.8" "test" "--frozen" "--release", kill_on_drop: false }`
[INFO] [stderr]     Finished `release` profile [optimized] target(s) in 0.39s
[INFO] [stderr]      Running unittests src/lib.rs (/opt/rustwide/target/release/deps/lightning_parser-e2ed3da62670d86c)
[INFO] [stdout] 
[INFO] [stdout] running 14 tests
[INFO] [stdout] test invoice_parser::tests::test_parse_bolt12_offer_minimal ... ok
[INFO] [stdout] test bip353::tests::test_extract_lno_offer ... ok
[INFO] [stdout] test bip353::tests::test_contains_bitcoin_address ... ok
[INFO] [stdout] test invoice_parser::tests::test_parse_bolt12_offer_with_description ... ok
[INFO] [stdout] test bip353::tests::test_resolve_bip353_address_no_records ... ok
[INFO] [stdout] test invoice_parser::tests::test_parse_bolt12_offer_with_quantity ... ok
[INFO] [stdout] test invoice_parser::tests::test_parse_invalid_invoice ... ok
[INFO] [stdout] test invoice_parser::tests::test_parse_valid_invoice ... ok
[INFO] [stdout] test bip353::tests::test_is_bip353_address ... ok
[INFO] [stdout] test invoice_parser::tests::test_parse_bolt12_offer_with_amount ... ok
[INFO] [stdout] test invoice_parser::tests::test_parse_bolt12_offer_with_currency ... ok
[INFO] [stdout] test bip353::tests::test_resolve_bip353_address_with_bitcoin_only ... ok
[INFO] [stdout] test bip353::tests::test_parse_bip353_address ... ok
[INFO] [stdout] test bip353::tests::test_resolve_bip353_address_with_lno ... ok
[INFO] [stdout] 
[INFO] [stdout] test result: ok. 14 passed; 0 failed; 0 ignored; 0 measured; 0 filtered out; finished in 0.01s
[INFO] [stdout] 
[INFO] [stderr]      Running unittests src/main.rs (/opt/rustwide/target/release/deps/lightning_parser-41997ccae7568f1d)
[INFO] [stdout] 
[INFO] [stdout] running 0 tests
[INFO] [stdout] 
[INFO] [stdout] test result: ok. 0 passed; 0 failed; 0 ignored; 0 measured; 0 filtered out; finished in 0.00s
[INFO] [stdout] 
[INFO] [stderr]      Running tests/integration.rs (/opt/rustwide/target/release/deps/integration-bb714e82978da8d4)
[INFO] [stdout] 
[INFO] [stdout] running 7 tests
[INFO] [stdout] Routes:
[INFO] [stdout]    >> (index) GET /
[INFO] [stdout]    >> (FileServer: public) GET /<path..> [10]
[INFO] [stdout]    >> (parse_invoice) POST /parse-invoice
[INFO] [stdout]    >> (query_invoice) GET /q/<invoice>?<agent>
[INFO] [stdout] Fairings:
[INFO] [stdout]    >> Shield (liftoff, response, singleton)
[INFO] [stdout] Shield:
[INFO] [stdout]    >> X-Content-Type-Options: nosniff
[INFO] [stdout]    >> Permissions-Policy: interest-cohort=()
[INFO] [stdout]    >> X-Frame-Options: SAMEORIGIN
[INFO] [stdout] Rocket has launched locally
[INFO] [stdout] GET /q/lno1pqpzwyq2p32x2um5ypmx2cm5dae8x93pqthvwfzadd7jejes8q9lhc4rvjxd022zv5l44g6qah82ru5rdpnpj:
[INFO] [stdout] Rocket has launched locally
[INFO] [stdout] Rocket has launched locally
[INFO] [stdout] Rocket has launched locally
[INFO] [stdout] test integration_bolt12_offer_html ... ok
[INFO] [stdout] Configured for release.
[INFO] [stdout]    >> address: 127.0.0.1
[INFO] [stdout]    >> port: 8000
[INFO] [stdout]    >> workers: 8
[INFO] [stdout]    >> max blocking threads: 512
[INFO] [stdout]    >> ident: Rocket
[INFO] [stdout]    >> IP header: X-Real-IP
[INFO] [stdout]    >> limits: bytes = 8KiB, data-form = 2MiB, file = 1MiB, form = 32KiB, json = 1MiB, msgpack = 1MiB, string = 8KiB
[INFO] [stdout]    >> temp dir: /tmp
[INFO] [stdout]    >> http/2: true
[INFO] [stdout]    >> keep-alive: 5s
[INFO] [stdout]    >> tls: disabled
[INFO] [stdout]    >> shutdown: ctrlc = true, force = true, signals = [SIGTERM], grace = 2s, mercy = 3s
[INFO] [stdout]    >> log level: critical
[INFO] [stdout]    >> cli colors: true
[INFO] [stdout] Routes:
[INFO] [stdout]    >> (index) GET /
[INFO] [stdout]    >> (FileServer: public) GET /<path..> [10]
[INFO] [stdout]    >> (parse_invoice) POST /parse-invoice
[INFO] [stdout]    >> (query_invoice) GET /q/<invoice>?<agent>
[INFO] [stdout] Fairings:
[INFO] [stdout]    >> Shield (liftoff, response, singleton)
[INFO] [stdout] Rocket has launched locally
[INFO] [stdout] Rocket has launched locally
[INFO] [stdout] Rocket has launched locally
[INFO] [stdout] test integration_static_robots_and_agents ... ok
[INFO] [stdout] test integration_bolt11_invoice_html ... ok
[INFO] [stdout] test integration_bip353_dns_html ... FAILED
[INFO] [stdout] test integration_bolt11_invoice_yaml_with_agent ... FAILED
[INFO] [stdout] test integration_bip353_dns_yaml_with_agent ... FAILED
[INFO] [stdout] test integration_bolt12_offer_yaml_with_agent ... FAILED
[INFO] [stdout] 
[INFO] [stdout] failures:
[INFO] [stdout] 
[INFO] [stdout] ---- integration_bip353_dns_html stdout ----
[INFO] [stdout] 
[INFO] [stdout] thread 'integration_bip353_dns_html' (5104) panicked at tests/integration.rs:189:9:
[INFO] [stdout] BIP353 resolution failed: status=400 Bad Request, body=<!doctype html>
[INFO] [stdout] <html lang="en">
[INFO] [stdout]   <head>
[INFO] [stdout]     <meta charset="utf-8">
[INFO] [stdout]     <meta name="viewport" content="width=device-width, initial-scale=1">
[INFO] [stdout]     <title>Lightning Parser</title>
[INFO] [stdout]     <link rel="stylesheet" href="/css/app.css">
[INFO] [stdout]   </head>
[INFO] [stdout]   <body>
[INFO] [stdout]     <!-- Full-screen background storm animation -->
[INFO] [stdout]     <pre id="storm-terminal" aria-label="ASCII thunderstorm animation"></pre>
[INFO] [stdout]     
[INFO] [stdout]     <!-- Lightning flash overlay -->
[INFO] [stdout]     <div class="lightning-flash" id="lightning-flash"></div>
[INFO] [stdout]     
[INFO] [stdout]     
[INFO] [stdout] <header class="query-header">
[INFO] [stdout]   <div class="container">
[INFO] [stdout]     <div class="header-content">
[INFO] [stdout]       <a href="/" class="back-arrow" title="Back to home">
[INFO] [stdout]         <svg width="24" height="24" viewBox="0 0 24 24" fill="currentColor">
[INFO] [stdout]           <path d="M20 11H7.83l5.59-5.59L12 4l-8 8 8 8 1.42-1.41L7.83 13H20v-2z"/>
[INFO] [stdout]         </svg>
[INFO] [stdout]       </a>
[INFO] [stdout]       <h1 class="query-title">Lightning Parser</h1>
[INFO] [stdout]     </div>
[INFO] [stdout]   </div>
[INFO] [stdout] </header>
[INFO] [stdout] 
[INFO] [stdout]     <main class="container">
[INFO] [stdout]       
[INFO] [stdout]   <section>
[INFO] [stdout]     <h3>Parse Error</h3>
[INFO] [stdout]     <table class="invoice-table">
[INFO] [stdout]       <tr>
[INFO] [stdout]         <th>Error Type</th>
[INFO] [stdout]         <th>Details</th>
[INFO] [stdout]       </tr>
[INFO] [stdout]       <tr>
[INFO] [stdout]         <td>Parse Failed</td>
[INFO] [stdout]         <td>Failed to resolve DNS: DNS lookup failed: proto error: io error: Network is unreachable (os error 101)</td>
[INFO] [stdout]       </tr>
[INFO] [stdout]       <tr>
[INFO] [stdout]         <td>Input</td>
[INFO] [stdout]         <td>
[INFO] [stdout]           <code style="word-break: break-all; font-family: ui-monospace, SFMono-Regular, Menlo, Monaco, Consolas, 'Liberation Mono', 'Courier New', monospace;">matt@mattcorallo.com</code>
[INFO] [stdout]         </td>
[INFO] [stdout]       </tr>
[INFO] [stdout]       <tr>
[INFO] [stdout]         <td>Hint</td>
[INFO] [stdout]         <td>
[INFO] [stdout]           Valid Lightning invoices start with <code>ln</code> (Bolt11) or <code>lno</code> (Bolt12 offers).
[INFO] [stdout]           <br>
[INFO] [stdout]           Try entering a valid Lightning Network invoice or offer.
[INFO] [stdout]         </td>
[INFO] [stdout]       </tr>
[INFO] [stdout]     </table>
[INFO] [stdout]   </section>
[INFO] [stdout] 
[INFO] [stdout]     </main>
[INFO] [stdout]     
[INFO] [stdout]     <footer>
[INFO] [stdout]       <div class="footer-content">
[INFO] [stdout]         <small>Vibed from the end of the world 🐧🏔️</small>
[INFO] [stderr] error: test failed, to rerun pass `--test integration`
[INFO] [stdout]         <a href="https://www.github.com/a-mpch/lightning-parser" target="_blank" rel="noopener noreferrer" class="github-link">
[INFO] [stdout]           <svg width="24" height="24" viewBox="0 0 24 24" fill="currentColor">
[INFO] [stdout]             <path d="M12 0c-6.626 0-12 5.373-12 12 0 5.302 3.438 9.8 8.207 11.387.599.111.793-.261.793-.577v-2.234c-3.338.726-4.033-1.416-4.033-1.416-.546-1.387-1.333-1.756-1.333-1.756-1.089-.745.083-.729.083-.729 1.205.084 1.839 1.237 1.839 1.237 1.07 1.834 2.807 1.304 3.492.997.107-.775.418-1.305.762-1.604-2.665-.305-5.467-1.334-5.467-5.931 0-1.311.469-2.381 1.236-3.221-.124-.303-.535-1.524.117-3.176 0 0 1.008-.322 3.301 1.23.957-.266 1.983-.399 3.003-.404 1.02.005 2.047.138 3.006.404 2.291-1.552 3.297-1.23 3.297-1.30.653 1.653.242 2.874.118 3.176.77.84 1.235 1.911 1.235 3.221 0 4.609-2.807 5.624-5.479 5.921.43.372.823 1.102.823 2.222v3.293c0 .319.192.694.801.576 4.765-1.589 8.199-6.086 8.199-11.386 0-6.627-5.373-12-12-12z"/>
[INFO] [stdout]           </svg>
[INFO] [stdout]         </a>
[INFO] [stdout]       </div>
[INFO] [stdout]     </footer>
[INFO] [stdout]     
[INFO] [stdout]     <script src="/js/storm.js" defer></script>
[INFO] [stdout]     <script src="/js/timestamps.js" defer></script>
[INFO] [stdout]     <script src="/js/copy.js" defer></script>
[INFO] [stdout]   </body>
[INFO] [stdout] </html>
[INFO] [stdout] stack backtrace:
[INFO] [stdout]    0:     0x593f83ab0691 - <<std[70759c8f55707aa4]::sys::backtrace::BacktraceLock>::print::DisplayBacktrace as core[df12db4294e9bfd3]::fmt::Display>::fmt
[INFO] [stdout]    1:     0x593f83ac916a - core[df12db4294e9bfd3]::fmt::write
[INFO] [stdout]    2:     0x593f83ab4f5c - <alloc[2182bb758b4b3781]::vec::Vec<u8> as core[df12db4294e9bfd3]::io::write::Write>::write_fmt
[INFO] [stdout]    3:     0x593f83a8b866 - std[70759c8f55707aa4]::panicking::default_hook::{closure#0}
[INFO] [stdout]    4:     0x593f83aa86d9 - std[70759c8f55707aa4]::panicking::default_hook
[INFO] [stdout]    5:     0x593f83731810 - test[9d35eded1c95d3be]::test_main_inner::<test[9d35eded1c95d3be]::test_main_static::{closure#0}>::{closure#0}
[INFO] [stdout]    6:     0x593f83aa8a02 - std[70759c8f55707aa4]::panicking::panic_with_hook
[INFO] [stdout]    7:     0x593f83a8b912 - std[70759c8f55707aa4]::panicking::panic_handler::{closure#0}
[INFO] [stdout]    8:     0x593f83a844d9 - std[70759c8f55707aa4]::sys::backtrace::__rust_end_short_backtrace::<std[70759c8f55707aa4]::panicking::panic_handler::{closure#0}, !>
[INFO] [stdout]    9:     0x593f83a8c50d - __rustc[8fa7c3cbc660c2b3]::rust_begin_unwind
[INFO] [stdout]   10:     0x593f83ac994c - core[df12db4294e9bfd3]::panicking::panic_fmt
[INFO] [stdout]   11:     0x593f83696008 - <tokio[7d3f94fcfe71df86]::runtime::park::CachedParkThread>::block_on::<integration[93f8843159253d67]::integration_bip353_dns_html::{closure#0}>
[INFO] [stdout]   12:     0x593f836e530e - tokio[7d3f94fcfe71df86]::runtime::context::runtime::enter_runtime::<<tokio[7d3f94fcfe71df86]::runtime::scheduler::multi_thread::MultiThread>::block_on<integration[93f8843159253d67]::integration_bip353_dns_html::{closure#0}>::{closure#0}, ()>
[INFO] [stdout]   13:     0x593f836f337a - rocket[fdcba57235c9917d]::async_run::<integration[93f8843159253d67]::integration_bip353_dns_html::{closure#0}, ()>
[INFO] [stdout]   14:     0x593f836f2e76 - <integration[93f8843159253d67]::integration_bip353_dns_html::{closure#0} as core[df12db4294e9bfd3]::ops::function::FnOnce<()>>::call_once
[INFO] [stdout]   15:     0x593f83724afb - test[9d35eded1c95d3be]::__rust_begin_short_backtrace::<core[df12db4294e9bfd3]::result::Result<(), alloc[2182bb758b4b3781]::string::String>, fn() -> core[df12db4294e9bfd3]::result::Result<(), alloc[2182bb758b4b3781]::string::String>>
[INFO] [stdout]   16:     0x593f83732165 - test[9d35eded1c95d3be]::run_test::{closure#0}
[INFO] [stdout]   17:     0x593f8372ba24 - std[70759c8f55707aa4]::sys::backtrace::__rust_begin_short_backtrace::<test[9d35eded1c95d3be]::run_test::{closure#1}, ()>
[INFO] [stdout]   18:     0x593f837352c2 - <std[70759c8f55707aa4]::thread::lifecycle::spawn_unchecked<test[9d35eded1c95d3be]::run_test::{closure#1}, ()>::{closure#1} as core[df12db4294e9bfd3]::ops::function::FnOnce<()>>::call_once::{shim:vtable#0}
[INFO] [stdout]   19:     0x593f83aafbb9 - <std[70759c8f55707aa4]::sys::thread::unix::Thread>::new::thread_start
[INFO] [stdout]   20:     0x7166a1415dfa - <unknown>
[INFO] [stdout]   21:     0x7166a14a93d4 - clone
[INFO] [stdout]   22:                0x0 - <unknown>
[INFO] [stdout] 
[INFO] [stdout] ---- integration_bolt11_invoice_yaml_with_agent stdout ----
[INFO] [stdout] 
[INFO] [stdout] thread 'integration_bolt11_invoice_yaml_with_agent' (5107) panicked at tests/integration.rs:90:68:
[INFO] [stdout] valid yaml: Error { kind: SCANNER, problem: "mapping values are not allowed in this context", problem_mark: Mark { line: 2, column: 16 } }
[INFO] [stdout] stack backtrace:
[INFO] [stdout]    0:     0x593f83ab0691 - <<std[70759c8f55707aa4]::sys::backtrace::BacktraceLock>::print::DisplayBacktrace as core[df12db4294e9bfd3]::fmt::Display>::fmt
[INFO] [stdout]    1:     0x593f83ac916a - core[df12db4294e9bfd3]::fmt::write
[INFO] [stdout]    2:     0x593f83ab4f5c - <alloc[2182bb758b4b3781]::vec::Vec<u8> as core[df12db4294e9bfd3]::io::write::Write>::write_fmt
[INFO] [stdout]    3:     0x593f83a8b866 - std[70759c8f55707aa4]::panicking::default_hook::{closure#0}
[INFO] [stdout]    4:     0x593f83aa86d9 - std[70759c8f55707aa4]::panicking::default_hook
[INFO] [stdout]    5:     0x593f83731810 - test[9d35eded1c95d3be]::test_main_inner::<test[9d35eded1c95d3be]::test_main_static::{closure#0}>::{closure#0}
[INFO] [stdout]    6:     0x593f83aa8a02 - std[70759c8f55707aa4]::panicking::panic_with_hook
[INFO] [stdout]    7:     0x593f83a8b912 - std[70759c8f55707aa4]::panicking::panic_handler::{closure#0}
[INFO] [stdout]    8:     0x593f83a844d9 - std[70759c8f55707aa4]::sys::backtrace::__rust_end_short_backtrace::<std[70759c8f55707aa4]::panicking::panic_handler::{closure#0}, !>
[INFO] [stdout]    9:     0x593f83a8c50d - __rustc[8fa7c3cbc660c2b3]::rust_begin_unwind
[INFO] [stdout]   10:     0x593f83ac994c - core[df12db4294e9bfd3]::panicking::panic_fmt
[INFO] [stdout]   11:     0x593f83ac9722 - core[df12db4294e9bfd3]::result::unwrap_failed
[INFO] [stdout]   12:     0x593f8369a668 - <tokio[7d3f94fcfe71df86]::runtime::park::CachedParkThread>::block_on::<integration[93f8843159253d67]::integration_bolt11_invoice_yaml_with_agent::{closure#0}>
[INFO] [stdout]   13:     0x593f836e5f1e - tokio[7d3f94fcfe71df86]::runtime::context::runtime::enter_runtime::<<tokio[7d3f94fcfe71df86]::runtime::scheduler::multi_thread::MultiThread>::block_on<integration[93f8843159253d67]::integration_bolt11_invoice_yaml_with_agent::{closure#0}>::{closure#0}, ()>
[INFO] [stdout]   14:     0x593f836f487a - rocket[fdcba57235c9917d]::async_run::<integration[93f8843159253d67]::integration_bolt11_invoice_yaml_with_agent::{closure#0}, ()>
[INFO] [stdout]   15:     0x593f836f30b6 - <integration[93f8843159253d67]::integration_bolt11_invoice_yaml_with_agent::{closure#0} as core[df12db4294e9bfd3]::ops::function::FnOnce<()>>::call_once
[INFO] [stdout]   16:     0x593f83724afb - test[9d35eded1c95d3be]::__rust_begin_short_backtrace::<core[df12db4294e9bfd3]::result::Result<(), alloc[2182bb758b4b3781]::string::String>, fn() -> core[df12db4294e9bfd3]::result::Result<(), alloc[2182bb758b4b3781]::string::String>>
[INFO] [stdout]   17:     0x593f83732165 - test[9d35eded1c95d3be]::run_test::{closure#0}
[INFO] [stdout]   18:     0x593f8372ba24 - std[70759c8f55707aa4]::sys::backtrace::__rust_begin_short_backtrace::<test[9d35eded1c95d3be]::run_test::{closure#1}, ()>
[INFO] [stdout]   19:     0x593f837352c2 - <std[70759c8f55707aa4]::thread::lifecycle::spawn_unchecked<test[9d35eded1c95d3be]::run_test::{closure#1}, ()>::{closure#1} as core[df12db4294e9bfd3]::ops::function::FnOnce<()>>::call_once::{shim:vtable#0}
[INFO] [stdout]   20:     0x593f83aafbb9 - <std[70759c8f55707aa4]::sys::thread::unix::Thread>::new::thread_start
[INFO] [stdout]   21:     0x7166a1415dfa - <unknown>
[INFO] [stdout]   22:     0x7166a14a93d4 - clone
[INFO] [stdout]   23:                0x0 - <unknown>
[INFO] [stdout] 
[INFO] [stdout] ---- integration_bip353_dns_yaml_with_agent stdout ----
[INFO] [stdout] 
[INFO] [stdout] thread 'integration_bip353_dns_yaml_with_agent' (5105) panicked at tests/integration.rs:206:9:
[INFO] [stdout] BIP353 YAML resolution failed: status=400 Bad Request, body=Failed to resolve DNS: DNS lookup failed: proto error: io error: Network is unreachable (os error 101)
[INFO] [stdout] stack backtrace:
[INFO] [stdout]    0:     0x593f83ab0691 - <<std[70759c8f55707aa4]::sys::backtrace::BacktraceLock>::print::DisplayBacktrace as core[df12db4294e9bfd3]::fmt::Display>::fmt
[INFO] [stdout]    1:     0x593f83ac916a - core[df12db4294e9bfd3]::fmt::write
[INFO] [stdout]    2:     0x593f83ab4f5c - <alloc[2182bb758b4b3781]::vec::Vec<u8> as core[df12db4294e9bfd3]::io::write::Write>::write_fmt
[INFO] [stdout]    3:     0x593f83a8b866 - std[70759c8f55707aa4]::panicking::default_hook::{closure#0}
[INFO] [stdout]    4:     0x593f83aa86d9 - std[70759c8f55707aa4]::panicking::default_hook
[INFO] [stdout]    5:     0x593f83731810 - test[9d35eded1c95d3be]::test_main_inner::<test[9d35eded1c95d3be]::test_main_static::{closure#0}>::{closure#0}
[INFO] [stdout]    6:     0x593f83aa8a02 - std[70759c8f55707aa4]::panicking::panic_with_hook
[INFO] [stdout]    7:     0x593f83a8b912 - std[70759c8f55707aa4]::panicking::panic_handler::{closure#0}
[INFO] [stdout]    8:     0x593f83a844d9 - std[70759c8f55707aa4]::sys::backtrace::__rust_end_short_backtrace::<std[70759c8f55707aa4]::panicking::panic_handler::{closure#0}, !>
[INFO] [stdout]    9:     0x593f83a8c50d - __rustc[8fa7c3cbc660c2b3]::rust_begin_unwind
[INFO] [stdout]   10:     0x593f83ac994c - core[df12db4294e9bfd3]::panicking::panic_fmt
[INFO] [stdout]   11:     0x593f83699210 - <tokio[7d3f94fcfe71df86]::runtime::park::CachedParkThread>::block_on::<integration[93f8843159253d67]::integration_bip353_dns_yaml_with_agent::{closure#0}>
[INFO] [stdout]   12:     0x593f836e5b1e - tokio[7d3f94fcfe71df86]::runtime::context::runtime::enter_runtime::<<tokio[7d3f94fcfe71df86]::runtime::scheduler::multi_thread::MultiThread>::block_on<integration[93f8843159253d67]::integration_bip353_dns_yaml_with_agent::{closure#0}>::{closure#0}, ()>
[INFO] [stdout]   13:     0x593f836f417a - rocket[fdcba57235c9917d]::async_run::<integration[93f8843159253d67]::integration_bip353_dns_yaml_with_agent::{closure#0}, ()>
[INFO] [stdout]   14:     0x593f836f2ff6 - <integration[93f8843159253d67]::integration_bip353_dns_yaml_with_agent::{closure#0} as core[df12db4294e9bfd3]::ops::function::FnOnce<()>>::call_once
[INFO] [stdout]   15:     0x593f83724afb - test[9d35eded1c95d3be]::__rust_begin_short_backtrace::<core[df12db4294e9bfd3]::result::Result<(), alloc[2182bb758b4b3781]::string::String>, fn() -> core[df12db4294e9bfd3]::result::Result<(), alloc[2182bb758b4b3781]::string::String>>
[INFO] [stdout]   16:     0x593f83732165 - test[9d35eded1c95d3be]::run_test::{closure#0}
[INFO] [stdout]   17:     0x593f8372ba24 - std[70759c8f55707aa4]::sys::backtrace::__rust_begin_short_backtrace::<test[9d35eded1c95d3be]::run_test::{closure#1}, ()>
[INFO] [stdout]   18:     0x593f837352c2 - <std[70759c8f55707aa4]::thread::lifecycle::spawn_unchecked<test[9d35eded1c95d3be]::run_test::{closure#1}, ()>::{closure#1} as core[df12db4294e9bfd3]::ops::function::FnOnce<()>>::call_once::{shim:vtable#0}
[INFO] [stdout]   19:     0x593f83aafbb9 - <std[70759c8f55707aa4]::sys::thread::unix::Thread>::new::thread_start
[INFO] [stdout]   20:     0x7166a1415dfa - <unknown>
[INFO] [stdout]   21:     0x7166a14a93d4 - clone
[INFO] [stdout]   22:                0x0 - <unknown>
[INFO] [stdout] 
[INFO] [stdout] ---- integration_bolt12_offer_yaml_with_agent stdout ----
[INFO] [stdout] 
[INFO] [stdout] thread 'integration_bolt12_offer_yaml_with_agent' (5110) panicked at tests/integration.rs:169:64:
[INFO] [stdout] valid yaml: Error { kind: SCANNER, problem: "mapping values are not allowed in this context", problem_mark: Mark { line: 2, column: 16 } }
[INFO] [stdout] stack backtrace:
[INFO] [stdout]    0:     0x593f83ab0691 - <<std[70759c8f55707aa4]::sys::backtrace::BacktraceLock>::print::DisplayBacktrace as core[df12db4294e9bfd3]::fmt::Display>::fmt
[INFO] [stdout]    1:     0x593f83ac916a - core[df12db4294e9bfd3]::fmt::write
[INFO] [stdout]    2:     0x593f83ab4f5c - <alloc[2182bb758b4b3781]::vec::Vec<u8> as core[df12db4294e9bfd3]::io::write::Write>::write_fmt
[INFO] [stdout]    3:     0x593f83a8b866 - std[70759c8f55707aa4]::panicking::default_hook::{closure#0}
[INFO] [stdout]    4:     0x593f83aa86d9 - std[70759c8f55707aa4]::panicking::default_hook
[INFO] [stdout]    5:     0x593f83731810 - test[9d35eded1c95d3be]::test_main_inner::<test[9d35eded1c95d3be]::test_main_static::{closure#0}>::{closure#0}
[INFO] [stdout]    6:     0x593f83aa8a02 - std[70759c8f55707aa4]::panicking::panic_with_hook
[INFO] [stdout]    7:     0x593f83a8b912 - std[70759c8f55707aa4]::panicking::panic_handler::{closure#0}
[INFO] [stdout]    8:     0x593f83a844d9 - std[70759c8f55707aa4]::sys::backtrace::__rust_end_short_backtrace::<std[70759c8f55707aa4]::panicking::panic_handler::{closure#0}, !>
[INFO] [stdout]    9:     0x593f83a8c50d - __rustc[8fa7c3cbc660c2b3]::rust_begin_unwind
[INFO] [stdout]   10:     0x593f83ac994c - core[df12db4294e9bfd3]::panicking::panic_fmt
[INFO] [stdout]   11:     0x593f83ac9722 - core[df12db4294e9bfd3]::result::unwrap_failed
[INFO] [stdout]   12:     0x593f83699bf8 - <tokio[7d3f94fcfe71df86]::runtime::park::CachedParkThread>::block_on::<integration[93f8843159253d67]::integration_bolt12_offer_yaml_with_agent::{closure#0}>
[INFO] [stdout]   13:     0x593f836e5d1e - tokio[7d3f94fcfe71df86]::runtime::context::runtime::enter_runtime::<<tokio[7d3f94fcfe71df86]::runtime::scheduler::multi_thread::MultiThread>::block_on<integration[93f8843159253d67]::integration_bolt12_offer_yaml_with_agent::{closure#0}>::{closure#0}, ()>
[INFO] [stdout]   14:     0x593f836f44fa - rocket[fdcba57235c9917d]::async_run::<integration[93f8843159253d67]::integration_bolt12_offer_yaml_with_agent::{closure#0}, ()>
[INFO] [stdout]   15:     0x593f836f3056 - <integration[93f8843159253d67]::integration_bolt12_offer_yaml_with_agent::{closure#0} as core[df12db4294e9bfd3]::ops::function::FnOnce<()>>::call_once
[INFO] [stdout]   16:     0x593f83724afb - test[9d35eded1c95d3be]::__rust_begin_short_backtrace::<core[df12db4294e9bfd3]::result::Result<(), alloc[2182bb758b4b3781]::string::String>, fn() -> core[df12db4294e9bfd3]::result::Result<(), alloc[2182bb758b4b3781]::string::String>>
[INFO] [stdout]   17:     0x593f83732165 - test[9d35eded1c95d3be]::run_test::{closure#0}
[INFO] [stdout]   18:     0x593f8372ba24 - std[70759c8f55707aa4]::sys::backtrace::__rust_begin_short_backtrace::<test[9d35eded1c95d3be]::run_test::{closure#1}, ()>
[INFO] [stdout]   19:     0x593f837352c2 - <std[70759c8f55707aa4]::thread::lifecycle::spawn_unchecked<test[9d35eded1c95d3be]::run_test::{closure#1}, ()>::{closure#1} as core[df12db4294e9bfd3]::ops::function::FnOnce<()>>::call_once::{shim:vtable#0}
[INFO] [stdout]   20:     0x593f83aafbb9 - <std[70759c8f55707aa4]::sys::thread::unix::Thread>::new::thread_start
[INFO] [stdout]   21:     0x7166a1415dfa - <unknown>
[INFO] [stdout]   22:     0x7166a14a93d4 - clone
[INFO] [stdout]   23:                0x0 - <unknown>
[INFO] [stdout] 
[INFO] [stdout] 
[INFO] [stdout] failures:
[INFO] [stdout]     integration_bip353_dns_html
[INFO] [stdout]     integration_bip353_dns_yaml_with_agent
[INFO] [stdout]     integration_bolt11_invoice_yaml_with_agent
[INFO] [stdout]     integration_bolt12_offer_yaml_with_agent
[INFO] [stdout] 
[INFO] [stdout] test result: FAILED. 3 passed; 4 failed; 0 ignored; 0 measured; 0 filtered out; finished in 0.03s
[INFO] [stdout] 
[INFO] running `Command { std: "docker" "inspect" "ca8b775cc099ca91a2e352ba03cca53ca9e774ce56f4c2c832dc40ad6c22e32a", kill_on_drop: false }`
[INFO] running `Command { std: "docker" "rm" "-f" "ca8b775cc099ca91a2e352ba03cca53ca9e774ce56f4c2c832dc40ad6c22e32a", kill_on_drop: false }`
[INFO] [stdout] ca8b775cc099ca91a2e352ba03cca53ca9e774ce56f4c2c832dc40ad6c22e32a
