[INFO] cloning repository https://github.com/YogirajT/rustnet
[INFO] running `Command { std: "git" "-c" "credential.helper=" "-c" "credential.helper=/workspace/cargo-home/bin/git-credential-null" "clone" "--bare" "https://github.com/YogirajT/rustnet" "/workspace/cache/git-repos/https%3A%2F%2Fgithub.com%2FYogirajT%2Frustnet", kill_on_drop: false }`
[INFO] [stderr] Cloning into bare repository '/workspace/cache/git-repos/https%3A%2F%2Fgithub.com%2FYogirajT%2Frustnet'...
[INFO] running `Command { std: "git" "rev-parse" "HEAD", kill_on_drop: false }`
[INFO] [stdout] db4378778c314b6e49ad6b10fff4ab43ff42ed19
[INFO] testing YogirajT/rustnet against 1.100.0-beta.1+cargoflags=--release for beta-release-1.100-2
[INFO] running `Command { std: "git" "clone" "/workspace/cache/git-repos/https%3A%2F%2Fgithub.com%2FYogirajT%2Frustnet" "/workspace/builds/worker-2-tc2/source", kill_on_drop: false }`
[INFO] [stderr] Cloning into '/workspace/builds/worker-2-tc2/source'...
[INFO] [stderr] done.
[INFO] started tweaking git repo https://github.com/YogirajT/rustnet
[INFO] finished tweaking git repo https://github.com/YogirajT/rustnet
[INFO] tweaked toml for git repo https://github.com/YogirajT/rustnet written to /workspace/builds/worker-2-tc2/source/Cargo.toml
[INFO] validating manifest of git repo https://github.com/YogirajT/rustnet on toolchain 1.100.0-beta.1
[INFO] running `Command { std: CARGO_HOME="/workspace/cargo-home" RUSTUP_HOME="/workspace/rustup-home" "/workspace/cargo-home/bin/cargo" "+1.100.0-beta.1" "metadata" "--manifest-path" "Cargo.toml" "--no-deps", kill_on_drop: false }`
[INFO] crate git repo https://github.com/YogirajT/rustnet already has a lockfile, it will not be regenerated
[INFO] running `Command { std: CARGO_HOME="/workspace/cargo-home" RUSTUP_HOME="/workspace/rustup-home" "/workspace/cargo-home/bin/cargo" "+1.100.0-beta.1" "fetch" "--manifest-path" "Cargo.toml", kill_on_drop: false }`
[INFO] running `Command { std: "docker" "create" "-v" "/var/lib/crater-agent-workspace/builds/worker-2-tc2/source:/opt/rustwide/workdir:ro,Z" "-v" "/var/lib/crater-agent-workspace/builds/worker-2-tc2/target:/opt/rustwide/target:rw,Z" "-v" "/var/lib/crater-agent-workspace/cargo-home:/opt/rustwide/cargo-home:ro,Z" "-v" "/var/lib/crater-agent-workspace/rustup-home:/opt/rustwide/rustup-home:ro,Z" "-m" "1610612736" "--network" "none" "ghcr.io/rust-lang/crates-build-env/linux@sha256:77db811e55d90add9212f6832c23229e3de5f1c1f9905e8cb07319ea15df73ac" "sleep" "infinity", kill_on_drop: false }`
[INFO] [stdout] 78ac0d90d94f1969a8d008f93ea20c23708113ba548aa616b95ac38bca2d58ec
[INFO] running `Command { std: "docker" "start" "78ac0d90d94f1969a8d008f93ea20c23708113ba548aa616b95ac38bca2d58ec", kill_on_drop: false }`
[INFO] running `Command { std: "docker" "inspect" "78ac0d90d94f1969a8d008f93ea20c23708113ba548aa616b95ac38bca2d58ec", kill_on_drop: false }`
[INFO] running `Command { std: "docker" "exec" "-e" "SOURCE_DIR=/opt/rustwide/workdir" "-e" "CARGO_HOME=/opt/rustwide/cargo-home" "-e" "RUSTUP_HOME=/opt/rustwide/rustup-home" "-e" "CARGO_TARGET_DIR=/opt/rustwide/target" "-w" "/opt/rustwide/workdir" "--user" "0:0" "78ac0d90d94f1969a8d008f93ea20c23708113ba548aa616b95ac38bca2d58ec" "/opt/rustwide/cargo-home/bin/cargo" "+1.100.0-beta.1" "metadata" "--no-deps" "--format-version=1", kill_on_drop: false }`
[INFO] running `Command { std: "docker" "inspect" "78ac0d90d94f1969a8d008f93ea20c23708113ba548aa616b95ac38bca2d58ec", kill_on_drop: false }`
[INFO] running `Command { std: "docker" "exec" "-e" "SOURCE_DIR=/opt/rustwide/workdir" "-e" "CARGO_HOME=/opt/rustwide/cargo-home" "-e" "RUSTUP_HOME=/opt/rustwide/rustup-home" "-e" "CARGO_TARGET_DIR=/opt/rustwide/target" "-e" "CARGO_INCREMENTAL=0" "-e" "RUST_BACKTRACE=full" "-e" "RUSTFLAGS=--cap-lints=warn" "-e" "RUSTDOCFLAGS=--cap-lints=warn" "-w" "/opt/rustwide/workdir" "--user" "0:0" "78ac0d90d94f1969a8d008f93ea20c23708113ba548aa616b95ac38bca2d58ec" "/opt/rustwide/cargo-home/bin/cargo" "+1.100.0-beta.1" "build" "--frozen" "--message-format=json" "--release", kill_on_drop: false }`
[INFO] [stderr]    Compiling libc v0.2.139
[INFO] [stderr]    Compiling autocfg v1.1.0
[INFO] [stderr]    Compiling log v0.4.17
[INFO] [stderr]    Compiling memchr v2.5.0
[INFO] [stderr]    Compiling signal-hook v0.3.15
[INFO] [stderr]    Compiling parking_lot_core v0.9.7
[INFO] [stderr]    Compiling scopeguard v1.1.0
[INFO] [stderr]    Compiling serde v1.0.152
[INFO] [stderr]    Compiling smallvec v1.10.0
[INFO] [stderr]    Compiling ppv-lite86 v0.2.17
[INFO] [stderr]    Compiling regex-automata v0.1.10
[INFO] [stderr]    Compiling unicode-width v0.1.10
[INFO] [stderr]    Compiling ryu v1.0.12
[INFO] [stderr]    Compiling dotenv v0.15.0
[INFO] [stderr]    Compiling lock_api v0.4.9
[INFO] [stderr]    Compiling csv-core v0.1.10
[INFO] [stderr]    Compiling getrandom v0.2.8
[INFO] [stderr]    Compiling signal-hook-registry v1.4.1
[INFO] [stderr]    Compiling mio v0.8.6
[INFO] [stderr]    Compiling rand_core v0.6.4
[INFO] [stderr]    Compiling parking_lot v0.12.1
[INFO] [stderr]    Compiling rand_chacha v0.3.1
[INFO] [stderr]    Compiling rand_pcg v0.3.1
[INFO] [stderr]    Compiling signal-hook-mio v0.2.3
[INFO] [stderr]    Compiling rand v0.8.5
[INFO] [stderr]    Compiling crossterm v0.24.0
[INFO] [stderr]    Compiling console_engine v2.5.1
[INFO] [stderr]    Compiling bstr v0.2.17
[INFO] [stderr]    Compiling csv v1.1.6
[INFO] [stderr]    Compiling rustnet v0.1.0 (/opt/rustwide/workdir)
[INFO] [stdout] warning: struct `NumpyVec` is never constructed
[INFO] [stdout]  --> src/common/numpy_vec.rs:4:12
[INFO] [stdout]   |
[INFO] [stdout] 4 | pub struct NumpyVec<T>(pub Vec<T>);
[INFO] [stdout]   |            ^^^^^^^^
[INFO] [stdout]   |
[INFO] [stdout]   = note: `#[warn(dead_code)]` (part of `#[warn(unused)]`) on by default
[INFO] [stdout] 
[INFO] [stdout] 
[INFO] [stderr]     Finished `release` profile [optimized] target(s) in 17.81s
[INFO] running `Command { std: "docker" "inspect" "78ac0d90d94f1969a8d008f93ea20c23708113ba548aa616b95ac38bca2d58ec", kill_on_drop: false }`
[INFO] running `Command { std: "docker" "exec" "-e" "SOURCE_DIR=/opt/rustwide/workdir" "-e" "CARGO_HOME=/opt/rustwide/cargo-home" "-e" "RUSTUP_HOME=/opt/rustwide/rustup-home" "-e" "CARGO_TARGET_DIR=/opt/rustwide/target" "-e" "CARGO_INCREMENTAL=0" "-e" "RUST_BACKTRACE=full" "-e" "RUSTFLAGS=--cap-lints=warn" "-e" "RUSTDOCFLAGS=--cap-lints=warn" "-w" "/opt/rustwide/workdir" "--user" "0:0" "78ac0d90d94f1969a8d008f93ea20c23708113ba548aa616b95ac38bca2d58ec" "/opt/rustwide/cargo-home/bin/cargo" "+1.100.0-beta.1" "test" "--frozen" "--no-run" "--message-format=json" "--release", kill_on_drop: false }`
[INFO] [stderr]    Compiling rustnet v0.1.0 (/opt/rustwide/workdir)
[INFO] [stdout] warning: struct `NumpyVec` is never constructed
[INFO] [stdout]  --> src/common/numpy_vec.rs:4:12
[INFO] [stdout]   |
[INFO] [stdout] 4 | pub struct NumpyVec<T>(pub Vec<T>);
[INFO] [stdout]   |            ^^^^^^^^
[INFO] [stdout]   |
[INFO] [stdout]   = note: `#[warn(dead_code)]` (part of `#[warn(unused)]`) on by default
[INFO] [stdout] 
[INFO] [stdout] 
[INFO] [stdout] warning: struct `NumpyVec` is never constructed
[INFO] [stdout]  --> src/common/numpy_vec.rs:4:12
[INFO] [stdout]   |
[INFO] [stdout] 4 | pub struct NumpyVec<T>(pub Vec<T>);
[INFO] [stdout]   |            ^^^^^^^^
[INFO] [stdout]   |
[INFO] [stdout]   = note: `#[warn(dead_code)]` (part of `#[warn(unused)]`) on by default
[INFO] [stdout] 
[INFO] [stdout] 
[INFO] [stderr]     Finished `release` profile [optimized] target(s) in 1.76s
[INFO] running `Command { std: "docker" "inspect" "78ac0d90d94f1969a8d008f93ea20c23708113ba548aa616b95ac38bca2d58ec", kill_on_drop: false }`
[INFO] running `Command { std: "docker" "exec" "-e" "SOURCE_DIR=/opt/rustwide/workdir" "-e" "CARGO_HOME=/opt/rustwide/cargo-home" "-e" "RUSTUP_HOME=/opt/rustwide/rustup-home" "-e" "CARGO_TARGET_DIR=/opt/rustwide/target" "-e" "CARGO_INCREMENTAL=0" "-e" "RUST_BACKTRACE=full" "-e" "RUSTFLAGS=--cap-lints=warn" "-e" "RUSTDOCFLAGS=--cap-lints=warn" "-w" "/opt/rustwide/workdir" "--user" "0:0" "78ac0d90d94f1969a8d008f93ea20c23708113ba548aa616b95ac38bca2d58ec" "/opt/rustwide/cargo-home/bin/cargo" "+1.100.0-beta.1" "test" "--frozen" "--release", kill_on_drop: false }`
[INFO] [stderr] warning: struct `NumpyVec` is never constructed
[INFO] [stderr]  --> src/common/numpy_vec.rs:4:12
[INFO] [stderr]   |
[INFO] [stderr] 4 | pub struct NumpyVec<T>(pub Vec<T>);
[INFO] [stderr]   |            ^^^^^^^^
[INFO] [stderr]   |
[INFO] [stderr]   = note: `#[warn(dead_code)]` (part of `#[warn(unused)]`) on by default
[INFO] [stderr] 
[INFO] [stderr] warning: `rustnet` (bin "rustnet" test) generated 1 warning
[INFO] [stderr] warning: `rustnet` (bin "rustnet") generated 1 warning (1 duplicate)
[INFO] [stderr]     Finished `release` profile [optimized] target(s) in 0.04s
[INFO] [stderr]      Running unittests src/lib.rs (/opt/rustwide/target/release/build/rustnet/f2c76d42eeae81a8/out/rustnet-f2c76d42eeae81a8)
[INFO] [stderr]      Running unittests src/main.rs (/opt/rustwide/target/release/build/rustnet/298f566cf14ba4b8/out/rustnet-298f566cf14ba4b8)
[INFO] [stdout] 
[INFO] [stdout] running 0 tests
[INFO] [stdout] 
[INFO] [stdout] test result: ok. 0 passed; 0 failed; 0 ignored; 0 measured; 0 filtered out; finished in 0.00s
[INFO] [stdout] 
[INFO] [stdout] 
[INFO] [stderr]      Running tests/matrix.rs (/opt/rustwide/target/release/build/rustnet/784a86b34263236f/out/matrix-784a86b34263236f)
[INFO] [stdout] running 0 tests
[INFO] [stdout] 
[INFO] [stdout] test result: ok. 0 passed; 0 failed; 0 ignored; 0 measured; 0 filtered out; finished in 0.00s
[INFO] [stdout] 
[INFO] [stdout] 
[INFO] [stdout] running 18 tests
[INFO] [stdout] test tests::test_operator_overload ... ok
[INFO] [stdout] test tests::test_forward_prop ... ok
[INFO] [stdout] test tests::test_get_predictions ... ok
[INFO] [stdout] test tests::test_get_nth_column ... ok
[INFO] [stdout] test tests::test_relu ... ok
[INFO] [stdout] test tests::test_matrix_subtract ... ok
[INFO] [stdout] test tests::test_transform_labels_to_network_output ... ok
[INFO] [stdout] test tests::test_row_sum ... ok
[INFO] [stdout] test tests::test_matrix_multiply ... ok
[INFO] [stdout] test tests::test_dot_product_invalid_dimensions - should panic ... ok
[INFO] [stdout] test tests::test_matrix_multiply_operator ... ok
[INFO] [stdout] test tests::test_single_column_addition_operator_overload ... ok
[INFO] [stdout] test tests::test_linear_op ... ok
[INFO] [stdout] test tests::test_dot_product ... ok
[INFO] [stdout] test tests::test_transpose ... ok
[INFO] [stdout] test tests::test_matrix_avg ... ok
[INFO] [stdout] test tests::test_softmax ... ok
[INFO] [stderr] error: test failed, to rerun pass `--test matrix`
[INFO] [stdout] test tests::test_back_prop ... FAILED
[INFO] [stdout] 
[INFO] [stdout] failures:
[INFO] [stdout] 
[INFO] [stdout] ---- tests::test_back_prop stdout ----
[INFO] [stdout] 
[INFO] [stdout] thread 'tests::test_back_prop' (767) panicked at tests/matrix.rs:280:9:
[INFO] [stdout] assertion `left == right` failed
[INFO] [stdout]   left: 5.029142e-9
[INFO] [stdout]  right: 5.9604646e-9
[INFO] [stdout] stack backtrace:
[INFO] [stdout]    0:     0x65257c2ac411 - <<std[617be2ca0a6fd877]::sys::backtrace::BacktraceLock>::print::DisplayBacktrace as core[a373ad73a504971]::fmt::Display>::fmt
[INFO] [stdout]    1:     0x65257c2c11ba - core[a373ad73a504971]::fmt::write
[INFO] [stdout]    2:     0x65257c2b062c - <alloc[2e1b2a31b91974c5]::vec::Vec<u8> as core[a373ad73a504971]::io::write::Write>::write_fmt
[INFO] [stdout]    3:     0x65257c288876 - std[617be2ca0a6fd877]::panicking::default_hook::{closure#0}
[INFO] [stdout]    4:     0x65257c2a4aa9 - std[617be2ca0a6fd877]::panicking::default_hook
[INFO] [stdout]    5:     0x65257c2149f0 - test[aada8e7e76ba119b]::test_main_inner::{closure#0}
[INFO] [stdout]    6:     0x65257c2a4c62 - std[617be2ca0a6fd877]::panicking::panic_with_hook
[INFO] [stdout]    7:     0x65257c288922 - std[617be2ca0a6fd877]::panicking::panic_handler::{closure#0}
[INFO] [stdout]    8:     0x65257c281639 - std[617be2ca0a6fd877]::sys::backtrace::__rust_end_short_backtrace::<std[617be2ca0a6fd877]::panicking::panic_handler::{closure#0}, !>
[INFO] [stdout]    9:     0x65257c28952d - __rustc[ea4f61d10b84890b]::rust_begin_unwind
[INFO] [stdout]   10:     0x65257c2c18ec - core[a373ad73a504971]::panicking::panic_fmt
[INFO] [stdout]   11:     0x65257c2c1803 - core[a373ad73a504971]::panicking::assert_failed_inner
[INFO] [stdout]   12:     0x65257c206ca5 - core[a373ad73a504971]::panicking::assert_failed::<f32, f32>
[INFO] [stdout]   13:     0x65257c1ffb45 - <matrix[9e577a9511354084]::tests::test_back_prop::{closure#0} as core[a373ad73a504971]::ops::function::FnOnce<()>>::call_once
[INFO] [stdout]   14:     0x65257c207e3b - test[aada8e7e76ba119b]::__rust_begin_short_backtrace::<core[a373ad73a504971]::result::Result<(), alloc[2e1b2a31b91974c5]::string::String>, fn() -> core[a373ad73a504971]::result::Result<(), alloc[2e1b2a31b91974c5]::string::String>>
[INFO] [stdout]   15:     0x65257c215015 - test[aada8e7e76ba119b]::run_test::{closure#0}
[INFO] [stdout]   16:     0x65257c20e904 - std[617be2ca0a6fd877]::sys::backtrace::__rust_begin_short_backtrace::<test[aada8e7e76ba119b]::run_test::{closure#1}, ()>
[INFO] [stdout]   17:     0x65257c2180a2 - <std[617be2ca0a6fd877]::thread::lifecycle::spawn_unchecked<test[aada8e7e76ba119b]::run_test::{closure#1}, ()>::{closure#1} as core[a373ad73a504971]::ops::function::FnOnce<()>>::call_once::{shim:vtable#0}
[INFO] [stdout]   18:     0x65257c2abc6f - <std[617be2ca0a6fd877]::sys::thread::unix::Thread>::new::thread_start
[INFO] [stdout]   19:     0x703ba5a7fdfa - <unknown>
[INFO] [stdout]   20:     0x703ba5b133d4 - clone
[INFO] [stdout]   21:                0x0 - <unknown>
[INFO] [stdout] 
[INFO] [stdout] 
[INFO] [stdout] failures:
[INFO] [stdout]     tests::test_back_prop
[INFO] [stdout] 
[INFO] [stdout] test result: FAILED. 17 passed; 1 failed; 0 ignored; 0 measured; 0 filtered out; finished in 0.06s
[INFO] [stdout] 
[INFO] running `Command { std: "docker" "inspect" "78ac0d90d94f1969a8d008f93ea20c23708113ba548aa616b95ac38bca2d58ec", kill_on_drop: false }`
[INFO] running `Command { std: "docker" "rm" "-f" "78ac0d90d94f1969a8d008f93ea20c23708113ba548aa616b95ac38bca2d58ec", kill_on_drop: false }`
[INFO] [stdout] 78ac0d90d94f1969a8d008f93ea20c23708113ba548aa616b95ac38bca2d58ec
