[INFO] cloning repository https://github.com/Wulf0x67E7/thread_waker
[INFO] running `Command { std: "git" "-c" "credential.helper=" "-c" "credential.helper=/workspace/cargo-home/bin/git-credential-null" "clone" "--bare" "https://github.com/Wulf0x67E7/thread_waker" "/workspace/cache/git-repos/https%3A%2F%2Fgithub.com%2FWulf0x67E7%2Fthread_waker", kill_on_drop: false }`
[INFO] [stderr] Cloning into bare repository '/workspace/cache/git-repos/https%3A%2F%2Fgithub.com%2FWulf0x67E7%2Fthread_waker'...
[INFO] running `Command { std: "git" "rev-parse" "HEAD", kill_on_drop: false }`
[INFO] [stdout] 29295eff610117645273c5e20b7adaaead666faa
[INFO] testing Wulf0x67E7/thread_waker against 1.100.0-beta.1+cargoflags=--release for beta-release-1.100-2
[INFO] running `Command { std: "git" "clone" "/workspace/cache/git-repos/https%3A%2F%2Fgithub.com%2FWulf0x67E7%2Fthread_waker" "/workspace/builds/worker-6-tc2/source", kill_on_drop: false }`
[INFO] [stderr] Cloning into '/workspace/builds/worker-6-tc2/source'...
[INFO] [stderr] done.
[INFO] started tweaking git repo https://github.com/Wulf0x67E7/thread_waker
[INFO] finished tweaking git repo https://github.com/Wulf0x67E7/thread_waker
[INFO] tweaked toml for git repo https://github.com/Wulf0x67E7/thread_waker written to /workspace/builds/worker-6-tc2/source/Cargo.toml
[INFO] validating manifest of git repo https://github.com/Wulf0x67E7/thread_waker on toolchain 1.100.0-beta.1
[INFO] running `Command { std: CARGO_HOME="/workspace/cargo-home" RUSTUP_HOME="/workspace/rustup-home" "/workspace/cargo-home/bin/cargo" "+1.100.0-beta.1" "metadata" "--manifest-path" "Cargo.toml" "--no-deps", kill_on_drop: false }`
[INFO] crate git repo https://github.com/Wulf0x67E7/thread_waker already has a lockfile, it will not be regenerated
[INFO] running `Command { std: CARGO_HOME="/workspace/cargo-home" RUSTUP_HOME="/workspace/rustup-home" "/workspace/cargo-home/bin/cargo" "+1.100.0-beta.1" "fetch" "--manifest-path" "Cargo.toml", kill_on_drop: false }`
[INFO] running `Command { std: "docker" "create" "-v" "/var/lib/crater-agent-workspace/builds/worker-6-tc2/source:/opt/rustwide/workdir:ro,Z" "-v" "/var/lib/crater-agent-workspace/builds/worker-6-tc2/target:/opt/rustwide/target:rw,Z" "-v" "/var/lib/crater-agent-workspace/cargo-home:/opt/rustwide/cargo-home:ro,Z" "-v" "/var/lib/crater-agent-workspace/rustup-home:/opt/rustwide/rustup-home:ro,Z" "-m" "1610612736" "--network" "none" "ghcr.io/rust-lang/crates-build-env/linux@sha256:77db811e55d90add9212f6832c23229e3de5f1c1f9905e8cb07319ea15df73ac" "sleep" "infinity", kill_on_drop: false }`
[INFO] [stdout] 997febb934fa4a57f6596f66b3dc97aaa14d4c3063456233b306f18caef6a802
[INFO] running `Command { std: "docker" "start" "997febb934fa4a57f6596f66b3dc97aaa14d4c3063456233b306f18caef6a802", kill_on_drop: false }`
[INFO] running `Command { std: "docker" "inspect" "997febb934fa4a57f6596f66b3dc97aaa14d4c3063456233b306f18caef6a802", kill_on_drop: false }`
[INFO] running `Command { std: "docker" "exec" "-e" "SOURCE_DIR=/opt/rustwide/workdir" "-e" "CARGO_HOME=/opt/rustwide/cargo-home" "-e" "RUSTUP_HOME=/opt/rustwide/rustup-home" "-e" "CARGO_TARGET_DIR=/opt/rustwide/target" "-w" "/opt/rustwide/workdir" "--user" "0:0" "997febb934fa4a57f6596f66b3dc97aaa14d4c3063456233b306f18caef6a802" "/opt/rustwide/cargo-home/bin/cargo" "+1.100.0-beta.1" "metadata" "--no-deps" "--format-version=1", kill_on_drop: false }`
[INFO] running `Command { std: "docker" "inspect" "997febb934fa4a57f6596f66b3dc97aaa14d4c3063456233b306f18caef6a802", kill_on_drop: false }`
[INFO] running `Command { std: "docker" "exec" "-e" "SOURCE_DIR=/opt/rustwide/workdir" "-e" "CARGO_HOME=/opt/rustwide/cargo-home" "-e" "RUSTUP_HOME=/opt/rustwide/rustup-home" "-e" "CARGO_TARGET_DIR=/opt/rustwide/target" "-e" "CARGO_INCREMENTAL=0" "-e" "RUST_BACKTRACE=full" "-e" "RUSTFLAGS=--cap-lints=warn" "-e" "RUSTDOCFLAGS=--cap-lints=warn" "-w" "/opt/rustwide/workdir" "--user" "0:0" "997febb934fa4a57f6596f66b3dc97aaa14d4c3063456233b306f18caef6a802" "/opt/rustwide/cargo-home/bin/cargo" "+1.100.0-beta.1" "build" "--frozen" "--message-format=json" "--release", kill_on_drop: false }`
[INFO] [stderr]    Compiling thread_waker v0.1.0 (/opt/rustwide/workdir)
[INFO] [stderr]     Finished `release` profile [optimized] target(s) in 0.16s
[INFO] running `Command { std: "docker" "inspect" "997febb934fa4a57f6596f66b3dc97aaa14d4c3063456233b306f18caef6a802", kill_on_drop: false }`
[INFO] running `Command { std: "docker" "exec" "-e" "SOURCE_DIR=/opt/rustwide/workdir" "-e" "CARGO_HOME=/opt/rustwide/cargo-home" "-e" "RUSTUP_HOME=/opt/rustwide/rustup-home" "-e" "CARGO_TARGET_DIR=/opt/rustwide/target" "-e" "CARGO_INCREMENTAL=0" "-e" "RUST_BACKTRACE=full" "-e" "RUSTFLAGS=--cap-lints=warn" "-e" "RUSTDOCFLAGS=--cap-lints=warn" "-w" "/opt/rustwide/workdir" "--user" "0:0" "997febb934fa4a57f6596f66b3dc97aaa14d4c3063456233b306f18caef6a802" "/opt/rustwide/cargo-home/bin/cargo" "+1.100.0-beta.1" "test" "--frozen" "--no-run" "--message-format=json" "--release", kill_on_drop: false }`
[INFO] [stderr]    Compiling thread_waker v0.1.0 (/opt/rustwide/workdir)
[INFO] [stderr]     Finished `release` profile [optimized] target(s) in 0.56s
[INFO] running `Command { std: "docker" "inspect" "997febb934fa4a57f6596f66b3dc97aaa14d4c3063456233b306f18caef6a802", kill_on_drop: false }`
[INFO] running `Command { std: "docker" "exec" "-e" "SOURCE_DIR=/opt/rustwide/workdir" "-e" "CARGO_HOME=/opt/rustwide/cargo-home" "-e" "RUSTUP_HOME=/opt/rustwide/rustup-home" "-e" "CARGO_TARGET_DIR=/opt/rustwide/target" "-e" "CARGO_INCREMENTAL=0" "-e" "RUST_BACKTRACE=full" "-e" "RUSTFLAGS=--cap-lints=warn" "-e" "RUSTDOCFLAGS=--cap-lints=warn" "-w" "/opt/rustwide/workdir" "--user" "0:0" "997febb934fa4a57f6596f66b3dc97aaa14d4c3063456233b306f18caef6a802" "/opt/rustwide/cargo-home/bin/cargo" "+1.100.0-beta.1" "test" "--frozen" "--release", kill_on_drop: false }`
[INFO] [stderr]     Finished `release` profile [optimized] target(s) in 0.01s
[INFO] [stderr]      Running unittests src/lib.rs (/opt/rustwide/target/release/build/thread_waker/9e04e457faf5b0ee/out/thread_waker-9e04e457faf5b0ee)
[INFO] [stdout] 
[INFO] [stdout] running 4 tests
[INFO] [stdout] test tests::wake_self ... ok
[INFO] [stdout] test tests::recover_thread ... ok
[INFO] [stdout] test tests::clone_drop ... ok
[INFO] [stdout] test tests::wake_each_other ... FAILED
[INFO] [stdout] 
[INFO] [stdout] failures:
[INFO] [stdout] 
[INFO] [stdout] ---- tests::wake_each_other stdout ----
[INFO] [stdout] 
[INFO] [stdout] thread 'tests::wake_each_other' (150) panicked at src/lib.rs:56:9:
[INFO] [stdout] assertion failed: dur < timeout
[INFO] [stdout] stack backtrace:
[INFO] [stdout]    0:     0x6464d6af9191 - <<std[617be2ca0a6fd877]::sys::backtrace::BacktraceLock>::print::DisplayBacktrace as core[a373ad73a504971]::fmt::Display>::fmt
[INFO] [stdout]    1:     0x6464d6b0d0da - core[a373ad73a504971]::fmt::write
[INFO] [stdout]    2:     0x6464d6afd3fc - <alloc[2e1b2a31b91974c5]::vec::Vec<u8> as core[a373ad73a504971]::io::write::Write>::write_fmt
[INFO] [stdout]    3:     0x6464d6ad51f6 - std[617be2ca0a6fd877]::panicking::default_hook::{closure#0}
[INFO] [stdout]    4:     0x6464d6af1439 - std[617be2ca0a6fd877]::panicking::default_hook
[INFO] [stdout]    5:     0x6464d6a8da60 - test[aada8e7e76ba119b]::test_main_inner::{closure#0}
[INFO] [stdout]    6:     0x6464d6af1762 - std[617be2ca0a6fd877]::panicking::panic_with_hook
[INFO] [stdout]    7:     0x6464d6ad52d4 - std[617be2ca0a6fd877]::panicking::panic_handler::{closure#0}
[INFO] [stdout]    8:     0x6464d6acdfb9 - std[617be2ca0a6fd877]::sys::backtrace::__rust_end_short_backtrace::<std[617be2ca0a6fd877]::panicking::panic_handler::{closure#0}, !>
[INFO] [stdout]    9:     0x6464d6ad5ead - __rustc[ea4f61d10b84890b]::rust_begin_unwind
[INFO] [stdout]   10:     0x6464d6b0d80c - core[a373ad73a504971]::panicking::panic_fmt
[INFO] [stdout]   11:     0x6464d6b0d7d2 - core[a373ad73a504971]::panicking::panic
[INFO] [stdout]   12:     0x6464d6a809cf - <thread_waker[925c6ded8cc4c3ce]::tests::wake_each_other::{closure#0} as core[a373ad73a504971]::ops::function::FnOnce<()>>::call_once
[INFO] [stdout]   13:     0x6464d6a80eab - test[aada8e7e76ba119b]::__rust_begin_short_backtrace::<core[a373ad73a504971]::result::Result<(), alloc[2e1b2a31b91974c5]::string::String>, fn() -> core[a373ad73a504971]::result::Result<(), alloc[2e1b2a31b91974c5]::string::String>>
[INFO] [stdout]   14:     0x6464d6a8e085 - test[aada8e7e76ba119b]::run_test::{closure#0}
[INFO] [stdout]   15:     0x6464d6a87974 - std[617be2ca0a6fd877]::sys::backtrace::__rust_begin_short_backtrace::<test[aada8e7e76ba119b]::run_test::{closure#1}, ()>
[INFO] [stdout]   16:     0x6464d6a91112 - <std[617be2ca0a6fd877]::thread::lifecycle::spawn_unchecked<test[aada8e7e76ba119b]::run_test::{closure#1}, ()>::{closure#1} as core[a373ad73a504971]::ops::function::FnOnce<()>>::call_once::{shim:vtable#0}
[INFO] [stdout]   17:     0x6464d6af89af - <std[617be2ca0a6fd877]::sys::thread::unix::Thread>::new::thread_start
[INFO] [stdout]   18:     0x714c5b59fdfa - <unknown>
[INFO] [stdout]   19:     0x714c5b6333d4 - clone
[INFO] [stdout]   20:                0x0 - <unknown>
[INFO] [stdout] 
[INFO] [stdout] thread '<unnamed>' (152) panicked at src/lib.rs:56:9:
[INFO] [stdout] assertion failed: dur < timeout
[INFO] [stdout] stack backtrace:
[INFO] [stdout]    0:     0x6464d6af9191 - <<std[617be2ca0a6fd877]::sys::backtrace::BacktraceLock>::print::DisplayBacktrace as core[a373ad73a504971]::fmt::Display>::fmt
[INFO] [stdout]    1:     0x6464d6b0d0da - core[a373ad73a504971]::fmt::write
[INFO] [stdout]    2:     0x6464d6afd3fc - <alloc[2e1b2a31b91974c5]::vec::Vec<u8> as core[a373ad73a504971]::io::write::Write>::write_fmt
[INFO] [stdout]    3:     0x6464d6ad51f6 - std[617be2ca0a6fd877]::panicking::default_hook::{closure#0}
[INFO] [stdout]    4:     0x6464d6af1439 - std[617be2ca0a6fd877]::panicking::default_hook
[INFO] [stdout]    5:     0x6464d6a8da60 - test[aada8e7e76ba119b]::test_main_inner::{closure#0}
[INFO] [stdout]    6:     0x6464d6af1762 - std[617be2ca0a6fd877]::panicking::panic_with_hook
[INFO] [stdout]    7:     0x6464d6ad52d4 - std[617be2ca0a6fd877]::panicking::panic_handler::{closure#0}
[INFO] [stdout]    8:     0x6464d6acdfb9 - std[617be2ca0a6fd877]::sys::backtrace::__rust_end_short_backtrace::<std[617be2ca0a6fd877]::panicking::panic_handler::{closure#0}, !>
[INFO] [stdout]    9:     0x6464d6ad5ead - __rustc[ea4f61d10b84890b]::rust_begin_unwind
[INFO] [stdout]   10:     0x6464d6b0d80c - core[a373ad73a504971]::panicking::panic_fmt
[INFO] [stdout]   11:     0x6464d6b0d7d2 - core[a373ad73a504971]::panicking::panic
[INFO] [stdout]   12:     0x6464d6a7ffae - std[617be2ca0a6fd877]::sys::backtrace::__rust_begin_short_backtrace::<thread_waker[925c6ded8cc4c3ce]::tests::wake_each_other::{closure#0}::{closure#0}, ()>
[INFO] [stdout]   13:     0x6464d6a80015 - <std[617be2ca0a6fd877]::thread::lifecycle::spawn_unchecked<thread_waker[925c6ded8cc4c3ce]::tests::wake_each_other::{closure#0}::{closure#0}, ()>::{closure#1} as core[a373ad73a504971]::ops::function::FnOnce<()>>::call_once::{shim:vtable#0}
[INFO] [stdout]   14:     0x6464d6af89af - <std[617be2ca0a6fd877]::sys::thread::unix::Thread>::new::thread_start
[INFO] [stdout]   15:     0x714c5b59fdfa - <unknown>
[INFO] [stdout]   16:     0x714c5b6333d4 - clone
[INFO] [stdout]   17:                0x0 - <unknown>
[INFO] [stdout] 
[INFO] [stdout] 
[INFO] [stdout] failures:
[INFO] [stdout]     tests::wake_each_other
[INFO] [stdout] 
[INFO] [stdout] test result: FAILED. 3 passed; 1 failed; 0 ignored; 0 measured; 0 filtered out; finished in 0.01s
[INFO] [stdout] 
[INFO] [stderr] error: test failed, to rerun pass `--lib`
[INFO] running `Command { std: "docker" "inspect" "997febb934fa4a57f6596f66b3dc97aaa14d4c3063456233b306f18caef6a802", kill_on_drop: false }`
[INFO] running `Command { std: "docker" "rm" "-f" "997febb934fa4a57f6596f66b3dc97aaa14d4c3063456233b306f18caef6a802", kill_on_drop: false }`
[INFO] [stdout] 997febb934fa4a57f6596f66b3dc97aaa14d4c3063456233b306f18caef6a802
