[INFO] cloning repository https://github.com/Walkmana-25/sqlx-patch
[INFO] running `Command { std: "git" "-c" "credential.helper=" "-c" "credential.helper=/workspace/cargo-home/bin/git-credential-null" "clone" "--bare" "https://github.com/Walkmana-25/sqlx-patch" "/workspace/cache/git-repos/https%3A%2F%2Fgithub.com%2FWalkmana-25%2Fsqlx-patch", kill_on_drop: false }`
[INFO] [stderr] Cloning into bare repository '/workspace/cache/git-repos/https%3A%2F%2Fgithub.com%2FWalkmana-25%2Fsqlx-patch'...
[INFO] running `Command { std: "git" "rev-parse" "HEAD", kill_on_drop: false }`
[INFO] [stdout] 9a1ce25203dbd7fc54649ec670219b6eab621b21
[INFO] testing Walkmana-25/sqlx-patch against 1.99.0-beta.8+cargoflags=--release for beta-release-1.100-2
[INFO] running `Command { std: "git" "clone" "/workspace/cache/git-repos/https%3A%2F%2Fgithub.com%2FWalkmana-25%2Fsqlx-patch" "/workspace/builds/worker-6-tc1/source", kill_on_drop: false }`
[INFO] [stderr] Cloning into '/workspace/builds/worker-6-tc1/source'...
[INFO] [stderr] done.
[INFO] removed /workspace/builds/worker-6-tc1/source/rust-toolchain.toml
[INFO] started tweaking git repo https://github.com/Walkmana-25/sqlx-patch
[INFO] removed 0 missing tests
[INFO] finished tweaking git repo https://github.com/Walkmana-25/sqlx-patch
[INFO] tweaked toml for git repo https://github.com/Walkmana-25/sqlx-patch written to /workspace/builds/worker-6-tc1/source/Cargo.toml
[INFO] validating manifest of git repo https://github.com/Walkmana-25/sqlx-patch on toolchain 1.99.0-beta.8
[INFO] running `Command { std: CARGO_HOME="/workspace/cargo-home" RUSTUP_HOME="/workspace/rustup-home" "/workspace/cargo-home/bin/cargo" "+1.99.0-beta.8" "metadata" "--manifest-path" "Cargo.toml" "--no-deps", kill_on_drop: false }`
[INFO] crate git repo https://github.com/Walkmana-25/sqlx-patch already has a lockfile, it will not be regenerated
[INFO] running `Command { std: CARGO_HOME="/workspace/cargo-home" RUSTUP_HOME="/workspace/rustup-home" "/workspace/cargo-home/bin/cargo" "+1.99.0-beta.8" "fetch" "--manifest-path" "Cargo.toml", kill_on_drop: false }`
[INFO] [stderr] warning: Cargo.toml: file `/workspace/builds/worker-6-tc1/source/tests/sqlite/macros.rs` found to be present in multiple build targets:
[INFO] [stderr]   * `integration-test` target `sqlite-macros`
[INFO] [stderr]   * `integration-test` target `sqlite-unbundled-macros`
[INFO] [stderr] warning: `sqlx` (manifest) generated 1 warning
[INFO] [stderr]     Updating crates.io index
[INFO] [stderr]  Downloading crates ...
[INFO] [stderr]   Downloaded zerofrom v0.1.5
[INFO] [stderr]   Downloaded zerofrom-derive v0.1.5
[INFO] [stderr]   Downloaded serde_fmt v1.0.3
[INFO] [stderr]   Downloaded value-bag-sval2 v1.10.0
[INFO] [stderr]   Downloaded litemap v0.7.4
[INFO] [stderr]   Downloaded thiserror v2.0.11
[INFO] [stderr]   Downloaded sval_serde v2.13.2
[INFO] [stderr]   Downloaded bitflags v2.7.0
[INFO] [stderr]   Downloaded target-triple v0.1.3
[INFO] [stderr]   Downloaded sval_ref v2.13.2
[INFO] [stderr]   Downloaded sval_fmt v2.13.2
[INFO] [stderr]   Downloaded value-bag-serde1 v1.10.0
[INFO] [stderr]   Downloaded home v0.5.9
[INFO] [stderr]   Downloaded sval_dynamic v2.13.2
[INFO] [stderr]   Downloaded typeid v1.0.2
[INFO] [stderr]   Downloaded time-macros v0.2.19
[INFO] [stderr]   Downloaded value-bag v1.10.0
[INFO] [stderr]   Downloaded errno v0.3.10
[INFO] [stderr]   Downloaded sval_json v2.13.2
[INFO] [stderr]   Downloaded sval_nested v2.13.2
[INFO] [stderr]   Downloaded sval v2.13.2
[INFO] [stderr]   Downloaded rkyv_derive v0.7.45
[INFO] [stderr]   Downloaded sval_buffer v2.13.2
[INFO] [stderr]   Downloaded trybuild v1.0.101
[INFO] [stderr]   Downloaded foldhash v0.1.4
[INFO] [stderr]   Downloaded cmake v0.1.52
[INFO] [stderr]   Downloaded env_logger v0.11.6
[INFO] [stderr]   Downloaded erased-serde v0.4.5
[INFO] [stderr]   Downloaded thiserror-impl v2.0.11
[INFO] [stderr]   Downloaded tempfile v3.15.0
[INFO] [stderr]   Downloaded log v0.4.24
[INFO] [stderr]   Downloaded uuid v1.11.1
[INFO] [stderr]   Downloaded mac_address v1.1.7
[INFO] [stderr]   Downloaded rustls-pki-types v1.10.1
[INFO] [stderr]   Downloaded prettyplease v0.2.27
[INFO] [stderr]   Downloaded crc v3.2.1
[INFO] [stderr]   Downloaded cc v1.2.8
[INFO] [stderr]   Downloaded rkyv v0.7.45
[INFO] [stderr]   Downloaded serde_json v1.0.135
[INFO] [stderr]   Downloaded time v0.3.37
[INFO] [stderr]   Downloaded rust_decimal v1.36.0
[INFO] [stderr]   Downloaded webpki-roots v0.26.7
[INFO] [stderr]   Downloaded aws-lc-rs v1.12.0
[INFO] [stderr]   Downloaded wasm-bindgen-futures v0.4.49
[INFO] [stderr]   Downloaded polling v3.7.4
[INFO] [stderr]   Downloaded rustix v0.38.43
[INFO] [stderr]   Downloaded rustls v0.23.21
[INFO] [stderr]   Downloaded nix v0.28.0
[INFO] [stderr]   Downloaded event-listener-strategy v0.5.3
[INFO] [stderr]   Downloaded hermit-abi v0.4.0
[INFO] [stderr]   Downloaded blocking v1.6.1
[INFO] [stderr]   Downloaded async-channel v2.3.1
[INFO] [stderr]   Downloaded futures-lite v2.5.0
[INFO] [stderr]   Downloaded bigdecimal v0.4.7
[INFO] [stderr]   Downloaded async-std v1.13.0
[INFO] [stderr]   Downloaded tokio v1.43.0
[INFO] [stderr]   Downloaded async-io v2.4.0
[INFO] [stderr]   Downloaded web-sys v0.3.76
[INFO] [stderr]   Downloaded async-executor v1.13.1
[INFO] [stderr]   Downloaded rustix v0.37.28
[INFO] [stderr]   Downloaded polling v2.8.0
[INFO] [stderr]   Downloaded unicode-properties v0.1.3
[INFO] [stderr]   Downloaded der v0.7.9
[INFO] [stderr]   Downloaded rsa v0.9.7
[INFO] [stderr]   Downloaded base64ct v1.6.0
[INFO] [stderr]   Downloaded num-bigint-dig v0.8.4
[INFO] [stderr]   Downloaded is-terminal v0.4.13
[INFO] [stderr]   Downloaded aws-lc-sys v0.24.1
[INFO] [stderr]   Downloaded clap v4.5.26
[INFO] [stderr]   Downloaded clap_derive v4.5.24
[INFO] [stderr]   Downloaded openssl-src v300.4.1+3.4.0
[INFO] [stderr]   Downloaded clap_builder v4.5.26
[INFO] [stderr]   Downloaded libsqlite3-sys v0.32.0
[INFO] [stderr]   Downloaded fragile v2.0.0
[INFO] [stderr]   Downloaded async-trait v0.1.85
[INFO] [stderr]   Downloaded crossterm v0.27.0
[INFO] [stderr]   Downloaded validator_types v0.16.0
[INFO] [stderr]   Downloaded compact_str v0.7.1
[INFO] [stderr]   Downloaded stability v0.2.1
[INFO] [stderr]   Downloaded castaway v0.2.3
[INFO] [stderr]   Downloaded validator v0.16.1
[INFO] [stderr]   Downloaded ratatui v0.27.0
[INFO] [stderr]   Downloaded http-range-header v0.3.1
[INFO] [stderr]   Downloaded pin-project-internal v1.1.8
[INFO] [stderr]   Downloaded pin-project v1.1.8
[INFO] [stderr]   Downloaded validator_derive v0.16.0
[INFO] [stderr]   Downloaded tower-http v0.3.5
[INFO] [stderr]   Downloaded axum v0.5.17
[INFO] [stderr]   Downloaded axum-macros v0.2.3
[INFO] [stderr]   Downloaded matchit v0.5.0
[INFO] [stderr]   Downloaded clap_complete v4.5.42
[INFO] [stderr]   Downloaded dialoguer v0.11.0
[INFO] [stderr]   Downloaded semver v1.0.24
[INFO] [stderr]   Downloaded axum-core v0.2.9
[INFO] [stderr]   Downloaded argon2 v0.4.1
[INFO] [stderr]   Downloaded console v0.15.10
[INFO] [stderr]   Downloaded camino v1.1.9
[INFO] running `Command { std: "docker" "create" "-v" "/var/lib/crater-agent-workspace/builds/worker-6-tc1/source:/opt/rustwide/workdir:ro,Z" "-v" "/var/lib/crater-agent-workspace/builds/worker-6-tc1/target:/opt/rustwide/target:rw,Z" "-v" "/var/lib/crater-agent-workspace/cargo-home:/opt/rustwide/cargo-home:ro,Z" "-v" "/var/lib/crater-agent-workspace/rustup-home:/opt/rustwide/rustup-home:ro,Z" "-m" "1610612736" "--network" "none" "ghcr.io/rust-lang/crates-build-env/linux@sha256:77db811e55d90add9212f6832c23229e3de5f1c1f9905e8cb07319ea15df73ac" "sleep" "infinity", kill_on_drop: false }`
[INFO] [stdout] 0f92cae613246be1718efcffe1d7c1571493c60558c62efcb630df2e237ec83d
[INFO] running `Command { std: "docker" "start" "0f92cae613246be1718efcffe1d7c1571493c60558c62efcb630df2e237ec83d", kill_on_drop: false }`
[INFO] running `Command { std: "docker" "inspect" "0f92cae613246be1718efcffe1d7c1571493c60558c62efcb630df2e237ec83d", kill_on_drop: false }`
[INFO] running `Command { std: "docker" "exec" "-e" "SOURCE_DIR=/opt/rustwide/workdir" "-e" "CARGO_HOME=/opt/rustwide/cargo-home" "-e" "RUSTUP_HOME=/opt/rustwide/rustup-home" "-e" "CARGO_TARGET_DIR=/opt/rustwide/target" "-w" "/opt/rustwide/workdir" "--user" "0:0" "0f92cae613246be1718efcffe1d7c1571493c60558c62efcb630df2e237ec83d" "/opt/rustwide/cargo-home/bin/cargo" "+1.99.0-beta.8" "metadata" "--no-deps" "--format-version=1", kill_on_drop: false }`
[INFO] running `Command { std: "docker" "inspect" "0f92cae613246be1718efcffe1d7c1571493c60558c62efcb630df2e237ec83d", kill_on_drop: false }`
[INFO] running `Command { std: "docker" "exec" "-e" "SOURCE_DIR=/opt/rustwide/workdir" "-e" "CARGO_HOME=/opt/rustwide/cargo-home" "-e" "RUSTUP_HOME=/opt/rustwide/rustup-home" "-e" "CARGO_TARGET_DIR=/opt/rustwide/target" "-e" "CARGO_INCREMENTAL=0" "-e" "RUST_BACKTRACE=full" "-e" "RUSTFLAGS=--cap-lints=warn" "-e" "RUSTDOCFLAGS=--cap-lints=warn" "-w" "/opt/rustwide/workdir" "--user" "0:0" "0f92cae613246be1718efcffe1d7c1571493c60558c62efcb630df2e237ec83d" "/opt/rustwide/cargo-home/bin/cargo" "+1.99.0-beta.8" "build" "--frozen" "--message-format=json" "--release", kill_on_drop: false }`
[INFO] [stderr] warning: Cargo.toml: file `/opt/rustwide/workdir/tests/sqlite/macros.rs` found to be present in multiple build targets:
[INFO] [stderr]   * `integration-test` target `sqlite-macros`
[INFO] [stderr]   * `integration-test` target `sqlite-unbundled-macros`
[INFO] [stderr] warning: `sqlx` (manifest) generated 1 warning
[INFO] [stderr]    Compiling proc-macro2 v1.0.93
[INFO] [stderr]    Compiling unicode-ident v1.0.14
[INFO] [stderr]    Compiling typenum v1.17.0
[INFO] [stderr]    Compiling stable_deref_trait v1.2.0
[INFO] [stderr]    Compiling libc v0.2.169
[INFO] [stderr]    Compiling crossbeam-utils v0.8.21
[INFO] [stderr]    Compiling serde v1.0.217
[INFO] [stderr]    Compiling litemap v0.7.4
[INFO] [stderr]    Compiling writeable v0.5.5
[INFO] [stderr]    Compiling smallvec v1.13.2
[INFO] [stderr]    Compiling icu_locid_transform_data v1.5.0
[INFO] [stderr]    Compiling icu_properties_data v1.5.0
[INFO] [stderr]    Compiling serde_json v1.0.135
[INFO] [stderr]    Compiling thiserror v2.0.11
[INFO] [stderr]    Compiling icu_normalizer_data v1.5.0
[INFO] [stderr]    Compiling cfg-if v1.0.0
[INFO] [stderr]    Compiling utf16_iter v1.0.5
[INFO] [stderr]    Compiling write16 v1.0.0
[INFO] [stderr]    Compiling lock_api v0.4.12
[INFO] [stderr]    Compiling parking_lot_core v0.9.10
[INFO] [stderr]    Compiling foldhash v0.1.4
[INFO] [stderr]    Compiling pin-project-lite v0.2.16
[INFO] [stderr]    Compiling equivalent v1.0.1
[INFO] [stderr]    Compiling slab v0.4.9
[INFO] [stderr]    Compiling once_cell v1.20.2
[INFO] [stderr]    Compiling percent-encoding v2.3.1
[INFO] [stderr]    Compiling futures-core v0.3.31
[INFO] [stderr]    Compiling memchr v2.7.4
[INFO] [stderr]    Compiling hashbrown v0.15.2
[INFO] [stderr]    Compiling form_urlencoded v1.2.1
[INFO] [stderr]    Compiling ryu v1.0.18
[INFO] [stderr]    Compiling cpufeatures v0.2.16
[INFO] [stderr]    Compiling futures-io v0.3.31
[INFO] [stderr]    Compiling itoa v1.0.14
[INFO] [stderr]    Compiling tracing-core v0.1.33
[INFO] [stderr]    Compiling futures-task v0.3.31
[INFO] [stderr]    Compiling crc-catalog v2.4.0
[INFO] [stderr]    Compiling pin-utils v0.1.0
[INFO] [stderr]    Compiling futures-sink v0.3.31
[INFO] [stderr]    Compiling log v0.4.24
[INFO] [stderr]    Compiling crc v3.2.1
[INFO] [stderr]    Compiling bytes v1.9.0
[INFO] [stderr]    Compiling quote v1.0.38
[INFO] [stderr]    Compiling concurrent-queue v2.5.0
[INFO] [stderr]    Compiling crossbeam-queue v0.3.12
[INFO] [stderr]    Compiling hashlink v0.10.0
[INFO] [stderr]    Compiling indexmap v2.7.0
[INFO] [stderr]    Compiling syn v2.0.96
[INFO] [stderr]    Compiling event-listener v5.4.0
[INFO] [stderr]    Compiling futures-util v0.3.31
[INFO] [stderr]    Compiling parking_lot v0.12.3
[INFO] [stderr]    Compiling generic-array v0.14.7
[INFO] [stderr]    Compiling futures-intrusive v0.5.0
[INFO] [stderr]    Compiling base64 v0.22.1
[INFO] [stderr]    Compiling block-buffer v0.10.4
[INFO] [stderr]    Compiling crypto-common v0.1.6
[INFO] [stderr]    Compiling digest v0.10.7
[INFO] [stderr]    Compiling sha2 v0.10.8
[INFO] [stderr]    Compiling synstructure v0.13.1
[INFO] [stderr]    Compiling zerofrom-derive v0.1.5
[INFO] [stderr]    Compiling yoke-derive v0.7.5
[INFO] [stderr]    Compiling zerovec-derive v0.10.3
[INFO] [stderr]    Compiling displaydoc v0.2.5
[INFO] [stderr]    Compiling icu_provider_macros v1.5.0
[INFO] [stderr]    Compiling serde_derive v1.0.217
[INFO] [stderr]    Compiling thiserror-impl v2.0.11
[INFO] [stderr]    Compiling tracing-attributes v0.1.28
[INFO] [stderr]    Compiling zerofrom v0.1.5
[INFO] [stderr]    Compiling yoke v0.7.5
[INFO] [stderr]    Compiling zerovec v0.10.4
[INFO] [stderr]    Compiling tracing v0.1.41
[INFO] [stderr]    Compiling tinystr v0.7.6
[INFO] [stderr]    Compiling icu_collections v1.5.0
[INFO] [stderr]    Compiling icu_locid v1.5.0
[INFO] [stderr]    Compiling icu_provider v1.5.0
[INFO] [stderr]    Compiling icu_locid_transform v1.5.0
[INFO] [stderr]    Compiling icu_properties v1.5.1
[INFO] [stderr]    Compiling either v1.13.0
[INFO] [stderr]    Compiling icu_normalizer v1.5.0
[INFO] [stderr]    Compiling idna_adapter v1.2.0
[INFO] [stderr]    Compiling idna v1.0.3
[INFO] [stderr]    Compiling url v2.5.4
[INFO] [stderr]    Compiling sqlx-core v0.8.6 (/opt/rustwide/workdir/sqlx-core)
[INFO] [stdout] warning: use of deprecated method `std::sync::atomic::Atomic::<u32>::fetch_update`: renamed to `try_update` for consistency
[INFO] [stdout]    --> sqlx-core/src/pool/inner.rs:225:14
[INFO] [stdout]     |
[INFO] [stdout] 225 |             .fetch_update(Ordering::AcqRel, Ordering::Acquire, |size| {
[INFO] [stdout]     |              ^^^^^^^^^^^^
[INFO] [stdout]     |
[INFO] [stdout]     = note: `#[warn(deprecated)]` on by default
[INFO] [stdout] help: replace the use of the deprecated method
[INFO] [stdout]     |
[INFO] [stdout] 225 -             .fetch_update(Ordering::AcqRel, Ordering::Acquire, |size| {
[INFO] [stdout] 225 +             .try_update(Ordering::AcqRel, Ordering::Acquire, |size| {
[INFO] [stdout]     |
[INFO] [stdout] 
[INFO] [stdout] 
[INFO] [stdout] warning: eliding a lifetime that's named elsewhere is confusing
[INFO] [stdout]    --> sqlx-core/src/query.rs:502:48
[INFO] [stdout]     |
[INFO] [stdout] 501 |     statement: &'q DB::Statement<'q>,
[INFO] [stdout]     |                 --               -- the lifetime is named here
[INFO] [stdout]     |                 |
[INFO] [stdout]     |                 the lifetime is named here
[INFO] [stdout] 502 | ) -> Query<'q, DB, <DB as Database>::Arguments<'_>>
[INFO] [stdout]     |            -- the same lifetime is named here  ^^ the same lifetime is elided here
[INFO] [stdout]     |
[INFO] [stdout]     = help: the same lifetime is referred to in inconsistent ways, making the signature confusing
[INFO] [stdout]     = note: `#[warn(mismatched_lifetime_syntaxes)]` on by default
[INFO] [stdout] help: consistently use `'q`
[INFO] [stdout]     |
[INFO] [stdout] 502 - ) -> Query<'q, DB, <DB as Database>::Arguments<'_>>
[INFO] [stdout] 502 + ) -> Query<'q, DB, <DB as Database>::Arguments<'q>>
[INFO] [stdout]     |
[INFO] [stdout] 
[INFO] [stdout] 
[INFO] [stdout] warning: eliding a lifetime that's named elsewhere is confusing
[INFO] [stdout]    --> sqlx-core/src/query_as.rs:389:53
[INFO] [stdout]     |
[INFO] [stdout] 388 |     statement: &'q DB::Statement<'q>,
[INFO] [stdout]     |                 --               -- the lifetime is named here
[INFO] [stdout]     |                 |
[INFO] [stdout]     |                 the lifetime is named here
[INFO] [stdout] 389 | ) -> QueryAs<'q, DB, O, <DB as Database>::Arguments<'_>>
[INFO] [stdout]     |              -- the same lifetime is named here     ^^ the same lifetime is elided here
[INFO] [stdout]     |
[INFO] [stdout]     = help: the same lifetime is referred to in inconsistent ways, making the signature confusing
[INFO] [stdout] help: consistently use `'q`
[INFO] [stdout]     |
[INFO] [stdout] 389 - ) -> QueryAs<'q, DB, O, <DB as Database>::Arguments<'_>>
[INFO] [stdout] 389 + ) -> QueryAs<'q, DB, O, <DB as Database>::Arguments<'q>>
[INFO] [stdout]     |
[INFO] [stdout] 
[INFO] [stdout] 
[INFO] [stdout] warning: eliding a lifetime that's named elsewhere is confusing
[INFO] [stdout]    --> sqlx-core/src/query_scalar.rs:368:57
[INFO] [stdout]     |
[INFO] [stdout] 367 |     statement: &'q DB::Statement<'q>,
[INFO] [stdout]     |                 --               -- the lifetime is named here
[INFO] [stdout]     |                 |
[INFO] [stdout]     |                 the lifetime is named here
[INFO] [stdout] 368 | ) -> QueryScalar<'q, DB, O, <DB as Database>::Arguments<'_>>
[INFO] [stdout]     |                  -- the same lifetime is named here     ^^ the same lifetime is elided here
[INFO] [stdout]     |
[INFO] [stdout]     = help: the same lifetime is referred to in inconsistent ways, making the signature confusing
[INFO] [stdout] help: consistently use `'q`
[INFO] [stdout]     |
[INFO] [stdout] 368 - ) -> QueryScalar<'q, DB, O, <DB as Database>::Arguments<'_>>
[INFO] [stdout] 368 + ) -> QueryScalar<'q, DB, O, <DB as Database>::Arguments<'q>>
[INFO] [stdout]     |
[INFO] [stdout] 
[INFO] [stdout] 
[INFO] [stderr]    Compiling sqlx-macros-core v0.8.6 (/opt/rustwide/workdir/sqlx-macros-core)
[INFO] [stdout] warning: use of deprecated method `std::sync::atomic::Atomic::<u32>::fetch_update`: renamed to `try_update` for consistency
[INFO] [stdout]    --> sqlx-core/src/pool/inner.rs:225:14
[INFO] [stdout]     |
[INFO] [stdout] 225 |             .fetch_update(Ordering::AcqRel, Ordering::Acquire, |size| {
[INFO] [stdout]     |              ^^^^^^^^^^^^
[INFO] [stdout]     |
[INFO] [stdout]     = note: `#[warn(deprecated)]` on by default
[INFO] [stdout] help: replace the use of the deprecated method
[INFO] [stdout]     |
[INFO] [stdout] 225 -             .fetch_update(Ordering::AcqRel, Ordering::Acquire, |size| {
[INFO] [stdout] 225 +             .try_update(Ordering::AcqRel, Ordering::Acquire, |size| {
[INFO] [stdout]     |
[INFO] [stdout] 
[INFO] [stdout] 
[INFO] [stderr]    Compiling sqlx-macros v0.8.6 (/opt/rustwide/workdir/sqlx-macros)
[INFO] [stdout] warning: eliding a lifetime that's named elsewhere is confusing
[INFO] [stdout]    --> sqlx-core/src/query.rs:502:48
[INFO] [stdout]     |
[INFO] [stdout] 501 |     statement: &'q DB::Statement<'q>,
[INFO] [stdout]     |                 --               -- the lifetime is named here
[INFO] [stdout]     |                 |
[INFO] [stdout]     |                 the lifetime is named here
[INFO] [stdout] 502 | ) -> Query<'q, DB, <DB as Database>::Arguments<'_>>
[INFO] [stdout]     |            -- the same lifetime is named here  ^^ the same lifetime is elided here
[INFO] [stdout]     |
[INFO] [stdout]     = help: the same lifetime is referred to in inconsistent ways, making the signature confusing
[INFO] [stdout]     = note: `#[warn(mismatched_lifetime_syntaxes)]` on by default
[INFO] [stdout] help: consistently use `'q`
[INFO] [stdout]     |
[INFO] [stdout] 502 - ) -> Query<'q, DB, <DB as Database>::Arguments<'_>>
[INFO] [stdout] 502 + ) -> Query<'q, DB, <DB as Database>::Arguments<'q>>
[INFO] [stdout]     |
[INFO] [stdout] 
[INFO] [stdout] 
[INFO] [stdout] warning: eliding a lifetime that's named elsewhere is confusing
[INFO] [stdout]    --> sqlx-core/src/query_as.rs:389:53
[INFO] [stdout]     |
[INFO] [stdout] 388 |     statement: &'q DB::Statement<'q>,
[INFO] [stdout]     |                 --               -- the lifetime is named here
[INFO] [stdout]     |                 |
[INFO] [stdout]     |                 the lifetime is named here
[INFO] [stdout] 389 | ) -> QueryAs<'q, DB, O, <DB as Database>::Arguments<'_>>
[INFO] [stdout]     |              -- the same lifetime is named here     ^^ the same lifetime is elided here
[INFO] [stdout]     |
[INFO] [stdout]     = help: the same lifetime is referred to in inconsistent ways, making the signature confusing
[INFO] [stdout] help: consistently use `'q`
[INFO] [stdout]     |
[INFO] [stdout] 389 - ) -> QueryAs<'q, DB, O, <DB as Database>::Arguments<'_>>
[INFO] [stdout] 389 + ) -> QueryAs<'q, DB, O, <DB as Database>::Arguments<'q>>
[INFO] [stdout]     |
[INFO] [stdout] 
[INFO] [stdout] 
[INFO] [stdout] warning: eliding a lifetime that's named elsewhere is confusing
[INFO] [stdout]    --> sqlx-core/src/query_scalar.rs:368:57
[INFO] [stdout]     |
[INFO] [stdout] 367 |     statement: &'q DB::Statement<'q>,
[INFO] [stdout]     |                 --               -- the lifetime is named here
[INFO] [stdout]     |                 |
[INFO] [stdout]     |                 the lifetime is named here
[INFO] [stdout] 368 | ) -> QueryScalar<'q, DB, O, <DB as Database>::Arguments<'_>>
[INFO] [stdout]     |                  -- the same lifetime is named here     ^^ the same lifetime is elided here
[INFO] [stdout]     |
[INFO] [stdout]     = help: the same lifetime is referred to in inconsistent ways, making the signature confusing
[INFO] [stdout] help: consistently use `'q`
[INFO] [stdout]     |
[INFO] [stdout] 368 - ) -> QueryScalar<'q, DB, O, <DB as Database>::Arguments<'_>>
[INFO] [stdout] 368 + ) -> QueryScalar<'q, DB, O, <DB as Database>::Arguments<'q>>
[INFO] [stdout]     |
[INFO] [stdout] 
[INFO] [stdout] 
[INFO] [stderr]    Compiling sqlx v0.8.6 (/opt/rustwide/workdir)
[INFO] [stderr]     Finished `release` profile [optimized] target(s) in 57.22s
[INFO] running `Command { std: "docker" "inspect" "0f92cae613246be1718efcffe1d7c1571493c60558c62efcb630df2e237ec83d", kill_on_drop: false }`
[INFO] running `Command { std: "docker" "exec" "-e" "SOURCE_DIR=/opt/rustwide/workdir" "-e" "CARGO_HOME=/opt/rustwide/cargo-home" "-e" "RUSTUP_HOME=/opt/rustwide/rustup-home" "-e" "CARGO_TARGET_DIR=/opt/rustwide/target" "-e" "CARGO_INCREMENTAL=0" "-e" "RUST_BACKTRACE=full" "-e" "RUSTFLAGS=--cap-lints=warn" "-e" "RUSTDOCFLAGS=--cap-lints=warn" "-w" "/opt/rustwide/workdir" "--user" "0:0" "0f92cae613246be1718efcffe1d7c1571493c60558c62efcb630df2e237ec83d" "/opt/rustwide/cargo-home/bin/cargo" "+1.99.0-beta.8" "test" "--frozen" "--no-run" "--message-format=json" "--release", kill_on_drop: false }`
[INFO] [stderr] warning: Cargo.toml: file `/opt/rustwide/workdir/tests/sqlite/macros.rs` found to be present in multiple build targets:
[INFO] [stderr]   * `integration-test` target `sqlite-macros`
[INFO] [stderr]   * `integration-test` target `sqlite-unbundled-macros`
[INFO] [stderr] warning: `sqlx` (manifest) generated 1 warning
[INFO] [stderr]    Compiling serde v1.0.217
[INFO] [stderr]    Compiling value-bag v1.10.0
[INFO] [stderr]    Compiling concurrent-queue v2.5.0
[INFO] [stderr]    Compiling futures-sink v0.3.31
[INFO] [stderr]    Compiling fastrand v2.3.0
[INFO] [stderr]    Compiling futures-macro v0.3.31
[INFO] [stderr]    Compiling rustix v0.38.43
[INFO] [stderr]    Compiling linux-raw-sys v0.4.15
[INFO] [stderr]    Compiling bitflags v2.7.0
[INFO] [stderr]    Compiling anstyle v1.0.10
[INFO] [stderr]    Compiling regex-syntax v0.8.5
[INFO] [stderr]    Compiling getrandom v0.2.15
[INFO] [stdout] warning: use of deprecated method `std::sync::atomic::Atomic::<u32>::fetch_update`: renamed to `try_update` for consistency
[INFO] [stdout]    --> sqlx-core/src/pool/inner.rs:225:14
[INFO] [stdout]     |
[INFO] [stdout] 225 |             .fetch_update(Ordering::AcqRel, Ordering::Acquire, |size| {
[INFO] [stdout]     |              ^^^^^^^^^^^^
[INFO] [stdout]     |
[INFO] [stdout]     = note: `#[warn(deprecated)]` on by default
[INFO] [stdout] help: replace the use of the deprecated method
[INFO] [stdout]     |
[INFO] [stdout] 225 -             .fetch_update(Ordering::AcqRel, Ordering::Acquire, |size| {
[INFO] [stdout] 225 +             .try_update(Ordering::AcqRel, Ordering::Acquire, |size| {
[INFO] [stdout]     |
[INFO] [stdout] 
[INFO] [stdout] 
[INFO] [stdout] warning: eliding a lifetime that's named elsewhere is confusing
[INFO] [stdout]    --> sqlx-core/src/query.rs:502:48
[INFO] [stdout]     |
[INFO] [stdout] 501 |     statement: &'q DB::Statement<'q>,
[INFO] [stdout]     |                 --               -- the lifetime is named here
[INFO] [stdout]     |                 |
[INFO] [stdout]     |                 the lifetime is named here
[INFO] [stdout] 502 | ) -> Query<'q, DB, <DB as Database>::Arguments<'_>>
[INFO] [stdout]     |            -- the same lifetime is named here  ^^ the same lifetime is elided here
[INFO] [stdout]     |
[INFO] [stdout]     = help: the same lifetime is referred to in inconsistent ways, making the signature confusing
[INFO] [stdout]     = note: `#[warn(mismatched_lifetime_syntaxes)]` on by default
[INFO] [stdout] help: consistently use `'q`
[INFO] [stdout]     |
[INFO] [stdout] 502 - ) -> Query<'q, DB, <DB as Database>::Arguments<'_>>
[INFO] [stdout] 502 + ) -> Query<'q, DB, <DB as Database>::Arguments<'q>>
[INFO] [stdout]     |
[INFO] [stdout] 
[INFO] [stdout] 
[INFO] [stdout] warning: eliding a lifetime that's named elsewhere is confusing
[INFO] [stdout]    --> sqlx-core/src/query_as.rs:389:53
[INFO] [stdout]     |
[INFO] [stdout] 388 |     statement: &'q DB::Statement<'q>,
[INFO] [stdout]     |                 --               -- the lifetime is named here
[INFO] [stdout]     |                 |
[INFO] [stdout]     |                 the lifetime is named here
[INFO] [stdout] 389 | ) -> QueryAs<'q, DB, O, <DB as Database>::Arguments<'_>>
[INFO] [stdout]     |              -- the same lifetime is named here     ^^ the same lifetime is elided here
[INFO] [stdout]     |
[INFO] [stdout]     = help: the same lifetime is referred to in inconsistent ways, making the signature confusing
[INFO] [stdout] help: consistently use `'q`
[INFO] [stdout]     |
[INFO] [stdout] 389 - ) -> QueryAs<'q, DB, O, <DB as Database>::Arguments<'_>>
[INFO] [stdout] 389 + ) -> QueryAs<'q, DB, O, <DB as Database>::Arguments<'q>>
[INFO] [stdout]     |
[INFO] [stdout] 
[INFO] [stdout] 
[INFO] [stdout] warning: eliding a lifetime that's named elsewhere is confusing
[INFO] [stdout]    --> sqlx-core/src/query_scalar.rs:368:57
[INFO] [stdout]     |
[INFO] [stdout] 367 |     statement: &'q DB::Statement<'q>,
[INFO] [stdout]     |                 --               -- the lifetime is named here
[INFO] [stdout]     |                 |
[INFO] [stdout]     |                 the lifetime is named here
[INFO] [stdout] 368 | ) -> QueryScalar<'q, DB, O, <DB as Database>::Arguments<'_>>
[INFO] [stdout]     |                  -- the same lifetime is named here     ^^ the same lifetime is elided here
[INFO] [stdout]     |
[INFO] [stdout]     = help: the same lifetime is referred to in inconsistent ways, making the signature confusing
[INFO] [stdout] help: consistently use `'q`
[INFO] [stdout]     |
[INFO] [stdout] 368 - ) -> QueryScalar<'q, DB, O, <DB as Database>::Arguments<'_>>
[INFO] [stdout] 368 + ) -> QueryScalar<'q, DB, O, <DB as Database>::Arguments<'q>>
[INFO] [stdout]     |
[INFO] [stdout] 
[INFO] [stdout] 
[INFO] [stderr]    Compiling crossbeam-epoch v0.9.18
[INFO] [stderr]    Compiling num-traits v0.2.19
[INFO] [stderr]    Compiling zerocopy-derive v0.7.35
[INFO] [stderr]    Compiling syn v1.0.109
[INFO] [stderr]    Compiling event-listener v5.4.0
[INFO] [stderr]    Compiling futures-channel v0.3.31
[INFO] [stderr]    Compiling byteorder v1.5.0
[INFO] [stderr]    Compiling futures-lite v2.5.0
[INFO] [stderr]    Compiling utf8parse v0.2.2
[INFO] [stderr]    Compiling async-task v4.7.1
[INFO] [stderr]    Compiling piper v0.2.4
[INFO] [stderr]    Compiling anstyle-parse v0.2.6
[INFO] [stderr]    Compiling crossbeam-deque v0.8.6
[INFO] [stderr]    Compiling rand_core v0.6.4
[INFO] [stderr]    Compiling futures-intrusive v0.5.0
[INFO] [stderr]    Compiling crossbeam-queue v0.3.12
[INFO] [stderr]    Compiling pkg-config v0.3.31
[INFO] [stderr]    Compiling futures-util v0.3.31
[INFO] [stderr]    Compiling event-listener-strategy v0.5.3
[INFO] [stderr]    Compiling is_terminal_polyfill v1.70.1
[INFO] [stderr]    Compiling plotters-backend v0.3.7
[INFO] [stderr]    Compiling winnow v0.6.24
[INFO] [stderr]    Compiling colorchoice v1.0.3
[INFO] [stderr]    Compiling log v0.4.24
[INFO] [stderr]    Compiling target-triple v0.1.3
[INFO] [stderr]    Compiling async-channel v2.3.1
[INFO] [stderr]    Compiling async-lock v3.4.0
[INFO] [stderr]    Compiling clap_lex v0.7.4
[INFO] [stderr]    Compiling anstyle-query v1.1.2
[INFO] [stderr]    Compiling anyhow v1.0.95
[INFO] [stderr]    Compiling anstream v0.6.18
[INFO] [stderr]    Compiling clap_builder v4.5.26
[INFO] [stderr]    Compiling zerocopy v0.7.35
[INFO] [stderr]    Compiling plotters-svg v0.3.7
[INFO] [stderr]    Compiling rayon-core v1.12.1
[INFO] [stderr]    Compiling tracing v0.1.41
[INFO] [stderr]    Compiling libsqlite3-sys v0.32.0
[INFO] [stderr]    Compiling socket2 v0.5.8
[INFO] [stderr]    Compiling mio v1.0.3
[INFO] [stderr]    Compiling blocking v1.6.1
[INFO] [stderr]    Compiling async-executor v1.13.1
[INFO] [stderr]    Compiling signal-hook-registry v1.4.2
[INFO] [stderr]    Compiling ppv-lite86 v0.2.20
[INFO] [stderr]    Compiling tokio-macros v2.5.0
[INFO] [stderr]    Compiling regex-automata v0.4.9
[INFO] [stderr]    Compiling cast v0.3.0
[INFO] [stderr]    Compiling event-listener v2.5.3
[INFO] [stderr]    Compiling humantime v2.1.0
[INFO] [stderr]    Compiling plotters v0.3.7
[INFO] [stderr]    Compiling async-channel v1.9.0
[INFO] [stderr]    Compiling rand_chacha v0.3.1
[INFO] [stderr]    Compiling kv-log-macro v1.0.7
[INFO] [stderr]    Compiling tokio v1.43.0
[INFO] [stderr]    Compiling is-terminal v0.4.13
[INFO] [stderr]    Compiling anes v0.1.6
[INFO] [stderr]    Compiling termcolor v1.4.1
[INFO] [stderr]    Compiling oorandom v11.1.4
[INFO] [stderr]    Compiling glob v0.3.2
[INFO] [stderr]    Compiling time v0.3.37
[INFO] [stderr]    Compiling rand v0.8.5
[INFO] [stderr]    Compiling rand_xoshiro v0.6.0
[INFO] [stderr]    Compiling clap v4.5.26
[INFO] [stderr]    Compiling either v1.13.0
[INFO] [stderr]    Compiling serde_json v1.0.135
[INFO] [stderr]    Compiling toml_datetime v0.6.8
[INFO] [stderr]    Compiling serde_spanned v0.6.8
[INFO] [stderr]    Compiling toml_edit v0.22.22
[INFO] [stderr]    Compiling itertools v0.10.5
[INFO] [stderr]    Compiling futures-executor v0.3.31
[INFO] [stderr]    Compiling rayon v1.10.0
[INFO] [stderr]    Compiling futures v0.3.31
[INFO] [stderr]    Compiling ciborium v0.2.2
[INFO] [stderr]    Compiling async-attributes v1.1.2
[INFO] [stderr]    Compiling regex v1.11.1
[INFO] [stderr]    Compiling sqlx-core v0.8.6 (/opt/rustwide/workdir/sqlx-core)
[INFO] [stderr]    Compiling tinytemplate v1.2.1
[INFO] [stderr]    Compiling env_filter v0.1.3
[INFO] [stderr]    Compiling criterion-plot v0.5.0
[INFO] [stderr]    Compiling env_logger v0.11.6
[INFO] [stderr]    Compiling polling v3.7.4
[INFO] [stderr]    Compiling tempfile v3.15.0
[INFO] [stderr]    Compiling async-io v2.4.0
[INFO] [stdout] warning: use of deprecated method `std::sync::atomic::Atomic::<u32>::fetch_update`: renamed to `try_update` for consistency
[INFO] [stdout]    --> sqlx-core/src/pool/inner.rs:225:14
[INFO] [stdout]     |
[INFO] [stdout] 225 |             .fetch_update(Ordering::AcqRel, Ordering::Acquire, |size| {
[INFO] [stdout]     |              ^^^^^^^^^^^^
[INFO] [stdout]     |
[INFO] [stdout]     = note: `#[warn(deprecated)]` on by default
[INFO] [stdout] help: replace the use of the deprecated method
[INFO] [stdout]     |
[INFO] [stdout] 225 -             .fetch_update(Ordering::AcqRel, Ordering::Acquire, |size| {
[INFO] [stdout] 225 +             .try_update(Ordering::AcqRel, Ordering::Acquire, |size| {
[INFO] [stdout]     |
[INFO] [stdout] 
[INFO] [stdout] 
[INFO] [stderr]    Compiling toml v0.8.19
[INFO] [stderr]    Compiling async-global-executor v2.4.1
[INFO] [stderr]    Compiling async-std v1.13.0
[INFO] [stderr]    Compiling trybuild v1.0.101
[INFO] [stdout] warning: eliding a lifetime that's named elsewhere is confusing
[INFO] [stdout]    --> sqlx-core/src/query.rs:502:48
[INFO] [stdout]     |
[INFO] [stdout] 501 |     statement: &'q DB::Statement<'q>,
[INFO] [stdout]     |                 --               -- the lifetime is named here
[INFO] [stdout]     |                 |
[INFO] [stdout]     |                 the lifetime is named here
[INFO] [stdout] 502 | ) -> Query<'q, DB, <DB as Database>::Arguments<'_>>
[INFO] [stdout]     |            -- the same lifetime is named here  ^^ the same lifetime is elided here
[INFO] [stdout]     |
[INFO] [stdout]     = help: the same lifetime is referred to in inconsistent ways, making the signature confusing
[INFO] [stdout]     = note: `#[warn(mismatched_lifetime_syntaxes)]` on by default
[INFO] [stdout] help: consistently use `'q`
[INFO] [stdout]     |
[INFO] [stdout] 502 - ) -> Query<'q, DB, <DB as Database>::Arguments<'_>>
[INFO] [stdout] 502 + ) -> Query<'q, DB, <DB as Database>::Arguments<'q>>
[INFO] [stdout]     |
[INFO] [stdout] 
[INFO] [stdout] 
[INFO] [stdout] warning: eliding a lifetime that's named elsewhere is confusing
[INFO] [stdout]    --> sqlx-core/src/query_as.rs:389:53
[INFO] [stdout]     |
[INFO] [stdout] 388 |     statement: &'q DB::Statement<'q>,
[INFO] [stdout]     |                 --               -- the lifetime is named here
[INFO] [stdout]     |                 |
[INFO] [stdout]     |                 the lifetime is named here
[INFO] [stdout] 389 | ) -> QueryAs<'q, DB, O, <DB as Database>::Arguments<'_>>
[INFO] [stdout]     |              -- the same lifetime is named here     ^^ the same lifetime is elided here
[INFO] [stdout]     |
[INFO] [stdout]     = help: the same lifetime is referred to in inconsistent ways, making the signature confusing
[INFO] [stdout] help: consistently use `'q`
[INFO] [stdout]     |
[INFO] [stdout] 389 - ) -> QueryAs<'q, DB, O, <DB as Database>::Arguments<'_>>
[INFO] [stdout] 389 + ) -> QueryAs<'q, DB, O, <DB as Database>::Arguments<'q>>
[INFO] [stdout]     |
[INFO] [stdout] 
[INFO] [stdout] 
[INFO] [stdout] warning: eliding a lifetime that's named elsewhere is confusing
[INFO] [stdout]    --> sqlx-core/src/query_scalar.rs:368:57
[INFO] [stdout]     |
[INFO] [stdout] 367 |     statement: &'q DB::Statement<'q>,
[INFO] [stdout]     |                 --               -- the lifetime is named here
[INFO] [stdout]     |                 |
[INFO] [stdout]     |                 the lifetime is named here
[INFO] [stdout] 368 | ) -> QueryScalar<'q, DB, O, <DB as Database>::Arguments<'_>>
[INFO] [stdout]     |                  -- the same lifetime is named here     ^^ the same lifetime is elided here
[INFO] [stdout]     |
[INFO] [stdout]     = help: the same lifetime is referred to in inconsistent ways, making the signature confusing
[INFO] [stdout] help: consistently use `'q`
[INFO] [stdout]     |
[INFO] [stdout] 368 - ) -> QueryScalar<'q, DB, O, <DB as Database>::Arguments<'_>>
[INFO] [stdout] 368 + ) -> QueryScalar<'q, DB, O, <DB as Database>::Arguments<'q>>
[INFO] [stdout]     |
[INFO] [stdout] 
[INFO] [stdout] 
[INFO] [stderr]    Compiling criterion v0.5.1
[INFO] [stderr]    Compiling sqlx v0.8.6 (/opt/rustwide/workdir)
[INFO] [stderr]    Compiling sqlx-test v0.1.0 (/opt/rustwide/workdir/sqlx-test)
[INFO] [stderr]     Finished `release` profile [optimized] target(s) in 1m 36s
[INFO] running `Command { std: "docker" "inspect" "0f92cae613246be1718efcffe1d7c1571493c60558c62efcb630df2e237ec83d", kill_on_drop: false }`
[INFO] running `Command { std: "docker" "exec" "-e" "SOURCE_DIR=/opt/rustwide/workdir" "-e" "CARGO_HOME=/opt/rustwide/cargo-home" "-e" "RUSTUP_HOME=/opt/rustwide/rustup-home" "-e" "CARGO_TARGET_DIR=/opt/rustwide/target" "-e" "CARGO_INCREMENTAL=0" "-e" "RUST_BACKTRACE=full" "-e" "RUSTFLAGS=--cap-lints=warn" "-e" "RUSTDOCFLAGS=--cap-lints=warn" "-w" "/opt/rustwide/workdir" "--user" "0:0" "0f92cae613246be1718efcffe1d7c1571493c60558c62efcb630df2e237ec83d" "/opt/rustwide/cargo-home/bin/cargo" "+1.99.0-beta.8" "test" "--frozen" "--release", kill_on_drop: false }`
[INFO] [stderr] warning: Cargo.toml: file `/opt/rustwide/workdir/tests/sqlite/macros.rs` found to be present in multiple build targets:
[INFO] [stderr]   * `integration-test` target `sqlite-macros`
[INFO] [stderr]   * `integration-test` target `sqlite-unbundled-macros`
[INFO] [stderr] warning: `sqlx` (manifest) generated 1 warning
[INFO] [stderr] warning: use of deprecated method `std::sync::atomic::Atomic::<u32>::fetch_update`: renamed to `try_update` for consistency
[INFO] [stderr]    --> sqlx-core/src/pool/inner.rs:225:14
[INFO] [stderr]     |
[INFO] [stderr] 225 |             .fetch_update(Ordering::AcqRel, Ordering::Acquire, |size| {
[INFO] [stderr]     |              ^^^^^^^^^^^^
[INFO] [stderr]     |
[INFO] [stderr]     = note: `#[warn(deprecated)]` on by default
[INFO] [stderr] help: replace the use of the deprecated method
[INFO] [stderr]     |
[INFO] [stderr] 225 -             .fetch_update(Ordering::AcqRel, Ordering::Acquire, |size| {
[INFO] [stderr] 225 +             .try_update(Ordering::AcqRel, Ordering::Acquire, |size| {
[INFO] [stderr]     |
[INFO] [stderr] 
[INFO] [stderr] warning: eliding a lifetime that's named elsewhere is confusing
[INFO] [stderr]    --> sqlx-core/src/query.rs:502:48
[INFO] [stderr]     |
[INFO] [stderr] 501 |     statement: &'q DB::Statement<'q>,
[INFO] [stderr]     |                 --               -- the lifetime is named here
[INFO] [stderr]     |                 |
[INFO] [stderr]     |                 the lifetime is named here
[INFO] [stderr] 502 | ) -> Query<'q, DB, <DB as Database>::Arguments<'_>>
[INFO] [stderr]     |            -- the same lifetime is named here  ^^ the same lifetime is elided here
[INFO] [stderr]     |
[INFO] [stderr]     = help: the same lifetime is referred to in inconsistent ways, making the signature confusing
[INFO] [stderr]     = note: `#[warn(mismatched_lifetime_syntaxes)]` on by default
[INFO] [stderr] help: consistently use `'q`
[INFO] [stderr]     |
[INFO] [stderr] 502 - ) -> Query<'q, DB, <DB as Database>::Arguments<'_>>
[INFO] [stderr] 502 + ) -> Query<'q, DB, <DB as Database>::Arguments<'q>>
[INFO] [stderr]     |
[INFO] [stderr] 
[INFO] [stderr] warning: eliding a lifetime that's named elsewhere is confusing
[INFO] [stderr]    --> sqlx-core/src/query_as.rs:389:53
[INFO] [stderr]     |
[INFO] [stderr] 388 |     statement: &'q DB::Statement<'q>,
[INFO] [stderr]     |                 --               -- the lifetime is named here
[INFO] [stderr]     |                 |
[INFO] [stderr]     |                 the lifetime is named here
[INFO] [stderr] 389 | ) -> QueryAs<'q, DB, O, <DB as Database>::Arguments<'_>>
[INFO] [stderr]     |              -- the same lifetime is named here     ^^ the same lifetime is elided here
[INFO] [stderr]     |
[INFO] [stderr]     = help: the same lifetime is referred to in inconsistent ways, making the signature confusing
[INFO] [stderr] help: consistently use `'q`
[INFO] [stderr]     |
[INFO] [stderr] 389 - ) -> QueryAs<'q, DB, O, <DB as Database>::Arguments<'_>>
[INFO] [stderr] 389 + ) -> QueryAs<'q, DB, O, <DB as Database>::Arguments<'q>>
[INFO] [stderr]     |
[INFO] [stderr] 
[INFO] [stderr] warning: eliding a lifetime that's named elsewhere is confusing
[INFO] [stderr]    --> sqlx-core/src/query_scalar.rs:368:57
[INFO] [stderr]     |
[INFO] [stderr] 367 |     statement: &'q DB::Statement<'q>,
[INFO] [stderr]     |                 --               -- the lifetime is named here
[INFO] [stderr]     |                 |
[INFO] [stderr]     |                 the lifetime is named here
[INFO] [stderr] 368 | ) -> QueryScalar<'q, DB, O, <DB as Database>::Arguments<'_>>
[INFO] [stderr]     |                  -- the same lifetime is named here     ^^ the same lifetime is elided here
[INFO] [stderr]     |
[INFO] [stderr]     = help: the same lifetime is referred to in inconsistent ways, making the signature confusing
[INFO] [stderr] help: consistently use `'q`
[INFO] [stderr]     |
[INFO] [stderr] 368 - ) -> QueryScalar<'q, DB, O, <DB as Database>::Arguments<'_>>
[INFO] [stderr] 368 + ) -> QueryScalar<'q, DB, O, <DB as Database>::Arguments<'q>>
[INFO] [stderr]     |
[INFO] [stderr] 
[INFO] [stderr] warning: `sqlx-core` (lib) generated 4 warnings (run `cargo fix --lib -p sqlx-core` to apply 4 suggestions)
[INFO] [stderr] warning: `sqlx-core` (lib) generated 4 warnings (4 duplicates)
[INFO] [stderr]     Finished `release` profile [optimized] target(s) in 0.45s
[INFO] [stderr]      Running unittests src/lib.rs (/opt/rustwide/target/release/deps/sqlx-efe41dbbce93ef43)
[INFO] [stdout] 
[INFO] [stdout] running 4 tests
[INFO] [stdout] test ty_match::test_dupe_value ... ok
[INFO] [stdout] test ty_match::test_match_borrow ... ok
[INFO] [stdout] test spec_error::test_spec_error ... ok
[INFO] [stdout] test ty_match::test_wrap_same ... ok
[INFO] [stdout] 
[INFO] [stdout] test result: ok. 4 passed; 0 failed; 0 ignored; 0 measured; 0 filtered out; finished in 0.00s
[INFO] [stdout] 
[INFO] [stderr]      Running tests/any/any.rs (/opt/rustwide/target/release/deps/any-e83e21fbe05f46ab)
[INFO] [stdout] 
[INFO] [stdout] running 7 tests
[INFO] [stdout] test it_executes_with_pool ... FAILED
[INFO] [stdout] test it_gets_by_name ... FAILED
[INFO] [stdout] test it_pings ... FAILED
[INFO] [stdout] test it_can_fail_and_recover ... FAILED
[INFO] [stdout] test it_connects ... FAILED
[INFO] [stdout] test it_can_fail_and_recover_with_pool ... FAILED
[INFO] [stdout] test it_does_not_stop_stream_after_decoding_error ... FAILED
[INFO] [stdout] 
[INFO] [stdout] failures:
[INFO] [stdout] 
[INFO] [stdout] ---- it_executes_with_pool stdout ----
[INFO] [stdout] 
[INFO] [stdout] thread 'it_executes_with_pool' (3683) panicked at tests/any/any.rs:34:1:
[INFO] [stdout] either the `runtime-async-std` or `runtime-tokio` feature must be enabled
[INFO] [stdout] stack backtrace:
[INFO] [stdout]    0:     0x5a2fe9cae461 - <<std[70759c8f55707aa4]::sys::backtrace::BacktraceLock>::print::DisplayBacktrace as core[df12db4294e9bfd3]::fmt::Display>::fmt
[INFO] [stdout]    1:     0x5a2fe9cc26ea - core[df12db4294e9bfd3]::fmt::write
[INFO] [stdout]    2:     0x5a2fe9cb29ac - <alloc[2182bb758b4b3781]::vec::Vec<u8> as core[df12db4294e9bfd3]::io::write::Write>::write_fmt
[INFO] [stdout]    3:     0x5a2fe9c8aa36 - std[70759c8f55707aa4]::panicking::default_hook::{closure#0}
[INFO] [stdout]    4:     0x5a2fe9ca6bc9 - std[70759c8f55707aa4]::panicking::default_hook
[INFO] [stdout]    5:     0x5a2fe9c424e0 - test[9d35eded1c95d3be]::test_main_inner::<test[9d35eded1c95d3be]::test_main_static::{closure#0}>::{closure#0}
[INFO] [stdout]    6:     0x5a2fe9ca6d82 - std[70759c8f55707aa4]::panicking::panic_with_hook
[INFO] [stdout]    7:     0x5a2fe9c8ab14 - std[70759c8f55707aa4]::panicking::panic_handler::{closure#0}
[INFO] [stdout]    8:     0x5a2fe9c83839 - std[70759c8f55707aa4]::sys::backtrace::__rust_end_short_backtrace::<std[70759c8f55707aa4]::panicking::panic_handler::{closure#0}, !>
[INFO] [stdout]    9:     0x5a2fe9c8b6dd - __rustc[8fa7c3cbc660c2b3]::rust_begin_unwind
[INFO] [stdout]   10:     0x5a2fe9cc2e1c - core[df12db4294e9bfd3]::panicking::panic_fmt
[INFO] [stdout]   11:     0x5a2fe9c33c44 - sqlx_core[ca8e39b70e6edb7]::rt::missing_rt::<any[6d91ea0f0387991]::it_executes_with_pool::{closure#0}>
[INFO] [stdout]   12:     0x5a2fe9c356f3 - <any[6d91ea0f0387991]::it_executes_with_pool::{closure#0} as core[df12db4294e9bfd3]::ops::function::FnOnce<()>>::call_once
[INFO] [stdout]   13:     0x5a2fe9c357cb - test[9d35eded1c95d3be]::__rust_begin_short_backtrace::<core[df12db4294e9bfd3]::result::Result<(), alloc[2182bb758b4b3781]::string::String>, fn() -> core[df12db4294e9bfd3]::result::Result<(), alloc[2182bb758b4b3781]::string::String>>
[INFO] [stdout]   14:     0x5a2fe9c42e35 - test[9d35eded1c95d3be]::run_test::{closure#0}
[INFO] [stdout]   15:     0x5a2fe9c3c6f4 - std[70759c8f55707aa4]::sys::backtrace::__rust_begin_short_backtrace::<test[9d35eded1c95d3be]::run_test::{closure#1}, ()>
[INFO] [stdout]   16:     0x5a2fe9c45f92 - <std[70759c8f55707aa4]::thread::lifecycle::spawn_unchecked<test[9d35eded1c95d3be]::run_test::{closure#1}, ()>::{closure#1} as core[df12db4294e9bfd3]::ops::function::FnOnce<()>>::call_once::{shim:vtable#0}
[INFO] [stdout]   17:     0x5a2fe9cadd39 - <std[70759c8f55707aa4]::sys::thread::unix::Thread>::new::thread_start
[INFO] [stdout]   18:     0x7a7910520dfa - <unknown>
[INFO] [stdout]   19:     0x7a79105b43d4 - clone
[INFO] [stdout]   20:                0x0 - <unknown>
[INFO] [stdout] 
[INFO] [stdout] ---- it_gets_by_name stdout ----
[INFO] [stdout] 
[INFO] [stdout] thread 'it_gets_by_name' (3684) panicked at tests/any/any.rs:79:1:
[INFO] [stdout] either the `runtime-async-std` or `runtime-tokio` feature must be enabled
[INFO] [stdout] stack backtrace:
[INFO] [stdout]    0:     0x5a2fe9cae461 - <<std[70759c8f55707aa4]::sys::backtrace::BacktraceLock>::print::DisplayBacktrace as core[df12db4294e9bfd3]::fmt::Display>::fmt
[INFO] [stdout]    1:     0x5a2fe9cc26ea - core[df12db4294e9bfd3]::fmt::write
[INFO] [stdout]    2:     0x5a2fe9cb29ac - <alloc[2182bb758b4b3781]::vec::Vec<u8> as core[df12db4294e9bfd3]::io::write::Write>::write_fmt
[INFO] [stdout]    3:     0x5a2fe9c8aa36 - std[70759c8f55707aa4]::panicking::default_hook::{closure#0}
[INFO] [stdout]    4:     0x5a2fe9ca6bc9 - std[70759c8f55707aa4]::panicking::default_hook
[INFO] [stdout]    5:     0x5a2fe9c424e0 - test[9d35eded1c95d3be]::test_main_inner::<test[9d35eded1c95d3be]::test_main_static::{closure#0}>::{closure#0}
[INFO] [stdout]    6:     0x5a2fe9ca6d82 - std[70759c8f55707aa4]::panicking::panic_with_hook
[INFO] [stdout]    7:     0x5a2fe9c8ab14 - std[70759c8f55707aa4]::panicking::panic_handler::{closure#0}
[INFO] [stdout]    8:     0x5a2fe9c83839 - std[70759c8f55707aa4]::sys::backtrace::__rust_end_short_backtrace::<std[70759c8f55707aa4]::panicking::panic_handler::{closure#0}, !>
[INFO] [stdout]    9:     0x5a2fe9c8b6dd - __rustc[8fa7c3cbc660c2b3]::rust_begin_unwind
[INFO] [stdout]   10:     0x5a2fe9cc2e1c - core[df12db4294e9bfd3]::panicking::panic_fmt
[INFO] [stdout]   11:     0x5a2fe9c33b34 - sqlx_core[ca8e39b70e6edb7]::rt::missing_rt::<any[6d91ea0f0387991]::it_gets_by_name::{closure#0}>
[INFO] [stdout]   12:     0x5a2fe9c356e0 - <any[6d91ea0f0387991]::it_gets_by_name::{closure#0} as core[df12db4294e9bfd3]::ops::function::FnOnce<()>>::call_once
[INFO] [stdout]   13:     0x5a2fe9c357cb - test[9d35eded1c95d3be]::__rust_begin_short_backtrace::<core[df12db4294e9bfd3]::result::Result<(), alloc[2182bb758b4b3781]::string::String>, fn() -> core[df12db4294e9bfd3]::result::Result<(), alloc[2182bb758b4b3781]::string::String>>
[INFO] [stdout]   14:     0x5a2fe9c42e35 - test[9d35eded1c95d3be]::run_test::{closure#0}
[INFO] [stdout]   15:     0x5a2fe9c3c6f4 - std[70759c8f55707aa4]::sys::backtrace::__rust_begin_short_backtrace::<test[9d35eded1c95d3be]::run_test::{closure#1}, ()>
[INFO] [stdout]   16:     0x5a2fe9c45f92 - <std[70759c8f55707aa4]::thread::lifecycle::spawn_unchecked<test[9d35eded1c95d3be]::run_test::{closure#1}, ()>::{closure#1} as core[df12db4294e9bfd3]::ops::function::FnOnce<()>>::call_once::{shim:vtable#0}
[INFO] [stdout]   17:     0x5a2fe9cadd39 - <std[70759c8f55707aa4]::sys::thread::unix::Thread>::new::thread_start
[INFO] [stdout]   18:     0x7a7910520dfa - <unknown>
[INFO] [stdout]   19:     0x7a79105b43d4 - clone
[INFO] [stdout]   20:                0x0 - <unknown>
[INFO] [stdout] 
[INFO] [stdout] ---- it_pings stdout ----
[INFO] [stdout] 
[INFO] [stdout] thread 'it_pings' (3685) panicked at tests/any/any.rs:23:1:
[INFO] [stdout] either the `runtime-async-std` or `runtime-tokio` feature must be enabled
[INFO] [stdout] stack backtrace:
[INFO] [stdout]    0:     0x5a2fe9cae461 - <<std[70759c8f55707aa4]::sys::backtrace::BacktraceLock>::print::DisplayBacktrace as core[df12db4294e9bfd3]::fmt::Display>::fmt
[INFO] [stdout]    1:     0x5a2fe9cc26ea - core[df12db4294e9bfd3]::fmt::write
[INFO] [stdout]    2:     0x5a2fe9cb29ac - <alloc[2182bb758b4b3781]::vec::Vec<u8> as core[df12db4294e9bfd3]::io::write::Write>::write_fmt
[INFO] [stdout]    3:     0x5a2fe9c8aa36 - std[70759c8f55707aa4]::panicking::default_hook::{closure#0}
[INFO] [stdout]    4:     0x5a2fe9ca6bc9 - std[70759c8f55707aa4]::panicking::default_hook
[INFO] [stdout]    5:     0x5a2fe9c424e0 - test[9d35eded1c95d3be]::test_main_inner::<test[9d35eded1c95d3be]::test_main_static::{closure#0}>::{closure#0}
[INFO] [stdout]    6:     0x5a2fe9ca6d82 - std[70759c8f55707aa4]::panicking::panic_with_hook
[INFO] [stdout]    7:     0x5a2fe9c8ab14 - std[70759c8f55707aa4]::panicking::panic_handler::{closure#0}
[INFO] [stdout]    8:     0x5a2fe9c83839 - std[70759c8f55707aa4]::sys::backtrace::__rust_end_short_backtrace::<std[70759c8f55707aa4]::panicking::panic_handler::{closure#0}, !>
[INFO] [stdout]    9:     0x5a2fe9c8b6dd - __rustc[8fa7c3cbc660c2b3]::rust_begin_unwind
[INFO] [stdout]   10:     0x5a2fe9cc2e1c - core[df12db4294e9bfd3]::panicking::panic_fmt
[INFO] [stdout]   11:     0x5a2fe9c341c4 - sqlx_core[ca8e39b70e6edb7]::rt::missing_rt::<any[6d91ea0f0387991]::it_pings::{closure#0}>
[INFO] [stdout]   12:     0x5a2fe9c35770 - <any[6d91ea0f0387991]::it_pings::{closure#0} as core[df12db4294e9bfd3]::ops::function::FnOnce<()>>::call_once
[INFO] [stdout]   13:     0x5a2fe9c357cb - test[9d35eded1c95d3be]::__rust_begin_short_backtrace::<core[df12db4294e9bfd3]::result::Result<(), alloc[2182bb758b4b3781]::string::String>, fn() -> core[df12db4294e9bfd3]::result::Result<(), alloc[2182bb758b4b3781]::string::String>>
[INFO] [stdout]   14:     0x5a2fe9c42e35 - test[9d35eded1c95d3be]::run_test::{closure#0}
[INFO] [stdout]   15:     0x5a2fe9c3c6f4 - std[70759c8f55707aa4]::sys::backtrace::__rust_begin_short_backtrace::<test[9d35eded1c95d3be]::run_test::{closure#1}, ()>
[INFO] [stdout]   16:     0x5a2fe9c45f92 - <std[70759c8f55707aa4]::thread::lifecycle::spawn_unchecked<test[9d35eded1c95d3be]::run_test::{closure#1}, ()>::{closure#1} as core[df12db4294e9bfd3]::ops::function::FnOnce<()>>::call_once::{shim:vtable#0}
[INFO] [stdout]   17:     0x5a2fe9cadd39 - <std[70759c8f55707aa4]::sys::thread::unix::Thread>::new::thread_start
[INFO] [stdout]   18:     0x7a7910520dfa - <unknown>
[INFO] [stdout]   19:     0x7a79105b43d4 - clone
[INFO] [stdout]   20:                0x0 - <unknown>
[INFO] [stdout] 
[INFO] [stdout] ---- it_can_fail_and_recover stdout ----
[INFO] [stdout] 
[INFO] [stdout] thread 'it_can_fail_and_recover' (3679) panicked at tests/any/any.rs:93:1:
[INFO] [stdout] either the `runtime-async-std` or `runtime-tokio` feature must be enabled
[INFO] [stdout] stack backtrace:
[INFO] [stdout]    0:     0x5a2fe9cae461 - <<std[70759c8f55707aa4]::sys::backtrace::BacktraceLock>::print::DisplayBacktrace as core[df12db4294e9bfd3]::fmt::Display>::fmt
[INFO] [stdout]    1:     0x5a2fe9cc26ea - core[df12db4294e9bfd3]::fmt::write
[INFO] [stdout]    2:     0x5a2fe9cb29ac - <alloc[2182bb758b4b3781]::vec::Vec<u8> as core[df12db4294e9bfd3]::io::write::Write>::write_fmt
[INFO] [stdout]    3:     0x5a2fe9c8aa36 - std[70759c8f55707aa4]::panicking::default_hook::{closure#0}
[INFO] [stdout]    4:     0x5a2fe9ca6bc9 - std[70759c8f55707aa4]::panicking::default_hook
[INFO] [stdout]    5:     0x5a2fe9c424e0 - test[9d35eded1c95d3be]::test_main_inner::<test[9d35eded1c95d3be]::test_main_static::{closure#0}>::{closure#0}
[INFO] [stdout]    6:     0x5a2fe9ca6d82 - std[70759c8f55707aa4]::panicking::panic_with_hook
[INFO] [stdout]    7:     0x5a2fe9c8ab14 - std[70759c8f55707aa4]::panicking::panic_handler::{closure#0}
[INFO] [stdout]    8:     0x5a2fe9c83839 - std[70759c8f55707aa4]::sys::backtrace::__rust_end_short_backtrace::<std[70759c8f55707aa4]::panicking::panic_handler::{closure#0}, !>
[INFO] [stdout]    9:     0x5a2fe9c8b6dd - __rustc[8fa7c3cbc660c2b3]::rust_begin_unwind
[INFO] [stdout]   10:     0x5a2fe9cc2e1c - core[df12db4294e9bfd3]::panicking::panic_fmt
[INFO] [stdout]   11:     0x5a2fe9c33d24 - sqlx_core[ca8e39b70e6edb7]::rt::missing_rt::<any[6d91ea0f0387991]::it_can_fail_and_recover::{closure#0}>
[INFO] [stdout]   12:     0x5a2fe9c35711 - <any[6d91ea0f0387991]::it_can_fail_and_recover::{closure#0} as core[df12db4294e9bfd3]::ops::function::FnOnce<()>>::call_once
[INFO] [stdout]   13:     0x5a2fe9c357cb - test[9d35eded1c95d3be]::__rust_begin_short_backtrace::<core[df12db4294e9bfd3]::result::Result<(), alloc[2182bb758b4b3781]::string::String>, fn() -> core[df12db4294e9bfd3]::result::Result<(), alloc[2182bb758b4b3781]::string::String>>
[INFO] [stdout]   14:     0x5a2fe9c42e35 - test[9d35eded1c95d3be]::run_test::{closure#0}
[INFO] [stdout]   15:     0x5a2fe9c3c6f4 - std[70759c8f55707aa4]::sys::backtrace::__rust_begin_short_backtrace::<test[9d35eded1c95d3be]::run_test::{closure#1}, ()>
[INFO] [stdout]   16:     0x5a2fe9c45f92 - <std[70759c8f55707aa4]::thread::lifecycle::spawn_unchecked<test[9d35eded1c95d3be]::run_test::{closure#1}, ()>::{closure#1} as core[df12db4294e9bfd3]::ops::function::FnOnce<()>>::call_once::{shim:vtable#0}
[INFO] [stdout]   17:     0x5a2fe9cadd39 - <std[70759c8f55707aa4]::sys::thread::unix::Thread>::new::thread_start
[INFO] [stdout]   18:     0x7a7910520dfa - <unknown>
[INFO] [stdout]   19:     0x7a79105b43d4 - clone
[INFO] [stdout]   20:                0x0 - <unknown>
[INFO] [stdout] 
[INFO] [stdout] ---- it_connects stdout ----
[INFO] [stdout] 
[INFO] [stdout] thread 'it_connects' (3681) panicked at tests/any/any.rs:5:1:
[INFO] [stdout] either the `runtime-async-std` or `runtime-tokio` feature must be enabled
[INFO] [stdout] stack backtrace:
[INFO] [stdout]    0:     0x5a2fe9cae461 - <<std[70759c8f55707aa4]::sys::backtrace::BacktraceLock>::print::DisplayBacktrace as core[df12db4294e9bfd3]::fmt::Display>::fmt
[INFO] [stdout]    1:     0x5a2fe9cc26ea - core[df12db4294e9bfd3]::fmt::write
[INFO] [stdout]    2:     0x5a2fe9cb29ac - <alloc[2182bb758b4b3781]::vec::Vec<u8> as core[df12db4294e9bfd3]::io::write::Write>::write_fmt
[INFO] [stdout]    3:     0x5a2fe9c8aa36 - std[70759c8f55707aa4]::panicking::default_hook::{closure#0}
[INFO] [stdout]    4:     0x5a2fe9ca6bc9 - std[70759c8f55707aa4]::panicking::default_hook
[INFO] [stdout]    5:     0x5a2fe9c424e0 - test[9d35eded1c95d3be]::test_main_inner::<test[9d35eded1c95d3be]::test_main_static::{closure#0}>::{closure#0}
[INFO] [stdout]    6:     0x5a2fe9ca6d82 - std[70759c8f55707aa4]::panicking::panic_with_hook
[INFO] [stdout]    7:     0x5a2fe9c8ab14 - std[70759c8f55707aa4]::panicking::panic_handler::{closure#0}
[INFO] [stdout]    8:     0x5a2fe9c83839 - std[70759c8f55707aa4]::sys::backtrace::__rust_end_short_backtrace::<std[70759c8f55707aa4]::panicking::panic_handler::{closure#0}, !>
[INFO] [stdout]    9:     0x5a2fe9c8b6dd - __rustc[8fa7c3cbc660c2b3]::rust_begin_unwind
[INFO] [stdout]   10:     0x5a2fe9cc2e1c - core[df12db4294e9bfd3]::panicking::panic_fmt
[INFO] [stdout]   11:     0x5a2fe9c338d7 - sqlx_core[ca8e39b70e6edb7]::rt::missing_rt::<any[6d91ea0f0387991]::it_connects::{closure#0}>
[INFO] [stdout]   12:     0x5a2fe9c356c6 - <any[6d91ea0f0387991]::it_connects::{closure#0} as core[df12db4294e9bfd3]::ops::function::FnOnce<()>>::call_once
[INFO] [stdout]   13:     0x5a2fe9c357cb - test[9d35eded1c95d3be]::__rust_begin_short_backtrace::<core[df12db4294e9bfd3]::result::Result<(), alloc[2182bb758b4b3781]::string::String>, fn() -> core[df12db4294e9bfd3]::result::Result<(), alloc[2182bb758b4b3781]::string::String>>
[INFO] [stdout]   14:     0x5a2fe9c42e35 - test[9d35eded1c95d3be]::run_test::{closure#0}
[INFO] [stdout]   15:     0x5a2fe9c3c6f4 - std[70759c8f55707aa4]::sys::backtrace::__rust_begin_short_backtrace::<test[9d35eded1c95d3be]::run_test::{closure#1}, ()>
[INFO] [stdout]   16:     0x5a2fe9c45f92 - <std[70759c8f55707aa4]::thread::lifecycle::spawn_unchecked<test[9d35eded1c95d3be]::run_test::{closure#1}, ()>::{closure#1} as core[df12db4294e9bfd3]::ops::function::FnOnce<()>>::call_once::{shim:vtable#0}
[INFO] [stdout]   17:     0x5a2fe9cadd39 - <std[70759c8f55707aa4]::sys::thread::unix::Thread>::new::thread_start
[INFO] [stdout]   18:     0x7a7910520dfa - <unknown>
[INFO] [stdout]   19:     0x7a79105b43d4 - clone
[INFO] [stdout]   20:                0x0 - <unknown>
[INFO] [stdout] 
[INFO] [stdout] ---- it_can_fail_and_recover_with_pool stdout ----
[INFO] [stdout] 
[INFO] [stdout] thread 'it_can_fail_and_recover_with_pool' (3680) panicked at tests/any/any.rs:119:1:
[INFO] [stdout] either the `runtime-async-std` or `runtime-tokio` feature must be enabled
[INFO] [stdout] stack backtrace:
[INFO] [stdout]    0:     0x5a2fe9cae461 - <<std[70759c8f55707aa4]::sys::backtrace::BacktraceLock>::print::DisplayBacktrace as core[df12db4294e9bfd3]::fmt::Display>::fmt
[INFO] [stdout]    1:     0x5a2fe9cc26ea - core[df12db4294e9bfd3]::fmt::write
[INFO] [stdout]    2:     0x5a2fe9cb29ac - <alloc[2182bb758b4b3781]::vec::Vec<u8> as core[df12db4294e9bfd3]::io::write::Write>::write_fmt
[INFO] [stdout]    3:     0x5a2fe9c8aa36 - std[70759c8f55707aa4]::panicking::default_hook::{closure#0}
[INFO] [stdout]    4:     0x5a2fe9ca6bc9 - std[70759c8f55707aa4]::panicking::default_hook
[INFO] [stdout]    5:     0x5a2fe9c424e0 - test[9d35eded1c95d3be]::test_main_inner::<test[9d35eded1c95d3be]::test_main_static::{closure#0}>::{closure#0}
[INFO] [stdout]    6:     0x5a2fe9ca6d82 - std[70759c8f55707aa4]::panicking::panic_with_hook
[INFO] [stdout]    7:     0x5a2fe9c8ab14 - std[70759c8f55707aa4]::panicking::panic_handler::{closure#0}
[INFO] [stdout]    8:     0x5a2fe9c83839 - std[70759c8f55707aa4]::sys::backtrace::__rust_end_short_backtrace::<std[70759c8f55707aa4]::panicking::panic_handler::{closure#0}, !>
[INFO] [stdout]    9:     0x5a2fe9c8b6dd - __rustc[8fa7c3cbc660c2b3]::rust_begin_unwind
[INFO] [stdout]   10:     0x5a2fe9cc2e1c - core[df12db4294e9bfd3]::panicking::panic_fmt
[INFO] [stdout]   11:     0x5a2fe9c33ef4 - sqlx_core[ca8e39b70e6edb7]::rt::missing_rt::<any[6d91ea0f0387991]::it_can_fail_and_recover_with_pool::{closure#0}>
[INFO] [stdout]   12:     0x5a2fe9c35736 - <any[6d91ea0f0387991]::it_can_fail_and_recover_with_pool::{closure#0} as core[df12db4294e9bfd3]::ops::function::FnOnce<()>>::call_once
[INFO] [stdout]   13:     0x5a2fe9c357cb - test[9d35eded1c95d3be]::__rust_begin_short_backtrace::<core[df12db4294e9bfd3]::result::Result<(), alloc[2182bb758b4b3781]::string::String>, fn() -> core[df12db4294e9bfd3]::result::Result<(), alloc[2182bb758b4b3781]::string::String>>
[INFO] [stdout]   14:     0x5a2fe9c42e35 - test[9d35eded1c95d3be]::run_test::{closure#0}
[INFO] [stdout]   15:     0x5a2fe9c3c6f4 - std[70759c8f55707aa4]::sys::backtrace::__rust_begin_short_backtrace::<test[9d35eded1c95d3be]::run_test::{closure#1}, ()>
[INFO] [stdout]   16:     0x5a2fe9c45f92 - <std[70759c8f55707aa4]::thread::lifecycle::spawn_unchecked<test[9d35eded1c95d3be]::run_test::{closure#1}, ()>::{closure#1} as core[df12db4294e9bfd3]::ops::function::FnOnce<()>>::call_once::{shim:vtable#0}
[INFO] [stdout]   17:     0x5a2fe9cadd39 - <std[70759c8f55707aa4]::sys::thread::unix::Thread>::new::thread_start
[INFO] [stdout]   18:     0x7a7910520dfa - <unknown>
[INFO] [stdout]   19:     0x7a79105b43d4 - clone
[INFO] [stdout]   20:                0x0 - <unknown>
[INFO] [stdout] 
[INFO] [stdout] ---- it_does_not_stop_stream_after_decoding_error stdout ----
[INFO] [stdout] 
[INFO] [stdout] thread 'it_does_not_stop_stream_after_decoding_error' (3682) panicked at tests/any/any.rs:47:1:
[INFO] [stdout] either the `runtime-async-std` or `runtime-tokio` feature must be enabled
[INFO] [stdout] stack backtrace:
[INFO] [stdout]    0:     0x5a2fe9cae461 - <<std[70759c8f55707aa4]::sys::backtrace::BacktraceLock>::print::DisplayBacktrace as core[df12db4294e9bfd3]::fmt::Display>::fmt
[INFO] [stdout]    1:     0x5a2fe9cc26ea - core[df12db4294e9bfd3]::fmt::write
[INFO] [stdout]    2:     0x5a2fe9cb29ac - <alloc[2182bb758b4b3781]::vec::Vec<u8> as core[df12db4294e9bfd3]::io::write::Write>::write_fmt
[INFO] [stdout]    3:     0x5a2fe9c8aa36 - std[70759c8f55707aa4]::panicking::default_hook::{closure#0}
[INFO] [stdout]    4:     0x5a2fe9ca6bc9 - std[70759c8f55707aa4]::panicking::default_hook
[INFO] [stdout]    5:     0x5a2fe9c424e0 - test[9d35eded1c95d3be]::test_main_inner::<test[9d35eded1c95d3be]::test_main_static::{closure#0}>::{closure#0}
[INFO] [stdout]    6:     0x5a2fe9ca6d82 - std[70759c8f55707aa4]::panicking::panic_with_hook
[INFO] [stdout]    7:     0x5a2fe9c8ab14 - std[70759c8f55707aa4]::panicking::panic_handler::{closure#0}
[INFO] [stdout]    8:     0x5a2fe9c83839 - std[70759c8f55707aa4]::sys::backtrace::__rust_end_short_backtrace::<std[70759c8f55707aa4]::panicking::panic_handler::{closure#0}, !>
[INFO] [stdout]    9:     0x5a2fe9c8b6dd - __rustc[8fa7c3cbc660c2b3]::rust_begin_unwind
[INFO] [stdout]   10:     0x5a2fe9cc2e1c - core[df12db4294e9bfd3]::panicking::panic_fmt
[INFO] [stdout]   11:     0x5a2fe9c34094 - sqlx_core[ca8e39b70e6edb7]::rt::missing_rt::<any[6d91ea0f0387991]::it_does_not_stop_stream_after_decoding_error::{closure#0}>
[INFO] [stdout]   12:     0x5a2fe9c35753 - <any[6d91ea0f0387991]::it_does_not_stop_stream_after_decoding_error::{closure#0} as core[df12db4294e9bfd3]::ops::function::FnOnce<()>>::call_once
[INFO] [stdout]   13:     0x5a2fe9c357cb - test[9d35eded1c95d3be]::__rust_begin_short_backtrace::<core[df12db4294e9bfd3]::result::Result<(), alloc[2182bb758b4b3781]::string::String>, fn() -> core[df12db4294e9bfd3]::result::Result<(), alloc[2182bb758b4b3781]::string::String>>
[INFO] [stdout]   14:     0x5a2fe9c42e35 - test[9d35eded1c95d3be]::run_test::{closure#0}
[INFO] [stdout]   15:     0x5a2fe9c3c6f4 - std[70759c8f55707aa4]::sys::backtrace::__rust_begin_short_backtrace::<test[9d35eded1c95d3be]::run_test::{closure#1}, ()>
[INFO] [stdout]   16:     0x5a2fe9c45f92 - <std[70759c8f55707aa4]::thread::lifecycle::spawn_unchecked<test[9d35eded1c95d3be]::run_test::{closure#1}, ()>::{closure#1} as core[df12db4294e9bfd3]::ops::function::FnOnce<()>>::call_once::{shim:vtable#0}
[INFO] [stdout]   17:     0x5a2fe9cadd39 - <std[70759c8f55707aa4]::sys::thread::unix::Thread>::new::thread_start
[INFO] [stdout]   18:     0x7a7910520dfa - <unknown>
[INFO] [stdout]   19:     0x7a79105b43d4 - clone
[INFO] [stdout]   20:                0x0 - <unknown>
[INFO] [stdout] 
[INFO] [stdout] 
[INFO] [stdout] failures:
[INFO] [stdout]     it_can_fail_and_recover
[INFO] [stdout]     it_can_fail_and_recover_with_pool
[INFO] [stdout]     it_connects
[INFO] [stdout]     it_does_not_stop_stream_after_decoding_error
[INFO] [stdout]     it_executes_with_pool
[INFO] [stdout]     it_gets_by_name
[INFO] [stdout]     it_pings
[INFO] [stdout] 
[INFO] [stdout] test result: FAILED. 0 passed; 7 failed; 0 ignored; 0 measured; 0 filtered out; finished in 0.00s
[INFO] [stdout] 
[INFO] [stderr] error: test failed, to rerun pass `--test any`
[INFO] running `Command { std: "docker" "inspect" "0f92cae613246be1718efcffe1d7c1571493c60558c62efcb630df2e237ec83d", kill_on_drop: false }`
[INFO] running `Command { std: "docker" "rm" "-f" "0f92cae613246be1718efcffe1d7c1571493c60558c62efcb630df2e237ec83d", kill_on_drop: false }`
[INFO] [stdout] 0f92cae613246be1718efcffe1d7c1571493c60558c62efcb630df2e237ec83d
