[INFO] cloning repository https://github.com/VanOvermeire/dynamodb-helper
[INFO] running `Command { std: "git" "-c" "credential.helper=" "-c" "credential.helper=/workspace/cargo-home/bin/git-credential-null" "clone" "--bare" "https://github.com/VanOvermeire/dynamodb-helper" "/workspace/cache/git-repos/https%3A%2F%2Fgithub.com%2FVanOvermeire%2Fdynamodb-helper", kill_on_drop: false }`
[INFO] [stderr] Cloning into bare repository '/workspace/cache/git-repos/https%3A%2F%2Fgithub.com%2FVanOvermeire%2Fdynamodb-helper'...
[INFO] running `Command { std: "git" "rev-parse" "HEAD", kill_on_drop: false }`
[INFO] [stdout] dec9fe80c9d371bc9b7d2fe97a8381857433370a
[INFO] testing VanOvermeire/dynamodb-helper/dec9fe80c9d371bc9b7d2fe97a8381857433370a against 1.99.0-beta.8+cargoflags=--release for beta-release-1.100-2
[INFO] running `Command { std: "git" "clone" "/workspace/cache/git-repos/https%3A%2F%2Fgithub.com%2FVanOvermeire%2Fdynamodb-helper" "/workspace/builds/worker-3-tc1/source", kill_on_drop: false }`
[INFO] [stderr] Cloning into '/workspace/builds/worker-3-tc1/source'...
[INFO] [stderr] done.
[INFO] started tweaking git repo https://github.com/VanOvermeire/dynamodb-helper
[INFO] finished tweaking git repo https://github.com/VanOvermeire/dynamodb-helper
[INFO] tweaked toml for git repo https://github.com/VanOvermeire/dynamodb-helper written to /workspace/builds/worker-3-tc1/source/Cargo.toml
[INFO] validating manifest of git repo https://github.com/VanOvermeire/dynamodb-helper on toolchain 1.99.0-beta.8
[INFO] running `Command { std: CARGO_HOME="/workspace/cargo-home" RUSTUP_HOME="/workspace/rustup-home" "/workspace/cargo-home/bin/cargo" "+1.99.0-beta.8" "metadata" "--manifest-path" "Cargo.toml" "--no-deps", kill_on_drop: false }`
[INFO] crate git repo https://github.com/VanOvermeire/dynamodb-helper already has a lockfile, it will not be regenerated
[INFO] running `Command { std: CARGO_HOME="/workspace/cargo-home" RUSTUP_HOME="/workspace/rustup-home" "/workspace/cargo-home/bin/cargo" "+1.99.0-beta.8" "fetch" "--manifest-path" "Cargo.toml", kill_on_drop: false }`
[INFO] [stderr]     Updating crates.io index
[INFO] [stderr]  Downloading crates ...
[INFO] [stderr]   Downloaded trybuild v1.0.106
[INFO] [stderr]   Downloaded target-triple v0.1.4
[INFO] [stderr]   Downloaded toml v0.9.3
[INFO] [stderr]   Downloaded which v4.4.2
[INFO] [stderr]   Downloaded unicode-ident v1.0.4
[INFO] [stderr]   Downloaded toml_parser v1.0.1
[INFO] [stderr]   Downloaded itoa v1.0.3
[INFO] [stderr]   Downloaded aws-smithy-async v1.2.5
[INFO] [stderr]   Downloaded aws-credential-types v1.2.3
[INFO] [stderr]   Downloaded aws-smithy-observability v0.1.3
[INFO] [stderr]   Downloaded semver v1.0.14
[INFO] [stderr]   Downloaded aws-types v1.3.7
[INFO] [stderr]   Downloaded bytes-utils v0.1.3
[INFO] [stderr]   Downloaded cmake v0.1.54
[INFO] [stderr]   Downloaded aws-smithy-http-client v1.0.6
[INFO] [stderr]   Downloaded aws-smithy-runtime-api v1.8.1
[INFO] [stderr]   Downloaded aws-smithy-json v0.61.4
[INFO] [stderr]   Downloaded aws-smithy-types v1.3.2
[INFO] [stderr]   Downloaded time v0.3.14
[INFO] [stderr]   Downloaded aws-smithy-runtime v1.8.3
[INFO] [stderr]   Downloaded security-framework v3.2.0
[INFO] [stderr]   Downloaded cc v1.2.28
[INFO] [stderr]   Downloaded prettyplease v0.2.35
[INFO] [stderr]   Downloaded aws-smithy-http v0.62.1
[INFO] [stderr]   Downloaded uuid v1.16.0
[INFO] [stderr]   Downloaded aws-runtime v1.5.8
[INFO] [stderr]   Downloaded aws-sigv4 v1.3.3
[INFO] [stderr]   Downloaded serde_json v1.0.141
[INFO] [stderr]   Downloaded bindgen v0.69.5
[INFO] [stderr]   Downloaded aws-lc-rs v1.13.1
[INFO] [stderr]   Downloaded aws-smithy-xml v0.60.10
[INFO] [stderr]   Downloaded urlencoding v2.1.2
[INFO] [stderr]   Downloaded aws-config v1.8.1
[INFO] [stderr]   Downloaded aws-sdk-ssooidc v1.75.0
[INFO] [stderr]   Downloaded aws-sdk-dynamodb v1.82.0
[INFO] [stderr]   Downloaded aws-sdk-sso v1.74.0
[INFO] [stderr]   Downloaded aws-sdk-sts v1.76.0
[INFO] [stderr]   Downloaded aws-lc-sys v0.29.0
[INFO] running `Command { std: "docker" "create" "-v" "/var/lib/crater-agent-workspace/builds/worker-3-tc1/source:/opt/rustwide/workdir:ro,Z" "-v" "/var/lib/crater-agent-workspace/builds/worker-3-tc1/target:/opt/rustwide/target:rw,Z" "-v" "/var/lib/crater-agent-workspace/cargo-home:/opt/rustwide/cargo-home:ro,Z" "-v" "/var/lib/crater-agent-workspace/rustup-home:/opt/rustwide/rustup-home:ro,Z" "-m" "1610612736" "--network" "none" "ghcr.io/rust-lang/crates-build-env/linux@sha256:77db811e55d90add9212f6832c23229e3de5f1c1f9905e8cb07319ea15df73ac" "sleep" "infinity", kill_on_drop: false }`
[INFO] [stdout] 4595862b126a974b5e38e8687960707e2ff2406c64b9564e1e5fe6337c192208
[INFO] running `Command { std: "docker" "start" "4595862b126a974b5e38e8687960707e2ff2406c64b9564e1e5fe6337c192208", kill_on_drop: false }`
[INFO] running `Command { std: "docker" "inspect" "4595862b126a974b5e38e8687960707e2ff2406c64b9564e1e5fe6337c192208", kill_on_drop: false }`
[INFO] running `Command { std: "docker" "exec" "-e" "SOURCE_DIR=/opt/rustwide/workdir" "-e" "CARGO_HOME=/opt/rustwide/cargo-home" "-e" "RUSTUP_HOME=/opt/rustwide/rustup-home" "-e" "CARGO_TARGET_DIR=/opt/rustwide/target" "-w" "/opt/rustwide/workdir" "--user" "0:0" "4595862b126a974b5e38e8687960707e2ff2406c64b9564e1e5fe6337c192208" "/opt/rustwide/cargo-home/bin/cargo" "+1.99.0-beta.8" "metadata" "--no-deps" "--format-version=1", kill_on_drop: false }`
[INFO] running `Command { std: "docker" "inspect" "4595862b126a974b5e38e8687960707e2ff2406c64b9564e1e5fe6337c192208", kill_on_drop: false }`
[INFO] running `Command { std: "docker" "exec" "-e" "SOURCE_DIR=/opt/rustwide/workdir" "-e" "CARGO_HOME=/opt/rustwide/cargo-home" "-e" "RUSTUP_HOME=/opt/rustwide/rustup-home" "-e" "CARGO_TARGET_DIR=/opt/rustwide/target" "-e" "CARGO_INCREMENTAL=0" "-e" "RUST_BACKTRACE=full" "-e" "RUSTFLAGS=--cap-lints=warn" "-e" "RUSTDOCFLAGS=--cap-lints=warn" "-w" "/opt/rustwide/workdir" "--user" "0:0" "4595862b126a974b5e38e8687960707e2ff2406c64b9564e1e5fe6337c192208" "/opt/rustwide/cargo-home/bin/cargo" "+1.99.0-beta.8" "build" "--frozen" "--message-format=json" "--release", kill_on_drop: false }`
[INFO] [stderr]    Compiling libc v0.2.174
[INFO] [stderr]    Compiling proc-macro2 v1.0.95
[INFO] [stderr]    Compiling unicode-ident v1.0.4
[INFO] [stderr]    Compiling bytes v1.10.1
[INFO] [stderr]    Compiling pin-project-lite v0.2.16
[INFO] [stderr]    Compiling log v0.4.17
[INFO] [stderr]    Compiling parking_lot_core v0.9.3
[INFO] [stderr]    Compiling num-traits v0.2.15
[INFO] [stderr]    Compiling num-integer v0.1.45
[INFO] [stderr]    Compiling lock_api v0.4.9
[INFO] [stderr]    Compiling futures-core v0.3.31
[INFO] [stderr]    Compiling itoa v1.0.3
[INFO] [stderr]    Compiling typenum v1.18.0
[INFO] [stderr]    Compiling aws-lc-rs v1.13.1
[INFO] [stderr]    Compiling futures-channel v0.3.24
[INFO] [stderr]    Compiling tracing-core v0.1.34
[INFO] [stderr]    Compiling futures-sink v0.3.24
[INFO] [stderr]    Compiling futures-task v0.3.31
[INFO] [stderr]    Compiling zeroize v1.8.1
[INFO] [stderr]    Compiling pin-utils v0.1.0
[INFO] [stderr]    Compiling rustls v0.23.28
[INFO] [stderr]    Compiling rustls v0.21.12
[INFO] [stderr]    Compiling futures-util v0.3.31
[INFO] [stderr]    Compiling vsimd v0.8.0
[INFO] [stderr]    Compiling either v1.8.0
[INFO] [stderr]    Compiling outref v0.5.2
[INFO] [stderr]    Compiling num_threads v0.1.6
[INFO] [stderr]    Compiling ryu v1.0.11
[INFO] [stderr]    Compiling semver v1.0.14
[INFO] [stderr]    Compiling hashbrown v0.15.4
[INFO] [stderr]    Compiling slab v0.4.10
[INFO] [stderr]    Compiling untrusted v0.9.0
[INFO] [stderr]    Compiling rustc_version v0.4.0
[INFO] [stderr]    Compiling quote v1.0.40
[INFO] [stderr]    Compiling http v1.3.1
[INFO] [stderr]    Compiling base64-simd v0.8.0
[INFO] [stderr]    Compiling http v0.2.12
[INFO] [stderr]    Compiling stable_deref_trait v1.2.0
[INFO] [stderr]    Compiling syn v2.0.104
[INFO] [stderr]    Compiling try-lock v0.2.3
[INFO] [stderr]    Compiling jobserver v0.1.33
[INFO] [stderr]    Compiling cc v1.2.28
[INFO] [stderr]    Compiling mio v1.0.4
[INFO] [stderr]    Compiling signal-hook-registry v1.4.0
[INFO] [stderr]    Compiling socket2 v0.5.10
[INFO] [stderr]    Compiling time v0.3.14
[INFO] [stderr]    Compiling parking_lot v0.12.1
[INFO] [stderr]    Compiling http-body v1.0.1
[INFO] [stderr]    Compiling tokio v1.46.1
[INFO] [stderr]    Compiling bytes-utils v0.1.3
[INFO] [stderr]    Compiling http-body v0.4.5
[INFO] [stderr]    Compiling indexmap v2.10.0
[INFO] [stderr]    Compiling getrandom v0.2.16
[INFO] [stderr]    Compiling http-body-util v0.1.3
[INFO] [stderr]    Compiling want v0.3.0
[INFO] [stderr]    Compiling aws-types v1.3.7
[INFO] [stderr]    Compiling cmake v0.1.54
[INFO] [stderr]    Compiling rustls-pki-types v1.12.0
[INFO] [stderr]    Compiling generic-array v0.14.7
[INFO] [stderr]    Compiling subtle v2.6.1
[INFO] [stderr]    Compiling openssl-probe v0.1.5
[INFO] [stderr]    Compiling httparse v1.10.1
[INFO] [stderr]    Compiling percent-encoding v2.3.1
[INFO] [stderr]    Compiling base64 v0.21.7
[INFO] [stderr]    Compiling rustls-pemfile v1.0.4
[INFO] [stderr]    Compiling aws-lc-sys v0.29.0
[INFO] [stderr]    Compiling ring v0.17.14
[INFO] [stderr]    Compiling tower-service v0.3.3
[INFO] [stderr]    Compiling httpdate v1.0.2
[INFO] [stderr]    Compiling rustls-native-certs v0.6.3
[INFO] [stderr]    Compiling rustls-native-certs v0.8.1
[INFO] [stderr]    Compiling atomic-waker v1.1.2
[INFO] [stderr]    Compiling tower v0.5.2
[INFO] [stderr]    Compiling form_urlencoded v1.2.1
[INFO] [stderr]    Compiling litemap v0.8.0
[INFO] [stderr]    Compiling writeable v0.6.1
[INFO] [stderr]    Compiling fastrand v2.3.0
[INFO] [stderr]    Compiling icu_properties_data v2.0.1
[INFO] [stderr]    Compiling icu_normalizer_data v2.0.0
[INFO] [stderr]    Compiling hex v0.4.3
[INFO] [stderr]    Compiling tower-layer v0.3.3
[INFO] [stderr]    Compiling uuid v1.16.0
[INFO] [stderr]    Compiling cpufeatures v0.2.17
[INFO] [stderr]    Compiling regex-lite v0.1.6
[INFO] [stderr]    Compiling urlencoding v2.1.2
[INFO] [stderr]    Compiling xmlparser v0.13.6
[INFO] [stderr]    Compiling block-buffer v0.10.4
[INFO] [stderr]    Compiling crypto-common v0.1.6
[INFO] [stderr]    Compiling digest v0.10.7
[INFO] [stderr]    Compiling sha2 v0.10.9
[INFO] [stderr]    Compiling hmac v0.12.1
[INFO] [stderr]    Compiling aws-smithy-xml v0.60.10
[INFO] [stderr]    Compiling synstructure v0.13.2
[INFO] [stderr]    Compiling aws-smithy-async v1.2.5
[INFO] [stderr]    Compiling tracing-attributes v0.1.30
[INFO] [stderr]    Compiling tokio-macros v2.5.0
[INFO] [stderr]    Compiling zerofrom-derive v0.1.6
[INFO] [stderr]    Compiling yoke-derive v0.8.0
[INFO] [stderr]    Compiling zerovec-derive v0.11.1
[INFO] [stderr]    Compiling displaydoc v0.2.5
[INFO] [stderr]    Compiling tracing v0.1.41
[INFO] [stderr]    Compiling zerofrom v0.1.6
[INFO] [stderr]    Compiling yoke v0.8.0
[INFO] [stderr]    Compiling tokio-util v0.7.4
[INFO] [stderr]    Compiling rustls-webpki v0.101.7
[INFO] [stderr]    Compiling sct v0.7.1
[INFO] [stderr]    Compiling zerotrie v0.2.2
[INFO] [stderr]    Compiling zerovec v0.11.2
[INFO] [stderr]    Compiling aws-smithy-types v1.3.2
[INFO] [stderr]    Compiling h2 v0.4.11
[INFO] [stderr]    Compiling h2 v0.3.26
[INFO] [stderr]    Compiling aws-smithy-runtime-api v1.8.1
[INFO] [stderr]    Compiling aws-smithy-json v0.61.4
[INFO] [stderr]    Compiling tinystr v0.8.1
[INFO] [stderr]    Compiling potential_utf v0.1.2
[INFO] [stderr]    Compiling icu_locale_core v2.0.0
[INFO] [stderr]    Compiling icu_collections v2.0.0
[INFO] [stderr]    Compiling aws-smithy-http v0.62.1
[INFO] [stderr]    Compiling aws-credential-types v1.2.3
[INFO] [stderr]    Compiling aws-smithy-observability v0.1.3
[INFO] [stderr]    Compiling icu_provider v2.0.0
[INFO] [stderr]    Compiling aws-sigv4 v1.3.3
[INFO] [stderr]    Compiling icu_properties v2.0.1
[INFO] [stderr]    Compiling icu_normalizer v2.0.0
[INFO] [stderr]    Compiling tokio-rustls v0.24.1
[INFO] [stderr]    Compiling hyper v0.14.32
[INFO] [stderr]    Compiling hyper v1.6.0
[INFO] [stderr]    Compiling hyper-util v0.1.14
[INFO] [stderr]    Compiling idna_adapter v1.2.1
[INFO] [stderr]    Compiling idna v1.0.3
[INFO] [stderr]    Compiling url v2.5.4
[INFO] [stderr]    Compiling hyper-rustls v0.24.2
[INFO] [stderr]    Compiling aws-smithy-query v0.60.7
[INFO] [stderr]    Compiling rustls-webpki v0.103.3
[INFO] [stderr]    Compiling tokio-rustls v0.26.2
[INFO] [stderr]    Compiling hyper-rustls v0.27.7
[INFO] [stderr]    Compiling aws-smithy-http-client v1.0.6
[INFO] [stderr]    Compiling aws-smithy-runtime v1.8.3
[INFO] [stderr]    Compiling aws-runtime v1.5.8
[INFO] [stderr]    Compiling aws-sdk-dynamodb v1.82.0
[INFO] [stderr]    Compiling aws-sdk-sso v1.74.0
[INFO] [stderr]    Compiling aws-sdk-ssooidc v1.75.0
[INFO] [stderr]    Compiling aws-sdk-sts v1.76.0
[INFO] [stderr]    Compiling dynamodb-helper v0.3.0 (/opt/rustwide/workdir/dynamodb-helper)
[INFO] [stderr]    Compiling aws-config v1.8.1
[INFO] [stderr]    Compiling dynamodb-helper-main v0.1.0 (/opt/rustwide/workdir)
[INFO] [stderr]     Finished `release` profile [optimized] target(s) in 5m 05s
[INFO] running `Command { std: "docker" "inspect" "4595862b126a974b5e38e8687960707e2ff2406c64b9564e1e5fe6337c192208", kill_on_drop: false }`
[INFO] running `Command { std: "docker" "exec" "-e" "SOURCE_DIR=/opt/rustwide/workdir" "-e" "CARGO_HOME=/opt/rustwide/cargo-home" "-e" "RUSTUP_HOME=/opt/rustwide/rustup-home" "-e" "CARGO_TARGET_DIR=/opt/rustwide/target" "-e" "CARGO_INCREMENTAL=0" "-e" "RUST_BACKTRACE=full" "-e" "RUSTFLAGS=--cap-lints=warn" "-e" "RUSTDOCFLAGS=--cap-lints=warn" "-w" "/opt/rustwide/workdir" "--user" "0:0" "4595862b126a974b5e38e8687960707e2ff2406c64b9564e1e5fe6337c192208" "/opt/rustwide/cargo-home/bin/cargo" "+1.99.0-beta.8" "test" "--frozen" "--no-run" "--message-format=json" "--release", kill_on_drop: false }`
[INFO] [stderr]    Compiling serde v1.0.219
[INFO] [stderr]    Compiling memchr v2.5.0
[INFO] [stderr]    Compiling target-triple v0.1.4
[INFO] [stderr]    Compiling serde_json v1.0.141
[INFO] [stderr]    Compiling winnow v0.7.12
[INFO] [stderr]    Compiling toml_writer v1.0.2
[INFO] [stderr]    Compiling serde_derive v1.0.219
[INFO] [stderr]    Compiling glob v0.3.2
[INFO] [stderr]    Compiling termcolor v1.4.1
[INFO] [stderr]    Compiling toml_parser v1.0.1
[INFO] [stderr]    Compiling toml_datetime v0.7.0
[INFO] [stderr]    Compiling serde_spanned v1.0.0
[INFO] [stderr]    Compiling toml v0.9.3
[INFO] [stderr]    Compiling trybuild v1.0.106
[INFO] [stderr]    Compiling dynamodb-helper-main v0.1.0 (/opt/rustwide/workdir)
[INFO] [stdout] warning: use of deprecated function `aws_config::from_env`: Use the `aws_config::defaults` function. If you don't care about future default behavior changes, you can continue to use this function by enabling the `behavior-version-latest` feature. Doing so will make this deprecation notice go away.
[INFO] [stdout]   --> tests/util.rs:54:30
[INFO] [stdout]    |
[INFO] [stdout] 54 |     let config = aws_config::from_env()
[INFO] [stdout]    |                              ^^^^^^^^
[INFO] [stdout]    |
[INFO] [stdout]    = note: `#[warn(deprecated)]` on by default
[INFO] [stdout] 
[INFO] [stdout] 
[INFO] [stdout] warning: use of deprecated function `aws_config::from_env`: Use the `aws_config::defaults` function. If you don't care about future default behavior changes, you can continue to use this function by enabling the `behavior-version-latest` feature. Doing so will make this deprecation notice go away.
[INFO] [stdout]   --> tests/util.rs:54:30
[INFO] [stdout]    |
[INFO] [stdout] 54 |     let config = aws_config::from_env()
[INFO] [stdout]    |                              ^^^^^^^^
[INFO] [stdout]    |
[INFO] [stdout]    = note: `#[warn(deprecated)]` on by default
[INFO] [stdout] 
[INFO] [stdout] 
[INFO] [stdout] warning: use of deprecated function `aws_config::from_env`: Use the `aws_config::defaults` function. If you don't care about future default behavior changes, you can continue to use this function by enabling the `behavior-version-latest` feature. Doing so will make this deprecation notice go away.
[INFO] [stdout]   --> tests/util.rs:54:30
[INFO] [stdout]    |
[INFO] [stdout] 54 |     let config = aws_config::from_env()
[INFO] [stdout]    |                              ^^^^^^^^
[INFO] [stdout]    |
[INFO] [stdout]    = note: `#[warn(deprecated)]` on by default
[INFO] [stdout] 
[INFO] [stdout] 
[INFO] [stdout] warning: use of deprecated function `aws_config::from_env`: Use the `aws_config::defaults` function. If you don't care about future default behavior changes, you can continue to use this function by enabling the `behavior-version-latest` feature. Doing so will make this deprecation notice go away.
[INFO] [stdout]   --> tests/util.rs:54:30
[INFO] [stdout]    |
[INFO] [stdout] 54 |     let config = aws_config::from_env()
[INFO] [stdout]    |                              ^^^^^^^^
[INFO] [stdout]    |
[INFO] [stdout]    = note: `#[warn(deprecated)]` on by default
[INFO] [stdout] 
[INFO] [stdout] 
[INFO] [stdout] warning: fields `partition_key` and `value` are never read
[INFO] [stdout]   --> src/main.rs:53:9
[INFO] [stdout]    |
[INFO] [stdout] 51 |     pub struct PrettyUselessTestStruct {
[INFO] [stdout]    |                ----------------------- fields in this struct
[INFO] [stdout] 52 |         #[partition]
[INFO] [stdout] 53 |         partition_key: String,
[INFO] [stdout]    |         ^^^^^^^^^^^^^
[INFO] [stdout] 54 |         value: String,
[INFO] [stdout]    |         ^^^^^
[INFO] [stdout]    |
[INFO] [stdout]    = note: `#[warn(dead_code)]` (part of `#[warn(unused)]`) on by default
[INFO] [stdout] 
[INFO] [stdout] 
[INFO] [stderr]     Finished `release` profile [optimized] target(s) in 45.73s
[INFO] running `Command { std: "docker" "inspect" "4595862b126a974b5e38e8687960707e2ff2406c64b9564e1e5fe6337c192208", kill_on_drop: false }`
[INFO] running `Command { std: "docker" "exec" "-e" "SOURCE_DIR=/opt/rustwide/workdir" "-e" "CARGO_HOME=/opt/rustwide/cargo-home" "-e" "RUSTUP_HOME=/opt/rustwide/rustup-home" "-e" "CARGO_TARGET_DIR=/opt/rustwide/target" "-e" "CARGO_INCREMENTAL=0" "-e" "RUST_BACKTRACE=full" "-e" "RUSTFLAGS=--cap-lints=warn" "-e" "RUSTDOCFLAGS=--cap-lints=warn" "-w" "/opt/rustwide/workdir" "--user" "0:0" "4595862b126a974b5e38e8687960707e2ff2406c64b9564e1e5fe6337c192208" "/opt/rustwide/cargo-home/bin/cargo" "+1.99.0-beta.8" "test" "--frozen" "--release", kill_on_drop: false }`
[INFO] [stderr] warning: use of deprecated function `aws_config::from_env`: Use the `aws_config::defaults` function. If you don't care about future default behavior changes, you can continue to use this function by enabling the `behavior-version-latest` feature. Doing so will make this deprecation notice go away.
[INFO] [stderr]   --> tests/util.rs:54:30
[INFO] [stderr]    |
[INFO] [stderr] 54 |     let config = aws_config::from_env()
[INFO] [stderr]    |                              ^^^^^^^^
[INFO] [stderr]    |
[INFO] [stderr]    = note: `#[warn(deprecated)]` on by default
[INFO] [stderr] 
[INFO] [stderr] warning: fields `partition_key` and `value` are never read
[INFO] [stderr]   --> src/main.rs:53:9
[INFO] [stderr]    |
[INFO] [stderr] 51 |     pub struct PrettyUselessTestStruct {
[INFO] [stderr]    |                ----------------------- fields in this struct
[INFO] [stderr] 52 |         #[partition]
[INFO] [stderr] 53 |         partition_key: String,
[INFO] [stderr]    |         ^^^^^^^^^^^^^
[INFO] [stderr] 54 |         value: String,
[INFO] [stderr]    |         ^^^^^
[INFO] [stderr]    |
[INFO] [stderr]    = note: `#[warn(dead_code)]` (part of `#[warn(unused)]`) on by default
[INFO] [stderr] 
[INFO] [stderr] warning: `dynamodb-helper-main` (test "retrieval_tests") generated 1 warning
[INFO] [stderr] warning: `dynamodb-helper-main` (test "util") generated 1 warning (1 duplicate)
[INFO] [stderr] warning: `dynamodb-helper-main` (test "modification_tests") generated 1 warning (1 duplicate)
[INFO] [stderr] warning: `dynamodb-helper-main` (bin "dynamodb-helper-main" test) generated 1 warning
[INFO] [stderr] warning: `dynamodb-helper-main` (test "table_tests") generated 1 warning (1 duplicate)
[INFO] [stderr]     Finished `release` profile [optimized] target(s) in 0.22s
[INFO] [stderr]      Running unittests src/main.rs (/opt/rustwide/target/release/deps/dynamodb_helper_main-1eab77c7126b3804)
[INFO] [stdout] 
[INFO] [stdout] running 2 tests
[INFO] [stdout] test tests::should_generate_a_pretty_useless_struct_with_only_a_build_method ... ok
[INFO] [stdout] test tests::should_generate_a_helper_struct_with_build_method ... ok
[INFO] [stdout] 
[INFO] [stdout] test result: ok. 2 passed; 0 failed; 0 ignored; 0 measured; 0 filtered out; finished in 0.17s
[INFO] [stdout] 
[INFO] [stderr]      Running tests/compilation_tests.rs (/opt/rustwide/target/release/deps/compilation_tests-53920ac756ea9584)
[INFO] [stdout] 
[INFO] [stdout] running 1 test
[INFO] [stderr]    Compiling libc v0.2.174
[INFO] [stderr]    Compiling proc-macro2 v1.0.95
[INFO] [stderr]    Compiling unicode-ident v1.0.4
[INFO] [stderr]    Compiling autocfg v1.1.0
[INFO] [stderr]    Compiling shlex v1.3.0
[INFO] [stderr]     Checking cfg-if v1.0.0
[INFO] [stderr]     Checking bytes v1.10.1
[INFO] [stderr]     Checking smallvec v1.15.1
[INFO] [stderr]    Compiling log v0.4.17
[INFO] [stderr]     Checking pin-project-lite v0.2.16
[INFO] [stderr]    Compiling fs_extra v1.3.0
[INFO] [stderr]    Compiling dunce v1.0.5
[INFO] [stderr]    Compiling parking_lot_core v0.9.3
[INFO] [stderr]     Checking scopeguard v1.1.0
[INFO] [stderr]     Checking itoa v1.0.3
[INFO] [stderr]     Checking fnv v1.0.7
[INFO] [stderr]     Checking once_cell v1.21.3
[INFO] [stderr]     Checking futures-core v0.3.31
[INFO] [stderr]    Compiling typenum v1.18.0
[INFO] [stderr]    Compiling futures-channel v0.3.24
[INFO] [stderr]    Compiling httparse v1.10.1
[INFO] [stderr]    Compiling aws-lc-rs v1.13.1
[INFO] [stderr]    Compiling version_check v0.9.5
[INFO] [stderr]     Checking pin-utils v0.1.0
[INFO] [stderr]     Checking tracing-core v0.1.34
[INFO] [stderr]     Checking futures-sink v0.3.24
[INFO] [stderr]     Checking futures-task v0.3.31
[INFO] [stderr]    Compiling rustls v0.23.28
[INFO] [stderr]     Checking futures-util v0.3.31
[INFO] [stderr]     Checking zeroize v1.8.1
[INFO] [stderr]    Compiling rustls v0.21.12
[INFO] [stderr]     Checking untrusted v0.9.0
[INFO] [stderr]     Checking num_threads v0.1.6
[INFO] [stderr]     Checking vsimd v0.8.0
[INFO] [stderr]     Checking either v1.8.0
[INFO] [stderr]     Checking outref v0.5.2
[INFO] [stderr]    Compiling semver v1.0.14
[INFO] [stderr]     Checking ryu v1.0.11
[INFO] [stderr]    Compiling num-traits v0.2.15
[INFO] [stderr]    Compiling num-integer v0.1.45
[INFO] [stderr]    Compiling lock_api v0.4.9
[INFO] [stderr]    Compiling generic-array v0.14.7
[INFO] [stderr]     Checking http v1.3.1
[INFO] [stderr]     Checking http v0.2.12
[INFO] [stderr]     Checking bytes-utils v0.1.3
[INFO] [stderr]     Checking equivalent v1.0.2
[INFO] [stderr]     Checking hashbrown v0.15.4
[INFO] [stderr]     Checking base64-simd v0.8.0
[INFO] [stderr]     Checking slab v0.4.10
[INFO] [stderr]    Compiling quote v1.0.40
[INFO] [stderr]     Checking subtle v2.6.1
[INFO] [stderr]    Compiling rustc_version v0.4.0
[INFO] [stderr]    Compiling syn v2.0.104
[INFO] [stderr]     Checking indexmap v2.10.0
[INFO] [stderr]     Checking http-body v0.4.5
[INFO] [stderr]     Checking stable_deref_trait v1.2.0
[INFO] [stderr]     Checking try-lock v0.2.3
[INFO] [stderr]    Compiling jobserver v0.1.33
[INFO] [stderr]    Compiling socket2 v0.5.10
[INFO] [stderr]    Compiling mio v1.0.4
[INFO] [stderr]    Compiling cc v1.2.28
[INFO] [stderr]     Checking http-body v1.0.1
[INFO] [stderr]     Checking http-body-util v0.1.3
[INFO] [stderr]     Checking signal-hook-registry v1.4.0
[INFO] [stderr]    Compiling tokio v1.46.1
[INFO] [stderr]     Checking parking_lot v0.12.1
[INFO] [stderr]     Checking time v0.3.14
[INFO] [stderr]     Checking getrandom v0.2.16
[INFO] [stderr]    Compiling aws-types v1.3.7
[INFO] [stderr]     Checking want v0.3.0
[INFO] [stderr]     Checking rustls-pki-types v1.12.0
[INFO] [stderr]     Checking tower-service v0.3.3
[INFO] [stderr]     Checking openssl-probe v0.1.5
[INFO] [stderr]     Checking atomic-waker v1.1.2
[INFO] [stderr]     Checking percent-encoding v2.3.1
[INFO] [stderr]     Checking base64 v0.21.7
[INFO] [stderr]     Checking httpdate v1.0.2
[INFO] [stderr]     Checking rustls-native-certs v0.8.1
[INFO] [stderr]     Checking tower-layer v0.3.3
[INFO] [stderr]     Checking form_urlencoded v1.2.1
[INFO] [stderr]     Checking litemap v0.8.0
[INFO] [stderr]     Checking rustls-pemfile v1.0.4
[INFO] [stderr]     Checking cpufeatures v0.2.17
[INFO] [stderr]     Checking writeable v0.6.1
[INFO] [stderr]     Checking rustls-native-certs v0.6.3
[INFO] [stderr]     Checking fastrand v2.3.0
[INFO] [stderr]     Checking hex v0.4.3
[INFO] [stderr]     Checking tower v0.5.2
[INFO] [stderr]    Compiling icu_properties_data v2.0.1
[INFO] [stderr]    Compiling icu_normalizer_data v2.0.0
[INFO] [stderr]     Checking uuid v1.16.0
[INFO] [stderr]     Checking regex-lite v0.1.6
[INFO] [stderr]     Checking urlencoding v2.1.2
[INFO] [stderr]    Compiling cmake v0.1.54
[INFO] [stderr]     Checking utf8_iter v1.0.4
[INFO] [stderr]     Checking xmlparser v0.13.6
[INFO] [stderr]     Checking aws-smithy-xml v0.60.10
[INFO] [stderr]     Checking block-buffer v0.10.4
[INFO] [stderr]     Checking crypto-common v0.1.6
[INFO] [stderr]     Checking digest v0.10.7
[INFO] [stderr]     Checking sha2 v0.10.9
[INFO] [stderr]     Checking hmac v0.12.1
[INFO] [stderr]    Compiling aws-lc-sys v0.29.0
[INFO] [stderr]    Compiling ring v0.17.14
[INFO] [stderr]    Compiling synstructure v0.13.2
[INFO] [stderr]     Checking rustls-webpki v0.101.7
[INFO] [stderr]     Checking sct v0.7.1
[INFO] [stderr]    Compiling aws-smithy-async v1.2.5
[INFO] [stderr]    Compiling tracing-attributes v0.1.30
[INFO] [stderr]    Compiling tokio-macros v2.5.0
[INFO] [stderr]    Compiling zerofrom-derive v0.1.6
[INFO] [stderr]    Compiling yoke-derive v0.8.0
[INFO] [stderr]    Compiling zerovec-derive v0.11.1
[INFO] [stderr]    Compiling displaydoc v0.2.5
[INFO] [stderr]     Checking tracing v0.1.41
[INFO] [stderr]    Compiling tokio-util v0.7.4
[INFO] [stderr]     Checking zerofrom v0.1.6
[INFO] [stderr]     Checking yoke v0.8.0
[INFO] [stderr]     Checking zerovec v0.11.2
[INFO] [stderr]     Checking zerotrie v0.2.2
[INFO] [stdout] test should_not_compile has been running for over 60 seconds
[INFO] [stderr]    Compiling aws-smithy-types v1.3.2
[INFO] [stderr]    Compiling h2 v0.4.11
[INFO] [stderr]    Compiling h2 v0.3.26
[INFO] [stderr]    Compiling tokio-rustls v0.24.1
[INFO] [stderr]    Compiling aws-smithy-runtime-api v1.8.1
[INFO] [stderr]    Compiling aws-smithy-json v0.61.4
[INFO] [stderr]     Checking tinystr v0.8.1
[INFO] [stderr]     Checking potential_utf v0.1.2
[INFO] [stderr]     Checking icu_collections v2.0.0
[INFO] [stderr]     Checking icu_locale_core v2.0.0
[INFO] [stderr]     Checking icu_provider v2.0.0
[INFO] [stderr]     Checking icu_properties v2.0.1
[INFO] [stderr]     Checking icu_normalizer v2.0.0
[INFO] [stderr]    Compiling aws-credential-types v1.2.3
[INFO] [stderr]    Compiling aws-smithy-http v0.62.1
[INFO] [stderr]    Compiling aws-smithy-observability v0.1.3
[INFO] [stderr]    Compiling aws-sigv4 v1.3.3
[INFO] [stderr]    Compiling hyper v1.6.0
[INFO] [stderr]    Compiling hyper v0.14.32
[INFO] [stderr]     Checking idna_adapter v1.2.1
[INFO] [stderr]     Checking idna v1.0.3
[INFO] [stderr]     Checking url v2.5.4
[INFO] [stderr]    Compiling hyper-util v0.1.14
[INFO] [stderr]     Checking rustls-webpki v0.103.3
[INFO] [stderr]     Checking aws-smithy-query v0.60.7
[INFO] [stderr]    Compiling hyper-rustls v0.24.2
[INFO] [stderr]     Checking tokio-rustls v0.26.2
[INFO] [stderr]     Checking hyper-rustls v0.27.7
[INFO] [stderr]     Checking aws-smithy-http-client v1.0.6
[INFO] [stderr]     Checking aws-smithy-runtime v1.8.3
[INFO] [stderr]     Checking aws-runtime v1.5.8
[INFO] [stderr]     Checking aws-sdk-sso v1.74.0
[INFO] [stderr]     Checking aws-sdk-ssooidc v1.75.0
[INFO] [stderr]     Checking aws-sdk-sts v1.76.0
[INFO] [stderr]     Checking aws-sdk-dynamodb v1.82.0
[INFO] [stderr]     Checking aws-config v1.8.1
[INFO] [stderr]    Compiling dynamodb-helper v0.3.0 (/opt/rustwide/workdir/dynamodb-helper)
[INFO] [stderr]     Checking dynamodb-helper-main-tests v0.0.0 (/opt/rustwide/target/tests/trybuild/dynamodb-helper-main)
[INFO] [stderr]     Finished `dev` profile [unoptimized + debuginfo] target(s) in 2m 23s
[INFO] [stderr] 
[INFO] [stderr] 
[INFO] [stderr] test tests/fails/error_for_enum.rs ... ok
[INFO] [stderr] test tests/fails/error_for_invalid_list.rs ... ok
[INFO] [stderr] test tests/fails/error_for_invalid_partition_key.rs ... ok
[INFO] [stderr] test tests/fails/error_for_missing_partition_key.rs ... ok
[INFO] [stderr] 
[INFO] [stderr] 
[INFO] [stdout] test should_not_compile ... ok
[INFO] [stdout] 
[INFO] [stdout] test result: ok. 1 passed; 0 failed; 0 ignored; 0 measured; 0 filtered out; finished in 144.59s
[INFO] [stdout] 
[INFO] [stderr]      Running tests/modification_tests.rs (/opt/rustwide/target/release/deps/modification_tests-7937972134ed53a0)
[INFO] [stdout] 
[INFO] [stdout] running 7 tests
[INFO] [stdout] test should_be_able_to_batch_put ... FAILED
[INFO] [stdout] test should_be_able_to_batch_put_with_range ... FAILED
[INFO] [stdout] test should_be_able_to_put ... FAILED
[INFO] [stdout] test should_be_able_to_put_with_range_key ... FAILED
[INFO] [stdout] test should_be_able_to_delete ... FAILED
[INFO] [stdout] test should_be_able_to_update ... FAILED
[INFO] [stdout] test should_be_able_to_delete_with_range ... FAILED
[INFO] [stdout] 
[INFO] [stdout] failures:
[INFO] [stdout] 
[INFO] [stdout] ---- should_be_able_to_batch_put stdout ----
[INFO] [stdout] 
[INFO] [stdout] thread 'should_be_able_to_batch_put' (11652) panicked at tests/util.rs:119:10:
[INFO] [stdout] Creating a table to work: DispatchFailure(DispatchFailure { source: ConnectorError { kind: Io, source: hyper_util::client::legacy::Error(Connect, ConnectError("tcp connect error", 127.0.0.1:8000, Os { code: 111, kind: ConnectionRefused, message: "Connection refused" })), connection: Unknown } })
[INFO] [stdout] stack backtrace:
[INFO] [stdout]    0:     0x6334a0c6e8f1 - <<std[70759c8f55707aa4]::sys::backtrace::BacktraceLock>::print::DisplayBacktrace as core[df12db4294e9bfd3]::fmt::Display>::fmt
[INFO] [stdout]    1:     0x6334a0c8817a - core[df12db4294e9bfd3]::fmt::write
[INFO] [stdout]    2:     0x6334a0c73bcc - <alloc[2182bb758b4b3781]::vec::Vec<u8> as core[df12db4294e9bfd3]::io::write::Write>::write_fmt
[INFO] [stdout]    3:     0x6334a0c48d46 - std[70759c8f55707aa4]::panicking::default_hook::{closure#0}
[INFO] [stdout]    4:     0x6334a0c65e89 - std[70759c8f55707aa4]::panicking::default_hook
[INFO] [stdout]    5:     0x6334a059e280 - test[9d35eded1c95d3be]::test_main_inner::<test[9d35eded1c95d3be]::test_main_static::{closure#0}>::{closure#0}
[INFO] [stdout]    6:     0x6334a0c661b2 - std[70759c8f55707aa4]::panicking::panic_with_hook
[INFO] [stdout]    7:     0x6334a0c48df2 - std[70759c8f55707aa4]::panicking::panic_handler::{closure#0}
[INFO] [stdout]    8:     0x6334a0c41869 - std[70759c8f55707aa4]::sys::backtrace::__rust_end_short_backtrace::<std[70759c8f55707aa4]::panicking::panic_handler::{closure#0}, !>
[INFO] [stdout]    9:     0x6334a0c49bdd - __rustc[8fa7c3cbc660c2b3]::rust_begin_unwind
[INFO] [stdout]   10:     0x6334a0c888dc - core[df12db4294e9bfd3]::panicking::panic_fmt
[INFO] [stdout]   11:     0x6334a0c886b2 - core[df12db4294e9bfd3]::result::unwrap_failed
[INFO] [stdout]   12:     0x6334a0387165 - modification_tests[f73091af0c5783b5]::util::init_table::{closure#0}
[INFO] [stdout]   13:     0x6334a0373ba9 - modification_tests[f73091af0c5783b5]::should_be_able_to_batch_put::{closure#0}
[INFO] [stdout]   14:     0x6334a03b7d23 - <tokio[c3d89e43fe0c2561]::runtime::scheduler::current_thread::Context>::enter::<core[df12db4294e9bfd3]::task::poll::Poll<()>, <tokio[c3d89e43fe0c2561]::runtime::scheduler::current_thread::CoreGuard>::block_on<core[df12db4294e9bfd3]::pin::Pin<&mut core[df12db4294e9bfd3]::pin::Pin<&mut dyn core[df12db4294e9bfd3]::future::future::Future<Output = ()>>>>::{closure#0}::{closure#0}>
[INFO] [stdout]   15:     0x6334a03df34c - <tokio[c3d89e43fe0c2561]::runtime::context::scoped::Scoped<tokio[c3d89e43fe0c2561]::runtime::scheduler::Context>>::set::<<tokio[c3d89e43fe0c2561]::runtime::scheduler::current_thread::CoreGuard>::enter<<tokio[c3d89e43fe0c2561]::runtime::scheduler::current_thread::CoreGuard>::block_on<core[df12db4294e9bfd3]::pin::Pin<&mut core[df12db4294e9bfd3]::pin::Pin<&mut dyn core[df12db4294e9bfd3]::future::future::Future<Output = ()>>>>::{closure#0}, core[df12db4294e9bfd3]::option::Option<()>>::{closure#0}, (alloc[2182bb758b4b3781]::boxed::Box<tokio[c3d89e43fe0c2561]::runtime::scheduler::current_thread::Core>, core[df12db4294e9bfd3]::option::Option<()>)>
[INFO] [stdout]   16:     0x6334a03b8077 - <tokio[c3d89e43fe0c2561]::runtime::scheduler::current_thread::CoreGuard>::block_on::<core[df12db4294e9bfd3]::pin::Pin<&mut core[df12db4294e9bfd3]::pin::Pin<&mut dyn core[df12db4294e9bfd3]::future::future::Future<Output = ()>>>>
[INFO] [stdout]   17:     0x6334a03ceebd - tokio[c3d89e43fe0c2561]::runtime::context::runtime::enter_runtime::<<tokio[c3d89e43fe0c2561]::runtime::scheduler::current_thread::CurrentThread>::block_on<core[df12db4294e9bfd3]::pin::Pin<&mut dyn core[df12db4294e9bfd3]::future::future::Future<Output = ()>>>::{closure#0}, ()>
[INFO] [stdout]   18:     0x6334a03cb04e - <tokio[c3d89e43fe0c2561]::runtime::runtime::Runtime>::block_on::<core[df12db4294e9bfd3]::pin::Pin<&mut dyn core[df12db4294e9bfd3]::future::future::Future<Output = ()>>>
[INFO] [stdout]   19:     0x6334a038b81c - <modification_tests[f73091af0c5783b5]::should_be_able_to_batch_put::{closure#0} as core[df12db4294e9bfd3]::ops::function::FnOnce<()>>::call_once
[INFO] [stdout]   20:     0x6334a059156b - test[9d35eded1c95d3be]::__rust_begin_short_backtrace::<core[df12db4294e9bfd3]::result::Result<(), alloc[2182bb758b4b3781]::string::String>, fn() -> core[df12db4294e9bfd3]::result::Result<(), alloc[2182bb758b4b3781]::string::String>>
[INFO] [stdout]   21:     0x6334a059ebd5 - test[9d35eded1c95d3be]::run_test::{closure#0}
[INFO] [stdout]   22:     0x6334a0598494 - std[70759c8f55707aa4]::sys::backtrace::__rust_begin_short_backtrace::<test[9d35eded1c95d3be]::run_test::{closure#1}, ()>
[INFO] [stdout]   23:     0x6334a05a1d32 - <std[70759c8f55707aa4]::thread::lifecycle::spawn_unchecked<test[9d35eded1c95d3be]::run_test::{closure#1}, ()>::{closure#1} as core[df12db4294e9bfd3]::ops::function::FnOnce<()>>::call_once::{shim:vtable#0}
[INFO] [stdout]   24:     0x6334a0c6d599 - <std[70759c8f55707aa4]::sys::thread::unix::Thread>::new::thread_start
[INFO] [stdout]   25:     0x6ffdf74c9dfa - <unknown>
[INFO] [stdout]   26:     0x6ffdf755d3d4 - clone
[INFO] [stdout]   27:                0x0 - <unknown>
[INFO] [stdout] 
[INFO] [stdout] ---- should_be_able_to_batch_put_with_range stdout ----
[INFO] [stdout] 
[INFO] [stdout] thread 'should_be_able_to_batch_put_with_range' (11653) panicked at tests/util.rs:119:10:
[INFO] [stdout] Creating a table to work: DispatchFailure(DispatchFailure { source: ConnectorError { kind: Io, source: hyper_util::client::legacy::Error(Connect, ConnectError("tcp connect error", 127.0.0.1:8000, Os { code: 111, kind: ConnectionRefused, message: "Connection refused" })), connection: Unknown } })
[INFO] [stdout] stack backtrace:
[INFO] [stdout]    0:     0x6334a0c6e8f1 - <<std[70759c8f55707aa4]::sys::backtrace::BacktraceLock>::print::DisplayBacktrace as core[df12db4294e9bfd3]::fmt::Display>::fmt
[INFO] [stdout]    1:     0x6334a0c8817a - core[df12db4294e9bfd3]::fmt::write
[INFO] [stdout]    2:     0x6334a0c73bcc - <alloc[2182bb758b4b3781]::vec::Vec<u8> as core[df12db4294e9bfd3]::io::write::Write>::write_fmt
[INFO] [stdout]    3:     0x6334a0c48d46 - std[70759c8f55707aa4]::panicking::default_hook::{closure#0}
[INFO] [stdout]    4:     0x6334a0c65e89 - std[70759c8f55707aa4]::panicking::default_hook
[INFO] [stdout]    5:     0x6334a059e280 - test[9d35eded1c95d3be]::test_main_inner::<test[9d35eded1c95d3be]::test_main_static::{closure#0}>::{closure#0}
[INFO] [stdout]    6:     0x6334a0c661b2 - std[70759c8f55707aa4]::panicking::panic_with_hook
[INFO] [stdout]    7:     0x6334a0c48df2 - std[70759c8f55707aa4]::panicking::panic_handler::{closure#0}
[INFO] [stdout]    8:     0x6334a0c41869 - std[70759c8f55707aa4]::sys::backtrace::__rust_end_short_backtrace::<std[70759c8f55707aa4]::panicking::panic_handler::{closure#0}, !>
[INFO] [stdout]    9:     0x6334a0c49bdd - __rustc[8fa7c3cbc660c2b3]::rust_begin_unwind
[INFO] [stdout]   10:     0x6334a0c888dc - core[df12db4294e9bfd3]::panicking::panic_fmt
[INFO] [stdout]   11:     0x6334a0c886b2 - core[df12db4294e9bfd3]::result::unwrap_failed
[INFO] [stdout]   12:     0x6334a0387165 - modification_tests[f73091af0c5783b5]::util::init_table::{closure#0}
[INFO] [stdout]   13:     0x6334a0376b19 - modification_tests[f73091af0c5783b5]::should_be_able_to_batch_put_with_range::{closure#0}
[INFO] [stdout]   14:     0x6334a03b7d23 - <tokio[c3d89e43fe0c2561]::runtime::scheduler::current_thread::Context>::enter::<core[df12db4294e9bfd3]::task::poll::Poll<()>, <tokio[c3d89e43fe0c2561]::runtime::scheduler::current_thread::CoreGuard>::block_on<core[df12db4294e9bfd3]::pin::Pin<&mut core[df12db4294e9bfd3]::pin::Pin<&mut dyn core[df12db4294e9bfd3]::future::future::Future<Output = ()>>>>::{closure#0}::{closure#0}>
[INFO] [stdout]   15:     0x6334a03df34c - <tokio[c3d89e43fe0c2561]::runtime::context::scoped::Scoped<tokio[c3d89e43fe0c2561]::runtime::scheduler::Context>>::set::<<tokio[c3d89e43fe0c2561]::runtime::scheduler::current_thread::CoreGuard>::enter<<tokio[c3d89e43fe0c2561]::runtime::scheduler::current_thread::CoreGuard>::block_on<core[df12db4294e9bfd3]::pin::Pin<&mut core[df12db4294e9bfd3]::pin::Pin<&mut dyn core[df12db4294e9bfd3]::future::future::Future<Output = ()>>>>::{closure#0}, core[df12db4294e9bfd3]::option::Option<()>>::{closure#0}, (alloc[2182bb758b4b3781]::boxed::Box<tokio[c3d89e43fe0c2561]::runtime::scheduler::current_thread::Core>, core[df12db4294e9bfd3]::option::Option<()>)>
[INFO] [stdout]   16:     0x6334a03b8077 - <tokio[c3d89e43fe0c2561]::runtime::scheduler::current_thread::CoreGuard>::block_on::<core[df12db4294e9bfd3]::pin::Pin<&mut core[df12db4294e9bfd3]::pin::Pin<&mut dyn core[df12db4294e9bfd3]::future::future::Future<Output = ()>>>>
[INFO] [stdout]   17:     0x6334a03ceebd - tokio[c3d89e43fe0c2561]::runtime::context::runtime::enter_runtime::<<tokio[c3d89e43fe0c2561]::runtime::scheduler::current_thread::CurrentThread>::block_on<core[df12db4294e9bfd3]::pin::Pin<&mut dyn core[df12db4294e9bfd3]::future::future::Future<Output = ()>>>::{closure#0}, ()>
[INFO] [stdout]   18:     0x6334a03cb04e - <tokio[c3d89e43fe0c2561]::runtime::runtime::Runtime>::block_on::<core[df12db4294e9bfd3]::pin::Pin<&mut dyn core[df12db4294e9bfd3]::future::future::Future<Output = ()>>>
[INFO] [stdout]   19:     0x6334a038bc6c - <modification_tests[f73091af0c5783b5]::should_be_able_to_batch_put_with_range::{closure#0} as core[df12db4294e9bfd3]::ops::function::FnOnce<()>>::call_once
[INFO] [stdout]   20:     0x6334a059156b - test[9d35eded1c95d3be]::__rust_begin_short_backtrace::<core[df12db4294e9bfd3]::result::Result<(), alloc[2182bb758b4b3781]::string::String>, fn() -> core[df12db4294e9bfd3]::result::Result<(), alloc[2182bb758b4b3781]::string::String>>
[INFO] [stdout]   21:     0x6334a059ebd5 - test[9d35eded1c95d3be]::run_test::{closure#0}
[INFO] [stdout]   22:     0x6334a0598494 - std[70759c8f55707aa4]::sys::backtrace::__rust_begin_short_backtrace::<test[9d35eded1c95d3be]::run_test::{closure#1}, ()>
[INFO] [stdout]   23:     0x6334a05a1d32 - <std[70759c8f55707aa4]::thread::lifecycle::spawn_unchecked<test[9d35eded1c95d3be]::run_test::{closure#1}, ()>::{closure#1} as core[df12db4294e9bfd3]::ops::function::FnOnce<()>>::call_once::{shim:vtable#0}
[INFO] [stdout]   24:     0x6334a0c6d599 - <std[70759c8f55707aa4]::sys::thread::unix::Thread>::new::thread_start
[INFO] [stdout]   25:     0x6ffdf74c9dfa - <unknown>
[INFO] [stdout]   26:     0x6ffdf755d3d4 - clone
[INFO] [stdout]   27:                0x0 - <unknown>
[INFO] [stdout] 
[INFO] [stdout] ---- should_be_able_to_put stdout ----
[INFO] [stdout] 
[INFO] [stdout] thread 'should_be_able_to_put' (11656) panicked at tests/util.rs:119:10:
[INFO] [stdout] Creating a table to work: DispatchFailure(DispatchFailure { source: ConnectorError { kind: Io, source: hyper_util::client::legacy::Error(Connect, ConnectError("tcp connect error", 127.0.0.1:8000, Os { code: 111, kind: ConnectionRefused, message: "Connection refused" })), connection: Unknown } })
[INFO] [stdout] stack backtrace:
[INFO] [stdout]    0:     0x6334a0c6e8f1 - <<std[70759c8f55707aa4]::sys::backtrace::BacktraceLock>::print::DisplayBacktrace as core[df12db4294e9bfd3]::fmt::Display>::fmt
[INFO] [stdout]    1:     0x6334a0c8817a - core[df12db4294e9bfd3]::fmt::write
[INFO] [stdout]    2:     0x6334a0c73bcc - <alloc[2182bb758b4b3781]::vec::Vec<u8> as core[df12db4294e9bfd3]::io::write::Write>::write_fmt
[INFO] [stdout]    3:     0x6334a0c48d46 - std[70759c8f55707aa4]::panicking::default_hook::{closure#0}
[INFO] [stdout]    4:     0x6334a0c65e89 - std[70759c8f55707aa4]::panicking::default_hook
[INFO] [stdout]    5:     0x6334a059e280 - test[9d35eded1c95d3be]::test_main_inner::<test[9d35eded1c95d3be]::test_main_static::{closure#0}>::{closure#0}
[INFO] [stdout]    6:     0x6334a0c661b2 - std[70759c8f55707aa4]::panicking::panic_with_hook
[INFO] [stdout]    7:     0x6334a0c48df2 - std[70759c8f55707aa4]::panicking::panic_handler::{closure#0}
[INFO] [stdout]    8:     0x6334a0c41869 - std[70759c8f55707aa4]::sys::backtrace::__rust_end_short_backtrace::<std[70759c8f55707aa4]::panicking::panic_handler::{closure#0}, !>
[INFO] [stdout]    9:     0x6334a0c49bdd - __rustc[8fa7c3cbc660c2b3]::rust_begin_unwind
[INFO] [stdout]   10:     0x6334a0c888dc - core[df12db4294e9bfd3]::panicking::panic_fmt
[INFO] [stdout]   11:     0x6334a0c886b2 - core[df12db4294e9bfd3]::result::unwrap_failed
[INFO] [stdout]   12:     0x6334a0387165 - modification_tests[f73091af0c5783b5]::util::init_table::{closure#0}
[INFO] [stdout]   13:     0x6334a0371a69 - modification_tests[f73091af0c5783b5]::should_be_able_to_put::{closure#0}
[INFO] [stdout]   14:     0x6334a03b7d23 - <tokio[c3d89e43fe0c2561]::runtime::scheduler::current_thread::Context>::enter::<core[df12db4294e9bfd3]::task::poll::Poll<()>, <tokio[c3d89e43fe0c2561]::runtime::scheduler::current_thread::CoreGuard>::block_on<core[df12db4294e9bfd3]::pin::Pin<&mut core[df12db4294e9bfd3]::pin::Pin<&mut dyn core[df12db4294e9bfd3]::future::future::Future<Output = ()>>>>::{closure#0}::{closure#0}>
[INFO] [stdout]   15:     0x6334a03df34c - <tokio[c3d89e43fe0c2561]::runtime::context::scoped::Scoped<tokio[c3d89e43fe0c2561]::runtime::scheduler::Context>>::set::<<tokio[c3d89e43fe0c2561]::runtime::scheduler::current_thread::CoreGuard>::enter<<tokio[c3d89e43fe0c2561]::runtime::scheduler::current_thread::CoreGuard>::block_on<core[df12db4294e9bfd3]::pin::Pin<&mut core[df12db4294e9bfd3]::pin::Pin<&mut dyn core[df12db4294e9bfd3]::future::future::Future<Output = ()>>>>::{closure#0}, core[df12db4294e9bfd3]::option::Option<()>>::{closure#0}, (alloc[2182bb758b4b3781]::boxed::Box<tokio[c3d89e43fe0c2561]::runtime::scheduler::current_thread::Core>, core[df12db4294e9bfd3]::option::Option<()>)>
[INFO] [stdout]   16:     0x6334a03b8077 - <tokio[c3d89e43fe0c2561]::runtime::scheduler::current_thread::CoreGuard>::block_on::<core[df12db4294e9bfd3]::pin::Pin<&mut core[df12db4294e9bfd3]::pin::Pin<&mut dyn core[df12db4294e9bfd3]::future::future::Future<Output = ()>>>>
[INFO] [stdout]   17:     0x6334a03ceebd - tokio[c3d89e43fe0c2561]::runtime::context::runtime::enter_runtime::<<tokio[c3d89e43fe0c2561]::runtime::scheduler::current_thread::CurrentThread>::block_on<core[df12db4294e9bfd3]::pin::Pin<&mut dyn core[df12db4294e9bfd3]::future::future::Future<Output = ()>>>::{closure#0}, ()>
[INFO] [stdout]   18:     0x6334a03cb04e - <tokio[c3d89e43fe0c2561]::runtime::runtime::Runtime>::block_on::<core[df12db4294e9bfd3]::pin::Pin<&mut dyn core[df12db4294e9bfd3]::future::future::Future<Output = ()>>>
[INFO] [stdout]   19:     0x6334a038b3cc - <modification_tests[f73091af0c5783b5]::should_be_able_to_put::{closure#0} as core[df12db4294e9bfd3]::ops::function::FnOnce<()>>::call_once
[INFO] [stdout]   20:     0x6334a059156b - test[9d35eded1c95d3be]::__rust_begin_short_backtrace::<core[df12db4294e9bfd3]::result::Result<(), alloc[2182bb758b4b3781]::string::String>, fn() -> core[df12db4294e9bfd3]::result::Result<(), alloc[2182bb758b4b3781]::string::String>>
[INFO] [stdout]   21:     0x6334a059ebd5 - test[9d35eded1c95d3be]::run_test::{closure#0}
[INFO] [stdout]   22:     0x6334a0598494 - std[70759c8f55707aa4]::sys::backtrace::__rust_begin_short_backtrace::<test[9d35eded1c95d3be]::run_test::{closure#1}, ()>
[INFO] [stdout]   23:     0x6334a05a1d32 - <std[70759c8f55707aa4]::thread::lifecycle::spawn_unchecked<test[9d35eded1c95d3be]::run_test::{closure#1}, ()>::{closure#1} as core[df12db4294e9bfd3]::ops::function::FnOnce<()>>::call_once::{shim:vtable#0}
[INFO] [stdout]   24:     0x6334a0c6d599 - <std[70759c8f55707aa4]::sys::thread::unix::Thread>::new::thread_start
[INFO] [stdout]   25:     0x6ffdf74c9dfa - <unknown>
[INFO] [stdout]   26:     0x6ffdf755d3d4 - clone
[INFO] [stdout]   27:                0x0 - <unknown>
[INFO] [stdout] 
[INFO] [stdout] ---- should_be_able_to_put_with_range_key stdout ----
[INFO] [stdout] 
[INFO] [stdout] thread 'should_be_able_to_put_with_range_key' (11657) panicked at tests/util.rs:119:10:
[INFO] [stdout] Creating a table to work: DispatchFailure(DispatchFailure { source: ConnectorError { kind: Io, source: hyper_util::client::legacy::Error(Connect, ConnectError("tcp connect error", 127.0.0.1:8000, Os { code: 111, kind: ConnectionRefused, message: "Connection refused" })), connection: Unknown } })
[INFO] [stdout] stack backtrace:
[INFO] [stdout]    0:     0x6334a0c6e8f1 - <<std[70759c8f55707aa4]::sys::backtrace::BacktraceLock>::print::DisplayBacktrace as core[df12db4294e9bfd3]::fmt::Display>::fmt
[INFO] [stdout]    1:     0x6334a0c8817a - core[df12db4294e9bfd3]::fmt::write
[INFO] [stdout]    2:     0x6334a0c73bcc - <alloc[2182bb758b4b3781]::vec::Vec<u8> as core[df12db4294e9bfd3]::io::write::Write>::write_fmt
[INFO] [stdout]    3:     0x6334a0c48d46 - std[70759c8f55707aa4]::panicking::default_hook::{closure#0}
[INFO] [stdout]    4:     0x6334a0c65e89 - std[70759c8f55707aa4]::panicking::default_hook
[INFO] [stdout]    5:     0x6334a059e280 - test[9d35eded1c95d3be]::test_main_inner::<test[9d35eded1c95d3be]::test_main_static::{closure#0}>::{closure#0}
[INFO] [stdout]    6:     0x6334a0c661b2 - std[70759c8f55707aa4]::panicking::panic_with_hook
[INFO] [stdout]    7:     0x6334a0c48df2 - std[70759c8f55707aa4]::panicking::panic_handler::{closure#0}
[INFO] [stdout]    8:     0x6334a0c41869 - std[70759c8f55707aa4]::sys::backtrace::__rust_end_short_backtrace::<std[70759c8f55707aa4]::panicking::panic_handler::{closure#0}, !>
[INFO] [stdout]    9:     0x6334a0c49bdd - __rustc[8fa7c3cbc660c2b3]::rust_begin_unwind
[INFO] [stdout]   10:     0x6334a0c888dc - core[df12db4294e9bfd3]::panicking::panic_fmt
[INFO] [stdout]   11:     0x6334a0c886b2 - core[df12db4294e9bfd3]::result::unwrap_failed
[INFO] [stdout]   12:     0x6334a0387165 - modification_tests[f73091af0c5783b5]::util::init_table::{closure#0}
[INFO] [stdout]   13:     0x6334a0375ce6 - modification_tests[f73091af0c5783b5]::should_be_able_to_put_with_range_key::{closure#0}
[INFO] [stdout]   14:     0x6334a03b7d23 - <tokio[c3d89e43fe0c2561]::runtime::scheduler::current_thread::Context>::enter::<core[df12db4294e9bfd3]::task::poll::Poll<()>, <tokio[c3d89e43fe0c2561]::runtime::scheduler::current_thread::CoreGuard>::block_on<core[df12db4294e9bfd3]::pin::Pin<&mut core[df12db4294e9bfd3]::pin::Pin<&mut dyn core[df12db4294e9bfd3]::future::future::Future<Output = ()>>>>::{closure#0}::{closure#0}>
[INFO] [stdout]   15:     0x6334a03df34c - <tokio[c3d89e43fe0c2561]::runtime::context::scoped::Scoped<tokio[c3d89e43fe0c2561]::runtime::scheduler::Context>>::set::<<tokio[c3d89e43fe0c2561]::runtime::scheduler::current_thread::CoreGuard>::enter<<tokio[c3d89e43fe0c2561]::runtime::scheduler::current_thread::CoreGuard>::block_on<core[df12db4294e9bfd3]::pin::Pin<&mut core[df12db4294e9bfd3]::pin::Pin<&mut dyn core[df12db4294e9bfd3]::future::future::Future<Output = ()>>>>::{closure#0}, core[df12db4294e9bfd3]::option::Option<()>>::{closure#0}, (alloc[2182bb758b4b3781]::boxed::Box<tokio[c3d89e43fe0c2561]::runtime::scheduler::current_thread::Core>, core[df12db4294e9bfd3]::option::Option<()>)>
[INFO] [stdout]   16:     0x6334a03b8077 - <tokio[c3d89e43fe0c2561]::runtime::scheduler::current_thread::CoreGuard>::block_on::<core[df12db4294e9bfd3]::pin::Pin<&mut core[df12db4294e9bfd3]::pin::Pin<&mut dyn core[df12db4294e9bfd3]::future::future::Future<Output = ()>>>>
[INFO] [stdout]   17:     0x6334a03ceebd - tokio[c3d89e43fe0c2561]::runtime::context::runtime::enter_runtime::<<tokio[c3d89e43fe0c2561]::runtime::scheduler::current_thread::CurrentThread>::block_on<core[df12db4294e9bfd3]::pin::Pin<&mut dyn core[df12db4294e9bfd3]::future::future::Future<Output = ()>>>::{closure#0}, ()>
[INFO] [stdout]   18:     0x6334a03cb04e - <tokio[c3d89e43fe0c2561]::runtime::runtime::Runtime>::block_on::<core[df12db4294e9bfd3]::pin::Pin<&mut dyn core[df12db4294e9bfd3]::future::future::Future<Output = ()>>>
[INFO] [stdout]   19:     0x6334a038bafc - <modification_tests[f73091af0c5783b5]::should_be_able_to_put_with_range_key::{closure#0} as core[df12db4294e9bfd3]::ops::function::FnOnce<()>>::call_once
[INFO] [stdout]   20:     0x6334a059156b - test[9d35eded1c95d3be]::__rust_begin_short_backtrace::<core[df12db4294e9bfd3]::result::Result<(), alloc[2182bb758b4b3781]::string::String>, fn() -> core[df12db4294e9bfd3]::result::Result<(), alloc[2182bb758b4b3781]::string::String>>
[INFO] [stdout]   21:     0x6334a059ebd5 - test[9d35eded1c95d3be]::run_test::{closure#0}
[INFO] [stdout]   22:     0x6334a0598494 - std[70759c8f55707aa4]::sys::backtrace::__rust_begin_short_backtrace::<test[9d35eded1c95d3be]::run_test::{closure#1}, ()>
[INFO] [stdout]   23:     0x6334a05a1d32 - <std[70759c8f55707aa4]::thread::lifecycle::spawn_unchecked<test[9d35eded1c95d3be]::run_test::{closure#1}, ()>::{closure#1} as core[df12db4294e9bfd3]::ops::function::FnOnce<()>>::call_once::{shim:vtable#0}
[INFO] [stdout]   24:     0x6334a0c6d599 - <std[70759c8f55707aa4]::sys::thread::unix::Thread>::new::thread_start
[INFO] [stdout]   25:     0x6ffdf74c9dfa - <unknown>
[INFO] [stdout]   26:     0x6ffdf755d3d4 - clone
[INFO] [stdout]   27:                0x0 - <unknown>
[INFO] [stdout] 
[INFO] [stdout] ---- should_be_able_to_delete stdout ----
[INFO] [stdout] 
[INFO] [stdout] thread 'should_be_able_to_delete' (11654) panicked at tests/util.rs:119:10:
[INFO] [stdout] Creating a table to work: DispatchFailure(DispatchFailure { source: ConnectorError { kind: Io, source: hyper_util::client::legacy::Error(Connect, ConnectError("tcp connect error", 127.0.0.1:8000, Os { code: 111, kind: ConnectionRefused, message: "Connection refused" })), connection: Unknown } })
[INFO] [stdout] stack backtrace:
[INFO] [stdout]    0:     0x6334a0c6e8f1 - <<std[70759c8f55707aa4]::sys::backtrace::BacktraceLock>::print::DisplayBacktrace as core[df12db4294e9bfd3]::fmt::Display>::fmt
[INFO] [stdout]    1:     0x6334a0c8817a - core[df12db4294e9bfd3]::fmt::write
[INFO] [stdout]    2:     0x6334a0c73bcc - <alloc[2182bb758b4b3781]::vec::Vec<u8> as core[df12db4294e9bfd3]::io::write::Write>::write_fmt
[INFO] [stdout]    3:     0x6334a0c48d46 - std[70759c8f55707aa4]::panicking::default_hook::{closure#0}
[INFO] [stdout]    4:     0x6334a0c65e89 - std[70759c8f55707aa4]::panicking::default_hook
[INFO] [stdout]    5:     0x6334a059e280 - test[9d35eded1c95d3be]::test_main_inner::<test[9d35eded1c95d3be]::test_main_static::{closure#0}>::{closure#0}
[INFO] [stdout]    6:     0x6334a0c661b2 - std[70759c8f55707aa4]::panicking::panic_with_hook
[INFO] [stdout]    7:     0x6334a0c48df2 - std[70759c8f55707aa4]::panicking::panic_handler::{closure#0}
[INFO] [stdout]    8:     0x6334a0c41869 - std[70759c8f55707aa4]::sys::backtrace::__rust_end_short_backtrace::<std[70759c8f55707aa4]::panicking::panic_handler::{closure#0}, !>
[INFO] [stdout]    9:     0x6334a0c49bdd - __rustc[8fa7c3cbc660c2b3]::rust_begin_unwind
[INFO] [stdout]   10:     0x6334a0c888dc - core[df12db4294e9bfd3]::panicking::panic_fmt
[INFO] [stdout]   11:     0x6334a0c886b2 - core[df12db4294e9bfd3]::result::unwrap_failed
[INFO] [stdout]   12:     0x6334a0387165 - modification_tests[f73091af0c5783b5]::util::init_table::{closure#0}
[INFO] [stdout]   13:     0x6334a03722d7 - modification_tests[f73091af0c5783b5]::should_be_able_to_delete::{closure#0}
[INFO] [stdout]   14:     0x6334a03b7d23 - <tokio[c3d89e43fe0c2561]::runtime::scheduler::current_thread::Context>::enter::<core[df12db4294e9bfd3]::task::poll::Poll<()>, <tokio[c3d89e43fe0c2561]::runtime::scheduler::current_thread::CoreGuard>::block_on<core[df12db4294e9bfd3]::pin::Pin<&mut core[df12db4294e9bfd3]::pin::Pin<&mut dyn core[df12db4294e9bfd3]::future::future::Future<Output = ()>>>>::{closure#0}::{closure#0}>
[INFO] [stdout]   15:     0x6334a03df34c - <tokio[c3d89e43fe0c2561]::runtime::context::scoped::Scoped<tokio[c3d89e43fe0c2561]::runtime::scheduler::Context>>::set::<<tokio[c3d89e43fe0c2561]::runtime::scheduler::current_thread::CoreGuard>::enter<<tokio[c3d89e43fe0c2561]::runtime::scheduler::current_thread::CoreGuard>::block_on<core[df12db4294e9bfd3]::pin::Pin<&mut core[df12db4294e9bfd3]::pin::Pin<&mut dyn core[df12db4294e9bfd3]::future::future::Future<Output = ()>>>>::{closure#0}, core[df12db4294e9bfd3]::option::Option<()>>::{closure#0}, (alloc[2182bb758b4b3781]::boxed::Box<tokio[c3d89e43fe0c2561]::runtime::scheduler::current_thread::Core>, core[df12db4294e9bfd3]::option::Option<()>)>
[INFO] [stdout]   16:     0x6334a03b8077 - <tokio[c3d89e43fe0c2561]::runtime::scheduler::current_thread::CoreGuard>::block_on::<core[df12db4294e9bfd3]::pin::Pin<&mut core[df12db4294e9bfd3]::pin::Pin<&mut dyn core[df12db4294e9bfd3]::future::future::Future<Output = ()>>>>
[INFO] [stdout]   17:     0x6334a03ceebd - tokio[c3d89e43fe0c2561]::runtime::context::runtime::enter_runtime::<<tokio[c3d89e43fe0c2561]::runtime::scheduler::current_thread::CurrentThread>::block_on<core[df12db4294e9bfd3]::pin::Pin<&mut dyn core[df12db4294e9bfd3]::future::future::Future<Output = ()>>>::{closure#0}, ()>
[INFO] [stdout]   18:     0x6334a03cb04e - <tokio[c3d89e43fe0c2561]::runtime::runtime::Runtime>::block_on::<core[df12db4294e9bfd3]::pin::Pin<&mut dyn core[df12db4294e9bfd3]::future::future::Future<Output = ()>>>
[INFO] [stdout]   19:     0x6334a038b53c - <modification_tests[f73091af0c5783b5]::should_be_able_to_delete::{closure#0} as core[df12db4294e9bfd3]::ops::function::FnOnce<()>>::call_once
[INFO] [stdout]   20:     0x6334a059156b - test[9d35eded1c95d3be]::__rust_begin_short_backtrace::<core[df12db4294e9bfd3]::result::Result<(), alloc[2182bb758b4b3781]::string::String>, fn() -> core[df12db4294e9bfd3]::result::Result<(), alloc[2182bb758b4b3781]::string::String>>
[INFO] [stdout]   21:     0x6334a059ebd5 - test[9d35eded1c95d3be]::run_test::{closure#0}
[INFO] [stdout]   22:     0x6334a0598494 - std[70759c8f55707aa4]::sys::backtrace::__rust_begin_short_backtrace::<test[9d35eded1c95d3be]::run_test::{closure#1}, ()>
[INFO] [stdout]   23:     0x6334a05a1d32 - <std[70759c8f55707aa4]::thread::lifecycle::spawn_unchecked<test[9d35eded1c95d3be]::run_test::{closure#1}, ()>::{closure#1} as core[df12db4294e9bfd3]::ops::function::FnOnce<()>>::call_once::{shim:vtable#0}
[INFO] [stdout]   24:     0x6334a0c6d599 - <std[70759c8f55707aa4]::sys::thread::unix::Thread>::new::thread_start
[INFO] [stdout]   25:     0x6ffdf74c9dfa - <unknown>
[INFO] [stdout]   26:     0x6ffdf755d3d4 - clone
[INFO] [stdout]   27:                0x0 - <unknown>
[INFO] [stdout] 
[INFO] [stdout] ---- should_be_able_to_update stdout ----
[INFO] [stdout] 
[INFO] [stdout] thread 'should_be_able_to_update' (11658) panicked at tests/util.rs:119:10:
[INFO] [stdout] Creating a table to work: DispatchFailure(DispatchFailure { source: ConnectorError { kind: Io, source: hyper_util::client::legacy::Error(Connect, ConnectError("tcp connect error", 127.0.0.1:8000, Os { code: 111, kind: ConnectionRefused, message: "Connection refused" })), connection: Unknown } })
[INFO] [stdout] stack backtrace:
[INFO] [stdout]    0:     0x6334a0c6e8f1 - <<std[70759c8f55707aa4]::sys::backtrace::BacktraceLock>::print::DisplayBacktrace as core[df12db4294e9bfd3]::fmt::Display>::fmt
[INFO] [stdout]    1:     0x6334a0c8817a - core[df12db4294e9bfd3]::fmt::write
[INFO] [stdout]    2:     0x6334a0c73bcc - <alloc[2182bb758b4b3781]::vec::Vec<u8> as core[df12db4294e9bfd3]::io::write::Write>::write_fmt
[INFO] [stdout]    3:     0x6334a0c48d46 - std[70759c8f55707aa4]::panicking::default_hook::{closure#0}
[INFO] [stdout]    4:     0x6334a0c65e89 - std[70759c8f55707aa4]::panicking::default_hook
[INFO] [stdout]    5:     0x6334a059e280 - test[9d35eded1c95d3be]::test_main_inner::<test[9d35eded1c95d3be]::test_main_static::{closure#0}>::{closure#0}
[INFO] [stdout]    6:     0x6334a0c661b2 - std[70759c8f55707aa4]::panicking::panic_with_hook
[INFO] [stdout]    7:     0x6334a0c48df2 - std[70759c8f55707aa4]::panicking::panic_handler::{closure#0}
[INFO] [stdout]    8:     0x6334a0c41869 - std[70759c8f55707aa4]::sys::backtrace::__rust_end_short_backtrace::<std[70759c8f55707aa4]::panicking::panic_handler::{closure#0}, !>
[INFO] [stdout]    9:     0x6334a0c49bdd - __rustc[8fa7c3cbc660c2b3]::rust_begin_unwind
[INFO] [stdout]   10:     0x6334a0c888dc - core[df12db4294e9bfd3]::panicking::panic_fmt
[INFO] [stdout]   11:     0x6334a0c886b2 - core[df12db4294e9bfd3]::result::unwrap_failed
[INFO] [stdout]   12:     0x6334a0387165 - modification_tests[f73091af0c5783b5]::util::init_table::{closure#0}
[INFO] [stdout]   13:     0x6334a0372d24 - modification_tests[f73091af0c5783b5]::should_be_able_to_update::{closure#0}
[INFO] [stdout]   14:     0x6334a03b7d23 - <tokio[c3d89e43fe0c2561]::runtime::scheduler::current_thread::Context>::enter::<core[df12db4294e9bfd3]::task::poll::Poll<()>, <tokio[c3d89e43fe0c2561]::runtime::scheduler::current_thread::CoreGuard>::block_on<core[df12db4294e9bfd3]::pin::Pin<&mut core[df12db4294e9bfd3]::pin::Pin<&mut dyn core[df12db4294e9bfd3]::future::future::Future<Output = ()>>>>::{closure#0}::{closure#0}>
[INFO] [stdout]   15:     0x6334a03df34c - <tokio[c3d89e43fe0c2561]::runtime::context::scoped::Scoped<tokio[c3d89e43fe0c2561]::runtime::scheduler::Context>>::set::<<tokio[c3d89e43fe0c2561]::runtime::scheduler::current_thread::CoreGuard>::enter<<tokio[c3d89e43fe0c2561]::runtime::scheduler::current_thread::CoreGuard>::block_on<core[df12db4294e9bfd3]::pin::Pin<&mut core[df12db4294e9bfd3]::pin::Pin<&mut dyn core[df12db4294e9bfd3]::future::future::Future<Output = ()>>>>::{closure#0}, core[df12db4294e9bfd3]::option::Option<()>>::{closure#0}, (alloc[2182bb758b4b3781]::boxed::Box<tokio[c3d89e43fe0c2561]::runtime::scheduler::current_thread::Core>, core[df12db4294e9bfd3]::option::Option<()>)>
[INFO] [stdout]   16:     0x6334a03b8077 - <tokio[c3d89e43fe0c2561]::runtime::scheduler::current_thread::CoreGuard>::block_on::<core[df12db4294e9bfd3]::pin::Pin<&mut core[df12db4294e9bfd3]::pin::Pin<&mut dyn core[df12db4294e9bfd3]::future::future::Future<Output = ()>>>>
[INFO] [stdout]   17:     0x6334a03ceebd - tokio[c3d89e43fe0c2561]::runtime::context::runtime::enter_runtime::<<tokio[c3d89e43fe0c2561]::runtime::scheduler::current_thread::CurrentThread>::block_on<core[df12db4294e9bfd3]::pin::Pin<&mut dyn core[df12db4294e9bfd3]::future::future::Future<Output = ()>>>::{closure#0}, ()>
[INFO] [stdout]   18:     0x6334a03cb04e - <tokio[c3d89e43fe0c2561]::runtime::runtime::Runtime>::block_on::<core[df12db4294e9bfd3]::pin::Pin<&mut dyn core[df12db4294e9bfd3]::future::future::Future<Output = ()>>>
[INFO] [stdout]   19:     0x6334a038b6ac - <modification_tests[f73091af0c5783b5]::should_be_able_to_update::{closure#0} as core[df12db4294e9bfd3]::ops::function::FnOnce<()>>::call_once
[INFO] [stdout]   20:     0x6334a059156b - test[9d35eded1c95d3be]::__rust_begin_short_backtrace::<core[df12db4294e9bfd3]::result::Result<(), alloc[2182bb758b4b3781]::string::String>, fn() -> core[df12db4294e9bfd3]::result::Result<(), alloc[2182bb758b4b3781]::string::String>>
[INFO] [stdout]   21:     0x6334a059ebd5 - test[9d35eded1c95d3be]::run_test::{closure#0}
[INFO] [stdout]   22:     0x6334a0598494 - std[70759c8f55707aa4]::sys::backtrace::__rust_begin_short_backtrace::<test[9d35eded1c95d3be]::run_test::{closure#1}, ()>
[INFO] [stdout]   23:     0x6334a05a1d32 - <std[70759c8f55707aa4]::thread::lifecycle::spawn_unchecked<test[9d35eded1c95d3be]::run_test::{closure#1}, ()>::{closure#1} as core[df12db4294e9bfd3]::ops::function::FnOnce<()>>::call_once::{shim:vtable#0}
[INFO] [stdout]   24:     0x6334a0c6d599 - <std[70759c8f55707aa4]::sys::thread::unix::Thread>::new::thread_start
[INFO] [stdout]   25:     0x6ffdf74c9dfa - <unknown>
[INFO] [stdout]   26:     0x6ffdf755d3d4 - clone
[INFO] [stdout]   27:                0x0 - <unknown>
[INFO] [stdout] 
[INFO] [stdout] ---- should_be_able_to_delete_with_range stdout ----
[INFO] [stdout] 
[INFO] [stdout] thread 'should_be_able_to_delete_with_range' (11655) panicked at tests/util.rs:119:10:
[INFO] [stdout] Creating a table to work: DispatchFailure(DispatchFailure { source: ConnectorError { kind: Io, source: hyper_util::client::legacy::Error(Connect, ConnectError("tcp connect error", 127.0.0.1:8000, Os { code: 111, kind: ConnectionRefused, message: "Connection refused" })), connection: Unknown } })
[INFO] [stdout] stack backtrace:
[INFO] [stdout]    0:     0x6334a0c6e8f1 - <<std[70759c8f55707aa4]::sys::backtrace::BacktraceLock>::print::DisplayBacktrace as core[df12db4294e9bfd3]::fmt::Display>::fmt
[INFO] [stdout]    1:     0x6334a0c8817a - core[df12db4294e9bfd3]::fmt::write
[INFO] [stdout]    2:     0x6334a0c73bcc - <alloc[2182bb758b4b3781]::vec::Vec<u8> as core[df12db4294e9bfd3]::io::write::Write>::write_fmt
[INFO] [stdout]    3:     0x6334a0c48d46 - std[70759c8f55707aa4]::panicking::default_hook::{closure#0}
[INFO] [stdout]    4:     0x6334a0c65e89 - std[70759c8f55707aa4]::panicking::default_hook
[INFO] [stdout]    5:     0x6334a059e280 - test[9d35eded1c95d3be]::test_main_inner::<test[9d35eded1c95d3be]::test_main_static::{closure#0}>::{closure#0}
[INFO] [stdout]    6:     0x6334a0c661b2 - std[70759c8f55707aa4]::panicking::panic_with_hook
[INFO] [stdout]    7:     0x6334a0c48df2 - std[70759c8f55707aa4]::panicking::panic_handler::{closure#0}
[INFO] [stdout]    8:     0x6334a0c41869 - std[70759c8f55707aa4]::sys::backtrace::__rust_end_short_backtrace::<std[70759c8f55707aa4]::panicking::panic_handler::{closure#0}, !>
[INFO] [stdout]    9:     0x6334a0c49bdd - __rustc[8fa7c3cbc660c2b3]::rust_begin_unwind
[INFO] [stdout]   10:     0x6334a0c888dc - core[df12db4294e9bfd3]::panicking::panic_fmt
[INFO] [stdout]   11:     0x6334a0c886b2 - core[df12db4294e9bfd3]::result::unwrap_failed
[INFO] [stdout]   12:     0x6334a0387165 - modification_tests[f73091af0c5783b5]::util::init_table::{closure#0}
[INFO] [stdout]   13:     0x6334a0374707 - modification_tests[f73091af0c5783b5]::should_be_able_to_delete_with_range::{closure#0}
[INFO] [stdout]   14:     0x6334a03b7d23 - <tokio[c3d89e43fe0c2561]::runtime::scheduler::current_thread::Context>::enter::<core[df12db4294e9bfd3]::task::poll::Poll<()>, <tokio[c3d89e43fe0c2561]::runtime::scheduler::current_thread::CoreGuard>::block_on<core[df12db4294e9bfd3]::pin::Pin<&mut core[df12db4294e9bfd3]::pin::Pin<&mut dyn core[df12db4294e9bfd3]::future::future::Future<Output = ()>>>>::{closure#0}::{closure#0}>
[INFO] [stdout]   15:     0x6334a03df34c - <tokio[c3d89e43fe0c2561]::runtime::context::scoped::Scoped<tokio[c3d89e43fe0c2561]::runtime::scheduler::Context>>::set::<<tokio[c3d89e43fe0c2561]::runtime::scheduler::current_thread::CoreGuard>::enter<<tokio[c3d89e43fe0c2561]::runtime::scheduler::current_thread::CoreGuard>::block_on<core[df12db4294e9bfd3]::pin::Pin<&mut core[df12db4294e9bfd3]::pin::Pin<&mut dyn core[df12db4294e9bfd3]::future::future::Future<Output = ()>>>>::{closure#0}, core[df12db4294e9bfd3]::option::Option<()>>::{closure#0}, (alloc[2182bb758b4b3781]::boxed::Box<tokio[c3d89e43fe0c2561]::runtime::scheduler::current_thread::Core>, core[df12db4294e9bfd3]::option::Option<()>)>
[INFO] [stdout]   16:     0x6334a03b8077 - <tokio[c3d89e43fe0c2561]::runtime::scheduler::current_thread::CoreGuard>::block_on::<core[df12db4294e9bfd3]::pin::Pin<&mut core[df12db4294e9bfd3]::pin::Pin<&mut dyn core[df12db4294e9bfd3]::future::future::Future<Output = ()>>>>
[INFO] [stdout]   17:     0x6334a03ceebd - tokio[c3d89e43fe0c2561]::runtime::context::runtime::enter_runtime::<<tokio[c3d89e43fe0c2561]::runtime::scheduler::current_thread::CurrentThread>::block_on<core[df12db4294e9bfd3]::pin::Pin<&mut dyn core[df12db4294e9bfd3]::future::future::Future<Output = ()>>>::{closure#0}, ()>
[INFO] [stdout]   18:     0x6334a03cb04e - <tokio[c3d89e43fe0c2561]::runtime::runtime::Runtime>::block_on::<core[df12db4294e9bfd3]::pin::Pin<&mut dyn core[df12db4294e9bfd3]::future::future::Future<Output = ()>>>
[INFO] [stdout]   19:     0x6334a038b98c - <modification_tests[f73091af0c5783b5]::should_be_able_to_delete_with_range::{closure#0} as core[df12db4294e9bfd3]::ops::function::FnOnce<()>>::call_once
[INFO] [stdout]   20:     0x6334a059156b - test[9d35eded1c95d3be]::__rust_begin_short_backtrace::<core[df12db4294e9bfd3]::result::Result<(), alloc[2182bb758b4b3781]::string::String>, fn() -> core[df12db4294e9bfd3]::result::Result<(), alloc[2182bb758b4b3781]::string::String>>
[INFO] [stdout]   21:     0x6334a059ebd5 - test[9d35eded1c95d3be]::run_test::{closure#0}
[INFO] [stdout]   22:     0x6334a0598494 - std[70759c8f55707aa4]::sys::backtrace::__rust_begin_short_backtrace::<test[9d35eded1c95d3be]::run_test::{closure#1}, ()>
[INFO] [stdout]   23:     0x6334a05a1d32 - <std[70759c8f55707aa4]::thread::lifecycle::spawn_unchecked<test[9d35eded1c95d3be]::run_test::{closure#1}, ()>::{closure#1} as core[df12db4294e9bfd3]::ops::function::FnOnce<()>>::call_once::{shim:vtable#0}
[INFO] [stdout]   24:     0x6334a0c6d599 - <std[70759c8f55707aa4]::sys::thread::unix::Thread>::new::thread_start
[INFO] [stdout]   25:     0x6ffdf74c9dfa - <unknown>
[INFO] [stdout]   26:     0x6ffdf755d3d4 - clone
[INFO] [stdout]   27:                0x0 - <unknown>
[INFO] [stdout] 
[INFO] [stdout] 
[INFO] [stdout] failures:
[INFO] [stdout]     should_be_able_to_batch_put
[INFO] [stdout]     should_be_able_to_batch_put_with_range
[INFO] [stdout]     should_be_able_to_delete
[INFO] [stdout]     should_be_able_to_delete_with_range
[INFO] [stdout]     should_be_able_to_put
[INFO] [stdout]     should_be_able_to_put_with_range_key
[INFO] [stdout]     should_be_able_to_update
[INFO] [stdout] 
[INFO] [stdout] test result: FAILED. 0 passed; 7 failed; 0 ignored; 0 measured; 0 filtered out; finished in 2.70s
[INFO] [stdout] 
[INFO] [stderr] error: test failed, to rerun pass `--test modification_tests`
[INFO] running `Command { std: "docker" "inspect" "4595862b126a974b5e38e8687960707e2ff2406c64b9564e1e5fe6337c192208", kill_on_drop: false }`
[INFO] running `Command { std: "docker" "rm" "-f" "4595862b126a974b5e38e8687960707e2ff2406c64b9564e1e5fe6337c192208", kill_on_drop: false }`
[INFO] [stdout] 4595862b126a974b5e38e8687960707e2ff2406c64b9564e1e5fe6337c192208
