[INFO] cloning repository https://github.com/ThinkCats/rim
[INFO] running `Command { std: "git" "-c" "credential.helper=" "-c" "credential.helper=/workspace/cargo-home/bin/git-credential-null" "clone" "--bare" "https://github.com/ThinkCats/rim" "/workspace/cache/git-repos/https%3A%2F%2Fgithub.com%2FThinkCats%2Frim", kill_on_drop: false }`
[INFO] [stderr] Cloning into bare repository '/workspace/cache/git-repos/https%3A%2F%2Fgithub.com%2FThinkCats%2Frim'...
[INFO] running `Command { std: "git" "rev-parse" "HEAD", kill_on_drop: false }`
[INFO] [stdout] ad3772ed2a00c2277a05e8f1c44bb6371b262fc1
[INFO] testing ThinkCats/rim against 1.99.0-beta.8+cargoflags=--release for beta-release-1.100-2
[INFO] running `Command { std: "git" "clone" "/workspace/cache/git-repos/https%3A%2F%2Fgithub.com%2FThinkCats%2Frim" "/workspace/builds/worker-0-tc1/source", kill_on_drop: false }`
[INFO] [stderr] Cloning into '/workspace/builds/worker-0-tc1/source'...
[INFO] [stderr] done.
[INFO] started tweaking git repo https://github.com/ThinkCats/rim
[INFO] finished tweaking git repo https://github.com/ThinkCats/rim
[INFO] tweaked toml for git repo https://github.com/ThinkCats/rim written to /workspace/builds/worker-0-tc1/source/Cargo.toml
[INFO] validating manifest of git repo https://github.com/ThinkCats/rim on toolchain 1.99.0-beta.8
[INFO] running `Command { std: CARGO_HOME="/workspace/cargo-home" RUSTUP_HOME="/workspace/rustup-home" "/workspace/cargo-home/bin/cargo" "+1.99.0-beta.8" "metadata" "--manifest-path" "Cargo.toml" "--no-deps", kill_on_drop: false }`
[INFO] crate git repo https://github.com/ThinkCats/rim already has a lockfile, it will not be regenerated
[INFO] running `Command { std: CARGO_HOME="/workspace/cargo-home" RUSTUP_HOME="/workspace/rustup-home" "/workspace/cargo-home/bin/cargo" "+1.99.0-beta.8" "fetch" "--manifest-path" "Cargo.toml", kill_on_drop: false }`
[INFO] [stderr]     Updating crates.io index
[INFO] [stderr]  Downloading crates ...
[INFO] [stderr]   Downloaded tokio-tungstenite v0.17.2
[INFO] [stderr]   Downloaded syn v1.0.103
[INFO] [stderr]   Downloaded serde_derive v1.0.147
[INFO] [stderr]   Downloaded serde v1.0.147
[INFO] [stderr]   Downloaded ubyte v0.10.3
[INFO] [stderr]   Downloaded rocket v0.5.0-rc.2
[INFO] [stderr]   Downloaded time-macros v0.2.5
[INFO] [stderr]   Downloaded time v0.3.16
[INFO] [stderr]   Downloaded state v0.5.3
[INFO] [stderr]   Downloaded generator v0.7.1
[INFO] [stderr]   Downloaded cc v1.0.74
[INFO] [stderr]   Downloaded rocket_http v0.5.0-rc.2
[INFO] [stderr]   Downloaded ref-cast-impl v1.0.13
[INFO] [stderr]   Downloaded ref-cast v1.0.13
[INFO] [stderr]   Downloaded hyper v0.14.22
[INFO] [stderr]   Downloaded aead v0.5.1
[INFO] [stderr]   Downloaded rocket_codegen v0.5.0-rc.2
[INFO] [stderr]   Downloaded mysql_common v0.28.2
[INFO] [stderr]   Downloaded saturating v0.1.0
[INFO] [stderr]   Downloaded lexical v6.1.1
[INFO] [stderr]   Downloaded subprocess v0.2.9
[INFO] [stderr]   Downloaded rust_decimal v1.26.1
[INFO] [stderr]   Downloaded frunk v0.4.1
[INFO] [stderr]   Downloaded frunk_proc_macros v0.1.1
[INFO] [stderr]   Downloaded frunk_proc_macros_impl v0.1.1
[INFO] [stderr]   Downloaded frunk_derives v0.4.1
[INFO] [stderr]   Downloaded frunk_core v0.4.1
[INFO] [stderr]   Downloaded frunk_proc_macro_helpers v0.1.1
[INFO] [stderr]   Downloaded cmake v0.1.49
[INFO] [stderr]   Downloaded libz-sys v1.1.8
[INFO] [stderr]   Downloaded pure-rust-locales v0.5.6
[INFO] [stderr]   Downloaded cxx-build v1.0.82
[INFO] [stderr]   Downloaded cxx v1.0.82
[INFO] [stderr]   Downloaded cxxbridge-flags v1.0.82
[INFO] [stderr]   Downloaded wyz v0.4.0
[INFO] [stderr]   Downloaded cxxbridge-macro v1.0.82
[INFO] [stderr]   Downloaded bitvec v0.22.3
[INFO] [stderr]   Downloaded funty v1.2.0
[INFO] [stderr]   Downloaded bigdecimal v0.3.0
[INFO] [stderr]   Downloaded mysql v22.2.0
[INFO] [stderr]   Downloaded openssl-sys v0.9.77
[INFO] [stderr]   Downloaded named_pipe v0.4.1
[INFO] [stderr]   Downloaded io-enum v1.0.1
[INFO] [stderr]   Downloaded crossbeam-utils v0.8.12
[INFO] [stderr]   Downloaded crossbeam v0.8.2
[INFO] [stderr]   Downloaded derive_utils v0.11.2
[INFO] [stderr]   Downloaded crossbeam-queue v0.3.6
[INFO] [stderr]   Downloaded crossbeam-epoch v0.9.11
[INFO] [stderr]   Downloaded crossbeam-deque v0.8.2
[INFO] [stderr]   Downloaded bufstream v0.1.4
[INFO] [stderr]   Downloaded is-terminal v0.4.1
[INFO] [stderr]   Downloaded rustix v0.36.4
[INFO] running `Command { std: "docker" "create" "-v" "/var/lib/crater-agent-workspace/builds/worker-0-tc1/source:/opt/rustwide/workdir:ro,Z" "-v" "/var/lib/crater-agent-workspace/builds/worker-0-tc1/target:/opt/rustwide/target:rw,Z" "-v" "/var/lib/crater-agent-workspace/cargo-home:/opt/rustwide/cargo-home:ro,Z" "-v" "/var/lib/crater-agent-workspace/rustup-home:/opt/rustwide/rustup-home:ro,Z" "-m" "1610612736" "--network" "none" "ghcr.io/rust-lang/crates-build-env/linux@sha256:77db811e55d90add9212f6832c23229e3de5f1c1f9905e8cb07319ea15df73ac" "sleep" "infinity", kill_on_drop: false }`
[INFO] [stdout] 84f46917dae904f6d8a36872881294607ce2eccd52777bda97458f662194e40f
[INFO] running `Command { std: "docker" "start" "84f46917dae904f6d8a36872881294607ce2eccd52777bda97458f662194e40f", kill_on_drop: false }`
[INFO] running `Command { std: "docker" "inspect" "84f46917dae904f6d8a36872881294607ce2eccd52777bda97458f662194e40f", kill_on_drop: false }`
[INFO] running `Command { std: "docker" "exec" "-e" "SOURCE_DIR=/opt/rustwide/workdir" "-e" "CARGO_HOME=/opt/rustwide/cargo-home" "-e" "RUSTUP_HOME=/opt/rustwide/rustup-home" "-e" "CARGO_TARGET_DIR=/opt/rustwide/target" "-w" "/opt/rustwide/workdir" "--user" "0:0" "84f46917dae904f6d8a36872881294607ce2eccd52777bda97458f662194e40f" "/opt/rustwide/cargo-home/bin/cargo" "+1.99.0-beta.8" "metadata" "--no-deps" "--format-version=1", kill_on_drop: false }`
[INFO] running `Command { std: "docker" "inspect" "84f46917dae904f6d8a36872881294607ce2eccd52777bda97458f662194e40f", kill_on_drop: false }`
[INFO] running `Command { std: "docker" "exec" "-e" "SOURCE_DIR=/opt/rustwide/workdir" "-e" "CARGO_HOME=/opt/rustwide/cargo-home" "-e" "RUSTUP_HOME=/opt/rustwide/rustup-home" "-e" "CARGO_TARGET_DIR=/opt/rustwide/target" "-e" "CARGO_INCREMENTAL=0" "-e" "RUST_BACKTRACE=full" "-e" "RUSTFLAGS=--cap-lints=warn" "-e" "RUSTDOCFLAGS=--cap-lints=warn" "-w" "/opt/rustwide/workdir" "--user" "0:0" "84f46917dae904f6d8a36872881294607ce2eccd52777bda97458f662194e40f" "/opt/rustwide/cargo-home/bin/cargo" "+1.99.0-beta.8" "build" "--frozen" "--message-format=json" "--release", kill_on_drop: false }`
[INFO] [stderr]    Compiling libc v0.2.137
[INFO] [stderr]    Compiling syn v1.0.103
[INFO] [stderr]    Compiling serde_derive v1.0.147
[INFO] [stderr]    Compiling futures-channel v0.3.25
[INFO] [stderr]    Compiling log v0.4.17
[INFO] [stderr]    Compiling subtle v2.4.1
[INFO] [stderr]    Compiling generic-array v0.14.6
[INFO] [stderr]    Compiling once_cell v1.16.0
[INFO] [stderr]    Compiling serde v1.0.147
[INFO] [stderr]    Compiling cc v1.0.74
[INFO] [stderr]    Compiling proc-macro2-diagnostics v0.9.1
[INFO] [stderr]    Compiling smallvec v1.10.0
[INFO] [stderr]    Compiling memchr v2.5.0
[INFO] [stderr]    Compiling time-core v0.1.0
[INFO] [stderr]    Compiling glob v0.3.0
[INFO] [stderr]    Compiling time-macros v0.2.5
[INFO] [stderr]    Compiling tokio v1.25.0
[INFO] [stderr]    Compiling ahash v0.7.6
[INFO] [stderr]    Compiling futures-util v0.3.25
[INFO] [stderr]    Compiling num-traits v0.2.15
[INFO] [stderr]    Compiling futures-core v0.3.25
[INFO] [stderr]    Compiling cpufeatures v0.2.5
[INFO] [stderr]    Compiling pin-project-lite v0.2.9
[INFO] [stderr]    Compiling lexical-util v0.8.5
[INFO] [stderr]    Compiling cookie v0.16.1
[INFO] [stderr]    Compiling futures-task v0.3.25
[INFO] [stderr]    Compiling ref-cast v1.0.13
[INFO] [stderr]    Compiling crossbeam-utils v0.8.12
[INFO] [stderr]    Compiling itoa v1.0.4
[INFO] [stderr]    Compiling tracing-core v0.1.30
[INFO] [stderr]    Compiling inout v0.1.3
[INFO] [stderr]    Compiling num-integer v0.1.45
[INFO] [stderr]    Compiling futures-sink v0.3.25
[INFO] [stderr]    Compiling frunk_core v0.4.1
[INFO] [stderr]    Compiling libloading v0.7.3
[INFO] [stderr]    Compiling nom v7.1.1
[INFO] [stderr]    Compiling clang-sys v1.4.0
[INFO] [stderr]    Compiling indexmap v1.9.1
[INFO] [stderr]    Compiling memoffset v0.6.5
[INFO] [stderr]    Compiling bindgen v0.59.2
[INFO] [stderr]    Compiling ppv-lite86 v0.2.16
[INFO] [stderr]    Compiling bytes v1.2.1
[INFO] [stderr]    Compiling getrandom v0.2.8
[INFO] [stderr]    Compiling regex-syntax v0.6.27
[INFO] [stderr]    Compiling block-buffer v0.10.3
[INFO] [stderr]    Compiling tracing v0.1.37
[INFO] [stderr]    Compiling rand_core v0.6.4
[INFO] [stderr]    Compiling crypto-common v0.1.6
[INFO] [stderr]    Compiling lexical-write-integer v0.8.5
[INFO] [stderr]    Compiling lexical-parse-integer v0.8.6
[INFO] [stderr]    Compiling universal-hash v0.5.0
[INFO] [stderr]    Compiling digest v0.10.5
[INFO] [stderr]    Compiling cipher v0.4.3
[INFO] [stderr]    Compiling polyval v0.6.0
[INFO] [stderr]    Compiling openssl-sys v0.9.77
[INFO] [stderr]    Compiling libz-sys v1.1.8
[INFO] [stderr]    Compiling hmac v0.12.1
[INFO] [stderr]    Compiling ghash v0.5.0
[INFO] [stderr]    Compiling rand_chacha v0.3.1
[INFO] [stderr]    Compiling aead v0.5.1
[INFO] [stderr]    Compiling ctr v0.9.2
[INFO] [stderr]    Compiling aes v0.8.2
[INFO] [stderr]    Compiling socket2 v0.4.7
[INFO] [stderr]    Compiling mio v0.8.5
[INFO] [stderr]    Compiling http v0.2.8
[INFO] [stderr]    Compiling httparse v1.8.0
[INFO] [stderr]    Compiling num-bigint v0.4.3
[INFO] [stderr]    Compiling crossbeam-epoch v0.9.11
[INFO] [stderr]    Compiling uncased v0.9.7
[INFO] [stderr]    Compiling crc32fast v1.3.2
[INFO] [stderr]    Compiling try-lock v0.2.3
[INFO] [stderr]    Compiling lazycell v1.3.0
[INFO] [stderr]    Compiling serde_json v1.0.89
[INFO] [stderr]    Compiling radium v0.6.2
[INFO] [stderr]    Compiling peeking_take_while v0.1.2
[INFO] [stderr]    Compiling shlex v1.1.0
[INFO] [stderr]    Compiling num_threads v0.1.6
[INFO] [stderr]    Compiling want v0.3.0
[INFO] [stderr]    Compiling time v0.3.16
[INFO] [stderr]    Compiling rand v0.8.5
[INFO] [stderr]    Compiling parking_lot_core v0.9.4
[INFO] [stderr]    Compiling parking_lot v0.12.1
[INFO] [stderr]    Compiling num_cpus v1.13.1
[INFO] [stderr]    Compiling signal-hook-registry v1.4.0
[INFO] [stderr]    Compiling hashbrown v0.12.3
[INFO] [stderr]    Compiling sha2 v0.10.6
[INFO] [stderr]    Compiling cexpr v0.6.0
[INFO] [stderr]    Compiling regex v1.6.0
[INFO] [stderr]    Compiling sha-1 v0.10.0
[INFO] [stderr]    Compiling http-body v0.4.5
[INFO] [stderr]    Compiling aes-gcm v0.10.1
[INFO] [stderr]    Compiling hkdf v0.12.3
[INFO] [stderr]    Compiling lexical-write-float v0.8.5
[INFO] [stderr]    Compiling lexical-parse-float v0.8.5
[INFO] [stderr]    Compiling subprocess v0.2.9
[INFO] [stderr]    Compiling cmake v0.1.49
[INFO] [stderr]    Compiling aho-corasick v0.7.19
[INFO] [stderr]    Compiling crossbeam-queue v0.3.6
[INFO] [stderr]    Compiling futures-io v0.3.25
[INFO] [stderr]    Compiling percent-encoding v2.2.0
[INFO] [stderr]    Compiling httpdate v1.0.2
[INFO] [stderr]    Compiling rustix v0.36.4
[INFO] [stderr]    Compiling openssl v0.10.42
[INFO] [stderr]    Compiling rust_decimal v1.26.1
[INFO] [stderr]    Compiling yansi v0.5.1
[INFO] [stderr]    Compiling base64 v0.13.1
[INFO] [stderr]    Compiling lexical-core v0.8.5
[INFO] [stderr]    Compiling wyz v0.4.0
[INFO] [stderr]    Compiling futures v0.3.25
[INFO] [stderr]    Compiling io-lifetimes v1.0.3
[INFO] [stderr]    Compiling time v0.1.44
[INFO] [stderr]    Compiling frunk_proc_macro_helpers v0.1.1
[INFO] [stderr]    Compiling devise_core v0.3.1
[INFO] [stderr]    Compiling hyper v0.14.22
[INFO] [stderr]    Compiling stable-pattern v0.1.0
[INFO] [stderr]    Compiling io-enum v1.0.1
[INFO] [stderr]    Compiling atomic v0.5.1
[INFO] [stderr]    Compiling multer v2.0.4
[INFO] [stderr]    Compiling figment v0.10.8
[INFO] [stderr]    Compiling funty v1.2.0
[INFO] [stderr]    Compiling linux-raw-sys v0.1.3
[INFO] [stderr]    Compiling either v1.8.0
[INFO] [stderr]    Compiling iana-time-zone v0.1.53
[INFO] [stderr]    Compiling pure-rust-locales v0.5.6
[INFO] [stderr]    Compiling state v0.5.3
[INFO] [stderr]    Compiling native-tls v0.2.11
[INFO] [stderr]    Compiling flate2 v1.0.24
[INFO] [stderr]    Compiling crossbeam-deque v0.8.2
[INFO] [stderr]    Compiling bitvec v0.22.3
[INFO] [stderr]    Compiling derive_utils v0.11.2
[INFO] [stderr]    Compiling lexical v6.1.1
[INFO] [stderr]    Compiling crossbeam-channel v0.5.6
[INFO] [stderr]    Compiling bigdecimal v0.3.0
[INFO] [stderr]    Compiling rocket v0.5.0-rc.2
[INFO] [stderr]    Compiling futures-macro v0.3.25
[INFO] [stderr]    Compiling tokio-macros v1.8.0
[INFO] [stderr]    Compiling pear_codegen v0.2.3
[INFO] [stderr]    Compiling ref-cast-impl v1.0.13
[INFO] [stderr]    Compiling thiserror-impl v1.0.37
[INFO] [stderr]    Compiling frunk_proc_macros_impl v0.1.1
[INFO] [stderr]    Compiling devise_codegen v0.3.1
[INFO] [stderr]    Compiling openssl-macros v0.1.0
[INFO] [stderr]    Compiling frunk_derives v0.4.1
[INFO] [stderr]    Compiling frunk_proc_macros v0.1.1
[INFO] [stderr]    Compiling pear v0.2.3
[INFO] [stderr]    Compiling devise v0.3.1
[INFO] [stderr]    Compiling async-stream-impl v0.3.3
[INFO] [stderr]    Compiling frunk v0.4.1
[INFO] [stderr]    Compiling uuid v0.8.2
[INFO] [stderr]    Compiling fastrand v1.8.0
[INFO] [stderr]    Compiling remove_dir_all v0.5.3
[INFO] [stderr]    Compiling saturating v0.1.0
[INFO] [stderr]    Compiling rocket_http v0.5.0-rc.2
[INFO] [stderr]    Compiling mysql v22.2.0
[INFO] [stderr]    Compiling thiserror v1.0.37
[INFO] [stderr]    Compiling anyhow v1.0.66
[INFO] [stderr]    Compiling unicode-xid v0.2.4
[INFO] [stderr]    Compiling spin v0.9.4
[INFO] [stderr]    Compiling tungstenite v0.17.3
[INFO] [stderr]    Compiling async-stream v0.3.3
[INFO] [stderr]    Compiling tempfile v3.3.0
[INFO] [stderr]    Compiling is-terminal v0.4.1
[INFO] [stderr]    Compiling crossbeam v0.8.2
[INFO] [stderr]    Compiling async-trait v0.1.58
[INFO] [stderr]    Compiling twox-hash v1.6.3
[INFO] [stderr]    Compiling lru v0.7.8
[INFO] [stderr]    Compiling atty v0.2.14
[INFO] [stderr]    Compiling pem v1.1.0
[INFO] [stderr]    Compiling bufstream v0.1.4
[INFO] [stderr]    Compiling env_logger v0.10.0
[INFO] [stderr]    Compiling uuid v1.2.2
[INFO] [stderr]    Compiling thread_local v1.1.4
[INFO] [stderr]    Compiling mysql_common v0.28.2
[INFO] [stderr]    Compiling rocket_codegen v0.5.0-rc.2
[INFO] [stderr]    Compiling futures-executor v0.3.25
[INFO] [stderr]    Compiling tokio-util v0.7.4
[INFO] [stderr]    Compiling tokio-stream v0.1.11
[INFO] [stderr]    Compiling tokio-tungstenite v0.17.2
[INFO] [stderr]    Compiling toml v0.5.9
[INFO] [stderr]    Compiling chrono v0.4.23
[INFO] [stderr]    Compiling ubyte v0.10.3
[INFO] [stderr]    Compiling h2 v0.3.15
[INFO] [stderr]    Compiling rim v0.1.0 (/opt/rustwide/workdir)
[INFO] [stderr]     Finished `release` profile [optimized] target(s) in 2m 45s
[INFO] [stderr] warning: the following packages contain code that will be rejected by a future version of Rust: openssl v0.10.42
[INFO] [stderr] note: to see what the problems were, use the option `--future-incompat-report`, or run `cargo report future-incompatibilities --id 11`
[INFO] running `Command { std: "docker" "inspect" "84f46917dae904f6d8a36872881294607ce2eccd52777bda97458f662194e40f", kill_on_drop: false }`
[INFO] running `Command { std: "docker" "exec" "-e" "SOURCE_DIR=/opt/rustwide/workdir" "-e" "CARGO_HOME=/opt/rustwide/cargo-home" "-e" "RUSTUP_HOME=/opt/rustwide/rustup-home" "-e" "CARGO_TARGET_DIR=/opt/rustwide/target" "-e" "CARGO_INCREMENTAL=0" "-e" "RUST_BACKTRACE=full" "-e" "RUSTFLAGS=--cap-lints=warn" "-e" "RUSTDOCFLAGS=--cap-lints=warn" "-w" "/opt/rustwide/workdir" "--user" "0:0" "84f46917dae904f6d8a36872881294607ce2eccd52777bda97458f662194e40f" "/opt/rustwide/cargo-home/bin/cargo" "+1.99.0-beta.8" "test" "--frozen" "--no-run" "--message-format=json" "--release", kill_on_drop: false }`
[INFO] [stderr]    Compiling rim v0.1.0 (/opt/rustwide/workdir)
[INFO] [stderr]     Finished `release` profile [optimized] target(s) in 10.09s
[INFO] [stderr] warning: the following packages contain code that will be rejected by a future version of Rust: openssl v0.10.42
[INFO] [stderr] note: to see what the problems were, use the option `--future-incompat-report`, or run `cargo report future-incompatibilities --id 11`
[INFO] running `Command { std: "docker" "inspect" "84f46917dae904f6d8a36872881294607ce2eccd52777bda97458f662194e40f", kill_on_drop: false }`
[INFO] running `Command { std: "docker" "exec" "-e" "SOURCE_DIR=/opt/rustwide/workdir" "-e" "CARGO_HOME=/opt/rustwide/cargo-home" "-e" "RUSTUP_HOME=/opt/rustwide/rustup-home" "-e" "CARGO_TARGET_DIR=/opt/rustwide/target" "-e" "CARGO_INCREMENTAL=0" "-e" "RUST_BACKTRACE=full" "-e" "RUSTFLAGS=--cap-lints=warn" "-e" "RUSTDOCFLAGS=--cap-lints=warn" "-w" "/opt/rustwide/workdir" "--user" "0:0" "84f46917dae904f6d8a36872881294607ce2eccd52777bda97458f662194e40f" "/opt/rustwide/cargo-home/bin/cargo" "+1.99.0-beta.8" "test" "--frozen" "--release", kill_on_drop: false }`
[INFO] [stderr]     Finished `release` profile [optimized] target(s) in 0.22s
[INFO] [stderr] warning: the following packages contain code that will be rejected by a future version of Rust: openssl v0.10.42
[INFO] [stderr] note: to see what the problems were, use the option `--future-incompat-report`, or run `cargo report future-incompatibilities --id 11`
[INFO] [stderr]      Running unittests src/lib.rs (/opt/rustwide/target/release/deps/rim-afac985763f37e2c)
[INFO] [stdout] 
[INFO] [stderr]      Running unittests src/main.rs (/opt/rustwide/target/release/deps/rim-03ee60038f66b18b)
[INFO] [stdout] running 0 tests
[INFO] [stdout] 
[INFO] [stdout] test result: ok. 0 passed; 0 failed; 0 ignored; 0 measured; 0 filtered out; finished in 0.00s
[INFO] [stdout] 
[INFO] [stdout] 
[INFO] [stdout] running 0 tests
[INFO] [stdout] 
[INFO] [stdout] test result: ok. 0 passed; 0 failed; 0 ignored; 0 measured; 0 filtered out; finished in 0.00s
[INFO] [stdout] 
[INFO] [stderr]      Running tests/util_test.rs (/opt/rustwide/target/release/deps/util_test-71ef07934481723d)
[INFO] [stdout] 
[INFO] [stdout] running 1 test
[INFO] [stdout] test test_json ... FAILED
[INFO] [stdout] 
[INFO] [stdout] failures:
[INFO] [stdout] 
[INFO] [stdout] ---- test_json stdout ----
[INFO] [stdout] 
[INFO] [stdout] thread 'test_json' (4724) panicked at tests/util_test.rs:18:50:
[INFO] [stdout] error: Error("missing field `clientMsgId`", line: 8, column: 9)
[INFO] [stdout] stack backtrace:
[INFO] [stdout]    0:     0x56bab8236241 - <<std[70759c8f55707aa4]::sys::backtrace::BacktraceLock>::print::DisplayBacktrace as core[df12db4294e9bfd3]::fmt::Display>::fmt
[INFO] [stdout]    1:     0x56bab824a4ca - core[df12db4294e9bfd3]::fmt::write
[INFO] [stdout]    2:     0x56bab823a78c - <alloc[2182bb758b4b3781]::vec::Vec<u8> as core[df12db4294e9bfd3]::io::write::Write>::write_fmt
[INFO] [stdout]    3:     0x56bab8212836 - std[70759c8f55707aa4]::panicking::default_hook::{closure#0}
[INFO] [stdout]    4:     0x56bab822e9a9 - std[70759c8f55707aa4]::panicking::default_hook
[INFO] [stdout]    5:     0x56bab81c7160 - test[9d35eded1c95d3be]::test_main_inner::<test[9d35eded1c95d3be]::test_main_static::{closure#0}>::{closure#0}
[INFO] [stdout]    6:     0x56bab822eb62 - std[70759c8f55707aa4]::panicking::panic_with_hook
[INFO] [stdout]    7:     0x56bab82128e2 - std[70759c8f55707aa4]::panicking::panic_handler::{closure#0}
[INFO] [stdout]    8:     0x56bab820b639 - std[70759c8f55707aa4]::sys::backtrace::__rust_end_short_backtrace::<std[70759c8f55707aa4]::panicking::panic_handler::{closure#0}, !>
[INFO] [stdout]    9:     0x56bab82134dd - __rustc[8fa7c3cbc660c2b3]::rust_begin_unwind
[INFO] [stdout]   10:     0x56bab824abfc - core[df12db4294e9bfd3]::panicking::panic_fmt
[INFO] [stdout]   11:     0x56bab824a9d2 - core[df12db4294e9bfd3]::result::unwrap_failed
[INFO] [stdout]   12:     0x56bab81ba2fd - <util_test[934bab3ebc1f914d]::test_json::{closure#0} as core[df12db4294e9bfd3]::ops::function::FnOnce<()>>::call_once
[INFO] [stdout]   13:     0x56bab81ba44b - test[9d35eded1c95d3be]::__rust_begin_short_backtrace::<core[df12db4294e9bfd3]::result::Result<(), alloc[2182bb758b4b3781]::string::String>, fn() -> core[df12db4294e9bfd3]::result::Result<(), alloc[2182bb758b4b3781]::string::String>>
[INFO] [stdout]   14:     0x56bab81c7ab5 - test[9d35eded1c95d3be]::run_test::{closure#0}
[INFO] [stdout]   15:     0x56bab81c1374 - std[70759c8f55707aa4]::sys::backtrace::__rust_begin_short_backtrace::<test[9d35eded1c95d3be]::run_test::{closure#1}, ()>
[INFO] [stdout]   16:     0x56bab81cac12 - <std[70759c8f55707aa4]::thread::lifecycle::spawn_unchecked<test[9d35eded1c95d3be]::run_test::{closure#1}, ()>::{closure#1} as core[df12db4294e9bfd3]::ops::function::FnOnce<()>>::call_once::{shim:vtable#0}
[INFO] [stdout]   17:     0x56bab8235b19 - <std[70759c8f55707aa4]::sys::thread::unix::Thread>::new::thread_start
[INFO] [stdout]   18:     0x7cb34557cdfa - <unknown>
[INFO] [stdout]   19:     0x7cb3456103d4 - clone
[INFO] [stdout]   20:                0x0 - <unknown>
[INFO] [stdout] 
[INFO] [stdout] 
[INFO] [stdout] failures:
[INFO] [stdout]     test_json
[INFO] [stdout] 
[INFO] [stdout] test result: FAILED. 0 passed; 1 failed; 0 ignored; 0 measured; 0 filtered out; finished in 0.01s
[INFO] [stdout] 
[INFO] [stderr] error: test failed, to rerun pass `--test util_test`
[INFO] running `Command { std: "docker" "inspect" "84f46917dae904f6d8a36872881294607ce2eccd52777bda97458f662194e40f", kill_on_drop: false }`
[INFO] running `Command { std: "docker" "rm" "-f" "84f46917dae904f6d8a36872881294607ce2eccd52777bda97458f662194e40f", kill_on_drop: false }`
[INFO] [stdout] 84f46917dae904f6d8a36872881294607ce2eccd52777bda97458f662194e40f
