[INFO] cloning repository https://github.com/Shannon-toppo/OpenFileRecovery
[INFO] running `Command { std: "git" "-c" "credential.helper=" "-c" "credential.helper=/workspace/cargo-home/bin/git-credential-null" "clone" "--bare" "https://github.com/Shannon-toppo/OpenFileRecovery" "/workspace/cache/git-repos/https%3A%2F%2Fgithub.com%2FShannon-toppo%2FOpenFileRecovery", kill_on_drop: false }`
[INFO] [stderr] Cloning into bare repository '/workspace/cache/git-repos/https%3A%2F%2Fgithub.com%2FShannon-toppo%2FOpenFileRecovery'...
[INFO] running `Command { std: "git" "rev-parse" "HEAD", kill_on_drop: false }`
[INFO] [stdout] 8c89a42750947961b0984d670fdb664c2ef1e68a
[INFO] testing Shannon-toppo/OpenFileRecovery against 1.100.0-beta.1+cargoflags=--release for beta-release-1.100-2
[INFO] running `Command { std: "git" "clone" "/workspace/cache/git-repos/https%3A%2F%2Fgithub.com%2FShannon-toppo%2FOpenFileRecovery" "/workspace/builds/worker-6-tc2/source", kill_on_drop: false }`
[INFO] [stderr] Cloning into '/workspace/builds/worker-6-tc2/source'...
[INFO] [stderr] done.
[INFO] removed /workspace/builds/worker-6-tc2/source/rust-toolchain.toml
[INFO] started tweaking git repo https://github.com/Shannon-toppo/OpenFileRecovery
[INFO] finished tweaking git repo https://github.com/Shannon-toppo/OpenFileRecovery
[INFO] tweaked toml for git repo https://github.com/Shannon-toppo/OpenFileRecovery written to /workspace/builds/worker-6-tc2/source/Cargo.toml
[INFO] validating manifest of git repo https://github.com/Shannon-toppo/OpenFileRecovery on toolchain 1.100.0-beta.1
[INFO] running `Command { std: CARGO_HOME="/workspace/cargo-home" RUSTUP_HOME="/workspace/rustup-home" "/workspace/cargo-home/bin/cargo" "+1.100.0-beta.1" "metadata" "--manifest-path" "Cargo.toml" "--no-deps", kill_on_drop: false }`
[INFO] crate git repo https://github.com/Shannon-toppo/OpenFileRecovery already has a lockfile, it will not be regenerated
[INFO] running `Command { std: CARGO_HOME="/workspace/cargo-home" RUSTUP_HOME="/workspace/rustup-home" "/workspace/cargo-home/bin/cargo" "+1.100.0-beta.1" "fetch" "--manifest-path" "Cargo.toml", kill_on_drop: false }`
[INFO] running `Command { std: "docker" "create" "-v" "/var/lib/crater-agent-workspace/builds/worker-6-tc2/source:/opt/rustwide/workdir:ro,Z" "-v" "/var/lib/crater-agent-workspace/builds/worker-6-tc2/target:/opt/rustwide/target:rw,Z" "-v" "/var/lib/crater-agent-workspace/cargo-home:/opt/rustwide/cargo-home:ro,Z" "-v" "/var/lib/crater-agent-workspace/rustup-home:/opt/rustwide/rustup-home:ro,Z" "-m" "1610612736" "--network" "none" "ghcr.io/rust-lang/crates-build-env/linux@sha256:77db811e55d90add9212f6832c23229e3de5f1c1f9905e8cb07319ea15df73ac" "sleep" "infinity", kill_on_drop: false }`
[INFO] [stdout] 3c5cfe974ce5008afc26e74a16e479696108ea9bb9bd2e342f8942f74d6c46ee
[INFO] running `Command { std: "docker" "start" "3c5cfe974ce5008afc26e74a16e479696108ea9bb9bd2e342f8942f74d6c46ee", kill_on_drop: false }`
[INFO] running `Command { std: "docker" "inspect" "3c5cfe974ce5008afc26e74a16e479696108ea9bb9bd2e342f8942f74d6c46ee", kill_on_drop: false }`
[INFO] running `Command { std: "docker" "exec" "-e" "SOURCE_DIR=/opt/rustwide/workdir" "-e" "CARGO_HOME=/opt/rustwide/cargo-home" "-e" "RUSTUP_HOME=/opt/rustwide/rustup-home" "-e" "CARGO_TARGET_DIR=/opt/rustwide/target" "-w" "/opt/rustwide/workdir" "--user" "0:0" "3c5cfe974ce5008afc26e74a16e479696108ea9bb9bd2e342f8942f74d6c46ee" "/opt/rustwide/cargo-home/bin/cargo" "+1.100.0-beta.1" "metadata" "--no-deps" "--format-version=1", kill_on_drop: false }`
[INFO] running `Command { std: "docker" "inspect" "3c5cfe974ce5008afc26e74a16e479696108ea9bb9bd2e342f8942f74d6c46ee", kill_on_drop: false }`
[INFO] running `Command { std: "docker" "exec" "-e" "SOURCE_DIR=/opt/rustwide/workdir" "-e" "CARGO_HOME=/opt/rustwide/cargo-home" "-e" "RUSTUP_HOME=/opt/rustwide/rustup-home" "-e" "CARGO_TARGET_DIR=/opt/rustwide/target" "-e" "CARGO_INCREMENTAL=0" "-e" "RUST_BACKTRACE=full" "-e" "RUSTFLAGS=--cap-lints=warn" "-e" "RUSTDOCFLAGS=--cap-lints=warn" "-w" "/opt/rustwide/workdir" "--user" "0:0" "3c5cfe974ce5008afc26e74a16e479696108ea9bb9bd2e342f8942f74d6c46ee" "/opt/rustwide/cargo-home/bin/cargo" "+1.100.0-beta.1" "build" "--frozen" "--message-format=json" "--release", kill_on_drop: false }`
[INFO] [stderr]    Compiling proc-macro2 v1.0.107
[INFO] [stderr]    Compiling unicode-ident v1.0.24
[INFO] [stderr]    Compiling quote v1.0.47
[INFO] [stderr]    Compiling once_cell v1.21.4
[INFO] [stderr]    Compiling pin-project-lite v0.2.17
[INFO] [stderr]    Compiling thiserror v2.0.20
[INFO] [stderr]    Compiling cfg-if v1.0.4
[INFO] [stderr]    Compiling simd-adler32 v0.3.10
[INFO] [stderr]    Compiling crc32fast v1.5.0
[INFO] [stderr]    Compiling autocfg v1.5.1
[INFO] [stderr]    Compiling bitflags v2.13.1
[INFO] [stderr]    Compiling adler2 v2.0.1
[INFO] [stderr]    Compiling serde_core v1.0.229
[INFO] [stderr]    Compiling cfg_aliases v0.2.2
[INFO] [stderr]    Compiling zmij v1.0.23
[INFO] [stderr]    Compiling zune-core v0.5.3
[INFO] [stderr]    Compiling utf8parse v0.2.2
[INFO] [stderr]    Compiling pxfm v0.1.30
[INFO] [stderr]    Compiling libc v0.2.189
[INFO] [stderr]    Compiling nix v0.31.3
[INFO] [stderr]    Compiling anstyle-parse v1.0.0
[INFO] [stderr]    Compiling anstyle-query v1.1.5
[INFO] [stderr]    Compiling serde v1.0.229
[INFO] [stderr]    Compiling anstyle v1.0.14
[INFO] [stderr]    Compiling colorchoice v1.0.5
[INFO] [stderr]    Compiling miniz_oxide v0.8.9
[INFO] [stderr]    Compiling fdeflate v0.3.7
[INFO] [stderr]    Compiling num-traits v0.2.19
[INFO] [stderr]    Compiling tracing-core v0.1.36
[INFO] [stderr]    Compiling serde_json v1.0.151
[INFO] [stderr]    Compiling regex-syntax v0.8.11
[INFO] [stderr]    Compiling is_terminal_polyfill v1.70.2
[INFO] [stderr]    Compiling memchr v2.8.3
[INFO] [stderr]    Compiling zune-jpeg v0.5.15
[INFO] [stderr]    Compiling byteorder-lite v0.1.0
[INFO] [stderr]    Compiling bytemuck v1.25.2
[INFO] [stderr]    Compiling anstream v1.0.0
[INFO] [stderr]    Compiling log v0.4.33
[INFO] [stderr]    Compiling clap_lex v1.1.0
[INFO] [stderr]    Compiling heck v0.5.0
[INFO] [stderr]    Compiling lazy_static v1.5.0
[INFO] [stderr]    Compiling itoa v1.0.18
[INFO] [stderr]    Compiling strsim v0.11.1
[INFO] [stderr]    Compiling sharded-slab v0.1.7
[INFO] [stderr]    Compiling tracing-log v0.2.0
[INFO] [stderr]    Compiling thread_local v1.1.10
[INFO] [stderr]    Compiling flate2 v1.1.9
[INFO] [stderr]    Compiling nu-ansi-term v0.50.3
[INFO] [stderr]    Compiling clap_builder v4.6.6
[INFO] [stderr]    Compiling smallvec v1.15.2
[INFO] [stderr]    Compiling ofr-testfs v0.0.2 (/opt/rustwide/workdir/crates/ofr-testfs)
[INFO] [stderr]    Compiling syn v3.0.3
[INFO] [stderr]    Compiling syn v2.0.119
[INFO] [stderr]    Compiling png v0.18.1
[INFO] [stderr]    Compiling regex-automata v0.4.18
[INFO] [stderr]    Compiling moxcms v0.7.11
[INFO] [stderr]    Compiling ctrlc v3.5.2
[INFO] [stderr]    Compiling thiserror-impl v2.0.20
[INFO] [stderr]    Compiling serde_derive v1.0.229
[INFO] [stderr]    Compiling clap_derive v4.6.4
[INFO] [stderr]    Compiling matchers v0.2.0
[INFO] [stderr]    Compiling clap v4.6.6
[INFO] [stderr]    Compiling tracing-attributes v0.1.31
[INFO] [stderr]    Compiling tracing v0.1.44
[INFO] [stderr]    Compiling ofr-device v0.0.2 (/opt/rustwide/workdir/crates/ofr-device)
[INFO] [stderr]    Compiling tracing-subscriber v0.3.23
[INFO] [stdout] warning: function `read_via_bounce` is never used
[INFO] [stdout]   --> crates/ofr-device/src/align.rs:39:15
[INFO] [stdout]    |
[INFO] [stdout] 39 | pub(crate) fn read_via_bounce<F>(
[INFO] [stdout]    |               ^^^^^^^^^^^^^^^
[INFO] [stdout]    |
[INFO] [stdout]    = note: `#[warn(dead_code)]` (part of `#[warn(unused)]`) on by default
[INFO] [stdout] 
[INFO] [stdout] 
[INFO] [stdout] warning: struct `AlignedBuf` is never constructed
[INFO] [stdout]   --> crates/ofr-device/src/align.rs:91:19
[INFO] [stdout]    |
[INFO] [stdout] 91 | pub(crate) struct AlignedBuf {
[INFO] [stdout]    |                   ^^^^^^^^^^
[INFO] [stdout] 
[INFO] [stdout] 
[INFO] [stdout] warning: associated items `new` and `as_mut_slice` are never used
[INFO] [stdout]    --> crates/ofr-device/src/align.rs:99:19
[INFO] [stdout]     |
[INFO] [stdout]  97 | impl AlignedBuf {
[INFO] [stdout]     | --------------- associated items in this implementation
[INFO] [stdout]  98 |     /// `len` バイトを `align` 境界に整列させて確保する。
[INFO] [stdout]  99 |     pub(crate) fn new(len: usize, align: usize) -> Self {
[INFO] [stdout]     |                   ^^^
[INFO] [stdout] ...
[INFO] [stdout] 109 |     pub(crate) fn as_mut_slice(&mut self) -> &mut [u8] {
[INFO] [stdout]     |                   ^^^^^^^^^^^^
[INFO] [stdout] 
[INFO] [stdout] 
[INFO] [stderr]    Compiling ofr-fs v0.0.2 (/opt/rustwide/workdir/crates/ofr-fs)
[INFO] [stderr]    Compiling ofr-carve v0.0.2 (/opt/rustwide/workdir/crates/ofr-carve)
[INFO] [stderr]    Compiling ofr-image v0.0.2 (/opt/rustwide/workdir/crates/ofr-image)
[INFO] [stderr]    Compiling ofr-exfat v0.0.2 (/opt/rustwide/workdir/crates/ofr-exfat)
[INFO] [stderr]    Compiling ofr-copy v0.0.2 (/opt/rustwide/workdir/crates/ofr-copy)
[INFO] [stderr]    Compiling ofr-fat v0.0.2 (/opt/rustwide/workdir/crates/ofr-fat)
[INFO] [stderr]    Compiling image v0.25.9
[INFO] [stderr]    Compiling ofr-repair v0.0.2 (/opt/rustwide/workdir/crates/ofr-repair)
[INFO] [stderr]    Compiling ofr-core v0.0.2 (/opt/rustwide/workdir/crates/ofr-core)
[INFO] [stderr]    Compiling ofr-cli v0.0.2 (/opt/rustwide/workdir/crates/ofr-cli)
[INFO] [stderr]     Finished `release` profile [optimized] target(s) in 1m 44s
[INFO] running `Command { std: "docker" "inspect" "3c5cfe974ce5008afc26e74a16e479696108ea9bb9bd2e342f8942f74d6c46ee", kill_on_drop: false }`
[INFO] running `Command { std: "docker" "exec" "-e" "SOURCE_DIR=/opt/rustwide/workdir" "-e" "CARGO_HOME=/opt/rustwide/cargo-home" "-e" "RUSTUP_HOME=/opt/rustwide/rustup-home" "-e" "CARGO_TARGET_DIR=/opt/rustwide/target" "-e" "CARGO_INCREMENTAL=0" "-e" "RUST_BACKTRACE=full" "-e" "RUSTFLAGS=--cap-lints=warn" "-e" "RUSTDOCFLAGS=--cap-lints=warn" "-w" "/opt/rustwide/workdir" "--user" "0:0" "3c5cfe974ce5008afc26e74a16e479696108ea9bb9bd2e342f8942f74d6c46ee" "/opt/rustwide/cargo-home/bin/cargo" "+1.100.0-beta.1" "test" "--frozen" "--no-run" "--message-format=json" "--release", kill_on_drop: false }`
[INFO] [stderr]    Compiling bitflags v2.13.1
[INFO] [stderr]    Compiling getrandom v0.4.3
[INFO] [stderr]    Compiling rustix v1.1.4
[INFO] [stderr]    Compiling linux-raw-sys v0.12.1
[INFO] [stderr]    Compiling fastrand v2.5.0
[INFO] [stdout] warning: function `read_via_bounce` is never used
[INFO] [stdout]   --> crates/ofr-device/src/align.rs:39:15
[INFO] [stdout]    |
[INFO] [stdout] 39 | pub(crate) fn read_via_bounce<F>(
[INFO] [stdout]    |               ^^^^^^^^^^^^^^^
[INFO] [stdout]    |
[INFO] [stdout]    = note: `#[warn(dead_code)]` (part of `#[warn(unused)]`) on by default
[INFO] [stdout] 
[INFO] [stdout] 
[INFO] [stdout] warning: struct `AlignedBuf` is never constructed
[INFO] [stdout]   --> crates/ofr-device/src/align.rs:91:19
[INFO] [stdout]    |
[INFO] [stdout] 91 | pub(crate) struct AlignedBuf {
[INFO] [stdout]    |                   ^^^^^^^^^^
[INFO] [stdout] 
[INFO] [stdout] 
[INFO] [stdout] warning: associated items `new` and `as_mut_slice` are never used
[INFO] [stdout]    --> crates/ofr-device/src/align.rs:99:19
[INFO] [stdout]     |
[INFO] [stdout]  97 | impl AlignedBuf {
[INFO] [stdout]     | --------------- associated items in this implementation
[INFO] [stdout]  98 |     /// `len` バイトを `align` 境界に整列させて確保する。
[INFO] [stdout]  99 |     pub(crate) fn new(len: usize, align: usize) -> Self {
[INFO] [stdout]     |                   ^^^
[INFO] [stdout] ...
[INFO] [stdout] 109 |     pub(crate) fn as_mut_slice(&mut self) -> &mut [u8] {
[INFO] [stdout]     |                   ^^^^^^^^^^^^
[INFO] [stdout] 
[INFO] [stdout] 
[INFO] [stderr]    Compiling ofr-testfs v0.0.2 (/opt/rustwide/workdir/crates/ofr-testfs)
[INFO] [stderr]    Compiling ofr-exfat v0.0.2 (/opt/rustwide/workdir/crates/ofr-exfat)
[INFO] [stderr]    Compiling ofr-fat v0.0.2 (/opt/rustwide/workdir/crates/ofr-fat)
[INFO] [stderr]    Compiling png v0.18.1
[INFO] [stderr]    Compiling nix v0.31.3
[INFO] [stderr]    Compiling image v0.25.9
[INFO] [stderr]    Compiling ctrlc v3.5.2
[INFO] [stderr]    Compiling tempfile v3.27.0
[INFO] [stderr]    Compiling ofr-device v0.0.2 (/opt/rustwide/workdir/crates/ofr-device)
[INFO] [stderr]    Compiling ofr-repair v0.0.2 (/opt/rustwide/workdir/crates/ofr-repair)
[INFO] [stderr]    Compiling ofr-image v0.0.2 (/opt/rustwide/workdir/crates/ofr-image)
[INFO] [stderr]    Compiling ofr-copy v0.0.2 (/opt/rustwide/workdir/crates/ofr-copy)
[INFO] [stderr]    Compiling ofr-carve v0.0.2 (/opt/rustwide/workdir/crates/ofr-carve)
[INFO] [stderr]    Compiling ofr-fs v0.0.2 (/opt/rustwide/workdir/crates/ofr-fs)
[INFO] [stderr]    Compiling ofr-core v0.0.2 (/opt/rustwide/workdir/crates/ofr-core)
[INFO] [stderr]    Compiling ofr-cli v0.0.2 (/opt/rustwide/workdir/crates/ofr-cli)
[INFO] [stderr]     Finished `release` profile [optimized] target(s) in 4m 12s
[INFO] running `Command { std: "docker" "inspect" "3c5cfe974ce5008afc26e74a16e479696108ea9bb9bd2e342f8942f74d6c46ee", kill_on_drop: false }`
[INFO] running `Command { std: "docker" "exec" "-e" "SOURCE_DIR=/opt/rustwide/workdir" "-e" "CARGO_HOME=/opt/rustwide/cargo-home" "-e" "RUSTUP_HOME=/opt/rustwide/rustup-home" "-e" "CARGO_TARGET_DIR=/opt/rustwide/target" "-e" "CARGO_INCREMENTAL=0" "-e" "RUST_BACKTRACE=full" "-e" "RUSTFLAGS=--cap-lints=warn" "-e" "RUSTDOCFLAGS=--cap-lints=warn" "-w" "/opt/rustwide/workdir" "--user" "0:0" "3c5cfe974ce5008afc26e74a16e479696108ea9bb9bd2e342f8942f74d6c46ee" "/opt/rustwide/cargo-home/bin/cargo" "+1.100.0-beta.1" "test" "--frozen" "--release", kill_on_drop: false }`
[INFO] [stderr] warning: function `read_via_bounce` is never used
[INFO] [stderr]   --> crates/ofr-device/src/align.rs:39:15
[INFO] [stderr]    |
[INFO] [stderr] 39 | pub(crate) fn read_via_bounce<F>(
[INFO] [stderr]    |               ^^^^^^^^^^^^^^^
[INFO] [stderr]    |
[INFO] [stderr]    = note: `#[warn(dead_code)]` (part of `#[warn(unused)]`) on by default
[INFO] [stderr] 
[INFO] [stderr] warning: struct `AlignedBuf` is never constructed
[INFO] [stderr]   --> crates/ofr-device/src/align.rs:91:19
[INFO] [stderr]    |
[INFO] [stderr] 91 | pub(crate) struct AlignedBuf {
[INFO] [stderr]    |                   ^^^^^^^^^^
[INFO] [stderr] 
[INFO] [stderr] warning: associated items `new` and `as_mut_slice` are never used
[INFO] [stderr]    --> crates/ofr-device/src/align.rs:99:19
[INFO] [stderr]     |
[INFO] [stderr]  97 | impl AlignedBuf {
[INFO] [stderr]     | --------------- associated items in this implementation
[INFO] [stderr]  98 |     /// `len` バイトを `align` 境界に整列させて確保する。
[INFO] [stderr]  99 |     pub(crate) fn new(len: usize, align: usize) -> Self {
[INFO] [stderr]     |                   ^^^
[INFO] [stderr] ...
[INFO] [stderr] 109 |     pub(crate) fn as_mut_slice(&mut self) -> &mut [u8] {
[INFO] [stderr]     |                   ^^^^^^^^^^^^
[INFO] [stderr] 
[INFO] [stderr] warning: `ofr-device` (lib) generated 3 warnings
[INFO] [stderr]     Finished `release` profile [optimized] target(s) in 0.18s
[INFO] [stderr]      Running unittests src/lib.rs (/opt/rustwide/target/release/build/ofr-carve/40b59e4e5b15adf7/out/ofr_carve-40b59e4e5b15adf7)
[INFO] [stdout] 
[INFO] [stdout] running 12 tests
[INFO] [stdout] test format::tests::converts_unix_seconds_to_calendar_dates ... ok
[INFO] [stdout] test format::tests::parses_exif_timestamps ... ok
[INFO] [stdout] test signature::tests::every_format_has_at_least_one_signature ... ok
[INFO] [stdout] test validate::mp3::tests::parses_a_typical_mpeg1_layer3_frame ... ok
[INFO] [stdout] test validate::mp3::tests::rejects_reserved_and_free_format_headers ... ok
[INFO] [stdout] test format::tests::format_names_round_trip ... ok
[INFO] [stdout] test reader::tests::clamps_at_the_end_of_the_device ... ok
[INFO] [stdout] test output::tests::names_files_by_index_and_timestamp ... ok
[INFO] [stdout] test reader::tests::stops_at_bad_sectors_instead_of_erroring ... ok
[INFO] [stdout] test signature::tests::magics_are_usable_for_scanning ... ok
[INFO] [stdout] test reader::tests::finds_needles_across_window_boundaries ... ok
[INFO] [stdout] test reader::tests::serves_views_across_window_refills ... ok
[INFO] [stdout] 
[INFO] [stdout] test result: ok. 12 passed; 0 failed; 0 ignored; 0 measured; 0 filtered out; finished in 0.01s
[INFO] [stdout] 
[INFO] [stderr]      Running tests/carving.rs (/opt/rustwide/target/release/build/ofr-carve/5c977ef5bba4dbce/out/carving-5c977ef5bba4dbce)
[INFO] [stdout] 
[INFO] [stdout] running 14 tests
[INFO] [stdout] test write_test_image ... ignored, 手動実行用。testdata/out/ にテストイメージを書き出す
[INFO] [stdout] test does_not_carve_files_nested_inside_other_files ... ok
[INFO] [stdout] test alignment_controls_which_offsets_are_considered ... ok
[INFO] [stdout] test clamps_a_file_without_an_end_marker_to_the_next_signature ... ok
[INFO] [stdout] test cancelling_stops_the_scan ... ok
[INFO] [stdout] test identifies_formats_and_extensions ... ok
[INFO] [stdout] test only_carves_the_requested_formats ... ok
[INFO] [stdout] test reports_progress_and_found_files ... ok
[INFO] [stdout] test scanning_truncated_and_zeroed_data_never_panics ... ok
[INFO] [stdout] test recovers_what_it_can_from_a_device_with_bad_sectors ... ok
[INFO] [stdout] test carves_from_an_image_file_through_file_device ... ok
[INFO] [stdout] test extracts_metadata_and_names_files_by_capture_time ... ok
[INFO] [stdout] test carves_every_format_at_the_right_boundaries ... ok
[INFO] [stdout] test scanning_random_data_never_panics ... ok
[INFO] [stdout] 
[INFO] [stdout] test result: ok. 13 passed; 0 failed; 1 ignored; 0 measured; 0 filtered out; finished in 0.05s
[INFO] [stdout] 
[INFO] [stderr]      Running unittests src/main.rs (/opt/rustwide/target/release/build/ofr-cli/1228248779034467/out/ofr-1228248779034467)
[INFO] [stdout] 
[INFO] [stdout] running 10 tests
[INFO] [stdout] test restore::tests::mirrors_the_directory_structure ... ok
[INFO] [stdout] test image::tests::parses_sizes_with_suffixes ... ok
[INFO] [stdout] test restore::tests::sanitizes_names_that_the_os_would_reject ... ok
[INFO] [stdout] test format::tests::escapes_json_strings ... ok
[INFO] [stdout] test format::tests::formats_durations ... ok
[INFO] [stdout] test format::tests::pads_to_display_width ... ok
[INFO] [stdout] test image::tests::compares_device_ids_across_spellings ... ok
[INFO] [stdout] test restore::tests::flattens_when_asked ... ok
[INFO] [stdout] test format::tests::formats_byte_counts ... ok
[INFO] [stdout] test format::tests::counts_wide_characters ... ok
[INFO] [stdout] 
[INFO] [stdout] test result: ok. 10 passed; 0 failed; 0 ignored; 0 measured; 0 filtered out; finished in 0.01s
[INFO] [stdout] 
[INFO] [stderr]      Running tests/cli.rs (/opt/rustwide/target/release/build/ofr-cli/fe4346d33c56f237/out/cli-fe4346d33c56f237)
[INFO] [stdout] 
[INFO] [stdout] running 18 tests
[INFO] [stdout] test copy_dry_run_lists_a_mounted_folder_without_writing ... ok
[INFO] [stdout] test repair_leaves_a_healthy_file_alone ... ok
[INFO] [stdout] test repair_refuses_to_write_over_the_original ... ok
[INFO] [stdout] test repair_fixes_a_truncated_png ... ok
[INFO] [stdout] test copy_refuses_a_destination_on_the_source_device ... FAILED
[INFO] [stdout] test carve_dry_run_lists_without_writing ... ok
[INFO] [stdout] test carve_finds_files_without_a_filesystem ... ok
[INFO] [stdout] test unknown_volumes_are_reported_clearly ... ok
[INFO] [stdout] test restore_rebuilds_the_tree_after_a_quick_format ... ok
[INFO] [stdout] test restore_dry_run_writes_nothing ... ok
[INFO] [stdout] test copy_expands_an_image_into_a_mirror_tree ... ok
[INFO] [stdout] test restore_writes_deleted_files_with_matching_contents ... ok
[INFO] [stdout] test scan_json_is_machine_readable ... ok
[INFO] [stdout] test copy_can_include_deleted_entries ... ok
[INFO] [stdout] test scan_lists_deleted_files ... ok
[INFO] [stdout] test restore_can_flatten_and_filter ... ok
[INFO] [stdout] test scan_filters_by_pattern_and_status ... ok
[INFO] [stderr] error: test failed, to rerun pass `-p ofr-cli --test cli`
[INFO] [stdout] test image_retry_only_needs_a_previous_run ... ok
[INFO] [stdout] 
[INFO] [stdout] failures:
[INFO] [stdout] 
[INFO] [stdout] ---- copy_refuses_a_destination_on_the_source_device stdout ----
[INFO] [stdout] 
[INFO] [stdout] thread 'copy_refuses_a_destination_on_the_source_device' (3311) panicked at crates/ofr-cli/tests/cli.rs:412:5:
[INFO] [stdout] assertion `left == right` failed
[INFO] [stdout]   left: Some(0)
[INFO] [stdout]  right: Some(2)
[INFO] [stdout] stack backtrace:
[INFO] [stdout]    0:     0x5658b09d3096 - <unknown>
[INFO] [stdout]    1:     0x5658b0934fba - <unknown>
[INFO] [stdout]    2:     0x5658b09d882c - <unknown>
[INFO] [stdout]    3:     0x5658b09ae942 - <unknown>
[INFO] [stdout]    4:     0x5658b09caaa1 - <unknown>
[INFO] [stdout]    5:     0x5658b09cac82 - <unknown>
[INFO] [stdout]    6:     0x5658b09ae9f2 - <unknown>
[INFO] [stdout]    7:     0x5658b09a7539 - <unknown>
[INFO] [stdout]    8:     0x5658b09af60d - <unknown>
[INFO] [stdout]    9:     0x5658b09356ac - <unknown>
[INFO] [stdout]   10:     0x5658b09355c3 - <unknown>
[INFO] [stdout]   11:     0x5658b091e890 - <unknown>
[INFO] [stdout]   12:     0x5658b0930a50 - <unknown>
[INFO] [stdout]   13:     0x5658b09db44b - <unknown>
[INFO] [stdout]   14:     0x5658b09e92f4 - <unknown>
[INFO] [stdout]   15:     0x5658b09e2a24 - <unknown>
[INFO] [stdout]   16:     0x5658b09ed0b2 - <unknown>
[INFO] [stdout]   17:     0x5658b09d1ea4 - <unknown>
[INFO] [stdout]   18:     0x774b20a59dfa - <unknown>
[INFO] [stdout]   19:     0x774b20aed3d4 - clone
[INFO] [stdout]   20:                0x0 - <unknown>
[INFO] [stdout] 
[INFO] [stdout] 
[INFO] [stdout] failures:
[INFO] [stdout]     copy_refuses_a_destination_on_the_source_device
[INFO] [stdout] 
[INFO] [stdout] test result: FAILED. 17 passed; 1 failed; 0 ignored; 0 measured; 0 filtered out; finished in 1.75s
[INFO] [stdout] 
[INFO] running `Command { std: "docker" "inspect" "3c5cfe974ce5008afc26e74a16e479696108ea9bb9bd2e342f8942f74d6c46ee", kill_on_drop: false }`
[INFO] running `Command { std: "docker" "rm" "-f" "3c5cfe974ce5008afc26e74a16e479696108ea9bb9bd2e342f8942f74d6c46ee", kill_on_drop: false }`
[INFO] [stdout] 3c5cfe974ce5008afc26e74a16e479696108ea9bb9bd2e342f8942f74d6c46ee
