[INFO] cloning repository https://github.com/SergeFan/zero2prod-axum
[INFO] running `Command { std: "git" "-c" "credential.helper=" "-c" "credential.helper=/workspace/cargo-home/bin/git-credential-null" "clone" "--bare" "https://github.com/SergeFan/zero2prod-axum" "/workspace/cache/git-repos/https%3A%2F%2Fgithub.com%2FSergeFan%2Fzero2prod-axum", kill_on_drop: false }`
[INFO] [stderr] Cloning into bare repository '/workspace/cache/git-repos/https%3A%2F%2Fgithub.com%2FSergeFan%2Fzero2prod-axum'...
[INFO] running `Command { std: "git" "rev-parse" "HEAD", kill_on_drop: false }`
[INFO] [stdout] 38abdb7d451ba952e281e899ce796ebf69aad631
[INFO] testing SergeFan/zero2prod-axum against 1.99.0-beta.8+cargoflags=--release for beta-release-1.100-2
[INFO] running `Command { std: "git" "clone" "/workspace/cache/git-repos/https%3A%2F%2Fgithub.com%2FSergeFan%2Fzero2prod-axum" "/workspace/builds/worker-1-tc1/source", kill_on_drop: false }`
[INFO] [stderr] Cloning into '/workspace/builds/worker-1-tc1/source'...
[INFO] [stderr] done.
[INFO] removed /workspace/builds/worker-1-tc1/source/.cargo/config.toml
[INFO] started tweaking git repo https://github.com/SergeFan/zero2prod-axum
[INFO] finished tweaking git repo https://github.com/SergeFan/zero2prod-axum
[INFO] tweaked toml for git repo https://github.com/SergeFan/zero2prod-axum written to /workspace/builds/worker-1-tc1/source/Cargo.toml
[INFO] validating manifest of git repo https://github.com/SergeFan/zero2prod-axum on toolchain 1.99.0-beta.8
[INFO] running `Command { std: CARGO_HOME="/workspace/cargo-home" RUSTUP_HOME="/workspace/rustup-home" "/workspace/cargo-home/bin/cargo" "+1.99.0-beta.8" "metadata" "--manifest-path" "Cargo.toml" "--no-deps", kill_on_drop: false }`
[INFO] crate git repo https://github.com/SergeFan/zero2prod-axum already has a lockfile, it will not be regenerated
[INFO] running `Command { std: CARGO_HOME="/workspace/cargo-home" RUSTUP_HOME="/workspace/rustup-home" "/workspace/cargo-home/bin/cargo" "+1.99.0-beta.8" "fetch" "--manifest-path" "Cargo.toml", kill_on_drop: false }`
[INFO] [stderr]     Blocking waiting for file lock on package cache
[INFO] [stderr]     Updating crates.io index
[INFO] [stderr]     Blocking waiting for file lock on package cache
[INFO] [stderr]  Downloading crates ...
[INFO] [stderr]   Downloaded serde_derive v1.0.219
[INFO] [stderr]   Downloaded thread_local v1.1.8
[INFO] [stderr]   Downloaded gethostname v0.2.3
[INFO] [stderr]   Downloaded tower-request-id v0.3.0
[INFO] [stderr]   Downloaded ordered-float v2.10.1
[INFO] [stderr]   Downloaded windows-implement v0.60.0
[INFO] [stderr]   Downloaded android-tzdata v0.1.1
[INFO] [stderr]   Downloaded secrecy v0.10.3
[INFO] [stderr]   Downloaded rend v0.4.2
[INFO] [stderr]   Downloaded bytecheck v0.6.12
[INFO] [stderr]   Downloaded wiremock v0.6.3
[INFO] [stderr]   Downloaded tokio-macros v2.5.0
[INFO] [stderr]   Downloaded deadpool-runtime v0.1.4
[INFO] [stderr]   Downloaded windows-result v0.3.2
[INFO] [stderr]   Downloaded windows-strings v0.4.0
[INFO] [stderr]   Downloaded validator v0.20.0
[INFO] [stderr]   Downloaded matchers v0.1.0
[INFO] [stderr]   Downloaded serde-value v0.7.0
[INFO] [stderr]   Downloaded smallvec v1.15.0
[INFO] [stderr]   Downloaded nu-ansi-term v0.46.0
[INFO] [stderr]   Downloaded windows-interface v0.59.1
[INFO] [stderr]   Downloaded zeroize v1.8.1
[INFO] [stderr]   Downloaded num_cpus v1.16.0
[INFO] [stderr]   Downloaded strum v0.26.3
[INFO] [stderr]   Downloaded assert-json-diff v2.0.2
[INFO] [stderr]   Downloaded time-core v0.1.4
[INFO] [stderr]   Downloaded hermit-abi v0.3.9
[INFO] [stderr]   Downloaded wit-bindgen-rt v0.39.0
[INFO] [stderr]   Downloaded windows-link v0.1.1
[INFO] [stderr]   Downloaded seahash v4.1.0
[INFO] [stderr]   Downloaded deadpool v0.10.0
[INFO] [stderr]   Downloaded overload v0.1.1
[INFO] [stderr]   Downloaded tracing-log v0.1.4
[INFO] [stderr]   Downloaded time-macros v0.2.22
[INFO] [stderr]   Downloaded deranged v0.4.0
[INFO] [stderr]   Downloaded thiserror v2.0.12
[INFO] [stderr]   Downloaded thiserror-impl v2.0.12
[INFO] [stderr]   Downloaded serde-aux v4.6.0
[INFO] [stderr]   Downloaded sha2 v0.10.8
[INFO] [stderr]   Downloaded rustls-pemfile v2.2.0
[INFO] [stderr]   Downloaded tinyvec v1.9.0
[INFO] [stderr]   Downloaded rkyv_derive v0.7.45
[INFO] [stderr]   Downloaded ptr_meta_derive v0.1.4
[INFO] [stderr]   Downloaded errno v0.3.11
[INFO] [stderr]   Downloaded ouroboros v0.18.5
[INFO] [stderr]   Downloaded unicode-ident v1.0.18
[INFO] [stderr]   Downloaded quote v1.0.40
[INFO] [stderr]   Downloaded litemap v0.7.5
[INFO] [stderr]   Downloaded icu_locid_transform_data v1.5.1
[INFO] [stderr]   Downloaded rustc-demangle v0.1.24
[INFO] [stderr]   Downloaded addr2line v0.24.2
[INFO] [stderr]   Downloaded log v0.4.27
[INFO] [stderr]   Downloaded value-bag v1.11.1
[INFO] [stderr]   Downloaded async-trait v0.1.88
[INFO] [stderr]   Downloaded uuid v1.16.0
[INFO] [stderr]   Downloaded rustversion v1.0.20
[INFO] [stderr]   Downloaded bitflags v2.9.0
[INFO] [stderr]   Downloaded ulid v1.2.1
[INFO] [stderr]   Downloaded rand_core v0.9.3
[INFO] [stderr]   Downloaded iana-time-zone v0.1.63
[INFO] [stderr]   Downloaded windows-core v0.61.0
[INFO] [stderr]   Downloaded rustls-pki-types v1.11.0
[INFO] [stderr]   Downloaded tap v1.0.1
[INFO] [stderr]   Downloaded funty v2.0.0
[INFO] [stderr]   Downloaded serde_spanned v0.6.8
[INFO] [stderr]   Downloaded wasite v0.1.0
[INFO] [stderr]   Downloaded etcetera v0.8.0
[INFO] [stderr]   Downloaded heck v0.5.0
[INFO] [stderr]   Downloaded sea-query-binder v0.7.0
[INFO] [stderr]   Downloaded heck v0.4.1
[INFO] [stderr]   Downloaded darling_macro v0.20.11
[INFO] [stderr]   Downloaded inherent v1.0.12
[INFO] [stderr]   Downloaded sea-bae v0.2.1
[INFO] [stderr]   Downloaded proc-macro-error-attr2 v2.0.0
[INFO] [stderr]   Downloaded pgvector v0.4.0
[INFO] [stderr]   Downloaded aliasable v0.1.3
[INFO] [stderr]   Downloaded windows-registry v0.4.0
[INFO] [stderr]   Downloaded windows-strings v0.3.1
[INFO] [stderr]   Downloaded sync_wrapper v1.0.2
[INFO] [stderr]   Downloaded quickcheck_macros v1.0.0
[INFO] [stderr]   Downloaded sea-orm-migration v1.1.8
[INFO] [stderr]   Downloaded sea-schema-derive v0.3.0
[INFO] [stderr]   Downloaded anstyle v1.0.10
[INFO] [stderr]   Downloaded trim-in-place v0.1.7
[INFO] [stderr]   Downloaded serde v1.0.219
[INFO] [stderr]   Downloaded proc-macro2 v1.0.94
[INFO] [stderr]   Downloaded icu_normalizer_data v1.5.1
[INFO] [stderr]   Downloaded socket2 v0.5.9
[INFO] [stderr]   Downloaded miniz_oxide v0.8.7
[INFO] [stderr]   Downloaded hyper-util v0.1.11
[INFO] [stderr]   Downloaded getrandom v0.3.2
[INFO] [stderr]   Downloaded r-efi v5.2.0
[INFO] [stderr]   Downloaded sqlx-sqlite v0.8.3
[INFO] [stderr]   Downloaded typenum v1.18.0
[INFO] [stderr]   Downloaded ptr_meta v0.1.4
[INFO] [stderr]   Downloaded bytecheck_derive v0.6.12
[INFO] [stderr]   Downloaded radium v0.7.0
[INFO] [stderr]   Downloaded borsh-derive v1.5.7
[INFO] [stderr]   Downloaded proc-macro-crate v3.3.0
[INFO] [stderr]   Downloaded crossbeam-queue v0.3.12
[INFO] [stderr]   Downloaded crc v3.2.1
[INFO] [stderr]   Downloaded crc-catalog v2.4.0
[INFO] [stderr]   Downloaded atoi v2.0.0
[INFO] [stderr]   Downloaded whoami v1.6.0
[INFO] [stderr]   Downloaded sqlx-macros v0.8.3
[INFO] [stderr]   Downloaded proc-macro2-diagnostics v0.10.1
[INFO] [stderr]   Downloaded sea-orm-cli v1.1.8
[INFO] [stderr]   Downloaded clap v4.5.35
[INFO] [stderr]   Downloaded clap_lex v0.7.4
[INFO] [stderr]   Downloaded anstream v0.6.18
[INFO] [stderr]   Downloaded utf8parse v0.2.2
[INFO] [stderr]   Downloaded is_terminal_polyfill v1.70.1
[INFO] [stderr]   Downloaded anstyle-wincon v3.0.7
[INFO] [stderr]   Downloaded event-listener-strategy v0.5.4
[INFO] [stderr]   Downloaded rust-ini v0.21.1
[INFO] [stderr]   Downloaded claims v0.8.0
[INFO] [stderr]   Downloaded mio v1.0.3
[INFO] [stderr]   Downloaded bytes v1.10.1
[INFO] [stderr]   Downloaded backtrace v0.3.74
[INFO] [stderr]   Downloaded tokio-util v0.7.14
[INFO] [stderr]   Downloaded indexmap v2.9.0
[INFO] [stderr]   Downloaded bumpalo v3.17.0
[INFO] [stderr]   Downloaded regex-automata v0.1.10
[INFO] [stderr]   Downloaded rand v0.9.0
[INFO] [stderr]   Downloaded zerocopy-derive v0.8.24
[INFO] [stderr]   Downloaded libm v0.2.11
[INFO] [stderr]   Downloaded cc v1.2.18
[INFO] [stderr]   Downloaded sqlx-core v0.8.3
[INFO] [stderr]   Downloaded rkyv v0.7.45
[INFO] [stderr]   Downloaded simdutf8 v0.1.5
[INFO] [stderr]   Downloaded wyz v0.5.1
[INFO] [stderr]   Downloaded hashlink v0.10.0
[INFO] [stderr]   Downloaded pkg-config v0.3.32
[INFO] [stderr]   Downloaded stringprep v0.1.5
[INFO] [stderr]   Downloaded dotenvy v0.15.7
[INFO] [stderr]   Downloaded pem-rfc7468 v0.7.0
[INFO] [stderr]   Downloaded base64ct v1.7.3
[INFO] [stderr]   Downloaded sqlx-macros-core v0.8.3
[INFO] [stderr]   Downloaded ordered-float v4.6.0
[INFO] [stderr]   Downloaded proc-macro-error2 v2.0.1
[INFO] [stderr]   Downloaded tokio-rustls v0.26.2
[INFO] [stderr]   Downloaded quinn-udp v0.5.11
[INFO] [stderr]   Downloaded clap_derive v4.5.32
[INFO] [stderr]   Downloaded kv-log-macro v1.0.7
[INFO] [stderr]   Downloaded gloo-timers v0.3.0
[INFO] [stderr]   Downloaded serde_json v1.0.140
[INFO] [stderr]   Downloaded wasi v0.14.2+wasi-0.2.4
[INFO] [stderr]   Downloaded time v0.3.41
[INFO] [stderr]   Downloaded tower-http v0.6.2
[INFO] [stderr]   Downloaded rust_decimal v1.37.1
[INFO] [stderr]   Downloaded redox_syscall v0.5.11
[INFO] [stderr]   Downloaded md-5 v0.10.6
[INFO] [stderr]   Downloaded sea-orm-macros v1.1.8
[INFO] [stderr]   Downloaded ouroboros_macro v0.18.5
[INFO] [stderr]   Downloaded windows-targets v0.53.0
[INFO] [stderr]   Downloaded hyper-rustls v0.27.5
[INFO] [stderr]   Downloaded quickcheck v1.0.3
[INFO] [stderr]   Downloaded colorchoice v1.0.3
[INFO] [stderr]   Downloaded hyper v1.6.0
[INFO] [stderr]   Downloaded h2 v0.4.8
[INFO] [stderr]   Downloaded tracing-subscriber v0.3.19
[INFO] [stderr]   Downloaded sqlx v0.8.3
[INFO] [stderr]   Downloaded ahash v0.7.8
[INFO] [stderr]   Downloaded unicode-properties v0.1.3
[INFO] [stderr]   Downloaded pkcs1 v0.7.5
[INFO] [stderr]   Downloaded tempfile v3.19.1
[INFO] [stderr]   Downloaded sea-query-derive v0.4.3
[INFO] [stderr]   Downloaded darling v0.20.11
[INFO] [stderr]   Downloaded env_logger v0.8.4
[INFO] [stderr]   Downloaded clap_builder v4.5.35
[INFO] [stderr]   Downloaded linkify v0.10.0
[INFO] [stderr]   Downloaded config v0.15.11
[INFO] [stderr]   Downloaded ucd-trie v0.1.7
[INFO] [stderr]   Downloaded axum v0.8.3
[INFO] [stderr]   Downloaded icu_properties_data v1.5.1
[INFO] [stderr]   Downloaded zerocopy v0.8.24
[INFO] [stderr]   Downloaded chrono v0.4.40
[INFO] [stderr]   Downloaded webpki-roots v0.26.8
[INFO] [stderr]   Downloaded unicode-bidi v0.3.18
[INFO] [stderr]   Downloaded quinn v0.11.7
[INFO] [stderr]   Downloaded anstyle-query v1.1.2
[INFO] [stderr]   Downloaded fake v3.1.0
[INFO] [stderr]   Downloaded const-random-macro v0.1.16
[INFO] [stderr]   Downloaded tiny-keccak v2.0.2
[INFO] [stderr]   Downloaded crunchy v0.2.3
[INFO] [stderr]   Downloaded pathdiff v0.2.3
[INFO] [stderr]   Downloaded syn v2.0.100
[INFO] [stderr]   Downloaded gimli v0.31.1
[INFO] [stderr]   Downloaded regex-syntax v0.6.29
[INFO] [stderr]   Downloaded tracing-bunyan-formatter v0.3.10
[INFO] [stderr]   Downloaded borsh v1.5.7
[INFO] [stderr]   Downloaded sqlx-mysql v0.8.3
[INFO] [stderr]   Downloaded darling_core v0.20.11
[INFO] [stderr]   Downloaded yansi v1.0.1
[INFO] [stderr]   Downloaded pest v2.8.0
[INFO] [stderr]   Downloaded object v0.36.7
[INFO] [stderr]   Downloaded rustls v0.23.25
[INFO] [stderr]   Downloaded toml_edit v0.22.24
[INFO] [stderr]   Downloaded futures-intrusive v0.5.0
[INFO] [stderr]   Downloaded bigdecimal v0.4.8
[INFO] [stderr]   Downloaded rsa v0.9.8
[INFO] [stderr]   Downloaded der v0.7.9
[INFO] [stderr]   Downloaded async-channel v1.9.0
[INFO] [stderr]   Downloaded event-listener v2.5.3
[INFO] [stderr]   Downloaded async-attributes v1.1.2
[INFO] [stderr]   Downloaded deunicode v1.6.1
[INFO] [stderr]   Downloaded yaml-rust2 v0.10.1
[INFO] [stderr]   Downloaded ron v0.8.1
[INFO] [stderr]   Downloaded hashbrown v0.12.3
[INFO] [stderr]   Downloaded num-bigint-dig v0.8.4
[INFO] [stderr]   Downloaded sqlx-postgres v0.8.3
[INFO] [stderr]   Downloaded unicode-normalization v0.1.24
[INFO] [stderr]   Downloaded tokio v1.44.2
[INFO] [stderr]   Downloaded libc v0.2.171
[INFO] [stderr]   Downloaded rustls-webpki v0.103.1
[INFO] [stderr]   Downloaded hkdf v0.12.4
[INFO] [stderr]   Downloaded winnow v0.7.6
[INFO] [stderr]   Downloaded reqwest v0.12.15
[INFO] [stderr]   Downloaded anstyle-parse v0.2.6
[INFO] [stderr]   Downloaded quinn-proto v0.11.10
[INFO] [stderr]   Downloaded const-random v0.1.18
[INFO] [stderr]   Downloaded bitvec v1.0.1
[INFO] [stderr]   Downloaded vcpkg v0.2.15
[INFO] [stderr]   Downloaded sea-query v0.32.3
[INFO] [stderr]   Downloaded async-global-executor v2.4.1
[INFO] [stderr]   Downloaded rustix v0.38.44
[INFO] [stderr]   Downloaded hashbrown v0.14.5
[INFO] [stderr]   Downloaded dlv-list v0.5.2
[INFO] [stderr]   Downloaded toml v0.8.20
[INFO] [stderr]   Downloaded arraydeque v0.5.1
[INFO] [stderr]   Downloaded async-std v1.13.1
[INFO] [stderr]   Downloaded sea-orm v1.1.8
[INFO] [stderr]   Downloaded ordered-multimap v0.7.3
[INFO] [stderr]   Downloaded json5 v0.4.1
[INFO] [stderr]   Downloaded pest_generator v2.8.0
[INFO] [stderr]   Downloaded pest_meta v2.8.0
[INFO] [stderr]   Downloaded matchit v0.8.4
[INFO] [stderr]   Downloaded axum-core v0.5.2
[INFO] [stderr]   Downloaded rustix v1.0.5
[INFO] [stderr]   Downloaded pest_derive v2.8.0
[INFO] [stderr]   Downloaded convert_case v0.6.0
[INFO] [stderr]   Downloaded serde_path_to_error v0.1.17
[INFO] [stderr]   Downloaded axum-macros v0.5.0
[INFO] [stderr]   Downloaded anyhow v1.0.97
[INFO] [stderr]   Downloaded windows_x86_64_gnullvm v0.53.0
[INFO] [stderr]   Downloaded windows_aarch64_gnullvm v0.53.0
[INFO] [stderr]   Downloaded windows_x86_64_msvc v0.53.0
[INFO] [stderr]   Downloaded windows_aarch64_msvc v0.53.0
[INFO] [stderr]   Downloaded windows_x86_64_gnu v0.53.0
[INFO] [stderr]   Downloaded windows_i686_msvc v0.53.0
[INFO] [stderr]   Downloaded windows_i686_gnullvm v0.53.0
[INFO] [stderr]   Downloaded windows_i686_gnu v0.53.0
[INFO] [stderr]   Downloaded linux-raw-sys v0.9.3
[INFO] [stderr]   Downloaded sea-schema v0.16.1
[INFO] [stderr]   Downloaded libsqlite3-sys v0.30.1
[INFO] running `Command { std: "docker" "create" "-v" "/var/lib/crater-agent-workspace/builds/worker-1-tc1/source:/opt/rustwide/workdir:ro,Z" "-v" "/var/lib/crater-agent-workspace/builds/worker-1-tc1/target:/opt/rustwide/target:rw,Z" "-v" "/var/lib/crater-agent-workspace/cargo-home:/opt/rustwide/cargo-home:ro,Z" "-v" "/var/lib/crater-agent-workspace/rustup-home:/opt/rustwide/rustup-home:ro,Z" "-m" "1610612736" "--network" "none" "ghcr.io/rust-lang/crates-build-env/linux@sha256:77db811e55d90add9212f6832c23229e3de5f1c1f9905e8cb07319ea15df73ac" "sleep" "infinity", kill_on_drop: false }`
[INFO] [stdout] d37bcef1b69c2f0169e782fade7179db4d7fde94f549b9323e7e16758c3d2d44
[INFO] running `Command { std: "docker" "start" "d37bcef1b69c2f0169e782fade7179db4d7fde94f549b9323e7e16758c3d2d44", kill_on_drop: false }`
[INFO] running `Command { std: "docker" "inspect" "d37bcef1b69c2f0169e782fade7179db4d7fde94f549b9323e7e16758c3d2d44", kill_on_drop: false }`
[INFO] running `Command { std: "docker" "exec" "-e" "SOURCE_DIR=/opt/rustwide/workdir" "-e" "CARGO_HOME=/opt/rustwide/cargo-home" "-e" "RUSTUP_HOME=/opt/rustwide/rustup-home" "-e" "CARGO_TARGET_DIR=/opt/rustwide/target" "-w" "/opt/rustwide/workdir" "--user" "0:0" "d37bcef1b69c2f0169e782fade7179db4d7fde94f549b9323e7e16758c3d2d44" "/opt/rustwide/cargo-home/bin/cargo" "+1.99.0-beta.8" "metadata" "--no-deps" "--format-version=1", kill_on_drop: false }`
[INFO] running `Command { std: "docker" "inspect" "d37bcef1b69c2f0169e782fade7179db4d7fde94f549b9323e7e16758c3d2d44", kill_on_drop: false }`
[INFO] running `Command { std: "docker" "exec" "-e" "SOURCE_DIR=/opt/rustwide/workdir" "-e" "CARGO_HOME=/opt/rustwide/cargo-home" "-e" "RUSTUP_HOME=/opt/rustwide/rustup-home" "-e" "CARGO_TARGET_DIR=/opt/rustwide/target" "-e" "CARGO_INCREMENTAL=0" "-e" "RUST_BACKTRACE=full" "-e" "RUSTFLAGS=--cap-lints=warn" "-e" "RUSTDOCFLAGS=--cap-lints=warn" "-w" "/opt/rustwide/workdir" "--user" "0:0" "d37bcef1b69c2f0169e782fade7179db4d7fde94f549b9323e7e16758c3d2d44" "/opt/rustwide/cargo-home/bin/cargo" "+1.99.0-beta.8" "build" "--frozen" "--message-format=json" "--release", kill_on_drop: false }`
[INFO] [stderr]    Compiling proc-macro2 v1.0.94
[INFO] [stderr]    Compiling unicode-ident v1.0.18
[INFO] [stderr]    Compiling serde v1.0.219
[INFO] [stderr]    Compiling libc v0.2.171
[INFO] [stderr]    Compiling autocfg v1.4.0
[INFO] [stderr]    Compiling cfg-if v1.0.0
[INFO] [stderr]    Compiling pin-project-lite v0.2.16
[INFO] [stderr]    Compiling futures-core v0.3.31
[INFO] [stderr]    Compiling once_cell v1.21.3
[INFO] [stderr]    Compiling itoa v1.0.15
[INFO] [stderr]    Compiling version_check v0.9.5
[INFO] [stderr]    Compiling memchr v2.7.4
[INFO] [stderr]    Compiling value-bag v1.11.1
[INFO] [stderr]    Compiling futures-io v0.3.31
[INFO] [stderr]    Compiling bytes v1.10.1
[INFO] [stderr]    Compiling tracing-core v0.1.33
[INFO] [stderr]    Compiling stable_deref_trait v1.2.0
[INFO] [stderr]    Compiling thiserror v2.0.12
[INFO] [stderr]    Compiling slab v0.4.9
[INFO] [stderr]    Compiling log v0.4.27
[INFO] [stderr]    Compiling num-traits v0.2.19
[INFO] [stderr]    Compiling quote v1.0.40
[INFO] [stderr]    Compiling crossbeam-utils v0.8.21
[INFO] [stderr]    Compiling syn v2.0.100
[INFO] [stderr]    Compiling mio v1.0.3
[INFO] [stderr]    Compiling socket2 v0.5.9
[INFO] [stderr]    Compiling getrandom v0.2.15
[INFO] [stderr]    Compiling getrandom v0.3.2
[INFO] [stderr]    Compiling litemap v0.7.5
[INFO] [stderr]    Compiling pin-utils v0.1.0
[INFO] [stderr]    Compiling writeable v0.5.5
[INFO] [stderr]    Compiling futures-sink v0.3.31
[INFO] [stderr]    Compiling icu_locid_transform_data v1.5.1
[INFO] [stderr]    Compiling serde_json v1.0.140
[INFO] [stderr]    Compiling ryu v1.0.20
[INFO] [stderr]    Compiling concurrent-queue v2.5.0
[INFO] [stderr]    Compiling icu_properties_data v1.5.1
[INFO] [stderr]    Compiling parking v2.2.1
[INFO] [stderr]    Compiling shlex v1.3.0
[INFO] [stderr]    Compiling typenum v1.18.0
[INFO] [stderr]    Compiling futures-task v0.3.31
[INFO] [stderr]    Compiling cc v1.2.18
[INFO] [stderr]    Compiling futures-util v0.3.31
[INFO] [stderr]    Compiling generic-array v0.14.7
[INFO] [stderr]    Compiling icu_normalizer_data v1.5.1
[INFO] [stderr]    Compiling subtle v2.6.1
[INFO] [stderr]    Compiling zerocopy v0.8.24
[INFO] [stderr]    Compiling event-listener v5.4.0
[INFO] [stderr]    Compiling futures-channel v0.3.31
[INFO] [stderr]    Compiling percent-encoding v2.3.1
[INFO] [stderr]    Compiling foldhash v0.1.5
[INFO] [stderr]    Compiling utf16_iter v1.0.5
[INFO] [stderr]    Compiling equivalent v1.0.2
[INFO] [stderr]    Compiling write16 v1.0.0
[INFO] [stderr]    Compiling utf8_iter v1.0.4
[INFO] [stderr]    Compiling allocator-api2 v0.2.21
[INFO] [stderr]    Compiling rustls-pki-types v1.11.0
[INFO] [stderr]    Compiling form_urlencoded v1.2.1
[INFO] [stderr]    Compiling powerfmt v0.2.0
[INFO] [stderr]    Compiling hashbrown v0.15.2
[INFO] [stderr]    Compiling num-conv v0.1.0
[INFO] [stderr]    Compiling heck v0.4.1
[INFO] [stderr]    Compiling time-core v0.1.4
[INFO] [stderr]    Compiling untrusted v0.9.0
[INFO] [stderr]    Compiling libm v0.2.11
[INFO] [stderr]    Compiling time-macros v0.2.22
[INFO] [stderr]    Compiling num-integer v0.1.46
[INFO] [stderr]    Compiling crypto-common v0.1.6
[INFO] [stderr]    Compiling ring v0.17.14
[INFO] [stderr]    Compiling block-buffer v0.10.4
[INFO] [stderr]    Compiling bigdecimal v0.4.8
[INFO] [stderr]    Compiling rust_decimal v1.37.1
[INFO] [stderr]    Compiling zeroize v1.8.1
[INFO] [stderr]    Compiling iana-time-zone v0.1.63
[INFO] [stderr]    Compiling rustls v0.23.25
[INFO] [stderr]    Compiling digest v0.10.7
[INFO] [stderr]    Compiling num-bigint v0.4.6
[INFO] [stderr]    Compiling lock_api v0.4.12
[INFO] [stderr]    Compiling arrayvec v0.7.6
[INFO] [stderr]    Compiling ppv-lite86 v0.2.21
[INFO] [stderr]    Compiling fnv v1.0.7
[INFO] [stderr]    Compiling ident_case v1.0.1
[INFO] [stderr]    Compiling parking_lot_core v0.9.10
[INFO] [stderr]    Compiling indexmap v2.9.0
[INFO] [stderr]    Compiling scopeguard v1.2.0
[INFO] [stderr]    Compiling http v1.3.1
[INFO] [stderr]    Compiling hashlink v0.10.0
[INFO] [stderr]    Compiling webpki-roots v0.26.8
[INFO] [stderr]    Compiling tinyvec_macros v0.1.1
[INFO] [stderr]    Compiling synstructure v0.13.1
[INFO] [stderr]    Compiling darling_core v0.20.11
[INFO] [stderr]    Compiling tinyvec v1.9.0
[INFO] [stderr]    Compiling rustls-pemfile v2.2.0
[INFO] [stderr]    Compiling rand_core v0.6.4
[INFO] [stderr]    Compiling crunchy v0.2.3
[INFO] [stderr]    Compiling cpufeatures v0.2.17
[INFO] [stderr]    Compiling crc-catalog v2.4.0
[INFO] [stderr]    Compiling sha2 v0.10.8
[INFO] [stderr]    Compiling crc v3.2.1
[INFO] [stderr]    Compiling unicode-normalization v0.1.24
[INFO] [stderr]    Compiling rand_chacha v0.3.1
[INFO] [stderr]    Compiling http-body v1.0.1
[INFO] [stderr]    Compiling hmac v0.12.1
[INFO] [stderr]    Compiling ordered-float v4.6.0
[INFO] [stderr]    Compiling crossbeam-queue v0.3.12
[INFO] [stderr]    Compiling serde_derive v1.0.219
[INFO] [stderr]    Compiling zerofrom-derive v0.1.6
[INFO] [stderr]    Compiling yoke-derive v0.7.5
[INFO] [stderr]    Compiling tracing-attributes v0.1.28
[INFO] [stderr]    Compiling zerovec-derive v0.10.3
[INFO] [stderr]    Compiling thiserror-impl v2.0.12
[INFO] [stderr]    Compiling displaydoc v0.2.5
[INFO] [stderr]    Compiling zerofrom v0.1.6
[INFO] [stderr]    Compiling tokio-macros v2.5.0
[INFO] [stderr]    Compiling yoke v0.7.5
[INFO] [stderr]    Compiling icu_provider_macros v1.5.0
[INFO] [stderr]    Compiling darling_macro v0.20.11
[INFO] [stderr]    Compiling zerovec v0.10.4
[INFO] [stderr]    Compiling tracing v0.1.41
[INFO] [stderr]    Compiling tokio v1.44.2
[INFO] [stderr]    Compiling darling v0.20.11
[INFO] [stderr]    Compiling inherent v1.0.12
[INFO] [stderr]    Compiling proc-macro2-diagnostics v0.10.1
[INFO] [stderr]    Compiling unicode-properties v0.1.3
[INFO] [stderr]    Compiling sea-query-derive v0.4.3
[INFO] [stderr]    Compiling base64 v0.22.1
[INFO] [stderr]    Compiling unicode-bidi v0.3.18
[INFO] [stderr]    Compiling tiny-keccak v2.0.2
[INFO] [stderr]    Compiling tower-service v0.3.3
[INFO] [stderr]    Compiling regex-syntax v0.8.5
[INFO] [stderr]    Compiling dotenvy v0.15.7
[INFO] [stderr]    Compiling fastrand v2.3.0
[INFO] [stderr]    Compiling stringprep v0.1.5
[INFO] [stderr]    Compiling tinystr v0.7.6
[INFO] [stderr]    Compiling icu_collections v1.5.0
[INFO] [stderr]    Compiling icu_locid v1.5.0
[INFO] [stderr]    Compiling rand v0.8.5
[INFO] [stderr]    Compiling icu_provider v1.5.0
[INFO] [stderr]    Compiling regex-automata v0.4.9
[INFO] [stderr]    Compiling icu_locid_transform v1.5.0
[INFO] [stderr]    Compiling hkdf v0.12.4
[INFO] [stderr]    Compiling md-5 v0.10.6
[INFO] [stderr]    Compiling icu_properties v1.5.1
[INFO] [stderr]    Compiling smallvec v1.15.0
[INFO] [stderr]    Compiling bitflags v2.9.0
[INFO] [stderr]    Compiling deranged v0.4.0
[INFO] [stderr]    Compiling icu_normalizer v1.5.0
[INFO] [stderr]    Compiling idna_adapter v1.2.0
[INFO] [stderr]    Compiling idna v1.0.3
[INFO] [stderr]    Compiling time v0.3.41
[INFO] [stderr]    Compiling rustls-webpki v0.103.1
[INFO] [stderr]    Compiling chrono v0.4.40
[INFO] [stderr]    Compiling url v2.5.4
[INFO] [stderr]    Compiling uuid v1.16.0
[INFO] [stderr]    Compiling parking_lot v0.12.3
[INFO] [stderr]    Compiling tokio-stream v0.1.17
[INFO] [stderr]    Compiling futures-intrusive v0.5.0
[INFO] [stderr]    Compiling either v1.15.0
[INFO] [stderr]    Compiling sea-query v0.32.3
[INFO] [stderr]    Compiling event-listener-strategy v0.5.4
[INFO] [stderr]    Compiling atoi v2.0.0
[INFO] [stderr]    Compiling proc-macro-error-attr2 v2.0.0
[INFO] [stderr]    Compiling yansi v1.0.1
[INFO] [stderr]    Compiling home v0.5.11
[INFO] [stderr]    Compiling byteorder v1.5.0
[INFO] [stderr]    Compiling utf8parse v0.2.2
[INFO] [stderr]    Compiling hex v0.4.3
[INFO] [stderr]    Compiling rustix v0.38.44
[INFO] [stderr]    Compiling regex-syntax v0.6.29
[INFO] [stderr]    Compiling httparse v1.10.1
[INFO] [stderr]    Compiling whoami v1.6.0
[INFO] [stderr]    Compiling anstyle-parse v0.2.6
[INFO] [stderr]    Compiling proc-macro-error2 v2.0.1
[INFO] [stderr]    Compiling regex v1.11.1
[INFO] [stderr]    Compiling sqlx-core v0.8.3
[INFO] [stderr]    Compiling futures-lite v2.6.0
[INFO] [stderr]    Compiling anstyle-query v1.1.2
[INFO] [stderr]    Compiling lazy_static v1.5.0
[INFO] [stderr]    Compiling is_terminal_polyfill v1.70.1
[INFO] [stderr]    Compiling colorchoice v1.0.3
[INFO] [stderr]    Compiling try-lock v0.2.5
[INFO] [stderr]    Compiling ucd-trie v0.1.7
[INFO] [stderr]    Compiling linux-raw-sys v0.4.15
[INFO] [stderr]    Compiling regex-automata v0.1.10
[INFO] [stderr]    Compiling anstyle v1.0.10
[INFO] [stderr]    Compiling overload v0.1.1
[INFO] [stderr]    Compiling tower-layer v0.3.3
[INFO] [stderr]    Compiling anstream v0.6.18
[INFO] [stderr]    Compiling pest v2.8.0
[INFO] [stderr]    Compiling nu-ansi-term v0.46.0
[INFO] [stderr]    Compiling matchers v0.1.0
[INFO] [stderr]    Compiling want v0.3.1
[INFO] [stderr]    Compiling sharded-slab v0.1.7
[INFO] [stderr]    Compiling sqlx-postgres v0.8.3
[INFO] [stderr]    Compiling const-random-macro v0.1.16
[INFO] [stderr]    Compiling sea-bae v0.2.1
[INFO] [stderr]    Compiling ouroboros_macro v0.18.5
[INFO] [stderr]    Compiling async-trait v0.1.88
[INFO] [stderr]    Compiling async-stream-impl v0.3.6
[INFO] [stderr]    Compiling tracing-log v0.2.0
[INFO] [stderr]    Compiling thread_local v1.1.8
[INFO] [stderr]    Compiling strsim v0.11.1
[INFO] [stderr]    Compiling httpdate v1.0.3
[INFO] [stderr]    Compiling async-task v4.7.1
[INFO] [stderr]    Compiling atomic-waker v1.1.2
[INFO] [stderr]    Compiling aliasable v0.1.3
[INFO] [stderr]    Compiling clap_lex v0.7.4
[INFO] [stderr]    Compiling heck v0.5.0
[INFO] [stderr]    Compiling static_assertions v1.1.0
[INFO] [stderr]    Compiling syn v1.0.109
[INFO] [stderr]    Compiling clap_derive v4.5.32
[INFO] [stderr]    Compiling ouroboros v0.18.5
[INFO] [stderr]    Compiling clap_builder v4.5.35
[INFO] [stderr]    Compiling piper v0.2.4
[INFO] [stderr]    Compiling hyper v1.6.0
[INFO] [stderr]    Compiling tracing-subscriber v0.3.19
[INFO] [stderr]    Compiling sqlx v0.8.3
[INFO] [stderr]    Compiling sea-query-binder v0.7.0
[INFO] [stderr]    Compiling polling v3.7.4
[INFO] [stderr]    Compiling async-stream v0.3.6
[INFO] [stderr]    Compiling sea-orm-macros v1.1.8
[INFO] [stderr]    Compiling const-random v0.1.18
[INFO] [stderr]    Compiling pest_meta v2.8.0
[INFO] [stderr]    Compiling async-channel v2.3.1
[INFO] [stderr]    Compiling async-lock v3.4.0
[INFO] [stderr]    Compiling sea-schema-derive v0.3.0
[INFO] [stderr]    Compiling futures v0.3.31
[INFO] [stderr]    Compiling rand_core v0.9.3
[INFO] [stderr]    Compiling sync_wrapper v1.0.2
[INFO] [stderr]    Compiling strum v0.26.3
[INFO] [stderr]    Compiling rustversion v1.0.20
[INFO] [stderr]    Compiling sea-schema v0.16.1
[INFO] [stderr]    Compiling rand_chacha v0.9.0
[INFO] [stderr]    Compiling async-io v2.4.0
[INFO] [stderr]    Compiling blocking v1.6.1
[INFO] [stderr]    Compiling sea-orm v1.1.8
[INFO] [stderr]    Compiling pest_generator v2.8.0
[INFO] [stderr]    Compiling dlv-list v0.5.2
[INFO] [stderr]    Compiling clap v4.5.35
[INFO] [stderr]    Compiling hyper-util v0.1.11
[INFO] [stderr]    Compiling async-executor v1.13.1
[INFO] [stderr]    Compiling toml_datetime v0.6.8
[INFO] [stderr]    Compiling serde_spanned v0.6.8
[INFO] [stderr]    Compiling http-body-util v0.1.3
[INFO] [stderr]    Compiling ahash v0.8.11
[INFO] [stderr]    Compiling mime v0.3.17
[INFO] [stderr]    Compiling glob v0.3.2
[INFO] [stderr]    Compiling event-listener v2.5.3
[INFO] [stderr]    Compiling hashbrown v0.14.5
[INFO] [stderr]    Compiling winnow v0.7.6
[INFO] [stderr]    Compiling ordered-multimap v0.7.3
[INFO] [stderr]    Compiling async-channel v1.9.0
[INFO] [stderr]    Compiling sea-orm-cli v1.1.8
[INFO] [stderr]    Compiling async-attributes v1.1.2
[INFO] [stderr]    Compiling async-global-executor v2.4.1
[INFO] [stderr]    Compiling toml_edit v0.22.24
[INFO] [stderr]    Compiling pest_derive v2.8.0
[INFO] [stderr]    Compiling rand v0.9.0
[INFO] [stderr]    Compiling tower v0.5.2
[INFO] [stderr]    Compiling tokio-rustls v0.26.2
[INFO] [stderr]    Compiling serde_urlencoded v0.7.1
[INFO] [stderr]    Compiling ordered-float v2.10.1
[INFO] [stderr]    Compiling kv-log-macro v1.0.7
[INFO] [stderr]    Compiling encoding_rs v0.8.35
[INFO] [stderr]    Compiling zerocopy v0.7.35
[INFO] [stderr]    Compiling trim-in-place v0.1.7
[INFO] [stderr]    Compiling anyhow v1.0.97
[INFO] [stderr]    Compiling base64 v0.21.7
[INFO] [stderr]    Compiling unicode-segmentation v1.12.0
[INFO] [stderr]    Compiling arraydeque v0.5.1
[INFO] [stderr]    Compiling ron v0.8.1
[INFO] [stderr]    Compiling yaml-rust2 v0.10.1
[INFO] [stderr]    Compiling convert_case v0.6.0
[INFO] [stderr]    Compiling toml v0.8.20
[INFO] [stderr]    Compiling rust-ini v0.21.1
[INFO] [stderr]    Compiling serde-value v0.7.0
[INFO] [stderr]    Compiling async-std v1.13.1
[INFO] [stderr]    Compiling hyper-rustls v0.27.5
[INFO] [stderr]    Compiling ulid v1.2.1
[INFO] [stderr]    Compiling axum-core v0.5.2
[INFO] [stderr]    Compiling sea-orm-migration v1.1.8
[INFO] [stderr]    Compiling json5 v0.4.1
[INFO] [stderr]    Compiling serde_path_to_error v0.1.17
[INFO] [stderr]    Compiling axum-macros v0.5.0
[INFO] [stderr]    Compiling gethostname v0.2.3
[INFO] [stderr]    Compiling tracing-log v0.1.4
[INFO] [stderr]    Compiling matchit v0.8.4
[INFO] [stderr]    Compiling ipnet v2.11.0
[INFO] [stderr]    Compiling pathdiff v0.2.3
[INFO] [stderr]    Compiling axum v0.8.3
[INFO] [stderr]    Compiling config v0.15.11
[INFO] [stderr]    Compiling reqwest v0.12.15
[INFO] [stderr]    Compiling tracing-bunyan-formatter v0.3.10
[INFO] [stderr]    Compiling migration v0.1.0 (/opt/rustwide/workdir/migration)
[INFO] [stderr]    Compiling tower-request-id v0.3.0
[INFO] [stderr]    Compiling serde-aux v4.6.0
[INFO] [stderr]    Compiling entity v0.1.0 (/opt/rustwide/workdir/entity)
[INFO] [stderr]    Compiling tower-http v0.6.2
[INFO] [stderr]    Compiling validator v0.20.0
[INFO] [stderr]    Compiling secrecy v0.10.3
[INFO] [stderr]    Compiling claims v0.8.0
[INFO] [stderr]    Compiling zero2prod-axum v0.1.0 (/opt/rustwide/workdir)
[INFO] [stderr]     Finished `release` profile [optimized] target(s) in 8m 45s
[INFO] [stderr] warning: the following packages contain code that will be rejected by a future version of Rust: proc-macro-error2 v2.0.1
[INFO] [stderr] note: to see what the problems were, use the option `--future-incompat-report`, or run `cargo report future-incompatibilities --id 1`
[INFO] running `Command { std: "docker" "inspect" "d37bcef1b69c2f0169e782fade7179db4d7fde94f549b9323e7e16758c3d2d44", kill_on_drop: false }`
[INFO] running `Command { std: "docker" "exec" "-e" "SOURCE_DIR=/opt/rustwide/workdir" "-e" "CARGO_HOME=/opt/rustwide/cargo-home" "-e" "RUSTUP_HOME=/opt/rustwide/rustup-home" "-e" "CARGO_TARGET_DIR=/opt/rustwide/target" "-e" "CARGO_INCREMENTAL=0" "-e" "RUST_BACKTRACE=full" "-e" "RUSTFLAGS=--cap-lints=warn" "-e" "RUSTDOCFLAGS=--cap-lints=warn" "-w" "/opt/rustwide/workdir" "--user" "0:0" "d37bcef1b69c2f0169e782fade7179db4d7fde94f549b9323e7e16758c3d2d44" "/opt/rustwide/cargo-home/bin/cargo" "+1.99.0-beta.8" "test" "--frozen" "--no-run" "--message-format=json" "--release", kill_on_drop: false }`
[INFO] [stderr]    Compiling futures-sink v0.3.31
[INFO] [stderr]    Compiling futures-macro v0.3.31
[INFO] [stderr]    Compiling aho-corasick v1.1.3
[INFO] [stderr]    Compiling regex-syntax v0.8.5
[INFO] [stderr]    Compiling rand v0.8.5
[INFO] [stderr]    Compiling num_cpus v1.16.0
[INFO] [stderr]    Compiling deadpool-runtime v0.1.4
[INFO] [stderr]    Compiling assert-json-diff v2.0.2
[INFO] [stderr]    Compiling futures-channel v0.3.31
[INFO] [stderr]    Compiling tokio-util v0.7.14
[INFO] [stderr]    Compiling deadpool v0.10.0
[INFO] [stderr]    Compiling futures-util v0.3.31
[INFO] [stderr]    Compiling deunicode v1.6.1
[INFO] [stderr]    Compiling h2 v0.4.8
[INFO] [stderr]    Compiling fake v3.1.0
[INFO] [stderr]    Compiling quickcheck_macros v1.0.0
[INFO] [stderr]    Compiling linkify v0.10.0
[INFO] [stderr]    Compiling regex-automata v0.4.9
[INFO] [stderr]    Compiling sqlx-core v0.8.3
[INFO] [stderr]    Compiling futures-executor v0.3.31
[INFO] [stderr]    Compiling tower v0.5.2
[INFO] [stderr]    Compiling futures v0.3.31
[INFO] [stderr]    Compiling sea-schema v0.16.1
[INFO] [stderr]    Compiling regex v1.11.1
[INFO] [stderr]    Compiling sqlx-postgres v0.8.3
[INFO] [stderr]    Compiling hyper v1.6.0
[INFO] [stderr]    Compiling tracing-subscriber v0.3.19
[INFO] [stderr]    Compiling validator v0.20.0
[INFO] [stderr]    Compiling hyper-util v0.1.11
[INFO] [stderr]    Compiling sea-orm-cli v1.1.8
[INFO] [stderr]    Compiling tracing-bunyan-formatter v0.3.10
[INFO] [stderr]    Compiling env_logger v0.8.4
[INFO] [stderr]    Compiling sqlx v0.8.3
[INFO] [stderr]    Compiling sea-query-binder v0.7.0
[INFO] [stderr]    Compiling sea-orm v1.1.8
[INFO] [stderr]    Compiling hyper-rustls v0.27.5
[INFO] [stderr]    Compiling reqwest v0.12.15
[INFO] [stderr]    Compiling axum v0.8.3
[INFO] [stderr]    Compiling wiremock v0.6.3
[INFO] [stderr]    Compiling quickcheck v1.0.3
[INFO] [stderr]    Compiling sea-orm-migration v1.1.8
[INFO] [stderr]    Compiling entity v0.1.0 (/opt/rustwide/workdir/entity)
[INFO] [stderr]    Compiling migration v0.1.0 (/opt/rustwide/workdir/migration)
[INFO] [stderr]    Compiling zero2prod-axum v0.1.0 (/opt/rustwide/workdir)
[INFO] [stderr]     Finished `release` profile [optimized] target(s) in 5m 07s
[INFO] [stderr] warning: the following packages contain code that will be rejected by a future version of Rust: proc-macro-error2 v2.0.1
[INFO] [stderr] note: to see what the problems were, use the option `--future-incompat-report`, or run `cargo report future-incompatibilities --id 1`
[INFO] running `Command { std: "docker" "inspect" "d37bcef1b69c2f0169e782fade7179db4d7fde94f549b9323e7e16758c3d2d44", kill_on_drop: false }`
[INFO] running `Command { std: "docker" "exec" "-e" "SOURCE_DIR=/opt/rustwide/workdir" "-e" "CARGO_HOME=/opt/rustwide/cargo-home" "-e" "RUSTUP_HOME=/opt/rustwide/rustup-home" "-e" "CARGO_TARGET_DIR=/opt/rustwide/target" "-e" "CARGO_INCREMENTAL=0" "-e" "RUST_BACKTRACE=full" "-e" "RUSTFLAGS=--cap-lints=warn" "-e" "RUSTDOCFLAGS=--cap-lints=warn" "-w" "/opt/rustwide/workdir" "--user" "0:0" "d37bcef1b69c2f0169e782fade7179db4d7fde94f549b9323e7e16758c3d2d44" "/opt/rustwide/cargo-home/bin/cargo" "+1.99.0-beta.8" "test" "--frozen" "--release", kill_on_drop: false }`
[INFO] [stderr]     Finished `release` profile [optimized] target(s) in 0.62s
[INFO] [stderr] warning: the following packages contain code that will be rejected by a future version of Rust: proc-macro-error2 v2.0.1
[INFO] [stderr] note: to see what the problems were, use the option `--future-incompat-report`, or run `cargo report future-incompatibilities --id 1`
[INFO] [stderr]      Running unittests src/lib.rs (/opt/rustwide/target/release/deps/zero2prod_axum-c6344750fdf5b79b)
[INFO] [stdout] 
[INFO] [stdout] running 14 tests
[INFO] [stdout] test domain::subscriber_email::tests::email_missing_at_symbol_is_rejected ... ok
[INFO] [stdout] test domain::subscriber_name::tests::a_256_grapheme_long_name_is_valid ... ok
[INFO] [stdout] test domain::subscriber_email::tests::empty_string_is_rejected ... ok
[INFO] [stdout] test domain::subscriber_name::tests::a_name_longer_than_256_graphemes_is_rejected ... ok
[INFO] [stdout] test domain::subscriber_email::tests::email_missing_subject_is_rejected ... ok
[INFO] [stdout] test domain::subscriber_email::tests::valid_emails_are_parsed_successfully ... ok
[INFO] [stdout] test domain::subscriber_name::tests::a_valid_name_is_parsed_successfully ... ok
[INFO] [stdout] test email_client::tests::send_email_sends_the_expected_request ... ok
[INFO] [stdout] test domain::subscriber_name::tests::empty_string_is_rejected ... ok
[INFO] [stdout] test domain::subscriber_name::tests::whitespace_only_names_are_rejected ... ok
[INFO] [stdout] test domain::subscriber_name::tests::names_containing_an_invalid_character_are_rejected ... ok
[INFO] [stdout] test email_client::tests::send_email_succeeds_if_the_server_returns_200 ... ok
[INFO] [stdout] test email_client::tests::send_email_fails_if_the_server_returns_500 ... ok
[INFO] [stdout] test email_client::tests::send_email_times_out_if_the_server_takes_too_long ... ok
[INFO] [stdout] 
[INFO] [stdout] test result: ok. 14 passed; 0 failed; 0 ignored; 0 measured; 0 filtered out; finished in 0.21s
[INFO] [stdout] 
[INFO] [stderr]      Running unittests src/main.rs (/opt/rustwide/target/release/deps/zero2prod_axum-518c97581c2bcb36)
[INFO] [stdout] 
[INFO] [stdout] running 0 tests
[INFO] [stdout] 
[INFO] [stdout] test result: ok. 0 passed; 0 failed; 0 ignored; 0 measured; 0 filtered out; finished in 0.00s
[INFO] [stdout] 
[INFO] [stderr]      Running tests/api/main.rs (/opt/rustwide/target/release/deps/api-0564264adf2b9c15)
[INFO] [stdout] 
[INFO] [stdout] running 14 tests
[INFO] [stdout] test subscriptions::subscribe_sends_a_confirmation_email_for_valid_data ... FAILED
[INFO] [stdout] test newsletter::newsletters_returns_400_for_invalid_data ... FAILED
[INFO] [stdout] test newsletter::newsletters_are_not_delivered_to_unconfirmed_subscribers ... FAILED
[INFO] [stdout] test subscriptions::subscribe_persists_the_new_subscriber ... FAILED
[INFO] [stdout] test health_check::test_health_check_works ... FAILED
[INFO] [stdout] test subscriptions::subscribe_fails_if_there_is_a_fatal_database_error ... FAILED
[INFO] [stdout] test subscriptions::subscribe_returns_a_400_when_fields_are_present_but_invalid ... FAILED
[INFO] [stdout] test newsletter::newsletters_are_delivered_to_confirmed_subscribers ... FAILED
[INFO] [stdout] test subscriptions::subscribe_sends_a_confirmation_email_with_a_link ... FAILED
[INFO] [stdout] test subscriptions_confirm::the_link_returned_by_subscribe_returns_2_200_if_called ... FAILED
[INFO] [stdout] test subscriptions::test_subscribe_returns_200_for_valid_form_data ... FAILED
[INFO] [stdout] test subscriptions::test_subscribe_returns_a_400_when_data_is_missing ... FAILED
[INFO] [stdout] test subscriptions_confirm::confirmations_without_token_are_rejected_with_a_400 ... FAILED
[INFO] [stdout] test subscriptions_confirm::clicking_on_the_confirmation_link_confirms_a_subscriber ... FAILED
[INFO] [stdout] 
[INFO] [stdout] failures:
[INFO] [stdout] 
[INFO] [stdout] ---- subscriptions::subscribe_sends_a_confirmation_email_for_valid_data stdout ----
[INFO] [stdout] 
[INFO] [stdout] thread 'subscriptions::subscribe_sends_a_confirmation_email_for_valid_data' (6433) panicked at tests/api/helper.rs:139:10:
[INFO] [stdout] Failed to connect to Postgres: Io(Os { code: 111, kind: ConnectionRefused, message: "Connection refused" })
[INFO] [stdout] stack backtrace:
[INFO] [stdout]    0:     0x64654023c051 - <<std[70759c8f55707aa4]::sys::backtrace::BacktraceLock>::print::DisplayBacktrace as core[df12db4294e9bfd3]::fmt::Display>::fmt
[INFO] [stdout]    1:     0x64654025678a - core[df12db4294e9bfd3]::fmt::write
[INFO] [stdout]    2:     0x64654024152c - <alloc[2182bb758b4b3781]::vec::Vec<u8> as core[df12db4294e9bfd3]::io::write::Write>::write_fmt
[INFO] [stdout]    3:     0x646540215796 - std[70759c8f55707aa4]::panicking::default_hook::{closure#0}
[INFO] [stdout]    4:     0x646540233679 - std[70759c8f55707aa4]::panicking::default_hook
[INFO] [stdout]    5:     0x64653fab8180 - test[9d35eded1c95d3be]::test_main_inner::<test[9d35eded1c95d3be]::test_main_static::{closure#0}>::{closure#0}
[INFO] [stdout]    6:     0x6465402339a2 - std[70759c8f55707aa4]::panicking::panic_with_hook
[INFO] [stdout]    7:     0x646540215842 - std[70759c8f55707aa4]::panicking::panic_handler::{closure#0}
[INFO] [stdout]    8:     0x64654020ddc9 - std[70759c8f55707aa4]::sys::backtrace::__rust_end_short_backtrace::<std[70759c8f55707aa4]::panicking::panic_handler::{closure#0}, !>
[INFO] [stdout]    9:     0x64654021673d - __rustc[8fa7c3cbc660c2b3]::rust_begin_unwind
[INFO] [stdout]   10:     0x646540256f6c - core[df12db4294e9bfd3]::panicking::panic_fmt
[INFO] [stdout]   11:     0x646540256d42 - core[df12db4294e9bfd3]::result::unwrap_failed
[INFO] [stdout]   12:     0x64653fa09ae1 - api[633fa9cd5f1e6c3b]::helper::spawn_app::{closure#0}
[INFO] [stdout]   13:     0x64653fa0596f - api[633fa9cd5f1e6c3b]::subscriptions::subscribe_sends_a_confirmation_email_for_valid_data::{closure#0}
[INFO] [stdout]   14:     0x64653f9e3e78 - <tokio[e647d48ba78a4778]::runtime::context::scoped::Scoped<tokio[e647d48ba78a4778]::runtime::scheduler::Context>>::set::<<tokio[e647d48ba78a4778]::runtime::scheduler::current_thread::CoreGuard>::enter<<tokio[e647d48ba78a4778]::runtime::scheduler::current_thread::CoreGuard>::block_on<core[df12db4294e9bfd3]::pin::Pin<&mut core[df12db4294e9bfd3]::pin::Pin<&mut dyn core[df12db4294e9bfd3]::future::future::Future<Output = ()>>>>::{closure#0}, core[df12db4294e9bfd3]::option::Option<()>>::{closure#0}, (alloc[2182bb758b4b3781]::boxed::Box<tokio[e647d48ba78a4778]::runtime::scheduler::current_thread::Core>, core[df12db4294e9bfd3]::option::Option<()>)>
[INFO] [stdout]   15:     0x64653f9e393d - <tokio[e647d48ba78a4778]::runtime::runtime::Runtime>::block_on::<core[df12db4294e9bfd3]::pin::Pin<&mut dyn core[df12db4294e9bfd3]::future::future::Future<Output = ()>>>
[INFO] [stdout]   16:     0x64653fa0bc8b - api[633fa9cd5f1e6c3b]::subscriptions::subscribe_sends_a_confirmation_email_for_valid_data
[INFO] [stdout]   17:     0x64653f9c3009 - <api[633fa9cd5f1e6c3b]::subscriptions::subscribe_sends_a_confirmation_email_for_valid_data::{closure#0} as core[df12db4294e9bfd3]::ops::function::FnOnce<()>>::call_once
[INFO] [stdout]   18:     0x64653faab46b - test[9d35eded1c95d3be]::__rust_begin_short_backtrace::<core[df12db4294e9bfd3]::result::Result<(), alloc[2182bb758b4b3781]::string::String>, fn() -> core[df12db4294e9bfd3]::result::Result<(), alloc[2182bb758b4b3781]::string::String>>
[INFO] [stdout]   19:     0x64653fab8ad5 - test[9d35eded1c95d3be]::run_test::{closure#0}
[INFO] [stdout]   20:     0x64653fab2394 - std[70759c8f55707aa4]::sys::backtrace::__rust_begin_short_backtrace::<test[9d35eded1c95d3be]::run_test::{closure#1}, ()>
[INFO] [stdout]   21:     0x64653fabbc32 - <std[70759c8f55707aa4]::thread::lifecycle::spawn_unchecked<test[9d35eded1c95d3be]::run_test::{closure#1}, ()>::{closure#1} as core[df12db4294e9bfd3]::ops::function::FnOnce<()>>::call_once::{shim:vtable#0}
[INFO] [stdout]   22:     0x64654023ac99 - <std[70759c8f55707aa4]::sys::thread::unix::Thread>::new::thread_start
[INFO] [stdout]   23:     0x7194df7abdfa - <unknown>
[INFO] [stdout]   24:     0x7194df83f3d4 - clone
[INFO] [stdout]   25:                0x0 - <unknown>
[INFO] [stdout] 
[INFO] [stdout] ---- newsletter::newsletters_returns_400_for_invalid_data stdout ----
[INFO] [stdout] 
[INFO] [stdout] thread 'newsletter::newsletters_returns_400_for_invalid_data' (6429) panicked at tests/api/helper.rs:139:10:
[INFO] [stdout] Failed to connect to Postgres: Io(Os { code: 111, kind: ConnectionRefused, message: "Connection refused" })
[INFO] [stdout] stack backtrace:
[INFO] [stdout]    0:     0x64654023c051 - <<std[70759c8f55707aa4]::sys::backtrace::BacktraceLock>::print::DisplayBacktrace as core[df12db4294e9bfd3]::fmt::Display>::fmt
[INFO] [stdout]    1:     0x64654025678a - core[df12db4294e9bfd3]::fmt::write
[INFO] [stdout]    2:     0x64654024152c - <alloc[2182bb758b4b3781]::vec::Vec<u8> as core[df12db4294e9bfd3]::io::write::Write>::write_fmt
[INFO] [stdout]    3:     0x646540215796 - std[70759c8f55707aa4]::panicking::default_hook::{closure#0}
[INFO] [stdout]    4:     0x646540233679 - std[70759c8f55707aa4]::panicking::default_hook
[INFO] [stdout]    5:     0x64653fab8180 - test[9d35eded1c95d3be]::test_main_inner::<test[9d35eded1c95d3be]::test_main_static::{closure#0}>::{closure#0}
[INFO] [stdout]    6:     0x6465402339a2 - std[70759c8f55707aa4]::panicking::panic_with_hook
[INFO] [stdout]    7:     0x646540215842 - std[70759c8f55707aa4]::panicking::panic_handler::{closure#0}
[INFO] [stdout]    8:     0x64654020ddc9 - std[70759c8f55707aa4]::sys::backtrace::__rust_end_short_backtrace::<std[70759c8f55707aa4]::panicking::panic_handler::{closure#0}, !>
[INFO] [stdout]    9:     0x64654021673d - __rustc[8fa7c3cbc660c2b3]::rust_begin_unwind
[INFO] [stdout]   10:     0x646540256f6c - core[df12db4294e9bfd3]::panicking::panic_fmt
[INFO] [stdout]   11:     0x646540256d42 - core[df12db4294e9bfd3]::result::unwrap_failed
[INFO] [stdout]   12:     0x64653f9f4b96 - api[633fa9cd5f1e6c3b]::helper::spawn_app::{closure#0}
[INFO] [stdout]   13:     0x64653f9eef7e - api[633fa9cd5f1e6c3b]::newsletter::newsletters_returns_400_for_invalid_data::{closure#0}
[INFO] [stdout]   14:     0x64653f9e3e78 - <tokio[e647d48ba78a4778]::runtime::context::scoped::Scoped<tokio[e647d48ba78a4778]::runtime::scheduler::Context>>::set::<<tokio[e647d48ba78a4778]::runtime::scheduler::current_thread::CoreGuard>::enter<<tokio[e647d48ba78a4778]::runtime::scheduler::current_thread::CoreGuard>::block_on<core[df12db4294e9bfd3]::pin::Pin<&mut core[df12db4294e9bfd3]::pin::Pin<&mut dyn core[df12db4294e9bfd3]::future::future::Future<Output = ()>>>>::{closure#0}, core[df12db4294e9bfd3]::option::Option<()>>::{closure#0}, (alloc[2182bb758b4b3781]::boxed::Box<tokio[e647d48ba78a4778]::runtime::scheduler::current_thread::Core>, core[df12db4294e9bfd3]::option::Option<()>)>
[INFO] [stdout]   15:     0x64653f9e393d - <tokio[e647d48ba78a4778]::runtime::runtime::Runtime>::block_on::<core[df12db4294e9bfd3]::pin::Pin<&mut dyn core[df12db4294e9bfd3]::future::future::Future<Output = ()>>>
[INFO] [stdout]   16:     0x64653f9f5aab - api[633fa9cd5f1e6c3b]::newsletter::newsletters_returns_400_for_invalid_data
[INFO] [stdout]   17:     0x64653f9c2ee9 - <api[633fa9cd5f1e6c3b]::newsletter::newsletters_returns_400_for_invalid_data::{closure#0} as core[df12db4294e9bfd3]::ops::function::FnOnce<()>>::call_once
[INFO] [stdout]   18:     0x64653faab46b - test[9d35eded1c95d3be]::__rust_begin_short_backtrace::<core[df12db4294e9bfd3]::result::Result<(), alloc[2182bb758b4b3781]::string::String>, fn() -> core[df12db4294e9bfd3]::result::Result<(), alloc[2182bb758b4b3781]::string::String>>
[INFO] [stdout]   19:     0x64653fab8ad5 - test[9d35eded1c95d3be]::run_test::{closure#0}
[INFO] [stdout]   20:     0x64653fab2394 - std[70759c8f55707aa4]::sys::backtrace::__rust_begin_short_backtrace::<test[9d35eded1c95d3be]::run_test::{closure#1}, ()>
[INFO] [stdout]   21:     0x64653fabbc32 - <std[70759c8f55707aa4]::thread::lifecycle::spawn_unchecked<test[9d35eded1c95d3be]::run_test::{closure#1}, ()>::{closure#1} as core[df12db4294e9bfd3]::ops::function::FnOnce<()>>::call_once::{shim:vtable#0}
[INFO] [stdout]   22:     0x64654023ac99 - <std[70759c8f55707aa4]::sys::thread::unix::Thread>::new::thread_start
[INFO] [stdout]   23:     0x7194df7abdfa - <unknown>
[INFO] [stdout]   24:     0x7194df83f3d4 - clone
[INFO] [stdout]   25:                0x0 - <unknown>
[INFO] [stdout] 
[INFO] [stdout] ---- newsletter::newsletters_are_not_delivered_to_unconfirmed_subscribers stdout ----
[INFO] [stdout] 
[INFO] [stdout] thread 'newsletter::newsletters_are_not_delivered_to_unconfirmed_subscribers' (6428) panicked at tests/api/helper.rs:139:10:
[INFO] [stdout] Failed to connect to Postgres: Io(Os { code: 111, kind: ConnectionRefused, message: "Connection refused" })
[INFO] [stdout] stack backtrace:
[INFO] [stdout]    0:     0x64654023c051 - <<std[70759c8f55707aa4]::sys::backtrace::BacktraceLock>::print::DisplayBacktrace as core[df12db4294e9bfd3]::fmt::Display>::fmt
[INFO] [stdout]    1:     0x64654025678a - core[df12db4294e9bfd3]::fmt::write
[INFO] [stdout]    2:     0x64654024152c - <alloc[2182bb758b4b3781]::vec::Vec<u8> as core[df12db4294e9bfd3]::io::write::Write>::write_fmt
[INFO] [stdout]    3:     0x646540215796 - std[70759c8f55707aa4]::panicking::default_hook::{closure#0}
[INFO] [stdout]    4:     0x646540233679 - std[70759c8f55707aa4]::panicking::default_hook
[INFO] [stdout]    5:     0x64653fab8180 - test[9d35eded1c95d3be]::test_main_inner::<test[9d35eded1c95d3be]::test_main_static::{closure#0}>::{closure#0}
[INFO] [stdout]    6:     0x6465402339a2 - std[70759c8f55707aa4]::panicking::panic_with_hook
[INFO] [stdout]    7:     0x646540215842 - std[70759c8f55707aa4]::panicking::panic_handler::{closure#0}
[INFO] [stdout]    8:     0x64654020ddc9 - std[70759c8f55707aa4]::sys::backtrace::__rust_end_short_backtrace::<std[70759c8f55707aa4]::panicking::panic_handler::{closure#0}, !>
[INFO] [stdout]    9:     0x64654021673d - __rustc[8fa7c3cbc660c2b3]::rust_begin_unwind
[INFO] [stdout]   10:     0x646540256f6c - core[df12db4294e9bfd3]::panicking::panic_fmt
[INFO] [stdout]   11:     0x646540256d42 - core[df12db4294e9bfd3]::result::unwrap_failed
[INFO] [stdout]   12:     0x64653f9f4b96 - api[633fa9cd5f1e6c3b]::helper::spawn_app::{closure#0}
[INFO] [stdout]   13:     0x64653f9f095f - api[633fa9cd5f1e6c3b]::newsletter::newsletters_are_not_delivered_to_unconfirmed_subscribers::{closure#0}
[INFO] [stdout]   14:     0x64653f9e3e78 - <tokio[e647d48ba78a4778]::runtime::context::scoped::Scoped<tokio[e647d48ba78a4778]::runtime::scheduler::Context>>::set::<<tokio[e647d48ba78a4778]::runtime::scheduler::current_thread::CoreGuard>::enter<<tokio[e647d48ba78a4778]::runtime::scheduler::current_thread::CoreGuard>::block_on<core[df12db4294e9bfd3]::pin::Pin<&mut core[df12db4294e9bfd3]::pin::Pin<&mut dyn core[df12db4294e9bfd3]::future::future::Future<Output = ()>>>>::{closure#0}, core[df12db4294e9bfd3]::option::Option<()>>::{closure#0}, (alloc[2182bb758b4b3781]::boxed::Box<tokio[e647d48ba78a4778]::runtime::scheduler::current_thread::Core>, core[df12db4294e9bfd3]::option::Option<()>)>
[INFO] [stdout]   15:     0x64653f9e393d - <tokio[e647d48ba78a4778]::runtime::runtime::Runtime>::block_on::<core[df12db4294e9bfd3]::pin::Pin<&mut dyn core[df12db4294e9bfd3]::future::future::Future<Output = ()>>>
[INFO] [stdout]   16:     0x64653f9f5d4b - api[633fa9cd5f1e6c3b]::newsletter::newsletters_are_not_delivered_to_unconfirmed_subscribers
[INFO] [stdout]   17:     0x64653f9c2f29 - <api[633fa9cd5f1e6c3b]::newsletter::newsletters_are_not_delivered_to_unconfirmed_subscribers::{closure#0} as core[df12db4294e9bfd3]::ops::function::FnOnce<()>>::call_once
[INFO] [stdout]   18:     0x64653faab46b - test[9d35eded1c95d3be]::__rust_begin_short_backtrace::<core[df12db4294e9bfd3]::result::Result<(), alloc[2182bb758b4b3781]::string::String>, fn() -> core[df12db4294e9bfd3]::result::Result<(), alloc[2182bb758b4b3781]::string::String>>
[INFO] [stdout]   19:     0x64653fab8ad5 - test[9d35eded1c95d3be]::run_test::{closure#0}
[INFO] [stdout]   20:     0x64653fab2394 - std[70759c8f55707aa4]::sys::backtrace::__rust_begin_short_backtrace::<test[9d35eded1c95d3be]::run_test::{closure#1}, ()>
[INFO] [stdout]   21:     0x64653fabbc32 - <std[70759c8f55707aa4]::thread::lifecycle::spawn_unchecked<test[9d35eded1c95d3be]::run_test::{closure#1}, ()>::{closure#1} as core[df12db4294e9bfd3]::ops::function::FnOnce<()>>::call_once::{shim:vtable#0}
[INFO] [stdout]   22:     0x64654023ac99 - <std[70759c8f55707aa4]::sys::thread::unix::Thread>::new::thread_start
[INFO] [stdout]   23:     0x7194df7abdfa - <unknown>
[INFO] [stdout]   24:     0x7194df83f3d4 - clone
[INFO] [stdout]   25:                0x0 - <unknown>
[INFO] [stdout] 
[INFO] [stdout] ---- subscriptions::subscribe_persists_the_new_subscriber stdout ----
[INFO] [stdout] 
[INFO] [stdout] thread 'subscriptions::subscribe_persists_the_new_subscriber' (6431) panicked at tests/api/helper.rs:139:10:
[INFO] [stdout] Failed to connect to Postgres: Io(Os { code: 111, kind: ConnectionRefused, message: "Connection refused" })
[INFO] [stdout] stack backtrace:
[INFO] [stdout]    0:     0x64654023c051 - <<std[70759c8f55707aa4]::sys::backtrace::BacktraceLock>::print::DisplayBacktrace as core[df12db4294e9bfd3]::fmt::Display>::fmt
[INFO] [stdout]    1:     0x64654025678a - core[df12db4294e9bfd3]::fmt::write
[INFO] [stdout]    2:     0x64654024152c - <alloc[2182bb758b4b3781]::vec::Vec<u8> as core[df12db4294e9bfd3]::io::write::Write>::write_fmt
[INFO] [stdout]    3:     0x646540215796 - std[70759c8f55707aa4]::panicking::default_hook::{closure#0}
[INFO] [stdout]    4:     0x646540233679 - std[70759c8f55707aa4]::panicking::default_hook
[INFO] [stdout]    5:     0x64653fab8180 - test[9d35eded1c95d3be]::test_main_inner::<test[9d35eded1c95d3be]::test_main_static::{closure#0}>::{closure#0}
[INFO] [stdout]    6:     0x6465402339a2 - std[70759c8f55707aa4]::panicking::panic_with_hook
[INFO] [stdout]    7:     0x646540215842 - std[70759c8f55707aa4]::panicking::panic_handler::{closure#0}
[INFO] [stdout]    8:     0x64654020ddc9 - std[70759c8f55707aa4]::sys::backtrace::__rust_end_short_backtrace::<std[70759c8f55707aa4]::panicking::panic_handler::{closure#0}, !>
[INFO] [stdout]    9:     0x64654021673d - __rustc[8fa7c3cbc660c2b3]::rust_begin_unwind
[INFO] [stdout]   10:     0x646540256f6c - core[df12db4294e9bfd3]::panicking::panic_fmt
[INFO] [stdout]   11:     0x646540256d42 - core[df12db4294e9bfd3]::result::unwrap_failed
[INFO] [stdout]   12:     0x64653fa09ae1 - api[633fa9cd5f1e6c3b]::helper::spawn_app::{closure#0}
[INFO] [stdout]   13:     0x64653fa030ff - api[633fa9cd5f1e6c3b]::subscriptions::subscribe_persists_the_new_subscriber::{closure#0}
[INFO] [stdout]   14:     0x64653f9e3e78 - <tokio[e647d48ba78a4778]::runtime::context::scoped::Scoped<tokio[e647d48ba78a4778]::runtime::scheduler::Context>>::set::<<tokio[e647d48ba78a4778]::runtime::scheduler::current_thread::CoreGuard>::enter<<tokio[e647d48ba78a4778]::runtime::scheduler::current_thread::CoreGuard>::block_on<core[df12db4294e9bfd3]::pin::Pin<&mut core[df12db4294e9bfd3]::pin::Pin<&mut dyn core[df12db4294e9bfd3]::future::future::Future<Output = ()>>>>::{closure#0}, core[df12db4294e9bfd3]::option::Option<()>>::{closure#0}, (alloc[2182bb758b4b3781]::boxed::Box<tokio[e647d48ba78a4778]::runtime::scheduler::current_thread::Core>, core[df12db4294e9bfd3]::option::Option<()>)>
[INFO] [stdout]   15:     0x64653f9e393d - <tokio[e647d48ba78a4778]::runtime::runtime::Runtime>::block_on::<core[df12db4294e9bfd3]::pin::Pin<&mut dyn core[df12db4294e9bfd3]::future::future::Future<Output = ()>>>
[INFO] [stdout]   16:     0x64653fa0b5fb - api[633fa9cd5f1e6c3b]::subscriptions::subscribe_persists_the_new_subscriber
[INFO] [stdout]   17:     0x64653f9c2f69 - <api[633fa9cd5f1e6c3b]::subscriptions::subscribe_persists_the_new_subscriber::{closure#0} as core[df12db4294e9bfd3]::ops::function::FnOnce<()>>::call_once
[INFO] [stdout]   18:     0x64653faab46b - test[9d35eded1c95d3be]::__rust_begin_short_backtrace::<core[df12db4294e9bfd3]::result::Result<(), alloc[2182bb758b4b3781]::string::String>, fn() -> core[df12db4294e9bfd3]::result::Result<(), alloc[2182bb758b4b3781]::string::String>>
[INFO] [stdout]   19:     0x64653fab8ad5 - test[9d35eded1c95d3be]::run_test::{closure#0}
[INFO] [stdout]   20:     0x64653fab2394 - std[70759c8f55707aa4]::sys::backtrace::__rust_begin_short_backtrace::<test[9d35eded1c95d3be]::run_test::{closure#1}, ()>
[INFO] [stdout]   21:     0x64653fabbc32 - <std[70759c8f55707aa4]::thread::lifecycle::spawn_unchecked<test[9d35eded1c95d3be]::run_test::{closure#1}, ()>::{closure#1} as core[df12db4294e9bfd3]::ops::function::FnOnce<()>>::call_once::{shim:vtable#0}
[INFO] [stdout]   22:     0x64654023ac99 - <std[70759c8f55707aa4]::sys::thread::unix::Thread>::new::thread_start
[INFO] [stdout]   23:     0x7194df7abdfa - <unknown>
[INFO] [stdout]   24:     0x7194df83f3d4 - clone
[INFO] [stdout]   25:                0x0 - <unknown>
[INFO] [stdout] 
[INFO] [stdout] ---- health_check::test_health_check_works stdout ----
[INFO] [stdout] 
[INFO] [stdout] thread 'health_check::test_health_check_works' (6426) panicked at tests/api/helper.rs:139:10:
[INFO] [stdout] Failed to connect to Postgres: Io(Os { code: 111, kind: ConnectionRefused, message: "Connection refused" })
[INFO] [stdout] stack backtrace:
[INFO] [stdout]    0:     0x64654023c051 - <<std[70759c8f55707aa4]::sys::backtrace::BacktraceLock>::print::DisplayBacktrace as core[df12db4294e9bfd3]::fmt::Display>::fmt
[INFO] [stdout]    1:     0x64654025678a - core[df12db4294e9bfd3]::fmt::write
[INFO] [stdout]    2:     0x64654024152c - <alloc[2182bb758b4b3781]::vec::Vec<u8> as core[df12db4294e9bfd3]::io::write::Write>::write_fmt
[INFO] [stdout]    3:     0x646540215796 - std[70759c8f55707aa4]::panicking::default_hook::{closure#0}
[INFO] [stdout]    4:     0x646540233679 - std[70759c8f55707aa4]::panicking::default_hook
[INFO] [stdout]    5:     0x64653fab8180 - test[9d35eded1c95d3be]::test_main_inner::<test[9d35eded1c95d3be]::test_main_static::{closure#0}>::{closure#0}
[INFO] [stdout]    6:     0x6465402339a2 - std[70759c8f55707aa4]::panicking::panic_with_hook
[INFO] [stdout]    7:     0x646540215842 - std[70759c8f55707aa4]::panicking::panic_handler::{closure#0}
[INFO] [stdout]    8:     0x64654020ddc9 - std[70759c8f55707aa4]::sys::backtrace::__rust_end_short_backtrace::<std[70759c8f55707aa4]::panicking::panic_handler::{closure#0}, !>
[INFO] [stdout]    9:     0x64654021673d - __rustc[8fa7c3cbc660c2b3]::rust_begin_unwind
[INFO] [stdout]   10:     0x646540256f6c - core[df12db4294e9bfd3]::panicking::panic_fmt
[INFO] [stdout]   11:     0x646540256d42 - core[df12db4294e9bfd3]::result::unwrap_failed
[INFO] [stdout]   12:     0x64653fa54241 - api[633fa9cd5f1e6c3b]::helper::spawn_app::{closure#0}
[INFO] [stdout]   13:     0x64653fa5054c - api[633fa9cd5f1e6c3b]::health_check::test_health_check_works::{closure#0}
[INFO] [stdout]   14:     0x64653f9e3e78 - <tokio[e647d48ba78a4778]::runtime::context::scoped::Scoped<tokio[e647d48ba78a4778]::runtime::scheduler::Context>>::set::<<tokio[e647d48ba78a4778]::runtime::scheduler::current_thread::CoreGuard>::enter<<tokio[e647d48ba78a4778]::runtime::scheduler::current_thread::CoreGuard>::block_on<core[df12db4294e9bfd3]::pin::Pin<&mut core[df12db4294e9bfd3]::pin::Pin<&mut dyn core[df12db4294e9bfd3]::future::future::Future<Output = ()>>>>::{closure#0}, core[df12db4294e9bfd3]::option::Option<()>>::{closure#0}, (alloc[2182bb758b4b3781]::boxed::Box<tokio[e647d48ba78a4778]::runtime::scheduler::current_thread::Core>, core[df12db4294e9bfd3]::option::Option<()>)>
[INFO] [stdout]   15:     0x64653f9e393d - <tokio[e647d48ba78a4778]::runtime::runtime::Runtime>::block_on::<core[df12db4294e9bfd3]::pin::Pin<&mut dyn core[df12db4294e9bfd3]::future::future::Future<Output = ()>>>
[INFO] [stdout]   16:     0x64653fa5b83b - api[633fa9cd5f1e6c3b]::health_check::test_health_check_works
[INFO] [stdout]   17:     0x64653f9c2f49 - <api[633fa9cd5f1e6c3b]::health_check::test_health_check_works::{closure#0} as core[df12db4294e9bfd3]::ops::function::FnOnce<()>>::call_once
[INFO] [stdout]   18:     0x64653faab46b - test[9d35eded1c95d3be]::__rust_begin_short_backtrace::<core[df12db4294e9bfd3]::result::Result<(), alloc[2182bb758b4b3781]::string::String>, fn() -> core[df12db4294e9bfd3]::result::Result<(), alloc[2182bb758b4b3781]::string::String>>
[INFO] [stdout]   19:     0x64653fab8ad5 - test[9d35eded1c95d3be]::run_test::{closure#0}
[INFO] [stdout]   20:     0x64653fab2394 - std[70759c8f55707aa4]::sys::backtrace::__rust_begin_short_backtrace::<test[9d35eded1c95d3be]::run_test::{closure#1}, ()>
[INFO] [stdout]   21:     0x64653fabbc32 - <std[70759c8f55707aa4]::thread::lifecycle::spawn_unchecked<test[9d35eded1c95d3be]::run_test::{closure#1}, ()>::{closure#1} as core[df12db4294e9bfd3]::ops::function::FnOnce<()>>::call_once::{shim:vtable#0}
[INFO] [stdout]   22:     0x64654023ac99 - <std[70759c8f55707aa4]::sys::thread::unix::Thread>::new::thread_start
[INFO] [stdout]   23:     0x7194df7abdfa - <unknown>
[INFO] [stdout]   24:     0x7194df83f3d4 - clone
[INFO] [stdout]   25:                0x0 - <unknown>
[INFO] [stdout] 
[INFO] [stdout] ---- subscriptions::subscribe_fails_if_there_is_a_fatal_database_error stdout ----
[INFO] [stdout] 
[INFO] [stdout] thread 'subscriptions::subscribe_fails_if_there_is_a_fatal_database_error' (6430) panicked at tests/api/helper.rs:139:10:
[INFO] [stdout] Failed to connect to Postgres: Io(Os { code: 111, kind: ConnectionRefused, message: "Connection refused" })
[INFO] [stdout] stack backtrace:
[INFO] [stdout]    0:     0x64654023c051 - <<std[70759c8f55707aa4]::sys::backtrace::BacktraceLock>::print::DisplayBacktrace as core[df12db4294e9bfd3]::fmt::Display>::fmt
[INFO] [stdout]    1:     0x64654025678a - core[df12db4294e9bfd3]::fmt::write
[INFO] [stdout]    2:     0x64654024152c - <alloc[2182bb758b4b3781]::vec::Vec<u8> as core[df12db4294e9bfd3]::io::write::Write>::write_fmt
[INFO] [stdout]    3:     0x646540215796 - std[70759c8f55707aa4]::panicking::default_hook::{closure#0}
[INFO] [stdout]    4:     0x646540233679 - std[70759c8f55707aa4]::panicking::default_hook
[INFO] [stdout]    5:     0x64653fab8180 - test[9d35eded1c95d3be]::test_main_inner::<test[9d35eded1c95d3be]::test_main_static::{closure#0}>::{closure#0}
[INFO] [stdout]    6:     0x6465402339a2 - std[70759c8f55707aa4]::panicking::panic_with_hook
[INFO] [stdout]    7:     0x646540215842 - std[70759c8f55707aa4]::panicking::panic_handler::{closure#0}
[INFO] [stdout]    8:     0x64654020ddc9 - std[70759c8f55707aa4]::sys::backtrace::__rust_end_short_backtrace::<std[70759c8f55707aa4]::panicking::panic_handler::{closure#0}, !>
[INFO] [stdout]    9:     0x64654021673d - __rustc[8fa7c3cbc660c2b3]::rust_begin_unwind
[INFO] [stdout]   10:     0x646540256f6c - core[df12db4294e9bfd3]::panicking::panic_fmt
[INFO] [stdout]   11:     0x646540256d42 - core[df12db4294e9bfd3]::result::unwrap_failed
[INFO] [stdout]   12:     0x64653fa09ae1 - api[633fa9cd5f1e6c3b]::helper::spawn_app::{closure#0}
[INFO] [stdout]   13:     0x64653fa0552f - api[633fa9cd5f1e6c3b]::subscriptions::subscribe_fails_if_there_is_a_fatal_database_error::{closure#0}
[INFO] [stdout]   14:     0x64653f9e3e78 - <tokio[e647d48ba78a4778]::runtime::context::scoped::Scoped<tokio[e647d48ba78a4778]::runtime::scheduler::Context>>::set::<<tokio[e647d48ba78a4778]::runtime::scheduler::current_thread::CoreGuard>::enter<<tokio[e647d48ba78a4778]::runtime::scheduler::current_thread::CoreGuard>::block_on<core[df12db4294e9bfd3]::pin::Pin<&mut core[df12db4294e9bfd3]::pin::Pin<&mut dyn core[df12db4294e9bfd3]::future::future::Future<Output = ()>>>>::{closure#0}, core[df12db4294e9bfd3]::option::Option<()>>::{closure#0}, (alloc[2182bb758b4b3781]::boxed::Box<tokio[e647d48ba78a4778]::runtime::scheduler::current_thread::Core>, core[df12db4294e9bfd3]::option::Option<()>)>
[INFO] [stdout]   15:     0x64653f9e393d - <tokio[e647d48ba78a4778]::runtime::runtime::Runtime>::block_on::<core[df12db4294e9bfd3]::pin::Pin<&mut dyn core[df12db4294e9bfd3]::future::future::Future<Output = ()>>>
[INFO] [stdout]   16:     0x64653fa0bb3b - api[633fa9cd5f1e6c3b]::subscriptions::subscribe_fails_if_there_is_a_fatal_database_error
[INFO] [stdout]   17:     0x64653f9c2fe9 - <api[633fa9cd5f1e6c3b]::subscriptions::subscribe_fails_if_there_is_a_fatal_database_error::{closure#0} as core[df12db4294e9bfd3]::ops::function::FnOnce<()>>::call_once
[INFO] [stdout]   18:     0x64653faab46b - test[9d35eded1c95d3be]::__rust_begin_short_backtrace::<core[df12db4294e9bfd3]::result::Result<(), alloc[2182bb758b4b3781]::string::String>, fn() -> core[df12db4294e9bfd3]::result::Result<(), alloc[2182bb758b4b3781]::string::String>>
[INFO] [stdout]   19:     0x64653fab8ad5 - test[9d35eded1c95d3be]::run_test::{closure#0}
[INFO] [stdout]   20:     0x64653fab2394 - std[70759c8f55707aa4]::sys::backtrace::__rust_begin_short_backtrace::<test[9d35eded1c95d3be]::run_test::{closure#1}, ()>
[INFO] [stdout]   21:     0x64653fabbc32 - <std[70759c8f55707aa4]::thread::lifecycle::spawn_unchecked<test[9d35eded1c95d3be]::run_test::{closure#1}, ()>::{closure#1} as core[df12db4294e9bfd3]::ops::function::FnOnce<()>>::call_once::{shim:vtable#0}
[INFO] [stdout]   22:     0x64654023ac99 - <std[70759c8f55707aa4]::sys::thread::unix::Thread>::new::thread_start
[INFO] [stdout]   23:     0x7194df7abdfa - <unknown>
[INFO] [stdout]   24:     0x7194df83f3d4 - clone
[INFO] [stdout]   25:                0x0 - <unknown>
[INFO] [stdout] 
[INFO] [stdout] ---- subscriptions::subscribe_returns_a_400_when_fields_are_present_but_invalid stdout ----
[INFO] [stdout] 
[INFO] [stdout] thread 'subscriptions::subscribe_returns_a_400_when_fields_are_present_but_invalid' (6432) panicked at tests/api/helper.rs:139:10:
[INFO] [stdout] Failed to connect to Postgres: Io(Os { code: 111, kind: ConnectionRefused, message: "Connection refused" })
[INFO] [stdout] stack backtrace:
[INFO] [stdout]    0:     0x64654023c051 - <<std[70759c8f55707aa4]::sys::backtrace::BacktraceLock>::print::DisplayBacktrace as core[df12db4294e9bfd3]::fmt::Display>::fmt
[INFO] [stdout]    1:     0x64654025678a - core[df12db4294e9bfd3]::fmt::write
[INFO] [stdout]    2:     0x64654024152c - <alloc[2182bb758b4b3781]::vec::Vec<u8> as core[df12db4294e9bfd3]::io::write::Write>::write_fmt
[INFO] [stdout]    3:     0x646540215796 - std[70759c8f55707aa4]::panicking::default_hook::{closure#0}
[INFO] [stdout]    4:     0x646540233679 - std[70759c8f55707aa4]::panicking::default_hook
[INFO] [stdout]    5:     0x64653fab8180 - test[9d35eded1c95d3be]::test_main_inner::<test[9d35eded1c95d3be]::test_main_static::{closure#0}>::{closure#0}
[INFO] [stdout]    6:     0x6465402339a2 - std[70759c8f55707aa4]::panicking::panic_with_hook
[INFO] [stdout]    7:     0x646540215842 - std[70759c8f55707aa4]::panicking::panic_handler::{closure#0}
[INFO] [stdout]    8:     0x64654020ddc9 - std[70759c8f55707aa4]::sys::backtrace::__rust_end_short_backtrace::<std[70759c8f55707aa4]::panicking::panic_handler::{closure#0}, !>
[INFO] [stdout]    9:     0x64654021673d - __rustc[8fa7c3cbc660c2b3]::rust_begin_unwind
[INFO] [stdout]   10:     0x646540256f6c - core[df12db4294e9bfd3]::panicking::panic_fmt
[INFO] [stdout]   11:     0x646540256d42 - core[df12db4294e9bfd3]::result::unwrap_failed
[INFO] [stdout]   12:     0x64653fa09ae1 - api[633fa9cd5f1e6c3b]::helper::spawn_app::{closure#0}
[INFO] [stdout]   13:     0x64653fa05e6e - api[633fa9cd5f1e6c3b]::subscriptions::subscribe_returns_a_400_when_fields_are_present_but_invalid::{closure#0}
[INFO] [stdout]   14:     0x64653f9e3e78 - <tokio[e647d48ba78a4778]::runtime::context::scoped::Scoped<tokio[e647d48ba78a4778]::runtime::scheduler::Context>>::set::<<tokio[e647d48ba78a4778]::runtime::scheduler::current_thread::CoreGuard>::enter<<tokio[e647d48ba78a4778]::runtime::scheduler::current_thread::CoreGuard>::block_on<core[df12db4294e9bfd3]::pin::Pin<&mut core[df12db4294e9bfd3]::pin::Pin<&mut dyn core[df12db4294e9bfd3]::future::future::Future<Output = ()>>>>::{closure#0}, core[df12db4294e9bfd3]::option::Option<()>>::{closure#0}, (alloc[2182bb758b4b3781]::boxed::Box<tokio[e647d48ba78a4778]::runtime::scheduler::current_thread::Core>, core[df12db4294e9bfd3]::option::Option<()>)>
[INFO] [stdout]   15:     0x64653f9e393d - <tokio[e647d48ba78a4778]::runtime::runtime::Runtime>::block_on::<core[df12db4294e9bfd3]::pin::Pin<&mut dyn core[df12db4294e9bfd3]::future::future::Future<Output = ()>>>
[INFO] [stdout]   16:     0x64653fa0bddb - api[633fa9cd5f1e6c3b]::subscriptions::subscribe_returns_a_400_when_fields_are_present_but_invalid
[INFO] [stdout]   17:     0x64653f9c3029 - <api[633fa9cd5f1e6c3b]::subscriptions::subscribe_returns_a_400_when_fields_are_present_but_invalid::{closure#0} as core[df12db4294e9bfd3]::ops::function::FnOnce<()>>::call_once
[INFO] [stdout]   18:     0x64653faab46b - test[9d35eded1c95d3be]::__rust_begin_short_backtrace::<core[df12db4294e9bfd3]::result::Result<(), alloc[2182bb758b4b3781]::string::String>, fn() -> core[df12db4294e9bfd3]::result::Result<(), alloc[2182bb758b4b3781]::string::String>>
[INFO] [stdout]   19:     0x64653fab8ad5 - test[9d35eded1c95d3be]::run_test::{closure#0}
[INFO] [stdout]   20:     0x64653fab2394 - std[70759c8f55707aa4]::sys::backtrace::__rust_begin_short_backtrace::<test[9d35eded1c95d3be]::run_test::{closure#1}, ()>
[INFO] [stdout]   21:     0x64653fabbc32 - <std[70759c8f55707aa4]::thread::lifecycle::spawn_unchecked<test[9d35eded1c95d3be]::run_test::{closure#1}, ()>::{closure#1} as core[df12db4294e9bfd3]::ops::function::FnOnce<()>>::call_once::{shim:vtable#0}
[INFO] [stdout]   22:     0x64654023ac99 - <std[70759c8f55707aa4]::sys::thread::unix::Thread>::new::thread_start
[INFO] [stdout]   23:     0x7194df7abdfa - <unknown>
[INFO] [stdout]   24:     0x7194df83f3d4 - clone
[INFO] [stdout]   25:                0x0 - <unknown>
[INFO] [stdout] 
[INFO] [stdout] ---- newsletter::newsletters_are_delivered_to_confirmed_subscribers stdout ----
[INFO] [stdout] 
[INFO] [stdout] thread 'newsletter::newsletters_are_delivered_to_confirmed_subscribers' (6427) panicked at tests/api/helper.rs:139:10:
[INFO] [stdout] Failed to connect to Postgres: Io(Os { code: 111, kind: ConnectionRefused, message: "Connection refused" })
[INFO] [stdout] stack backtrace:
[INFO] [stdout]    0:     0x64654023c051 - <<std[70759c8f55707aa4]::sys::backtrace::BacktraceLock>::print::DisplayBacktrace as core[df12db4294e9bfd3]::fmt::Display>::fmt
[INFO] [stdout]    1:     0x64654025678a - core[df12db4294e9bfd3]::fmt::write
[INFO] [stdout]    2:     0x64654024152c - <alloc[2182bb758b4b3781]::vec::Vec<u8> as core[df12db4294e9bfd3]::io::write::Write>::write_fmt
[INFO] [stdout]    3:     0x646540215796 - std[70759c8f55707aa4]::panicking::default_hook::{closure#0}
[INFO] [stdout]    4:     0x646540233679 - std[70759c8f55707aa4]::panicking::default_hook
[INFO] [stdout]    5:     0x64653fab8180 - test[9d35eded1c95d3be]::test_main_inner::<test[9d35eded1c95d3be]::test_main_static::{closure#0}>::{closure#0}
[INFO] [stdout]    6:     0x6465402339a2 - std[70759c8f55707aa4]::panicking::panic_with_hook
[INFO] [stdout]    7:     0x646540215842 - std[70759c8f55707aa4]::panicking::panic_handler::{closure#0}
[INFO] [stdout]    8:     0x64654020ddc9 - std[70759c8f55707aa4]::sys::backtrace::__rust_end_short_backtrace::<std[70759c8f55707aa4]::panicking::panic_handler::{closure#0}, !>
[INFO] [stdout]    9:     0x64654021673d - __rustc[8fa7c3cbc660c2b3]::rust_begin_unwind
[INFO] [stdout]   10:     0x646540256f6c - core[df12db4294e9bfd3]::panicking::panic_fmt
[INFO] [stdout]   11:     0x646540256d42 - core[df12db4294e9bfd3]::result::unwrap_failed
[INFO] [stdout]   12:     0x64653f9f4b96 - api[633fa9cd5f1e6c3b]::helper::spawn_app::{closure#0}
[INFO] [stdout]   13:     0x64653f9ef7ff - api[633fa9cd5f1e6c3b]::newsletter::newsletters_are_delivered_to_confirmed_subscribers::{closure#0}
[INFO] [stdout]   14:     0x64653f9e3e78 - <tokio[e647d48ba78a4778]::runtime::context::scoped::Scoped<tokio[e647d48ba78a4778]::runtime::scheduler::Context>>::set::<<tokio[e647d48ba78a4778]::runtime::scheduler::current_thread::CoreGuard>::enter<<tokio[e647d48ba78a4778]::runtime::scheduler::current_thread::CoreGuard>::block_on<core[df12db4294e9bfd3]::pin::Pin<&mut core[df12db4294e9bfd3]::pin::Pin<&mut dyn core[df12db4294e9bfd3]::future::future::Future<Output = ()>>>>::{closure#0}, core[df12db4294e9bfd3]::option::Option<()>>::{closure#0}, (alloc[2182bb758b4b3781]::boxed::Box<tokio[e647d48ba78a4778]::runtime::scheduler::current_thread::Core>, core[df12db4294e9bfd3]::option::Option<()>)>
[INFO] [stdout]   15:     0x64653f9e393d - <tokio[e647d48ba78a4778]::runtime::runtime::Runtime>::block_on::<core[df12db4294e9bfd3]::pin::Pin<&mut dyn core[df12db4294e9bfd3]::future::future::Future<Output = ()>>>
[INFO] [stdout]   16:     0x64653f9f5bfb - api[633fa9cd5f1e6c3b]::newsletter::newsletters_are_delivered_to_confirmed_subscribers
[INFO] [stdout]   17:     0x64653f9c2f09 - <api[633fa9cd5f1e6c3b]::newsletter::newsletters_are_delivered_to_confirmed_subscribers::{closure#0} as core[df12db4294e9bfd3]::ops::function::FnOnce<()>>::call_once
[INFO] [stdout]   18:     0x64653faab46b - test[9d35eded1c95d3be]::__rust_begin_short_backtrace::<core[df12db4294e9bfd3]::result::Result<(), alloc[2182bb758b4b3781]::string::String>, fn() -> core[df12db4294e9bfd3]::result::Result<(), alloc[2182bb758b4b3781]::string::String>>
[INFO] [stdout]   19:     0x64653fab8ad5 - test[9d35eded1c95d3be]::run_test::{closure#0}
[INFO] [stdout]   20:     0x64653fab2394 - std[70759c8f55707aa4]::sys::backtrace::__rust_begin_short_backtrace::<test[9d35eded1c95d3be]::run_test::{closure#1}, ()>
[INFO] [stdout]   21:     0x64653fabbc32 - <std[70759c8f55707aa4]::thread::lifecycle::spawn_unchecked<test[9d35eded1c95d3be]::run_test::{closure#1}, ()>::{closure#1} as core[df12db4294e9bfd3]::ops::function::FnOnce<()>>::call_once::{shim:vtable#0}
[INFO] [stdout]   22:     0x64654023ac99 - <std[70759c8f55707aa4]::sys::thread::unix::Thread>::new::thread_start
[INFO] [stdout]   23:     0x7194df7abdfa - <unknown>
[INFO] [stdout]   24:     0x7194df83f3d4 - clone
[INFO] [stdout]   25:                0x0 - <unknown>
[INFO] [stdout] 
[INFO] [stdout] ---- subscriptions::subscribe_sends_a_confirmation_email_with_a_link stdout ----
[INFO] [stdout] 
[INFO] [stdout] thread 'subscriptions::subscribe_sends_a_confirmation_email_with_a_link' (6442) panicked at tests/api/helper.rs:139:10:
[INFO] [stdout] Failed to connect to Postgres: Io(Os { code: 111, kind: ConnectionRefused, message: "Connection refused" })
[INFO] [stdout] stack backtrace:
[INFO] [stdout]    0:     0x64654023c051 - <<std[70759c8f55707aa4]::sys::backtrace::BacktraceLock>::print::DisplayBacktrace as core[df12db4294e9bfd3]::fmt::Display>::fmt
[INFO] [stdout]    1:     0x64654025678a - core[df12db4294e9bfd3]::fmt::write
[INFO] [stdout]    2:     0x64654024152c - <alloc[2182bb758b4b3781]::vec::Vec<u8> as core[df12db4294e9bfd3]::io::write::Write>::write_fmt
[INFO] [stdout]    3:     0x646540215796 - std[70759c8f55707aa4]::panicking::default_hook::{closure#0}
[INFO] [stdout]    4:     0x646540233679 - std[70759c8f55707aa4]::panicking::default_hook
[INFO] [stdout]    5:     0x64653fab8180 - test[9d35eded1c95d3be]::test_main_inner::<test[9d35eded1c95d3be]::test_main_static::{closure#0}>::{closure#0}
[INFO] [stdout]    6:     0x6465402339a2 - std[70759c8f55707aa4]::panicking::panic_with_hook
[INFO] [stdout]    7:     0x646540215842 - std[70759c8f55707aa4]::panicking::panic_handler::{closure#0}
[INFO] [stdout]    8:     0x64654020ddc9 - std[70759c8f55707aa4]::sys::backtrace::__rust_end_short_backtrace::<std[70759c8f55707aa4]::panicking::panic_handler::{closure#0}, !>
[INFO] [stdout]    9:     0x64654021673d - __rustc[8fa7c3cbc660c2b3]::rust_begin_unwind
[INFO] [stdout]   10:     0x646540256f6c - core[df12db4294e9bfd3]::panicking::panic_fmt
[INFO] [stdout]   11:     0x646540256d42 - core[df12db4294e9bfd3]::result::unwrap_failed
[INFO] [stdout]   12:     0x64653fa09ae1 - api[633fa9cd5f1e6c3b]::helper::spawn_app::{closure#0}
[INFO] [stdout]   13:     0x64653fa0463f - api[633fa9cd5f1e6c3b]::subscriptions::subscribe_sends_a_confirmation_email_with_a_link::{closure#0}
[INFO] [stdout]   14:     0x64653f9e3e78 - <tokio[e647d48ba78a4778]::runtime::context::scoped::Scoped<tokio[e647d48ba78a4778]::runtime::scheduler::Context>>::set::<<tokio[e647d48ba78a4778]::runtime::scheduler::current_thread::CoreGuard>::enter<<tokio[e647d48ba78a4778]::runtime::scheduler::current_thread::CoreGuard>::block_on<core[df12db4294e9bfd3]::pin::Pin<&mut core[df12db4294e9bfd3]::pin::Pin<&mut dyn core[df12db4294e9bfd3]::future::future::Future<Output = ()>>>>::{closure#0}, core[df12db4294e9bfd3]::option::Option<()>>::{closure#0}, (alloc[2182bb758b4b3781]::boxed::Box<tokio[e647d48ba78a4778]::runtime::scheduler::current_thread::Core>, core[df12db4294e9bfd3]::option::Option<()>)>
[INFO] [stdout]   15:     0x64653f9e393d - <tokio[e647d48ba78a4778]::runtime::runtime::Runtime>::block_on::<core[df12db4294e9bfd3]::pin::Pin<&mut dyn core[df12db4294e9bfd3]::future::future::Future<Output = ()>>>
[INFO] [stdout]   16:     0x64653fa0b89b - api[633fa9cd5f1e6c3b]::subscriptions::subscribe_sends_a_confirmation_email_with_a_link
[INFO] [stdout]   17:     0x64653f9c2fa9 - <api[633fa9cd5f1e6c3b]::subscriptions::subscribe_sends_a_confirmation_email_with_a_link::{closure#0} as core[df12db4294e9bfd3]::ops::function::FnOnce<()>>::call_once
[INFO] [stdout]   18:     0x64653faab46b - test[9d35eded1c95d3be]::__rust_begin_short_backtrace::<core[df12db4294e9bfd3]::result::Result<(), alloc[2182bb758b4b3781]::string::String>, fn() -> core[df12db4294e9bfd3]::result::Result<(), alloc[2182bb758b4b3781]::string::String>>
[INFO] [stdout]   19:     0x64653fab8ad5 - test[9d35eded1c95d3be]::run_test::{closure#0}
[INFO] [stdout]   20:     0x64653fab2394 - std[70759c8f55707aa4]::sys::backtrace::__rust_begin_short_backtrace::<test[9d35eded1c95d3be]::run_test::{closure#1}, ()>
[INFO] [stdout]   21:     0x64653fabbc32 - <std[70759c8f55707aa4]::thread::lifecycle::spawn_unchecked<test[9d35eded1c95d3be]::run_test::{closure#1}, ()>::{closure#1} as core[df12db4294e9bfd3]::ops::function::FnOnce<()>>::call_once::{shim:vtable#0}
[INFO] [stdout]   22:     0x64654023ac99 - <std[70759c8f55707aa4]::sys::thread::unix::Thread>::new::thread_start
[INFO] [stdout]   23:     0x7194df7abdfa - <unknown>
[INFO] [stdout]   24:     0x7194df83f3d4 - clone
[INFO] [stdout]   25:                0x0 - <unknown>
[INFO] [stdout] 
[INFO] [stdout] ---- subscriptions_confirm::the_link_returned_by_subscribe_returns_2_200_if_called stdout ----
[INFO] [stdout] 
[INFO] [stdout] thread 'subscriptions_confirm::the_link_returned_by_subscribe_returns_2_200_if_called' (6447) panicked at tests/api/helper.rs:139:10:
[INFO] [stdout] Failed to connect to Postgres: Io(Os { code: 111, kind: ConnectionRefused, message: "Connection refused" })
[INFO] [stdout] stack backtrace:
[INFO] [stdout]    0:     0x64654023c051 - <<std[70759c8f55707aa4]::sys::backtrace::BacktraceLock>::print::DisplayBacktrace as core[df12db4294e9bfd3]::fmt::Display>::fmt
[INFO] [stdout]    1:     0x64654025678a - core[df12db4294e9bfd3]::fmt::write
[INFO] [stdout]    2:     0x64654024152c - <alloc[2182bb758b4b3781]::vec::Vec<u8> as core[df12db4294e9bfd3]::io::write::Write>::write_fmt
[INFO] [stdout]    3:     0x646540215796 - std[70759c8f55707aa4]::panicking::default_hook::{closure#0}
[INFO] [stdout]    4:     0x646540233679 - std[70759c8f55707aa4]::panicking::default_hook
[INFO] [stdout]    5:     0x64653fab8180 - test[9d35eded1c95d3be]::test_main_inner::<test[9d35eded1c95d3be]::test_main_static::{closure#0}>::{closure#0}
[INFO] [stdout]    6:     0x6465402339a2 - std[70759c8f55707aa4]::panicking::panic_with_hook
[INFO] [stdout]    7:     0x646540215842 - std[70759c8f55707aa4]::panicking::panic_handler::{closure#0}
[INFO] [stdout]    8:     0x64654020ddc9 - std[70759c8f55707aa4]::sys::backtrace::__rust_end_short_backtrace::<std[70759c8f55707aa4]::panicking::panic_handler::{closure#0}, !>
[INFO] [stdout]    9:     0x64654021673d - __rustc[8fa7c3cbc660c2b3]::rust_begin_unwind
[INFO] [stdout]   10:     0x646540256f6c - core[df12db4294e9bfd3]::panicking::panic_fmt
[INFO] [stdout]   11:     0x646540256d42 - core[df12db4294e9bfd3]::result::unwrap_failed
[INFO] [stdout]   12:     0x64653f9bedd1 - api[633fa9cd5f1e6c3b]::helper::spawn_app::{closure#0}
[INFO] [stdout]   13:     0x64653f9b968f - api[633fa9cd5f1e6c3b]::subscriptions_confirm::the_link_returned_by_subscribe_returns_2_200_if_called::{closure#0}
[INFO] [stdout]   14:     0x64653f9e3e78 - <tokio[e647d48ba78a4778]::runtime::context::scoped::Scoped<tokio[e647d48ba78a4778]::runtime::scheduler::Context>>::set::<<tokio[e647d48ba78a4778]::runtime::scheduler::current_thread::CoreGuard>::enter<<tokio[e647d48ba78a4778]::runtime::scheduler::current_thread::CoreGuard>::block_on<core[df12db4294e9bfd3]::pin::Pin<&mut core[df12db4294e9bfd3]::pin::Pin<&mut dyn core[df12db4294e9bfd3]::future::future::Future<Output = ()>>>>::{closure#0}, core[df12db4294e9bfd3]::option::Option<()>>::{closure#0}, (alloc[2182bb758b4b3781]::boxed::Box<tokio[e647d48ba78a4778]::runtime::scheduler::current_thread::Core>, core[df12db4294e9bfd3]::option::Option<()>)>
[INFO] [stdout]   15:     0x64653f9e393d - <tokio[e647d48ba78a4778]::runtime::runtime::Runtime>::block_on::<core[df12db4294e9bfd3]::pin::Pin<&mut dyn core[df12db4294e9bfd3]::future::future::Future<Output = ()>>>
[INFO] [stdout]   16:     0x64653f9c327e - <api[633fa9cd5f1e6c3b]::subscriptions_confirm::the_link_returned_by_subscribe_returns_2_200_if_called::{closure#0} as core[df12db4294e9bfd3]::ops::function::FnOnce<()>>::call_once
[INFO] [stdout]   17:     0x64653faab46b - test[9d35eded1c95d3be]::__rust_begin_short_backtrace::<core[df12db4294e9bfd3]::result::Result<(), alloc[2182bb758b4b3781]::string::String>, fn() -> core[df12db4294e9bfd3]::result::Result<(), alloc[2182bb758b4b3781]::string::String>>
[INFO] [stdout]   18:     0x64653fab8ad5 - test[9d35eded1c95d3be]::run_test::{closure#0}
[INFO] [stdout]   19:     0x64653fab2394 - std[70759c8f55707aa4]::sys::backtrace::__rust_begin_short_backtrace::<test[9d35eded1c95d3be]::run_test::{closure#1}, ()>
[INFO] [stdout]   20:     0x64653fabbc32 - <std[70759c8f55707aa4]::thread::lifecycle::spawn_unchecked<test[9d35eded1c95d3be]::run_test::{closure#1}, ()>::{closure#1} as core[df12db4294e9bfd3]::ops::function::FnOnce<()>>::call_once::{shim:vtable#0}
[INFO] [stdout]   21:     0x64654023ac99 - <std[70759c8f55707aa4]::sys::thread::unix::Thread>::new::thread_start
[INFO] [stdout]   22:     0x7194df7abdfa - <unknown>
[INFO] [stdout]   23:     0x7194df83f3d4 - clone
[INFO] [stdout]   24:                0x0 - <unknown>
[INFO] [stdout] 
[INFO] [stdout] ---- subscriptions::test_subscribe_returns_200_for_valid_form_data stdout ----
[INFO] [stdout] 
[INFO] [stdout] thread 'subscriptions::test_subscribe_returns_200_for_valid_form_data' (6443) panicked at tests/api/helper.rs:139:10:
[INFO] [stdout] Failed to connect to Postgres: Io(Os { code: 111, kind: ConnectionRefused, message: "Connection refused" })
[INFO] [stdout] stack backtrace:
[INFO] [stdout]    0:     0x64654023c051 - <<std[70759c8f55707aa4]::sys::backtrace::BacktraceLock>::print::DisplayBacktrace as core[df12db4294e9bfd3]::fmt::Display>::fmt
[INFO] [stdout]    1:     0x64654025678a - core[df12db4294e9bfd3]::fmt::write
[INFO] [stdout]    2:     0x64654024152c - <alloc[2182bb758b4b3781]::vec::Vec<u8> as core[df12db4294e9bfd3]::io::write::Write>::write_fmt
[INFO] [stdout]    3:     0x646540215796 - std[70759c8f55707aa4]::panicking::default_hook::{closure#0}
[INFO] [stdout]    4:     0x646540233679 - std[70759c8f55707aa4]::panicking::default_hook
[INFO] [stdout]    5:     0x64653fab8180 - test[9d35eded1c95d3be]::test_main_inner::<test[9d35eded1c95d3be]::test_main_static::{closure#0}>::{closure#0}
[INFO] [stdout]    6:     0x6465402339a2 - std[70759c8f55707aa4]::panicking::panic_with_hook
[INFO] [stdout]    7:     0x646540215842 - std[70759c8f55707aa4]::panicking::panic_handler::{closure#0}
[INFO] [stdout]    8:     0x64654020ddc9 - std[70759c8f55707aa4]::sys::backtrace::__rust_end_short_backtrace::<std[70759c8f55707aa4]::panicking::panic_handler::{closure#0}, !>
[INFO] [stdout]    9:     0x64654021673d - __rustc[8fa7c3cbc660c2b3]::rust_begin_unwind
[INFO] [stdout]   10:     0x646540256f6c - core[df12db4294e9bfd3]::panicking::panic_fmt
[INFO] [stdout]   11:     0x646540256d42 - core[df12db4294e9bfd3]::result::unwrap_failed
[INFO] [stdout]   12:     0x64653fa09ae1 - api[633fa9cd5f1e6c3b]::helper::spawn_app::{closure#0}
[INFO] [stdout]   13:     0x64653fa040df - api[633fa9cd5f1e6c3b]::subscriptions::test_subscribe_returns_200_for_valid_form_data::{closure#0}
[INFO] [stdout]   14:     0x64653f9e3e78 - <tokio[e647d48ba78a4778]::runtime::context::scoped::Scoped<tokio[e647d48ba78a4778]::runtime::scheduler::Context>>::set::<<tokio[e647d48ba78a4778]::runtime::scheduler::current_thread::CoreGuard>::enter<<tokio[e647d48ba78a4778]::runtime::scheduler::current_thread::CoreGuard>::block_on<core[df12db4294e9bfd3]::pin::Pin<&mut core[df12db4294e9bfd3]::pin::Pin<&mut dyn core[df12db4294e9bfd3]::future::future::Future<Output = ()>>>>::{closure#0}, core[df12db4294e9bfd3]::option::Option<()>>::{closure#0}, (alloc[2182bb758b4b3781]::boxed::Box<tokio[e647d48ba78a4778]::runtime::scheduler::current_thread::Core>, core[df12db4294e9bfd3]::option::Option<()>)>
[INFO] [stdout]   15:     0x64653f9e393d - <tokio[e647d48ba78a4778]::runtime::runtime::Runtime>::block_on::<core[df12db4294e9bfd3]::pin::Pin<&mut dyn core[df12db4294e9bfd3]::future::future::Future<Output = ()>>>
[INFO] [stdout]   16:     0x64653fa0b74b - api[633fa9cd5f1e6c3b]::subscriptions::test_subscribe_returns_200_for_valid_form_data
[INFO] [stdout]   17:     0x64653f9c2f89 - <api[633fa9cd5f1e6c3b]::subscriptions::test_subscribe_returns_200_for_valid_form_data::{closure#0} as core[df12db4294e9bfd3]::ops::function::FnOnce<()>>::call_once
[INFO] [stdout]   18:     0x64653faab46b - test[9d35eded1c95d3be]::__rust_begin_short_backtrace::<core[df12db4294e9bfd3]::result::Result<(), alloc[2182bb758b4b3781]::string::String>, fn() -> core[df12db4294e9bfd3]::result::Result<(), alloc[2182bb758b4b3781]::string::String>>
[INFO] [stdout]   19:     0x64653fab8ad5 - test[9d35eded1c95d3be]::run_test::{closure#0}
[INFO] [stdout]   20:     0x64653fab2394 - std[70759c8f55707aa4]::sys::backtrace::__rust_begin_short_backtrace::<test[9d35eded1c95d3be]::run_test::{closure#1}, ()>
[INFO] [stdout]   21:     0x64653fabbc32 - <std[70759c8f55707aa4]::thread::lifecycle::spawn_unchecked<test[9d35eded1c95d3be]::run_test::{closure#1}, ()>::{closure#1} as core[df12db4294e9bfd3]::ops::function::FnOnce<()>>::call_once::{shim:vtable#0}
[INFO] [stdout]   22:     0x64654023ac99 - <std[70759c8f55707aa4]::sys::thread::unix::Thread>::new::thread_start
[INFO] [stdout]   23:     0x7194df7abdfa - <unknown>
[INFO] [stdout]   24:     0x7194df83f3d4 - clone
[INFO] [stdout]   25:                0x0 - <unknown>
[INFO] [stdout] 
[INFO] [stdout] ---- subscriptions::test_subscribe_returns_a_400_when_data_is_missing stdout ----
[INFO] [stdout] 
[INFO] [stdout] thread 'subscriptions::test_subscribe_returns_a_400_when_data_is_missing' (6444) panicked at tests/api/helper.rs:139:10:
[INFO] [stdout] Failed to connect to Postgres: Io(Os { code: 111, kind: ConnectionRefused, message: "Connection refused" })
[INFO] [stdout] stack backtrace:
[INFO] [stdout]    0:     0x64654023c051 - <<std[70759c8f55707aa4]::sys::backtrace::BacktraceLock>::print::DisplayBacktrace as core[df12db4294e9bfd3]::fmt::Display>::fmt
[INFO] [stdout]    1:     0x64654025678a - core[df12db4294e9bfd3]::fmt::write
[INFO] [stdout]    2:     0x64654024152c - <alloc[2182bb758b4b3781]::vec::Vec<u8> as core[df12db4294e9bfd3]::io::write::Write>::write_fmt
[INFO] [stdout]    3:     0x646540215796 - std[70759c8f55707aa4]::panicking::default_hook::{closure#0}
[INFO] [stdout]    4:     0x646540233679 - std[70759c8f55707aa4]::panicking::default_hook
[INFO] [stdout]    5:     0x64653fab8180 - test[9d35eded1c95d3be]::test_main_inner::<test[9d35eded1c95d3be]::test_main_static::{closure#0}>::{closure#0}
[INFO] [stdout]    6:     0x6465402339a2 - std[70759c8f55707aa4]::panicking::panic_with_hook
[INFO] [stdout]    7:     0x646540215842 - std[70759c8f55707aa4]::panicking::panic_handler::{closure#0}
[INFO] [stdout]    8:     0x64654020ddc9 - std[70759c8f55707aa4]::sys::backtrace::__rust_end_short_backtrace::<std[70759c8f55707aa4]::panicking::panic_handler::{closure#0}, !>
[INFO] [stdout]    9:     0x64654021673d - __rustc[8fa7c3cbc660c2b3]::rust_begin_unwind
[INFO] [stdout]   10:     0x646540256f6c - core[df12db4294e9bfd3]::panicking::panic_fmt
[INFO] [stdout]   11:     0x646540256d42 - core[df12db4294e9bfd3]::result::unwrap_failed
[INFO] [stdout]   12:     0x64653fa09ae1 - api[633fa9cd5f1e6c3b]::helper::spawn_app::{closure#0}
[INFO] [stdout]   13:     0x64653fa0517e - api[633fa9cd5f1e6c3b]::subscriptions::test_subscribe_returns_a_400_when_data_is_missing::{closure#0}
[INFO] [stdout]   14:     0x64653f9e3e78 - <tokio[e647d48ba78a4778]::runtime::context::scoped::Scoped<tokio[e647d48ba78a4778]::runtime::scheduler::Context>>::set::<<tokio[e647d48ba78a4778]::runtime::scheduler::current_thread::CoreGuard>::enter<<tokio[e647d48ba78a4778]::runtime::scheduler::current_thread::CoreGuard>::block_on<core[df12db4294e9bfd3]::pin::Pin<&mut core[df12db4294e9bfd3]::pin::Pin<&mut dyn core[df12db4294e9bfd3]::future::future::Future<Output = ()>>>>::{closure#0}, core[df12db4294e9bfd3]::option::Option<()>>::{closure#0}, (alloc[2182bb758b4b3781]::boxed::Box<tokio[e647d48ba78a4778]::runtime::scheduler::current_thread::Core>, core[df12db4294e9bfd3]::option::Option<()>)>
[INFO] [stdout]   15:     0x64653f9e393d - <tokio[e647d48ba78a4778]::runtime::runtime::Runtime>::block_on::<core[df12db4294e9bfd3]::pin::Pin<&mut dyn core[df12db4294e9bfd3]::future::future::Future<Output = ()>>>
[INFO] [stdout]   16:     0x64653fa0b9eb - api[633fa9cd5f1e6c3b]::subscriptions::test_subscribe_returns_a_400_when_data_is_missing
[INFO] [stdout]   17:     0x64653f9c2fc9 - <api[633fa9cd5f1e6c3b]::subscriptions::test_subscribe_returns_a_400_when_data_is_missing::{closure#0} as core[df12db4294e9bfd3]::ops::function::FnOnce<()>>::call_once
[INFO] [stdout]   18:     0x64653faab46b - test[9d35eded1c95d3be]::__rust_begin_short_backtrace::<core[df12db4294e9bfd3]::result::Result<(), alloc[2182bb758b4b3781]::string::String>, fn() -> core[df12db4294e9bfd3]::result::Result<(), alloc[2182bb758b4b3781]::string::String>>
[INFO] [stdout]   19:     0x64653fab8ad5 - test[9d35eded1c95d3be]::run_test::{closure#0}
[INFO] [stdout]   20:     0x64653fab2394 - std[70759c8f55707aa4]::sys::backtrace::__rust_begin_short_backtrace::<test[9d35eded1c95d3be]::run_test::{closure#1}, ()>
[INFO] [stdout]   21:     0x64653fabbc32 - <std[70759c8f55707aa4]::thread::lifecycle::spawn_unchecked<test[9d35eded1c95d3be]::run_test::{closure#1}, ()>::{closure#1} as core[df12db4294e9bfd3]::ops::function::FnOnce<()>>::call_once::{shim:vtable#0}
[INFO] [stdout]   22:     0x64654023ac99 - <std[70759c8f55707aa4]::sys::thread::unix::Thread>::new::thread_start
[INFO] [stdout]   23:     0x7194df7abdfa - <unknown>
[INFO] [stdout]   24:     0x7194df83f3d4 - clone
[INFO] [stdout]   25:                0x0 - <unknown>
[INFO] [stdout] 
[INFO] [stdout] ---- subscriptions_confirm::confirmations_without_token_are_rejected_with_a_400 stdout ----
[INFO] [stdout] 
[INFO] [stdout] thread 'subscriptions_confirm::confirmations_without_token_are_rejected_with_a_400' (6446) panicked at tests/api/helper.rs:139:10:
[INFO] [stdout] Failed to connect to Postgres: Io(Os { code: 111, kind: ConnectionRefused, message: "Connection refused" })
[INFO] [stdout] stack backtrace:
[INFO] [stdout]    0:     0x64654023c051 - <<std[70759c8f55707aa4]::sys::backtrace::BacktraceLock>::print::DisplayBacktrace as core[df12db4294e9bfd3]::fmt::Display>::fmt
[INFO] [stdout]    1:     0x64654025678a - core[df12db4294e9bfd3]::fmt::write
[INFO] [stdout]    2:     0x64654024152c - <alloc[2182bb758b4b3781]::vec::Vec<u8> as core[df12db4294e9bfd3]::io::write::Write>::write_fmt
[INFO] [stdout]    3:     0x646540215796 - std[70759c8f55707aa4]::panicking::default_hook::{closure#0}
[INFO] [stdout]    4:     0x646540233679 - std[70759c8f55707aa4]::panicking::default_hook
[INFO] [stdout]    5:     0x64653fab8180 - test[9d35eded1c95d3be]::test_main_inner::<test[9d35eded1c95d3be]::test_main_static::{closure#0}>::{closure#0}
[INFO] [stdout]    6:     0x6465402339a2 - std[70759c8f55707aa4]::panicking::panic_with_hook
[INFO] [stdout]    7:     0x646540215842 - std[70759c8f55707aa4]::panicking::panic_handler::{closure#0}
[INFO] [stdout]    8:     0x64654020ddc9 - std[70759c8f55707aa4]::sys::backtrace::__rust_end_short_backtrace::<std[70759c8f55707aa4]::panicking::panic_handler::{closure#0}, !>
[INFO] [stdout]    9:     0x64654021673d - __rustc[8fa7c3cbc660c2b3]::rust_begin_unwind
[INFO] [stdout]   10:     0x646540256f6c - core[df12db4294e9bfd3]::panicking::panic_fmt
[INFO] [stdout]   11:     0x646540256d42 - core[df12db4294e9bfd3]::result::unwrap_failed
[INFO] [stdout]   12:     0x64653f9bedd1 - api[633fa9cd5f1e6c3b]::helper::spawn_app::{closure#0}
[INFO] [stdout]   13:     0x64653f9b90af - api[633fa9cd5f1e6c3b]::subscriptions_confirm::confirmations_without_token_are_rejected_with_a_400::{closure#0}
[INFO] [stdout]   14:     0x64653f9e3e78 - <tokio[e647d48ba78a4778]::runtime::context::scoped::Scoped<tokio[e647d48ba78a4778]::runtime::scheduler::Context>>::set::<<tokio[e647d48ba78a4778]::runtime::scheduler::current_thread::CoreGuard>::enter<<tokio[e647d48ba78a4778]::runtime::scheduler::current_thread::CoreGuard>::block_on<core[df12db4294e9bfd3]::pin::Pin<&mut core[df12db4294e9bfd3]::pin::Pin<&mut dyn core[df12db4294e9bfd3]::future::future::Future<Output = ()>>>>::{closure#0}, core[df12db4294e9bfd3]::option::Option<()>>::{closure#0}, (alloc[2182bb758b4b3781]::boxed::Box<tokio[e647d48ba78a4778]::runtime::scheduler::current_thread::Core>, core[df12db4294e9bfd3]::option::Option<()>)>
[INFO] [stdout]   15:     0x64653f9e393d - <tokio[e647d48ba78a4778]::runtime::runtime::Runtime>::block_on::<core[df12db4294e9bfd3]::pin::Pin<&mut dyn core[df12db4294e9bfd3]::future::future::Future<Output = ()>>>
[INFO] [stdout]   16:     0x64653f9c30de - <api[633fa9cd5f1e6c3b]::subscriptions_confirm::confirmations_without_token_are_rejected_with_a_400::{closure#0} as core[df12db4294e9bfd3]::ops::function::FnOnce<()>>::call_once
[INFO] [stdout]   17:     0x64653faab46b - test[9d35eded1c95d3be]::__rust_begin_short_backtrace::<core[df12db4294e9bfd3]::result::Result<(), alloc[2182bb758b4b3781]::string::String>, fn() -> core[df12db4294e9bfd3]::result::Result<(), alloc[2182bb758b4b3781]::string::String>>
[INFO] [stdout]   18:     0x64653fab8ad5 - test[9d35eded1c95d3be]::run_test::{closure#0}
[INFO] [stdout]   19:     0x64653fab2394 - std[70759c8f55707aa4]::sys::backtrace::__rust_begin_short_backtrace::<test[9d35eded1c95d3be]::run_test::{closure#1}, ()>
[INFO] [stdout]   20:     0x64653fabbc32 - <std[70759c8f55707aa4]::thread::lifecycle::spawn_unchecked<test[9d35eded1c95d3be]::run_test::{closure#1}, ()>::{closure#1} as core[df12db4294e9bfd3]::ops::function::FnOnce<()>>::call_once::{shim:vtable#0}
[INFO] [stdout]   21:     0x64654023ac99 - <std[70759c8f55707aa4]::sys::thread::unix::Thread>::new::thread_start
[INFO] [stdout]   22:     0x7194df7abdfa - <unknown>
[INFO] [stdout]   23:     0x7194df83f3d4 - clone
[INFO] [stdout]   24:                0x0 - <unknown>
[INFO] [stdout] 
[INFO] [stdout] ---- subscriptions_confirm::clicking_on_the_confirmation_link_confirms_a_subscriber stdout ----
[INFO] [stdout] 
[INFO] [stdout] thread 'subscriptions_confirm::clicking_on_the_confirmation_link_confirms_a_subscriber' (6445) panicked at tests/api/helper.rs:139:10:
[INFO] [stdout] Failed to connect to Postgres: Io(Os { code: 111, kind: ConnectionRefused, message: "Connection refused" })
[INFO] [stdout] stack backtrace:
[INFO] [stdout]    0:     0x64654023c051 - <<std[70759c8f55707aa4]::sys::backtrace::BacktraceLock>::print::DisplayBacktrace as core[df12db4294e9bfd3]::fmt::Display>::fmt
[INFO] [stdout]    1:     0x64654025678a - core[df12db4294e9bfd3]::fmt::write
[INFO] [stdout]    2:     0x64654024152c - <alloc[2182bb758b4b3781]::vec::Vec<u8> as core[df12db4294e9bfd3]::io::write::Write>::write_fmt
[INFO] [stdout]    3:     0x646540215796 - std[70759c8f55707aa4]::panicking::default_hook::{closure#0}
[INFO] [stdout]    4:     0x646540233679 - std[70759c8f55707aa4]::panicking::default_hook
[INFO] [stdout]    5:     0x64653fab8180 - test[9d35eded1c95d3be]::test_main_inner::<test[9d35eded1c95d3be]::test_main_static::{closure#0}>::{closure#0}
[INFO] [stdout]    6:     0x6465402339a2 - std[70759c8f55707aa4]::panicking::panic_with_hook
[INFO] [stdout]    7:     0x646540215842 - std[70759c8f55707aa4]::panicking::panic_handler::{closure#0}
[INFO] [stdout]    8:     0x64654020ddc9 - std[70759c8f55707aa4]::sys::backtrace::__rust_end_short_backtrace::<std[70759c8f55707aa4]::panicking::panic_handler::{closure#0}, !>
[INFO] [stdout]    9:     0x64654021673d - __rustc[8fa7c3cbc660c2b3]::rust_begin_unwind
[INFO] [stdout]   10:     0x646540256f6c - core[df12db4294e9bfd3]::panicking::panic_fmt
[INFO] [stdout]   11:     0x646540256d42 - core[df12db4294e9bfd3]::result::unwrap_failed
[INFO] [stdout]   12:     0x64653f9bedd1 - api[633fa9cd5f1e6c3b]::helper::spawn_app::{closure#0}
[INFO] [stdout]   13:     0x64653f9ba01f - api[633fa9cd5f1e6c3b]::subscriptions_confirm::clicking_on_the_confirmation_link_confirms_a_subscriber::{closure#0}
[INFO] [stdout]   14:     0x64653f9e3e78 - <tokio[e647d48ba78a4778]::runtime::context::scoped::Scoped<tokio[e647d48ba78a4778]::runtime::scheduler::Context>>::set::<<tokio[e647d48ba78a4778]::runtime::scheduler::current_thread::CoreGuard>::enter<<tokio[e647d48ba78a4778]::runtime::scheduler::current_thread::CoreGuard>::block_on<core[df12db4294e9bfd3]::pin::Pin<&mut core[df12db4294e9bfd3]::pin::Pin<&mut dyn core[df12db4294e9bfd3]::future::future::Future<Output = ()>>>>::{closure#0}, core[df12db4294e9bfd3]::option::Option<()>>::{closure#0}, (alloc[2182bb758b4b3781]::boxed::Box<tokio[e647d48ba78a4778]::runtime::scheduler::current_thread::Core>, core[df12db4294e9bfd3]::option::Option<()>)>
[INFO] [stdout]   15:     0x64653f9e393d - <tokio[e647d48ba78a4778]::runtime::runtime::Runtime>::block_on::<core[df12db4294e9bfd3]::pin::Pin<&mut dyn core[df12db4294e9bfd3]::future::future::Future<Output = ()>>>
[INFO] [stdout]   16:     0x64653f9c33de - <api[633fa9cd5f1e6c3b]::subscriptions_confirm::clicking_on_the_confirmation_link_confirms_a_subscriber::{closure#0} as core[df12db4294e9bfd3]::ops::function::FnOnce<()>>::call_once
[INFO] [stdout]   17:     0x64653faab46b - test[9d35eded1c95d3be]::__rust_begin_short_backtrace::<core[df12db4294e9bfd3]::result::Result<(), alloc[2182bb758b4b3781]::string::String>, fn() -> core[df12db4294e9bfd3]::result::Result<(), alloc[2182bb758b4b3781]::string::String>>
[INFO] [stdout]   18:     0x64653fab8ad5 - test[9d35eded1c95d3be]::run_test::{closure#0}
[INFO] [stdout]   19:     0x64653fab2394 - std[70759c8f55707aa4]::sys::backtrace::__rust_begin_short_backtrace::<test[9d35eded1c95d3be]::run_test::{closure#1}, ()>
[INFO] [stdout]   20:     0x64653fabbc32 - <std[70759c8f55707aa4]::thread::lifecycle::spawn_unchecked<test[9d35eded1c95d3be]::run_test::{closure#1}, ()>::{closure#1} as core[df12db4294e9bfd3]::ops::function::FnOnce<()>>::call_once::{shim:vtable#0}
[INFO] [stdout]   21:     0x64654023ac99 - <std[70759c8f55707aa4]::sys::thread::unix::Thread>::new::thread_start
[INFO] [stdout]   22:     0x7194df7abdfa - <unknown>
[INFO] [stdout]   23:     0x7194df83f3d4 - clone
[INFO] [stdout]   24:                0x0 - <unknown>
[INFO] [stdout] 
[INFO] [stdout] 
[INFO] [stdout] failures:
[INFO] [stdout]     health_check::test_health_check_works
[INFO] [stdout]     newsletter::newsletters_are_delivered_to_confirmed_subscribers
[INFO] [stdout]     newsletter::newsletters_are_not_delivered_to_unconfirmed_subscribers
[INFO] [stdout]     newsletter::newsletters_returns_400_for_invalid_data
[INFO] [stdout]     subscriptions::subscribe_fails_if_there_is_a_fatal_database_error
[INFO] [stdout]     subscriptions::subscribe_persists_the_new_subscriber
[INFO] [stdout]     subscriptions::subscribe_returns_a_400_when_fields_are_present_but_invalid
[INFO] [stdout]     subscriptions::subscribe_sends_a_confirmation_email_for_valid_data
[INFO] [stdout]     subscriptions::subscribe_sends_a_confirmation_email_with_a_link
[INFO] [stdout]     subscriptions::test_subscribe_returns_200_for_valid_form_data
[INFO] [stdout]     subscriptions::test_subscribe_returns_a_400_when_data_is_missing
[INFO] [stdout]     subscriptions_confirm::clicking_on_the_confirmation_link_confirms_a_subscriber
[INFO] [stdout]     subscriptions_confirm::confirmations_without_token_are_rejected_with_a_400
[INFO] [stdout]     subscriptions_confirm::the_link_returned_by_subscribe_returns_2_200_if_called
[INFO] [stdout] 
[INFO] [stdout] test result: FAILED. 0 passed; 14 failed; 0 ignored; 0 measured; 0 filtered out; finished in 0.04s
[INFO] [stdout] 
[INFO] [stderr] error: test failed, to rerun pass `--test api`
[INFO] running `Command { std: "docker" "inspect" "d37bcef1b69c2f0169e782fade7179db4d7fde94f549b9323e7e16758c3d2d44", kill_on_drop: false }`
[INFO] running `Command { std: "docker" "rm" "-f" "d37bcef1b69c2f0169e782fade7179db4d7fde94f549b9323e7e16758c3d2d44", kill_on_drop: false }`
[INFO] [stdout] d37bcef1b69c2f0169e782fade7179db4d7fde94f549b9323e7e16758c3d2d44
