[INFO] cloning repository https://github.com/Ruegen/omarchy-video-to-dvd
[INFO] running `Command { std: "git" "-c" "credential.helper=" "-c" "credential.helper=/workspace/cargo-home/bin/git-credential-null" "clone" "--bare" "https://github.com/Ruegen/omarchy-video-to-dvd" "/workspace/cache/git-repos/https%3A%2F%2Fgithub.com%2FRuegen%2Fomarchy-video-to-dvd", kill_on_drop: false }`
[INFO] [stderr] Cloning into bare repository '/workspace/cache/git-repos/https%3A%2F%2Fgithub.com%2FRuegen%2Fomarchy-video-to-dvd'...
[INFO] running `Command { std: "git" "rev-parse" "HEAD", kill_on_drop: false }`
[INFO] [stdout] 7fc9b8ba4b3ff63e309649bff0d7eca1b2a9175d
[INFO] testing Ruegen/omarchy-video-to-dvd against 1.99.0-beta.8+cargoflags=--release for beta-release-1.100-2
[INFO] running `Command { std: "git" "clone" "/workspace/cache/git-repos/https%3A%2F%2Fgithub.com%2FRuegen%2Fomarchy-video-to-dvd" "/workspace/builds/worker-4-tc1/source", kill_on_drop: false }`
[INFO] [stderr] Cloning into '/workspace/builds/worker-4-tc1/source'...
[INFO] [stderr] done.
[INFO] started tweaking git repo https://github.com/Ruegen/omarchy-video-to-dvd
[INFO] finished tweaking git repo https://github.com/Ruegen/omarchy-video-to-dvd
[INFO] tweaked toml for git repo https://github.com/Ruegen/omarchy-video-to-dvd written to /workspace/builds/worker-4-tc1/source/Cargo.toml
[INFO] validating manifest of git repo https://github.com/Ruegen/omarchy-video-to-dvd on toolchain 1.99.0-beta.8
[INFO] running `Command { std: CARGO_HOME="/workspace/cargo-home" RUSTUP_HOME="/workspace/rustup-home" "/workspace/cargo-home/bin/cargo" "+1.99.0-beta.8" "metadata" "--manifest-path" "Cargo.toml" "--no-deps", kill_on_drop: false }`
[INFO] crate git repo https://github.com/Ruegen/omarchy-video-to-dvd already has a lockfile, it will not be regenerated
[INFO] running `Command { std: CARGO_HOME="/workspace/cargo-home" RUSTUP_HOME="/workspace/rustup-home" "/workspace/cargo-home/bin/cargo" "+1.99.0-beta.8" "fetch" "--manifest-path" "Cargo.toml", kill_on_drop: false }`
[INFO] [stderr]     Blocking waiting for file lock on package cache
[INFO] [stderr]     Blocking waiting for file lock on package cache
[INFO] running `Command { std: "docker" "create" "-v" "/var/lib/crater-agent-workspace/builds/worker-4-tc1/source:/opt/rustwide/workdir:ro,Z" "-v" "/var/lib/crater-agent-workspace/builds/worker-4-tc1/target:/opt/rustwide/target:rw,Z" "-v" "/var/lib/crater-agent-workspace/cargo-home:/opt/rustwide/cargo-home:ro,Z" "-v" "/var/lib/crater-agent-workspace/rustup-home:/opt/rustwide/rustup-home:ro,Z" "-m" "1610612736" "--network" "none" "ghcr.io/rust-lang/crates-build-env/linux@sha256:77db811e55d90add9212f6832c23229e3de5f1c1f9905e8cb07319ea15df73ac" "sleep" "infinity", kill_on_drop: false }`
[INFO] [stdout] f9123124dd4cd41e7a98acaf5ef2dece02be4ade3d891761ae3ed4f53351d0d5
[INFO] running `Command { std: "docker" "start" "f9123124dd4cd41e7a98acaf5ef2dece02be4ade3d891761ae3ed4f53351d0d5", kill_on_drop: false }`
[INFO] running `Command { std: "docker" "inspect" "f9123124dd4cd41e7a98acaf5ef2dece02be4ade3d891761ae3ed4f53351d0d5", kill_on_drop: false }`
[INFO] running `Command { std: "docker" "exec" "-e" "SOURCE_DIR=/opt/rustwide/workdir" "-e" "CARGO_HOME=/opt/rustwide/cargo-home" "-e" "RUSTUP_HOME=/opt/rustwide/rustup-home" "-e" "CARGO_TARGET_DIR=/opt/rustwide/target" "-w" "/opt/rustwide/workdir" "--user" "0:0" "f9123124dd4cd41e7a98acaf5ef2dece02be4ade3d891761ae3ed4f53351d0d5" "/opt/rustwide/cargo-home/bin/cargo" "+1.99.0-beta.8" "metadata" "--no-deps" "--format-version=1", kill_on_drop: false }`
[INFO] running `Command { std: "docker" "inspect" "f9123124dd4cd41e7a98acaf5ef2dece02be4ade3d891761ae3ed4f53351d0d5", kill_on_drop: false }`
[INFO] running `Command { std: "docker" "exec" "-e" "SOURCE_DIR=/opt/rustwide/workdir" "-e" "CARGO_HOME=/opt/rustwide/cargo-home" "-e" "RUSTUP_HOME=/opt/rustwide/rustup-home" "-e" "CARGO_TARGET_DIR=/opt/rustwide/target" "-e" "CARGO_INCREMENTAL=0" "-e" "RUST_BACKTRACE=full" "-e" "RUSTFLAGS=--cap-lints=warn" "-e" "RUSTDOCFLAGS=--cap-lints=warn" "-w" "/opt/rustwide/workdir" "--user" "0:0" "f9123124dd4cd41e7a98acaf5ef2dece02be4ade3d891761ae3ed4f53351d0d5" "/opt/rustwide/cargo-home/bin/cargo" "+1.99.0-beta.8" "build" "--frozen" "--message-format=json" "--release", kill_on_drop: false }`
[INFO] [stderr]    Compiling libc v0.2.189
[INFO] [stderr]    Compiling rustix v1.1.4
[INFO] [stderr]    Compiling getrandom v0.4.3
[INFO] [stderr]    Compiling bitflags v2.13.1
[INFO] [stderr]    Compiling signal-hook v0.3.18
[INFO] [stderr]    Compiling linux-raw-sys v0.12.1
[INFO] [stderr]    Compiling cfg-if v1.0.4
[INFO] [stderr]    Compiling fastrand v2.5.0
[INFO] [stderr]    Compiling once_cell v1.21.4
[INFO] [stderr]    Compiling errno v0.3.14
[INFO] [stderr]    Compiling signal-hook-registry v1.4.8
[INFO] [stderr]    Compiling tempfile v3.27.0
[INFO] [stderr]    Compiling oma-dvd v1.2.0 (/opt/rustwide/workdir)
[INFO] [stderr]     Finished `release` profile [optimized] target(s) in 9.53s
[INFO] running `Command { std: "docker" "inspect" "f9123124dd4cd41e7a98acaf5ef2dece02be4ade3d891761ae3ed4f53351d0d5", kill_on_drop: false }`
[INFO] running `Command { std: "docker" "exec" "-e" "SOURCE_DIR=/opt/rustwide/workdir" "-e" "CARGO_HOME=/opt/rustwide/cargo-home" "-e" "RUSTUP_HOME=/opt/rustwide/rustup-home" "-e" "CARGO_TARGET_DIR=/opt/rustwide/target" "-e" "CARGO_INCREMENTAL=0" "-e" "RUST_BACKTRACE=full" "-e" "RUSTFLAGS=--cap-lints=warn" "-e" "RUSTDOCFLAGS=--cap-lints=warn" "-w" "/opt/rustwide/workdir" "--user" "0:0" "f9123124dd4cd41e7a98acaf5ef2dece02be4ade3d891761ae3ed4f53351d0d5" "/opt/rustwide/cargo-home/bin/cargo" "+1.99.0-beta.8" "test" "--frozen" "--no-run" "--message-format=json" "--release", kill_on_drop: false }`
[INFO] [stderr]    Compiling oma-dvd v1.2.0 (/opt/rustwide/workdir)
[INFO] [stderr]     Finished `release` profile [optimized] target(s) in 2.18s
[INFO] running `Command { std: "docker" "inspect" "f9123124dd4cd41e7a98acaf5ef2dece02be4ade3d891761ae3ed4f53351d0d5", kill_on_drop: false }`
[INFO] running `Command { std: "docker" "exec" "-e" "SOURCE_DIR=/opt/rustwide/workdir" "-e" "CARGO_HOME=/opt/rustwide/cargo-home" "-e" "RUSTUP_HOME=/opt/rustwide/rustup-home" "-e" "CARGO_TARGET_DIR=/opt/rustwide/target" "-e" "CARGO_INCREMENTAL=0" "-e" "RUST_BACKTRACE=full" "-e" "RUSTFLAGS=--cap-lints=warn" "-e" "RUSTDOCFLAGS=--cap-lints=warn" "-w" "/opt/rustwide/workdir" "--user" "0:0" "f9123124dd4cd41e7a98acaf5ef2dece02be4ade3d891761ae3ed4f53351d0d5" "/opt/rustwide/cargo-home/bin/cargo" "+1.99.0-beta.8" "test" "--frozen" "--release", kill_on_drop: false }`
[INFO] [stderr]     Finished `release` profile [optimized] target(s) in 0.05s
[INFO] [stderr]      Running unittests src/lib.rs (/opt/rustwide/target/release/deps/oma_dvd-dd85e129be0c7c5f)
[INFO] [stdout] 
[INFO] [stdout] running 25 tests
[INFO] [stdout] test burn::tests::burn_progress_moves_on_newlines_before_eof ... ok
[INFO] [stdout] test burn::tests::burn_progress_moves_when_percent_splits_across_reads ... ok
[INFO] [stdout] test burn::tests::burn_percent_plain ... ok
[INFO] [stdout] test classify::tests::eta_wall_clock ... ok
[INFO] [stdout] test burn::tests::burn_percent_paren ... ok
[INFO] [stdout] test classify::tests::blank_fixtures ... ok
[INFO] [stdout] test job::tests::roundtrip ... ok
[INFO] [stdout] test job::tests::fresh_wait_without_pid_blocks ... ok
[INFO] [stdout] test cli::tests::strips_file_uri ... ok
[INFO] [stdout] test classify::tests::ffmpeg_parse ... ok
[INFO] [stdout] test classify::tests::need_bytes ... ok
[INFO] [stdout] test classify::tests::udev_props ... ok
[INFO] [stdout] test cli::tests::drops_control_chars ... ok
[INFO] [stdout] test security::tests::optical_paths ... ok
[INFO] [stdout] test burn::tests::burn_progress_moves_on_carriage_returns ... ok
[INFO] [stdout] test job::tests::strips_control_chars ... ok
[INFO] [stdout] test job::tests::done_does_not_block ... ok
[INFO] [stdout] test job::tests::rejects_huge ... ok
[INFO] [stdout] test cli::tests::percent_decodes_spaces ... ok
[INFO] [stdout] test job::tests::stale_wait_without_pid_does_not_block ... ok
[INFO] [stdout] test security::tests::udev_optical_required ... ok
[INFO] [stdout] test security::tests::runtime_and_log_bound ... ok
[INFO] [stdout] test security::tests::i18n_read_refuses_symlink_fifo_and_oversize ... ok
[INFO] [stdout] test security::tests::iso_safety ... FAILED
[INFO] [stderr] error: test failed, to rerun pass `--lib`
[INFO] [stdout] test security::tests::helper_install_replaces_symlink_not_target ... ok
[INFO] [stdout] 
[INFO] [stdout] failures:
[INFO] [stdout] 
[INFO] [stdout] ---- security::tests::iso_safety stdout ----
[INFO] [stdout] 
[INFO] [stdout] thread 'security::tests::iso_safety' (511) panicked at src/security.rs:1110:9:
[INFO] [stdout] assertion failed: safe_unlink_iso(&fresh, Some(&fp)).is_err()
[INFO] [stdout] stack backtrace:
[INFO] [stdout]    0:     0x5b4017f2ee21 - <<std[70759c8f55707aa4]::sys::backtrace::BacktraceLock>::print::DisplayBacktrace as core[df12db4294e9bfd3]::fmt::Display>::fmt
[INFO] [stdout]    1:     0x5b4017f4449a - core[df12db4294e9bfd3]::fmt::write
[INFO] [stdout]    2:     0x5b4017f3354c - <alloc[2182bb758b4b3781]::vec::Vec<u8> as core[df12db4294e9bfd3]::io::write::Write>::write_fmt
[INFO] [stdout]    3:     0x5b4017f07e16 - std[70759c8f55707aa4]::panicking::default_hook::{closure#0}
[INFO] [stdout]    4:     0x5b4017f25679 - std[70759c8f55707aa4]::panicking::default_hook
[INFO] [stdout]    5:     0x5b4017ebf830 - test[9d35eded1c95d3be]::test_main_inner::<test[9d35eded1c95d3be]::test_main_static::{closure#0}>::{closure#0}
[INFO] [stdout]    6:     0x5b4017f25832 - std[70759c8f55707aa4]::panicking::panic_with_hook
[INFO] [stdout]    7:     0x5b4017f07ef4 - std[70759c8f55707aa4]::panicking::panic_handler::{closure#0}
[INFO] [stdout]    8:     0x5b4017f00569 - std[70759c8f55707aa4]::sys::backtrace::__rust_end_short_backtrace::<std[70759c8f55707aa4]::panicking::panic_handler::{closure#0}, !>
[INFO] [stdout]    9:     0x5b4017f08eed - __rustc[8fa7c3cbc660c2b3]::rust_begin_unwind
[INFO] [stdout]   10:     0x5b4017f44bcc - core[df12db4294e9bfd3]::panicking::panic_fmt
[INFO] [stdout]   11:     0x5b4017f44b92 - core[df12db4294e9bfd3]::panicking::panic
[INFO] [stdout]   12:     0x5b4017eadcc2 - oma_dvd[867f97ffc5534123]::security::tests::iso_safety
[INFO] [stdout]   13:     0x5b4017ea93c9 - <oma_dvd[867f97ffc5534123]::security::tests::iso_safety::{closure#0} as core[df12db4294e9bfd3]::ops::function::FnOnce<()>>::call_once
[INFO] [stdout]   14:     0x5b4017eb2b1b - test[9d35eded1c95d3be]::__rust_begin_short_backtrace::<core[df12db4294e9bfd3]::result::Result<(), alloc[2182bb758b4b3781]::string::String>, fn() -> core[df12db4294e9bfd3]::result::Result<(), alloc[2182bb758b4b3781]::string::String>>
[INFO] [stdout]   15:     0x5b4017ec0185 - test[9d35eded1c95d3be]::run_test::{closure#0}
[INFO] [stdout]   16:     0x5b4017eb9a44 - std[70759c8f55707aa4]::sys::backtrace::__rust_begin_short_backtrace::<test[9d35eded1c95d3be]::run_test::{closure#1}, ()>
[INFO] [stdout]   17:     0x5b4017ec32e2 - <std[70759c8f55707aa4]::thread::lifecycle::spawn_unchecked<test[9d35eded1c95d3be]::run_test::{closure#1}, ()>::{closure#1} as core[df12db4294e9bfd3]::ops::function::FnOnce<()>>::call_once::{shim:vtable#0}
[INFO] [stdout]   18:     0x5b4017f2ddb9 - <std[70759c8f55707aa4]::sys::thread::unix::Thread>::new::thread_start
[INFO] [stdout]   19:     0x70913593bdfa - <unknown>
[INFO] [stdout]   20:     0x7091359cf3d4 - clone
[INFO] [stdout]   21:                0x0 - <unknown>
[INFO] [stdout] 
[INFO] [stdout] 
[INFO] [stdout] failures:
[INFO] [stdout]     security::tests::iso_safety
[INFO] [stdout] 
[INFO] [stdout] test result: FAILED. 24 passed; 1 failed; 0 ignored; 0 measured; 0 filtered out; finished in 0.02s
[INFO] [stdout] 
[INFO] running `Command { std: "docker" "inspect" "f9123124dd4cd41e7a98acaf5ef2dece02be4ade3d891761ae3ed4f53351d0d5", kill_on_drop: false }`
[INFO] running `Command { std: "docker" "rm" "-f" "f9123124dd4cd41e7a98acaf5ef2dece02be4ade3d891761ae3ed4f53351d0d5", kill_on_drop: false }`
[INFO] [stdout] f9123124dd4cd41e7a98acaf5ef2dece02be4ade3d891761ae3ed4f53351d0d5
