[INFO] cloning repository https://github.com/QuipNetwork/quip-miner-cpu
[INFO] running `Command { std: "git" "-c" "credential.helper=" "-c" "credential.helper=/workspace/cargo-home/bin/git-credential-null" "clone" "--bare" "https://github.com/QuipNetwork/quip-miner-cpu" "/workspace/cache/git-repos/https%3A%2F%2Fgithub.com%2FQuipNetwork%2Fquip-miner-cpu", kill_on_drop: false }`
[INFO] [stderr] Cloning into bare repository '/workspace/cache/git-repos/https%3A%2F%2Fgithub.com%2FQuipNetwork%2Fquip-miner-cpu'...
[INFO] running `Command { std: "git" "rev-parse" "HEAD", kill_on_drop: false }`
[INFO] [stdout] 00dc5570602ebaa8ee0559e08325b016ccab7aad
[INFO] testing QuipNetwork/quip-miner-cpu/00dc5570602ebaa8ee0559e08325b016ccab7aad against 1.99.0-beta.8+cargoflags=--release for beta-release-1.100-2
[INFO] running `Command { std: "git" "clone" "/workspace/cache/git-repos/https%3A%2F%2Fgithub.com%2FQuipNetwork%2Fquip-miner-cpu" "/workspace/builds/worker-0-tc1/source", kill_on_drop: false }`
[INFO] [stderr] Cloning into '/workspace/builds/worker-0-tc1/source'...
[INFO] [stderr] done.
[INFO] removed /workspace/builds/worker-0-tc1/source/rust-toolchain.toml
[INFO] started tweaking git repo https://github.com/QuipNetwork/quip-miner-cpu
[INFO] finished tweaking git repo https://github.com/QuipNetwork/quip-miner-cpu
[INFO] tweaked toml for git repo https://github.com/QuipNetwork/quip-miner-cpu written to /workspace/builds/worker-0-tc1/source/Cargo.toml
[INFO] validating manifest of git repo https://github.com/QuipNetwork/quip-miner-cpu on toolchain 1.99.0-beta.8
[INFO] running `Command { std: CARGO_HOME="/workspace/cargo-home" RUSTUP_HOME="/workspace/rustup-home" "/workspace/cargo-home/bin/cargo" "+1.99.0-beta.8" "metadata" "--manifest-path" "Cargo.toml" "--no-deps", kill_on_drop: false }`
[INFO] crate git repo https://github.com/QuipNetwork/quip-miner-cpu already has a lockfile, it will not be regenerated
[INFO] running `Command { std: CARGO_HOME="/workspace/cargo-home" RUSTUP_HOME="/workspace/rustup-home" "/workspace/cargo-home/bin/cargo" "+1.99.0-beta.8" "fetch" "--manifest-path" "Cargo.toml", kill_on_drop: false }`
[INFO] [stderr] warning: Cargo.toml: `lints.clippy.allow-attributes` is deprecated in favor of `lints.clippy.allow_attributes` and will not work in a future edition
[INFO] [stderr] warning: Cargo.toml: `lints.clippy.await-holding-lock` is deprecated in favor of `lints.clippy.await_holding_lock` and will not work in a future edition
[INFO] [stderr] warning: Cargo.toml: `lints.clippy.dbg-macro` is deprecated in favor of `lints.clippy.dbg_macro` and will not work in a future edition
[INFO] [stderr] warning: Cargo.toml: `lints.clippy.large-futures` is deprecated in favor of `lints.clippy.large_futures` and will not work in a future edition
[INFO] [stderr] warning: Cargo.toml: `lints.clippy.manual-string-new` is deprecated in favor of `lints.clippy.manual_string_new` and will not work in a future edition
[INFO] [stderr] warning: Cargo.toml: `lints.clippy.mem-forget` is deprecated in favor of `lints.clippy.mem_forget` and will not work in a future edition
[INFO] [stderr] warning: Cargo.toml: `lints.clippy.panic-in-result-fn` is deprecated in favor of `lints.clippy.panic_in_result_fn` and will not work in a future edition
[INFO] [stderr] warning: Cargo.toml: `lints.clippy.print-stderr` is deprecated in favor of `lints.clippy.print_stderr` and will not work in a future edition
[INFO] [stderr] warning: Cargo.toml: `lints.clippy.print-stdout` is deprecated in favor of `lints.clippy.print_stdout` and will not work in a future edition
[INFO] [stderr] warning: Cargo.toml: `lints.clippy.redundant-clone` is deprecated in favor of `lints.clippy.redundant_clone` and will not work in a future edition
[INFO] [stderr] warning: Cargo.toml: `lints.clippy.uninlined-format-args` is deprecated in favor of `lints.clippy.uninlined_format_args` and will not work in a future edition
[INFO] [stderr] warning: Cargo.toml: `lints.clippy.use-self` is deprecated in favor of `lints.clippy.use_self` and will not work in a future edition
[INFO] [stderr] warning: Cargo.toml: `lints.rust.nonstandard-style` is deprecated in favor of `lints.rust.nonstandard_style` and will not work in a future edition
[INFO] [stderr] warning: Cargo.toml: `lints.rust.redundant-lifetimes` is deprecated in favor of `lints.rust.redundant_lifetimes` and will not work in a future edition
[INFO] [stderr] warning: Cargo.toml: `lints.rust.rust-2018-idioms` is deprecated in favor of `lints.rust.rust_2018_idioms` and will not work in a future edition
[INFO] [stderr] warning: Cargo.toml: `lints.rust.unreachable-pub` is deprecated in favor of `lints.rust.unreachable_pub` and will not work in a future edition
[INFO] [stderr] warning: Cargo.toml: `lints.rust.unsafe-code` is deprecated in favor of `lints.rust.unsafe_code` and will not work in a future edition
[INFO] [stderr] warning: Cargo.toml: `lints.rust.unused-extern-crates` is deprecated in favor of `lints.rust.unused_extern_crates` and will not work in a future edition
[INFO] [stderr] warning: Cargo.toml: `lints.rust.unused-imports` is deprecated in favor of `lints.rust.unused_imports` and will not work in a future edition
[INFO] [stderr] warning: Cargo.toml: `lints.rust.unused-must-use` is deprecated in favor of `lints.rust.unused_must_use` and will not work in a future edition
[INFO] [stderr] warning: Cargo.toml: `lints.rust.unused-qualifications` is deprecated in favor of `lints.rust.unused_qualifications` and will not work in a future edition
[INFO] [stderr] warning: `quip-solver-cpu` (manifest) generated 21 warnings
[INFO] [stderr]     Updating crates.io index
[INFO] [stderr]  Downloading crates ...
[INFO] [stderr]   Downloaded tokio-macros v2.7.1
[INFO] [stderr]   Downloaded tracing-flame v0.2.0
[INFO] [stderr]   Downloaded async-trait v0.1.91
[INFO] [stderr]   Downloaded quip-protocol v0.0.3
[INFO] [stderr]   Downloaded quip-proto v0.0.3
[INFO] [stderr]   Downloaded quip-solver-core v0.0.3
[INFO] [stderr]   Downloaded quip-solver-conformance v0.0.3
[INFO] running `Command { std: "docker" "create" "-v" "/var/lib/crater-agent-workspace/builds/worker-0-tc1/source:/opt/rustwide/workdir:ro,Z" "-v" "/var/lib/crater-agent-workspace/builds/worker-0-tc1/target:/opt/rustwide/target:rw,Z" "-v" "/var/lib/crater-agent-workspace/cargo-home:/opt/rustwide/cargo-home:ro,Z" "-v" "/var/lib/crater-agent-workspace/rustup-home:/opt/rustwide/rustup-home:ro,Z" "-m" "1610612736" "--network" "none" "ghcr.io/rust-lang/crates-build-env/linux@sha256:77db811e55d90add9212f6832c23229e3de5f1c1f9905e8cb07319ea15df73ac" "sleep" "infinity", kill_on_drop: false }`
[INFO] [stdout] a7d612edac3e747ff0555fb03ff82220048cc95ba9e8aedb67bf060bb3464297
[INFO] running `Command { std: "docker" "start" "a7d612edac3e747ff0555fb03ff82220048cc95ba9e8aedb67bf060bb3464297", kill_on_drop: false }`
[INFO] running `Command { std: "docker" "inspect" "a7d612edac3e747ff0555fb03ff82220048cc95ba9e8aedb67bf060bb3464297", kill_on_drop: false }`
[INFO] running `Command { std: "docker" "exec" "-e" "SOURCE_DIR=/opt/rustwide/workdir" "-e" "CARGO_HOME=/opt/rustwide/cargo-home" "-e" "RUSTUP_HOME=/opt/rustwide/rustup-home" "-e" "CARGO_TARGET_DIR=/opt/rustwide/target" "-w" "/opt/rustwide/workdir" "--user" "0:0" "a7d612edac3e747ff0555fb03ff82220048cc95ba9e8aedb67bf060bb3464297" "/opt/rustwide/cargo-home/bin/cargo" "+1.99.0-beta.8" "metadata" "--no-deps" "--format-version=1", kill_on_drop: false }`
[INFO] running `Command { std: "docker" "inspect" "a7d612edac3e747ff0555fb03ff82220048cc95ba9e8aedb67bf060bb3464297", kill_on_drop: false }`
[INFO] running `Command { std: "docker" "exec" "-e" "SOURCE_DIR=/opt/rustwide/workdir" "-e" "CARGO_HOME=/opt/rustwide/cargo-home" "-e" "RUSTUP_HOME=/opt/rustwide/rustup-home" "-e" "CARGO_TARGET_DIR=/opt/rustwide/target" "-e" "CARGO_INCREMENTAL=0" "-e" "RUST_BACKTRACE=full" "-e" "RUSTFLAGS=--cap-lints=warn" "-e" "RUSTDOCFLAGS=--cap-lints=warn" "-w" "/opt/rustwide/workdir" "--user" "0:0" "a7d612edac3e747ff0555fb03ff82220048cc95ba9e8aedb67bf060bb3464297" "/opt/rustwide/cargo-home/bin/cargo" "+1.99.0-beta.8" "build" "--frozen" "--message-format=json" "--release", kill_on_drop: false }`
[INFO] [stderr] warning: Cargo.toml: `lints.clippy.allow-attributes` is deprecated in favor of `lints.clippy.allow_attributes` and will not work in a future edition
[INFO] [stderr] warning: Cargo.toml: `lints.clippy.await-holding-lock` is deprecated in favor of `lints.clippy.await_holding_lock` and will not work in a future edition
[INFO] [stderr] warning: Cargo.toml: `lints.clippy.dbg-macro` is deprecated in favor of `lints.clippy.dbg_macro` and will not work in a future edition
[INFO] [stderr] warning: Cargo.toml: `lints.clippy.large-futures` is deprecated in favor of `lints.clippy.large_futures` and will not work in a future edition
[INFO] [stderr] warning: Cargo.toml: `lints.clippy.manual-string-new` is deprecated in favor of `lints.clippy.manual_string_new` and will not work in a future edition
[INFO] [stderr] warning: Cargo.toml: `lints.clippy.mem-forget` is deprecated in favor of `lints.clippy.mem_forget` and will not work in a future edition
[INFO] [stderr] warning: Cargo.toml: `lints.clippy.panic-in-result-fn` is deprecated in favor of `lints.clippy.panic_in_result_fn` and will not work in a future edition
[INFO] [stderr] warning: Cargo.toml: `lints.clippy.print-stderr` is deprecated in favor of `lints.clippy.print_stderr` and will not work in a future edition
[INFO] [stderr] warning: Cargo.toml: `lints.clippy.print-stdout` is deprecated in favor of `lints.clippy.print_stdout` and will not work in a future edition
[INFO] [stderr] warning: Cargo.toml: `lints.clippy.redundant-clone` is deprecated in favor of `lints.clippy.redundant_clone` and will not work in a future edition
[INFO] [stderr] warning: Cargo.toml: `lints.clippy.uninlined-format-args` is deprecated in favor of `lints.clippy.uninlined_format_args` and will not work in a future edition
[INFO] [stderr] warning: Cargo.toml: `lints.clippy.use-self` is deprecated in favor of `lints.clippy.use_self` and will not work in a future edition
[INFO] [stderr] warning: Cargo.toml: `lints.rust.nonstandard-style` is deprecated in favor of `lints.rust.nonstandard_style` and will not work in a future edition
[INFO] [stderr] warning: Cargo.toml: `lints.rust.redundant-lifetimes` is deprecated in favor of `lints.rust.redundant_lifetimes` and will not work in a future edition
[INFO] [stderr] warning: Cargo.toml: `lints.rust.rust-2018-idioms` is deprecated in favor of `lints.rust.rust_2018_idioms` and will not work in a future edition
[INFO] [stderr] warning: Cargo.toml: `lints.rust.unreachable-pub` is deprecated in favor of `lints.rust.unreachable_pub` and will not work in a future edition
[INFO] [stderr] warning: Cargo.toml: `lints.rust.unsafe-code` is deprecated in favor of `lints.rust.unsafe_code` and will not work in a future edition
[INFO] [stderr] warning: Cargo.toml: `lints.rust.unused-extern-crates` is deprecated in favor of `lints.rust.unused_extern_crates` and will not work in a future edition
[INFO] [stderr] warning: Cargo.toml: `lints.rust.unused-imports` is deprecated in favor of `lints.rust.unused_imports` and will not work in a future edition
[INFO] [stderr] warning: Cargo.toml: `lints.rust.unused-must-use` is deprecated in favor of `lints.rust.unused_must_use` and will not work in a future edition
[INFO] [stderr] warning: Cargo.toml: `lints.rust.unused-qualifications` is deprecated in favor of `lints.rust.unused_qualifications` and will not work in a future edition
[INFO] [stderr] warning: `quip-solver-cpu` (manifest) generated 21 warnings
[INFO] [stderr]    Compiling proc-macro2 v1.0.107
[INFO] [stderr]    Compiling quote v1.0.47
[INFO] [stderr]    Compiling futures-core v0.3.33
[INFO] [stderr]    Compiling serde_core v1.0.229
[INFO] [stderr]    Compiling http v1.4.2
[INFO] [stderr]    Compiling futures-task v0.3.33
[INFO] [stderr]    Compiling zerocopy v0.8.55
[INFO] [stderr]    Compiling serde v1.0.229
[INFO] [stderr]    Compiling futures-sink v0.3.33
[INFO] [stderr]    Compiling futures-util v0.3.33
[INFO] [stderr]    Compiling anyhow v1.0.104
[INFO] [stderr]    Compiling indexmap v1.9.3
[INFO] [stderr]    Compiling futures-channel v0.3.33
[INFO] [stderr]    Compiling either v1.17.0
[INFO] [stderr]    Compiling cc v1.4.0
[INFO] [stderr]    Compiling itertools v0.14.0
[INFO] [stderr]    Compiling anstyle-parse v1.0.0
[INFO] [stderr]    Compiling regex-automata v0.4.16
[INFO] [stderr]    Compiling http-body v1.1.0
[INFO] [stderr]    Compiling syn v2.0.119
[INFO] [stderr]    Compiling syn v3.0.3
[INFO] [stderr]    Compiling http-body-util v0.1.4
[INFO] [stderr]    Compiling blake3 v1.8.5
[INFO] [stderr]    Compiling socket2 v0.5.10
[INFO] [stderr]    Compiling colorchoice v1.0.5
[INFO] [stderr]    Compiling anstyle v1.0.14
[INFO] [stderr]    Compiling log v0.4.33
[INFO] [stderr]    Compiling tower v0.5.3
[INFO] [stderr]    Compiling winnow v0.7.15
[INFO] [stderr]    Compiling anstream v1.0.0
[INFO] [stderr]    Compiling tracing-log v0.2.0
[INFO] [stderr]    Compiling thread_local v1.1.10
[INFO] [stderr]    Compiling arrayvec v0.7.8
[INFO] [stderr]    Compiling serde_json v1.0.151
[INFO] [stderr]    Compiling constant_time_eq v0.4.2
[INFO] [stderr]    Compiling winnow v1.0.4
[INFO] [stderr]    Compiling arrayref v0.3.9
[INFO] [stderr]    Compiling cpufeatures v0.3.0
[INFO] [stderr]    Compiling clap_lex v1.1.0
[INFO] [stderr]    Compiling serde_spanned v1.1.1
[INFO] [stderr]    Compiling clap_builder v4.6.2
[INFO] [stderr]    Compiling toml_parser v1.1.3+spec-1.1.0
[INFO] [stderr]    Compiling matchers v0.2.0
[INFO] [stderr]    Compiling toml_datetime v0.7.5+spec-1.1.0
[INFO] [stderr]    Compiling toml_write v0.1.2
[INFO] [stderr]    Compiling toml_writer v1.1.2+spec-1.1.0
[INFO] [stderr]    Compiling crossbeam-channel v0.5.16
[INFO] [stderr]    Compiling toml v0.9.12+spec-1.1.0
[INFO] [stderr]    Compiling serde_derive v1.0.229
[INFO] [stderr]    Compiling async-trait v0.1.91
[INFO] [stderr]    Compiling tokio-macros v2.7.1
[INFO] [stderr]    Compiling tracing-attributes v0.1.31
[INFO] [stderr]    Compiling zerocopy-derive v0.8.55
[INFO] [stderr]    Compiling tokio v1.53.1
[INFO] [stderr]    Compiling tracing v0.1.44
[INFO] [stderr]    Compiling pin-project-internal v1.1.13
[INFO] [stderr]    Compiling axum-core v0.4.5
[INFO] [stderr]    Compiling pin-project v1.1.13
[INFO] [stderr]    Compiling async-stream-impl v0.3.6
[INFO] [stderr]    Compiling prost-derive v0.13.5
[INFO] [stderr]    Compiling async-stream v0.3.6
[INFO] [stderr]    Compiling toml_datetime v0.6.11
[INFO] [stderr]    Compiling prost v0.13.5
[INFO] [stderr]    Compiling axum v0.7.9
[INFO] [stderr]    Compiling serde_spanned v0.6.9
[INFO] [stderr]    Compiling tracing-subscriber v0.3.23
[INFO] [stderr]    Compiling clap_derive v4.6.4
[INFO] [stderr]    Compiling toml_edit v0.22.27
[INFO] [stderr]    Compiling tokio-util v0.7.19
[INFO] [stderr]    Compiling ppv-lite86 v0.2.21
[INFO] [stderr]    Compiling h2 v0.4.15
[INFO] [stderr]    Compiling rand_chacha v0.3.1
[INFO] [stderr]    Compiling rand v0.8.7
[INFO] [stderr]    Compiling tokio-stream v0.1.19
[INFO] [stderr]    Compiling half v2.7.1
[INFO] [stderr]    Compiling clap v4.6.4
[INFO] [stderr]    Compiling toml v0.8.23
[INFO] [stderr]    Compiling tracing-flame v0.2.0
[INFO] [stderr]    Compiling tower v0.4.13
[INFO] [stderr]    Compiling hyper v1.11.0
[INFO] [stderr]    Compiling hyper-util v0.1.20
[INFO] [stderr]    Compiling hyper-timeout v0.5.2
[INFO] [stderr]    Compiling tonic v0.12.3
[INFO] [stderr]    Compiling quip-proto v0.0.3
[INFO] [stderr]    Compiling quip-protocol v0.0.3
[INFO] [stderr]    Compiling quip-solver-core v0.0.3
[INFO] [stderr]    Compiling quip-solver-cpu v0.3.5-rc1 (/opt/rustwide/workdir)
[INFO] [stderr]     Finished `release` profile [optimized] target(s) in 4m 12s
[INFO] running `Command { std: "docker" "inspect" "a7d612edac3e747ff0555fb03ff82220048cc95ba9e8aedb67bf060bb3464297", kill_on_drop: false }`
[INFO] running `Command { std: "docker" "exec" "-e" "SOURCE_DIR=/opt/rustwide/workdir" "-e" "CARGO_HOME=/opt/rustwide/cargo-home" "-e" "RUSTUP_HOME=/opt/rustwide/rustup-home" "-e" "CARGO_TARGET_DIR=/opt/rustwide/target" "-e" "CARGO_INCREMENTAL=0" "-e" "RUST_BACKTRACE=full" "-e" "RUSTFLAGS=--cap-lints=warn" "-e" "RUSTDOCFLAGS=--cap-lints=warn" "-w" "/opt/rustwide/workdir" "--user" "0:0" "a7d612edac3e747ff0555fb03ff82220048cc95ba9e8aedb67bf060bb3464297" "/opt/rustwide/cargo-home/bin/cargo" "+1.99.0-beta.8" "test" "--frozen" "--no-run" "--message-format=json" "--release", kill_on_drop: false }`
[INFO] [stderr] warning: Cargo.toml: `lints.clippy.allow-attributes` is deprecated in favor of `lints.clippy.allow_attributes` and will not work in a future edition
[INFO] [stderr] warning: Cargo.toml: `lints.clippy.await-holding-lock` is deprecated in favor of `lints.clippy.await_holding_lock` and will not work in a future edition
[INFO] [stderr] warning: Cargo.toml: `lints.clippy.dbg-macro` is deprecated in favor of `lints.clippy.dbg_macro` and will not work in a future edition
[INFO] [stderr] warning: Cargo.toml: `lints.clippy.large-futures` is deprecated in favor of `lints.clippy.large_futures` and will not work in a future edition
[INFO] [stderr] warning: Cargo.toml: `lints.clippy.manual-string-new` is deprecated in favor of `lints.clippy.manual_string_new` and will not work in a future edition
[INFO] [stderr] warning: Cargo.toml: `lints.clippy.mem-forget` is deprecated in favor of `lints.clippy.mem_forget` and will not work in a future edition
[INFO] [stderr] warning: Cargo.toml: `lints.clippy.panic-in-result-fn` is deprecated in favor of `lints.clippy.panic_in_result_fn` and will not work in a future edition
[INFO] [stderr] warning: Cargo.toml: `lints.clippy.print-stderr` is deprecated in favor of `lints.clippy.print_stderr` and will not work in a future edition
[INFO] [stderr] warning: Cargo.toml: `lints.clippy.print-stdout` is deprecated in favor of `lints.clippy.print_stdout` and will not work in a future edition
[INFO] [stderr] warning: Cargo.toml: `lints.clippy.redundant-clone` is deprecated in favor of `lints.clippy.redundant_clone` and will not work in a future edition
[INFO] [stderr] warning: Cargo.toml: `lints.clippy.uninlined-format-args` is deprecated in favor of `lints.clippy.uninlined_format_args` and will not work in a future edition
[INFO] [stderr] warning: Cargo.toml: `lints.clippy.use-self` is deprecated in favor of `lints.clippy.use_self` and will not work in a future edition
[INFO] [stderr] warning: Cargo.toml: `lints.rust.nonstandard-style` is deprecated in favor of `lints.rust.nonstandard_style` and will not work in a future edition
[INFO] [stderr] warning: Cargo.toml: `lints.rust.redundant-lifetimes` is deprecated in favor of `lints.rust.redundant_lifetimes` and will not work in a future edition
[INFO] [stderr] warning: Cargo.toml: `lints.rust.rust-2018-idioms` is deprecated in favor of `lints.rust.rust_2018_idioms` and will not work in a future edition
[INFO] [stderr] warning: Cargo.toml: `lints.rust.unreachable-pub` is deprecated in favor of `lints.rust.unreachable_pub` and will not work in a future edition
[INFO] [stderr] warning: Cargo.toml: `lints.rust.unsafe-code` is deprecated in favor of `lints.rust.unsafe_code` and will not work in a future edition
[INFO] [stderr] warning: Cargo.toml: `lints.rust.unused-extern-crates` is deprecated in favor of `lints.rust.unused_extern_crates` and will not work in a future edition
[INFO] [stderr] warning: Cargo.toml: `lints.rust.unused-imports` is deprecated in favor of `lints.rust.unused_imports` and will not work in a future edition
[INFO] [stderr] warning: Cargo.toml: `lints.rust.unused-must-use` is deprecated in favor of `lints.rust.unused_must_use` and will not work in a future edition
[INFO] [stderr] warning: Cargo.toml: `lints.rust.unused-qualifications` is deprecated in favor of `lints.rust.unused_qualifications` and will not work in a future edition
[INFO] [stderr] warning: `quip-solver-cpu` (manifest) generated 21 warnings
[INFO] [stderr]    Compiling tokio v1.53.1
[INFO] [stderr]    Compiling regex-syntax v0.8.11
[INFO] [stderr]    Compiling getrandom v0.3.4
[INFO] [stderr]    Compiling rustix v1.1.4
[INFO] [stderr]    Compiling linux-raw-sys v0.12.1
[INFO] [stderr]    Compiling bitflags v2.13.1
[INFO] [stderr]    Compiling wait-timeout v0.2.1
[INFO] [stderr]    Compiling bit-vec v0.8.0
[INFO] [stderr]    Compiling quick-error v1.2.3
[INFO] [stderr]    Compiling unarray v0.1.4
[INFO] [stderr]    Compiling rand_core v0.9.5
[INFO] [stderr]    Compiling bit-set v0.8.0
[INFO] [stderr]    Compiling rand_chacha v0.9.0
[INFO] [stderr]    Compiling rand v0.9.5
[INFO] [stderr]    Compiling rand_xorshift v0.4.0
[INFO] [stderr]    Compiling tempfile v3.27.0
[INFO] [stderr]    Compiling regex-automata v0.4.16
[INFO] [stderr]    Compiling rusty-fork v0.3.1
[INFO] [stderr]    Compiling proptest v1.11.0
[INFO] [stderr]    Compiling matchers v0.2.0
[INFO] [stderr]    Compiling tracing-subscriber v0.3.23
[INFO] [stderr]    Compiling tokio-util v0.7.19
[INFO] [stderr]    Compiling tokio-stream v0.1.19
[INFO] [stderr]    Compiling tracing-flame v0.2.0
[INFO] [stderr]    Compiling h2 v0.4.15
[INFO] [stderr]    Compiling tower v0.4.13
[INFO] [stderr]    Compiling hyper v1.11.0
[INFO] [stderr]    Compiling hyper-util v0.1.20
[INFO] [stderr]    Compiling hyper-timeout v0.5.2
[INFO] [stderr]    Compiling tonic v0.12.3
[INFO] [stderr]    Compiling quip-proto v0.0.3
[INFO] [stderr]    Compiling quip-protocol v0.0.3
[INFO] [stderr]    Compiling quip-solver-core v0.0.3
[INFO] [stderr]    Compiling quip-solver-conformance v0.0.3
[INFO] [stderr]    Compiling quip-solver-cpu v0.3.5-rc1 (/opt/rustwide/workdir)
[INFO] [stderr]     Finished `release` profile [optimized] target(s) in 4m 31s
[INFO] running `Command { std: "docker" "inspect" "a7d612edac3e747ff0555fb03ff82220048cc95ba9e8aedb67bf060bb3464297", kill_on_drop: false }`
[INFO] running `Command { std: "docker" "exec" "-e" "SOURCE_DIR=/opt/rustwide/workdir" "-e" "CARGO_HOME=/opt/rustwide/cargo-home" "-e" "RUSTUP_HOME=/opt/rustwide/rustup-home" "-e" "CARGO_TARGET_DIR=/opt/rustwide/target" "-e" "CARGO_INCREMENTAL=0" "-e" "RUST_BACKTRACE=full" "-e" "RUSTFLAGS=--cap-lints=warn" "-e" "RUSTDOCFLAGS=--cap-lints=warn" "-w" "/opt/rustwide/workdir" "--user" "0:0" "a7d612edac3e747ff0555fb03ff82220048cc95ba9e8aedb67bf060bb3464297" "/opt/rustwide/cargo-home/bin/cargo" "+1.99.0-beta.8" "test" "--frozen" "--release", kill_on_drop: false }`
[INFO] [stderr] warning: Cargo.toml: `lints.clippy.allow-attributes` is deprecated in favor of `lints.clippy.allow_attributes` and will not work in a future edition
[INFO] [stderr] warning: Cargo.toml: `lints.clippy.await-holding-lock` is deprecated in favor of `lints.clippy.await_holding_lock` and will not work in a future edition
[INFO] [stderr] warning: Cargo.toml: `lints.clippy.dbg-macro` is deprecated in favor of `lints.clippy.dbg_macro` and will not work in a future edition
[INFO] [stderr] warning: Cargo.toml: `lints.clippy.large-futures` is deprecated in favor of `lints.clippy.large_futures` and will not work in a future edition
[INFO] [stderr] warning: Cargo.toml: `lints.clippy.manual-string-new` is deprecated in favor of `lints.clippy.manual_string_new` and will not work in a future edition
[INFO] [stderr] warning: Cargo.toml: `lints.clippy.mem-forget` is deprecated in favor of `lints.clippy.mem_forget` and will not work in a future edition
[INFO] [stderr] warning: Cargo.toml: `lints.clippy.panic-in-result-fn` is deprecated in favor of `lints.clippy.panic_in_result_fn` and will not work in a future edition
[INFO] [stderr] warning: Cargo.toml: `lints.clippy.print-stderr` is deprecated in favor of `lints.clippy.print_stderr` and will not work in a future edition
[INFO] [stderr] warning: Cargo.toml: `lints.clippy.print-stdout` is deprecated in favor of `lints.clippy.print_stdout` and will not work in a future edition
[INFO] [stderr] warning: Cargo.toml: `lints.clippy.redundant-clone` is deprecated in favor of `lints.clippy.redundant_clone` and will not work in a future edition
[INFO] [stderr] warning: Cargo.toml: `lints.clippy.uninlined-format-args` is deprecated in favor of `lints.clippy.uninlined_format_args` and will not work in a future edition
[INFO] [stderr] warning: Cargo.toml: `lints.clippy.use-self` is deprecated in favor of `lints.clippy.use_self` and will not work in a future edition
[INFO] [stderr] warning: Cargo.toml: `lints.rust.nonstandard-style` is deprecated in favor of `lints.rust.nonstandard_style` and will not work in a future edition
[INFO] [stderr] warning: Cargo.toml: `lints.rust.redundant-lifetimes` is deprecated in favor of `lints.rust.redundant_lifetimes` and will not work in a future edition
[INFO] [stderr] warning: Cargo.toml: `lints.rust.rust-2018-idioms` is deprecated in favor of `lints.rust.rust_2018_idioms` and will not work in a future edition
[INFO] [stderr] warning: Cargo.toml: `lints.rust.unreachable-pub` is deprecated in favor of `lints.rust.unreachable_pub` and will not work in a future edition
[INFO] [stderr] warning: Cargo.toml: `lints.rust.unsafe-code` is deprecated in favor of `lints.rust.unsafe_code` and will not work in a future edition
[INFO] [stderr] warning: Cargo.toml: `lints.rust.unused-extern-crates` is deprecated in favor of `lints.rust.unused_extern_crates` and will not work in a future edition
[INFO] [stderr] warning: Cargo.toml: `lints.rust.unused-imports` is deprecated in favor of `lints.rust.unused_imports` and will not work in a future edition
[INFO] [stderr] warning: Cargo.toml: `lints.rust.unused-must-use` is deprecated in favor of `lints.rust.unused_must_use` and will not work in a future edition
[INFO] [stderr] warning: Cargo.toml: `lints.rust.unused-qualifications` is deprecated in favor of `lints.rust.unused_qualifications` and will not work in a future edition
[INFO] [stderr] warning: `quip-solver-cpu` (manifest) generated 21 warnings
[INFO] [stderr]     Finished `release` profile [optimized] target(s) in 0.33s
[INFO] [stderr]      Running unittests src/lib.rs (/opt/rustwide/target/release/deps/quip_solver_cpu-e3bd4e45be9c1cb8)
[INFO] [stdout] 
[INFO] [stdout] running 393 tests
[INFO] [stdout] test bench::report::tests::fit_per_flip_recovers_slope ... ok
[INFO] [stdout] test bench::report::tests::residual_is_measured_minus_summed_parts ... ok
[INFO] [stdout] test bench::report::tests::fit_per_flip_needs_variation ... ok
[INFO] [stdout] test bench::report::tests::per_call_and_per_spin_derive_from_frequency ... ok
[INFO] [stdout] test bench::report::tests::report_serializes_stable_schema ... ok
[INFO] [stdout] test bench::source::tests::synthetic_has_requested_shape ... ok
[INFO] [stdout] test bench::source::tests::explicit_entry_parses_verbatim ... ok
[INFO] [stdout] test bench::source::tests::nonce_entry_redraws_via_topology ... ok
[INFO] [stdout] test bench::source::tests::topology_spec_json_round_trips_into_topology ... ok
[INFO] [stdout] test bench::source::tests::topology_spec_rejects_edge_with_unknown_node_id ... ok
[INFO] [stdout] test bench::report::tests::spin_visits_scale_with_iters_so_accept_rate_stays_bounded ... ok
[INFO] [stdout] test bench::source::tests::nonce_without_topology_errors ... ok
[INFO] [stdout] test bench::report::tests::part_record_carries_scope_and_source ... ok
[INFO] [stdout] test bench::source::tests::topology_spec_resolves_sparse_native_node_ids_to_positions ... ok
[INFO] [stdout] test bench::source::tests::topology_spec_extra_keys_are_ignored ... ok
[INFO] [stdout] test bench::tests::corpus_limit_truncates_to_first_k_models ... ok
[INFO] [stdout] test bench::timing::tests::accepts_counter_accumulates ... ok
[INFO] [stdout] test bench::tests::instrumented_run_writes_folded_and_aggregates ... ok
[INFO] [stdout] test bench::timing::tests::layer_accumulates_named_span_time_and_counts ... ok
[INFO] [stdout] test coloring::tests::classes_partition_every_node_exactly_once ... ok
[INFO] [stdout] test coloring::tests::empty_graph_has_no_classes ... ok
[INFO] [stdout] test coloring::tests::every_class_is_an_independent_set ... ok
[INFO] [stdout] test coloring::tests::greedy_uses_the_expected_class_count_on_known_graphs ... ok
[INFO] [stdout] test coloring::tests::isolated_nodes_share_one_class ... ok
[INFO] [stdout] test flatiron::graph::tests::a_clean_graph_maps_one_bond_per_edge ... ok
[INFO] [stdout] test flatiron::graph::tests::an_empty_graph_produces_an_empty_network ... ok
[INFO] [stdout] test flatiron::graph::tests::defensive_edges_are_dropped_exactly_as_the_scoring_drops_them ... ok
[INFO] [stdout] test flatiron::graph::tests::parallel_edges_merge_by_summing_their_couplings ... ok
[INFO] [stdout] test flatiron::graph::tests::parallel_edges_that_cancel_leave_no_bond ... ok
[INFO] [stdout] test flatiron::sample::tests::a_graph_with_no_bonds_samples_from_the_site_weights_alone ... ok
[INFO] [stdout] test flatiron::sample::tests::bp_marginals_are_exact_on_a_tree ... ok
[INFO] [stdout] test flatiron::sample::tests::conditioning_propagates_through_the_messages ... ok
[INFO] [stdout] test flatiron::graph::tests::adjacency_lists_bonds_in_ascending_bond_order ... ok
[INFO] [stdout] test flatiron::state::tests::a_single_gate_on_two_sites_matches_exact_two_spin_evolution ... ok
[INFO] [stdout] test flatiron::state::tests::field_and_transverse_gates_act_on_the_physical_index ... ok
[INFO] [stdout] test flatiron::state::tests::matricize_round_trips_for_every_bond ... ok
[INFO] [stdout] test flatiron::state::tests::renormalize_scrubs_non_finite_and_never_leaves_all_zero ... ok
[INFO] [stdout] test flatiron::state::tests::scale_bond_multiplies_exactly_the_matching_coordinate ... ok
[INFO] [stdout] test flatiron::state::tests::the_gate_grows_the_bond_no_further_than_chi ... ok
[INFO] [stdout] test flatiron::tests::a_duplicate_edge_merges_and_still_reaches_the_doubled_optimum ... ok
[INFO] [stdout] test flatiron::tests::a_fields_only_problem_is_solved_exactly ... ok
[INFO] [stdout] test flatiron::tests::an_empty_graph_returns_empty_spins_with_zero_energy ... ok
[INFO] [stdout] test flatiron::tests::an_edgeless_graph_is_capped_only_by_chi_max ... ok
[INFO] [stdout] test flatiron::tests::a_low_degree_ring_affords_a_real_bond_dimension ... ok
[INFO] [stdout] test flatiron::tests::production_degrees_force_the_bond_dimension_to_one ... ok
[INFO] [stdout] test flatiron::tests::a_fired_valve_still_returns_complete_polished_results ... ok
[INFO] [stdout] test flatiron::tests::defensive_graphs_are_sampled_rather_than_rejected ... ok
[INFO] [stdout] test flatiron::sample::tests::degenerate_marginals_fall_back_to_a_fair_coin ... ok
[INFO] [stdout] test flatiron::tests::prop_results_are_well_formed_on_adversarial_graphs ... ok
[INFO] [stdout] test flatiron::tests::selection_is_monotone_in_the_flop_budget_and_never_zero ... ok
[INFO] [stdout] test flatiron::tests::different_seeds_produce_different_results ... ok
[INFO] [stdout] test flatiron::tests::zero_reads_still_produce_one_result ... ok
[INFO] [stdout] test flatiron_sampler::tests::flatiron_identity_advertises_the_documented_envelope ... ok
[INFO] [stdout] test flatiron_sampler::tests::flatiron_sample_stream_one_job_round_trip ... ok
[INFO] [stdout] test flatiron_sampler::tests::flatiron_sample_stream_skips_a_cancelled_generation_without_sampling ... ok
[INFO] [stdout] test flatiron::tests::seed_zero_still_diversifies_across_reads ... ok
[INFO] [stdout] test flatiron_sampler::tests::flatiron_sampler_samples_and_reports_consensus_energies ... ok
[INFO] [stdout] test flatiron_sampler::tests::flatiron_stream_width_is_at_least_one ... ok
[INFO] [stdout] test gibbs_parallel::tests::a_graph_over_the_colour_budget_is_rejected ... ok
[INFO] [stdout] test flatiron::tests::the_same_seed_produces_byte_identical_results ... ok
[INFO] [stdout] test gibbs_parallel::tests::empty_graph_is_a_no_op ... ok
[INFO] [stdout] test gibbs_parallel::tests::every_spin_stays_pm1 ... ok
[INFO] [stdout] test flatiron::tests::a_ferromagnetic_chain_reaches_its_ground_state_through_conditioning ... ok
[INFO] [stdout] test gibbs_parallel::tests::oversubscription_is_refused ... ok
[INFO] [stdout] test flatiron::tests::sampling_returns_one_well_formed_result_per_read ... ok
[INFO] [stdout] test gibbs_parallel::tests::the_default_config_is_valid_and_uses_four_workers ... ok
[INFO] [stdout] test gibbs_parallel::tests::zero_workers_is_refused ... ok
[INFO] [stdout] test mps::order::tests::a_single_node_produces_one_slot_and_no_gates ... ok
[INFO] [stdout] test mps::order::tests::an_empty_graph_produces_an_empty_chain ... ok
[INFO] [stdout] test mps::order::tests::bandwidth_ignores_self_loops_and_out_of_range_edges ... ok
[INFO] [stdout] test mps::order::tests::chain_problem_permutes_fields_and_couplings_consistently ... ok
[INFO] [stdout] test mps::order::tests::defensive_edges_are_dropped_exactly_as_the_scoring_drops_them ... ok
[INFO] [stdout] test mps::order::tests::disconnected_components_land_in_contiguous_blocks ... ok
[INFO] [stdout] test mps::order::tests::gates_are_sorted_by_ascending_span ... ok
[INFO] [stdout] test mps::order::tests::ordering_is_a_permutation_for_every_shape ... ok
[INFO] [stdout] test mps::order::tests::ordering_is_deterministic ... ok
[INFO] [stdout] test mps::order::tests::ordering_never_widens_the_bandwidth_of_the_committed_shapes ... ok
[INFO] [stdout] test mps::order::tests::the_smoke_ring_gets_bandwidth_two ... ok
[INFO] [stdout] test mps::schedule::tests::a_linear_ladder_gives_equal_increments ... ok
[INFO] [stdout] test mps::schedule::tests::an_auto_beta_range_produces_a_positive_increasing_ladder ... ok
[INFO] [stdout] test mps::schedule::tests::gamma_zero_is_twice_the_largest_per_variable_field_magnitude ... ok
[INFO] [stdout] test mps::schedule::tests::gamma_zero_skips_the_terms_the_kernel_skips ... ok
[INFO] [stdout] test mps::schedule::tests::imaginary_time_increments_sum_to_the_final_beta ... ok
[INFO] [stdout] test mps::schedule::tests::one_step_carries_no_transverse_field ... ok
[INFO] [stdout] test mps::schedule::tests::split_sweeps_caps_the_trotter_phase_and_always_polishes ... ok
[INFO] [stdout] test mps::schedule::tests::sweeps_per_beta_holds_the_ladder_for_that_many_steps ... ok
[INFO] [stdout] test mps::schedule::tests::the_transverse_field_ramps_linearly_to_zero ... ok
[INFO] [stdout] test mps::state::tests::a_chain_of_product_gates_stays_finite_and_normalized ... ok
[INFO] [stdout] test mps::state::tests::a_single_coupling_gate_matches_the_dense_reference ... ok
[INFO] [stdout] test mps::state::tests::apply_zz_dispatches_to_the_product_path_at_bond_one ... ok
[INFO] [stdout] test mps::state::tests::coupling_gate_argument_order_does_not_matter ... ok
[INFO] [stdout] test mps::state::tests::coupling_gates_that_do_nothing_are_skipped ... ok
[INFO] [stdout] test mps::state::tests::field_gate_matches_the_dense_reference_and_clamps_the_exponent ... ok
[INFO] [stdout] test mps::state::tests::gates_with_no_effect_are_skipped ... ok
[INFO] [stdout] test mps::state::tests::normalize_vec_leaves_a_zero_vector_alone ... ok
[INFO] [stdout] test mps::state::tests::plus_state_has_unit_bonds_and_uniform_amplitudes ... ok
[INFO] [stdout] test gibbs_parallel::tests::positive_bias_drives_spin_negative ... ok
[INFO] [stdout] test mps::state::tests::plus_state_of_zero_sites_is_empty ... ok
[INFO] [stdout] test mps::state::tests::right_canonicalize_is_safe_on_an_empty_and_a_single_site_chain ... ok
[INFO] [stdout] test mps::state::tests::right_canonicalize_makes_every_tensor_a_right_isometry ... ok
[INFO] [stdout] test mps::state::tests::right_canonicalize_preserves_the_state_up_to_normalization ... ok
[INFO] [stdout] test mps::state::tests::rank_two_coupling_gate_equals_the_dense_exponential ... ok
[INFO] [stdout] test mps::state::tests::sampling_a_deterministic_state_always_returns_the_same_configuration ... ok
[INFO] [stdout] test mps::state::tests::sampling_is_deterministic_for_a_given_seed ... ok
[INFO] [stdout] test mps::state::tests::sampling_returns_one_plus_or_minus_one_per_site ... ok
[INFO] [stdout] test mps::state::tests::stacked_coupling_gates_match_the_dense_reference ... ok
[INFO] [stdout] test mps::state::tests::the_product_fast_path_is_the_best_rank_one_approximation ... ok
[INFO] [stdout] test mps::state::tests::the_product_path_leaves_untouched_sites_untouched ... ok
[INFO] [stdout] test mps::state::tests::the_zip_up_normalizes_every_intermediate_carry ... ok
[INFO] [stdout] test mps::state::tests::to_dense_contracts_a_bond_of_dimension_two ... ok
[INFO] [stdout] test mps::state::tests::to_dense_orders_site_zero_as_the_most_significant_bit ... ok
[INFO] [stdout] test mps::state::tests::transverse_gate_matches_the_dense_reference ... ok
[INFO] [stdout] test mps::state::tests::truncated_tebd_stays_a_valid_state_and_beats_the_product_state ... ok
[INFO] [stdout] test mps::state::tests::untruncated_tebd_matches_dense_imaginary_time_evolution ... ok
[INFO] [stdout] test mps::svd::tests::a_capped_sweep_budget_reports_non_convergence_instead_of_guessing ... ok
[INFO] [stdout] test mps::svd::tests::jacobi_svd_reconstructs_and_is_orthonormal ... ok
[INFO] [stdout] test mps::svd::tests::non_convergence_falls_back_to_qr_and_counts_the_event ... ok
[INFO] [stdout] test mps::svd::tests::rank_deficient_input_puts_the_deficiency_in_the_trailing_values ... ok
[INFO] [stdout] test mps::svd::tests::repeated_singular_values_stay_exact ... ok
[INFO] [stdout] test mps::svd::tests::sign_convention_puts_the_largest_left_component_positive ... ok
[INFO] [stdout] test mps::svd::tests::singular_values_are_non_negative_and_sorted_descending ... ok
[INFO] [stdout] test mps::svd::tests::the_qr_fallback_handles_a_linearly_dependent_column ... ok
[INFO] [stdout] test mps::svd::tests::the_qr_fallback_still_produces_an_isometry_when_the_bond_is_capped ... ok
[INFO] [stdout] test mps::svd::tests::transpose_round_trips ... ok
[INFO] [stdout] test mps::svd::tests::truncated_svd_at_full_rank_reconstructs_exactly ... ok
[INFO] [stdout] test mps::svd::tests::truncated_svd_caps_the_bond_and_keeps_the_isometry ... ok
[INFO] [stdout] test mps::svd::tests::truncated_svd_never_returns_a_zero_rank_bond ... ok
[INFO] [stdout] test mps::svd::tests::zero_matrix_gives_zero_singular_values_and_an_orthonormal_basis ... ok
[INFO] [stdout] test flatiron::tests::a_generous_valve_does_not_change_the_answer_on_a_small_problem ... ok
[INFO] [stdout] test mps::tests::a_duplicate_edge_is_applied_twice ... ok
[INFO] [stdout] test mps::tests::a_ferromagnetic_chain_reaches_its_ground_state ... ok
[INFO] [stdout] test mps::tests::a_fields_only_problem_is_solved_exactly ... ok
[INFO] [stdout] test mps::tests::a_disabled_valve_runs_the_whole_anneal ... ok
[INFO] [stdout] test mps::tests::a_fired_valve_still_returns_complete_polished_results ... ok
[INFO] [stdout] test gibbs_parallel::tests::cold_ferromagnet_aligns ... ok
[INFO] [stdout] test mps::tests::a_generous_valve_does_not_change_the_answer_on_a_small_problem ... ok
[INFO] [stdout] test mps::tests::a_graph_with_no_fields_and_no_edges_scores_zero ... ok
[INFO] [stdout] test mps::tests::a_graph_with_no_gates_is_capped_only_by_chi_max ... ok
[INFO] [stdout] test mps::tests::a_single_node_lands_on_the_sign_of_its_own_field ... ok
[INFO] [stdout] test mps::tests::a_tiny_problem_is_capped_by_the_budget_not_by_its_size ... ok
[INFO] [stdout] test mps::tests::an_empty_graph_returns_empty_spins_with_zero_energy ... ok
[INFO] [stdout] test mps::tests::chi_max_of_one_and_a_higher_cap_agree_where_the_state_factorizes ... ok
[INFO] [stdout] test flatiron::tests::prop_output_is_deterministic ... ok
[INFO] [stdout] test mps::tests::chi_max_of_one_pins_the_bond_at_one_for_every_input ... ok
[INFO] [stdout] test mps::tests::chi_max_of_one_is_a_complete_working_backend ... ok
[INFO] [stdout] test mps::tests::defensive_graphs_are_sampled_rather_than_rejected ... ok
[INFO] [stdout] test mps::tests::disconnected_components_are_each_solved ... ok
[INFO] [stdout] test mps::tests::from_env_reads_the_init_knob_and_pins_the_budget_defaults ... ok
[INFO] [stdout] test mps::tests::prop_chain_permutation_round_trips ... ok
[INFO] [stdout] test gibbs_parallel::tests::output_is_independent_of_worker_count ... ok
[INFO] [stdout] test mps::tests::prop_results_are_well_formed_on_adversarial_graphs ... ok
[INFO] [stdout] test mps::tests::sampling_returns_one_well_formed_result_per_read ... ok
[INFO] [stdout] test mps::tests::prop_output_is_deterministic ... ok
[INFO] [stdout] test mps::tests::selection_is_monotone_in_the_flop_budget ... ok
[INFO] [stdout] test mps::tests::selection_never_returns_zero_and_never_exceeds_chi_max ... ok
[INFO] [stdout] test mps::tests::the_anneal_at_chi_one_never_grows_a_bond ... ok
[INFO] [stdout] test mps::tests::the_bond_one_path_cannot_break_a_symmetry_but_solves_once_a_field_does ... ok
[INFO] [stdout] test mps::tests::the_flop_cap_binds_on_a_long_quasi_one_dimensional_chain ... ok
[INFO] [stdout] test mps::tests::the_memory_cap_binds_before_chi_max_on_a_wide_chain ... ok
[INFO] [stdout] test mps::tests::the_production_topology_degrades_to_a_product_state ... ok
[INFO] [stdout] test mps::tests::the_random_arm_is_deterministic_for_a_given_seed ... ok
[INFO] [stdout] test mps::tests::the_random_arm_returns_well_formed_polished_results ... ok
[INFO] [stdout] test mps::tests::the_random_arm_stalls_on_domain_walls_where_the_anneal_does_not ... ok
[INFO] [stdout] test mps::state::tests::sampling_matches_the_exact_born_distribution ... ok
[INFO] [stdout] test flatiron::tests::a_fixed_set_of_random_sparse_instances_reaches_the_optimum_at_least_eighty_percent ... ok
[INFO] [stdout] test mps::tests::the_smoke_ring_is_exact_at_bond_dimension_four ... ok
[INFO] [stdout] test mps::tests::the_step_budget_binds_on_a_job_wider_than_the_pivot ... ok
[INFO] [stdout] test mps::tests::the_step_budget_is_monotone_in_the_budget ... ok
[INFO] [stdout] test mps::tests::the_step_budget_leaves_the_production_topology_a_full_anneal ... ok
[INFO] [stdout] test mps::tests::the_step_budget_never_returns_zero_and_never_adds_steps ... ok
[INFO] [stdout] test gibbs_parallel::tests::both_strategies_return_identical_reads ... ok
[INFO] [stdout] test mps::tests::zero_reads_still_produce_one_result ... ok
[INFO] [stdout] test mps_sampler::tests::cpu_mfa_identity_fields ... ok
[INFO] [stdout] test mps_sampler::tests::mfa_equals_mps_at_chi_1 ... ok
[INFO] [stdout] test mps_sampler::tests::mfa_fields_only_is_exact ... ok
[INFO] [stdout] test mps_sampler::tests::mfa_random_init_mode_differs_and_stays_valid ... ok
[INFO] [stdout] test mps_sampler::tests::mps_identity_advertises_the_documented_envelope ... ok
[INFO] [stdout] test mps_sampler::tests::mps_sample_stream_one_job_round_trip ... ok
[INFO] [stdout] test mps_sampler::tests::mps_sample_stream_skips_a_cancelled_generation_without_sampling ... ok
[INFO] [stdout] test mps_sampler::tests::mps_sampler_samples_and_reports_consensus_energies ... ok
[INFO] [stdout] test mps_sampler::tests::mps_stream_width_is_at_least_one ... ok
[INFO] [stdout] test research::tests::a_linear_request_anneals_an_evenly_spaced_ladder_on_every_kernel ... ok
[INFO] [stdout] test research::tests::a_model_past_the_node_cap_is_refused ... ok
[INFO] [stdout] test research::tests::a_seeded_float_run_reports_its_start_beta_and_cold_end ... ok
[INFO] [stdout] test research::tests::a_seeded_scalar_request_is_refused ... ok
[INFO] [stdout] test mps::tests::a_graph_too_wide_for_a_real_bond_still_returns_results ... ok
[INFO] [stdout] test research::tests::an_empty_seed_set_runs_cold_on_every_kernel ... ok
[INFO] [stdout] test research::tests::beta_parameters_are_validated_for_every_kernel ... ok
[INFO] [stdout] test research::tests::cancellation_is_reported_by_every_kernel ... ok
[INFO] [stdout] test research::tests::count_preflight_refuses_edge_heavy_float_requests ... ok
[INFO] [stdout] test research::tests::count_preflight_refuses_oversized_scalar_and_unit_outputs ... ok
[INFO] [stdout] test research::tests::energies_are_float64_rescoring_of_the_original_model_for_every_kernel ... ok
[INFO] [stdout] test research::tests::every_kernel_reports_its_identity_and_representation ... ok
[INFO] [stdout] test research::tests::fractional_models_cannot_masquerade_as_unit_msa ... ok
[INFO] [stdout] test research::tests::invalid_inputs_are_refused_by_every_kernel ... ok
[INFO] [stdout] test research::tests::kernel_names_round_trip_and_unknown_names_do_not_parse ... ok
[INFO] [stdout] test research::tests::seeded_msa_runs_place_seeds_across_word_boundaries ... ok
[INFO] [stdout] test research::tests::the_merged_msa_kernel_routes_by_model_and_reports_the_arm ... ok
[INFO] [stdout] test research::tests::the_scalar_and_unit_kernels_are_the_existing_samplers_not_substitutes ... ok
[INFO] [stdout] test research::tests::the_unit_kernel_refuses_instead_of_falling_back ... ok
[INFO] [stdout] test research::tests::zero_sweeps_are_refused_on_every_kernel ... ok
[INFO] [stdout] test sa_int::tests::a_ladder_too_long_for_the_table_declines_instead_of_allocating ... ok
[INFO] [stdout] test sa_int::tests::a_ladder_too_long_for_the_threshold_row_declines_instead_of_allocating ... ok
[INFO] [stdout] test sa_int::tests::differential_matches_the_f64_kernel_on_unit_couplings ... ok
[INFO] [stdout] test sa_int::tests::max_field_bounds_the_reachable_effective_field ... ok
[INFO] [stdout] test sa_int::tests::rejects_problems_outside_its_preconditions ... ok
[INFO] [stdout] test sa_int::tests::skipped_edges_do_not_force_the_fallback ... ok
[INFO] [stdout] test sa_msc::tests::a_full_word_of_seeds_leaves_no_random_lane ... ok
[INFO] [stdout] test sa_msc::tests::add_plane_counts_set_bits ... ok
[INFO] [stdout] test sa_msc::tests::cancelled_generation_leaves_replica_words_untouched ... ok
[INFO] [stdout] test mps::tests::seed_zero_still_diversifies_across_reads ... ok
[INFO] [stdout] test sa_msc::tests::every_lane_matches_a_per_lane_scalar_reference ... ok
[INFO] [stdout] test sa_msc::tests::identical_lanes_separate ... ok
[INFO] [stdout] test sa_msc::tests::lane_rows_draw_the_geometric_threshold_per_lane ... ok
[INFO] [stdout] test sa_msc::tests::le_planes_matches_integer_comparison ... ok
[INFO] [stdout] test sa_msc::tests::limit_planes_halves_degree_plus_threshold ... ok
[INFO] [stdout] test sa_msc::tests::models_larger_than_the_lane_row_run ... ok
[INFO] [stdout] test sa_msc::tests::packed_counts_match_scalar_for_listed_degrees ... ok
[INFO] [stdout] test sa_msc::tests::popcount21_matches_scalar_and_ripple_on_padded_inputs ... ok
[INFO] [stdout] test sa_msc::tests::rejects_degrees_beyond_the_plane_budget ... ok
[INFO] [stdout] test sa_msc::tests::seeded_lanes_hold_their_seeds_and_the_rest_keep_the_random_draw ... ok
[INFO] [stdout] test sa_msc_f64::tests::a_cancelled_generation_returns_cancelled_and_a_newer_one_runs ... ok
[INFO] [stdout] test sa_msc_f64::tests::a_fields_only_problem_lands_on_the_exact_optimum ... ok
[INFO] [stdout] test sa_msc_f64::tests::a_large_model_with_many_reads_hits_the_workspace_cap ... ok
[INFO] [stdout] test sa_msc_f64::tests::a_positive_field_flips_a_positive_spin_downhill ... ok
[INFO] [stdout] test sa_msc_f64::tests::a_seeded_local_minimum_survives_a_sweep_at_a_cold_start_beta ... ok
[INFO] [stdout] test sa_msc_f64::tests::a_weighted_ferromagnetic_ring_anneals_to_its_ground_state ... ok
[INFO] [stdout] test sa_msc_f64::tests::adjacent_float64_couplings_give_distinct_fields ... ok
[INFO] [stdout] test sa_msc_f64::tests::cancellation_after_allocation_stops_at_a_later_sweep_checkpoint ... ok
[INFO] [stdout] test sa_msc_f64::tests::dense_models_keep_distinct_reads ... ok
[INFO] [stdout] test sa_msc_f64::tests::each_lane_draws_from_its_words_stream ... ok
[INFO] [stdout] test sa_msc_f64::tests::edge_heavy_workspace_is_refused_from_counts ... ok
[INFO] [stdout] test sa_msc_f64::tests::energies_are_the_float64_energy_of_the_original_model ... ok
[INFO] [stdout] test sa_msc_f64::tests::every_listed_read_count_returns_that_many_rows_in_seed_order ... ok
[INFO] [stdout] test sa_msc_f64::tests::flip_deltas_match_direct_energy_differences_on_every_state ... ok
[INFO] [stdout] test sa_msc_f64::tests::identical_lanes_separate ... ok
[INFO] [stdout] test sa_msc_f64::tests::invalid_inputs_are_rejected_with_a_named_reason ... ok
[INFO] [stdout] test sa_msc_f64::tests::masks_match_a_scalar_oracle_given_the_same_stream ... ok
[INFO] [stdout] test sa_msc_f64::tests::partial_seeds_take_the_first_lanes_and_the_rest_start_where_a_cold_run_starts ... ok
[INFO] [stdout] test sa_msc_f64::tests::read_prefixes_do_not_depend_on_the_read_count ... ok
[INFO] [stdout] test sa_msc_f64::tests::size_check_accepts_edge_cap_and_rejects_the_next_edge ... ok
[INFO] [stdout] test sa_msc_f64::tests::size_check_accepts_node_cap_and_rejects_the_next_node ... ok
[INFO] [stdout] test sa_msc_f64::tests::the_same_seed_reproduces_and_a_different_seed_differs ... ok
[INFO] [stdout] test sa_msc_f64::tests::workspace_estimate_counts_per_word_acceptance_streams ... ok
[INFO] [stdout] test sa_sampler::tests::a_beta_ladder_too_deep_for_the_tabulated_table_cannot_be_seeded ... ok
[INFO] [stdout] test sa_sampler::tests::a_problem_the_integer_kernels_refuse_cannot_be_seeded ... ok
[INFO] [stdout] test sa_sampler::tests::a_problem_with_no_bonds_at_all_is_safe ... ok
[INFO] [stdout] test sa_sampler::tests::a_seeded_run_keeps_a_ground_state_that_a_cold_run_does_not_reach ... ok
[INFO] [stdout] test sa_sampler::tests::a_state_that_does_not_fit_the_problem_is_refused ... ok
[INFO] [stdout] test sa_sampler::tests::both_variants_return_exactly_num_reads_solutions ... ok
[INFO] [stdout] test sa_sampler::tests::cache_invalidates_when_nodes_or_ordered_edges_change ... ok
[INFO] [stdout] test sa_sampler::tests::cache_reuses_one_entry_across_field_and_coupling_changes ... ok
[INFO] [stdout] test sa_sampler::tests::cached_sample_stream_matches_uncached_reference ... ok
[INFO] [stdout] test sa_sampler::tests::clones_share_the_topology_cache ... ok
[INFO] [stdout] test sa_sampler::tests::concurrent_cached_samples_match_the_uncached_reference ... ok
[INFO] [stdout] test sa_sampler::tests::energies_match_the_protocol_scoring ... ok
[INFO] [stdout] test sa_sampler::tests::ferromagnetic_clique_anneals_to_its_ground_state ... ok
[INFO] [stdout] test sa_sampler::tests::fields_only_problem_lands_on_the_exact_optimum ... ok
[INFO] [stdout] test sa_sampler::tests::finalisation_matches_scalar_after_anneal ... ok
[INFO] [stdout] test sa_sampler::tests::identities_advertise_their_algorithms ... ok
[INFO] [stdout] test sa_sampler::tests::msa_matches_scalar_color_sweeps_across_replica_words ... ok
[INFO] [stdout] test sa_sampler::tests::msa_sweep_budget_honors_small_requests_and_complete_rungs ... ok
[INFO] [stdout] test sa_sampler::tests::multi_spin_falls_back_when_the_field_is_too_large_for_a_ghost_bond ... ok
[INFO] [stdout] test sa_sampler::tests::non_discrete_problems_fall_back_to_the_sa_kernel ... ok
[INFO] [stdout] test sa_sampler::tests::poisoned_coloring_lock_recovers_for_later_samples ... ok
[INFO] [stdout] test sa_sampler::tests::public_cached_sample_matches_uncached_reference ... ok
[INFO] [stdout] test mps::tests::the_two_arms_differ_on_a_problem_where_the_anneal_carries_information ... ok
[INFO] [stdout] test sa_sampler::tests::reads_past_the_last_seed_start_cold ... ok
[INFO] [stdout] test sa_sampler::tests::score_word_matches_scalar_energy_milli ... ok
[INFO] [stdout] test sa_sampler::tests::seeds_carry_across_the_boundary_between_replica_words ... ok
[INFO] [stdout] test sa_sampler::tests::seeds_past_the_last_read_are_not_used ... ok
[INFO] [stdout] test sa_sampler::tests::tabulated_and_fallback_cached_paths_match_uncached ... ok
[INFO] [stdout] test sa_sampler::tests::the_core_budget_tracks_cpu_sa_rather_than_the_bare_host ... ok
[INFO] [stdout] test sa_sampler::tests::zz_profile_finalise ... ignored
[INFO] [stdout] test sampler_core::tests::a_linear_request_builds_an_evenly_spaced_ladder ... ok
[INFO] [stdout] test sampler_core::tests::a_seeded_ladder_starts_at_the_geometric_midpoint_unless_told_otherwise ... ok
[INFO] [stdout] test sampler_core::tests::a_seeded_linear_ladder_starts_at_the_arithmetic_midpoint ... ok
[INFO] [stdout] test sampler_core::tests::a_start_colder_than_the_cold_end_holds_there_and_never_reheats ... ok
[INFO] [stdout] test sampler_core::tests::beta_schedule_uses_one_sweep_when_sweeps_are_below_sweeps_per_beta ... ok
[INFO] [stdout] test sampler_core::tests::empty_graph_is_safe ... ok
[INFO] [stdout] test sampler_core::tests::energy_of_known_spins_matches_scoring ... ok
[INFO] [stdout] test sampler_core::tests::field_cache_tracks_effective_field_across_flips ... ok
[INFO] [stdout] test sampler_core::tests::geometric_schedule_endpoints ... ok
[INFO] [stdout] test sampler_core::tests::gibbs_reports_consensus_energies ... ok
[INFO] [stdout] test sampler_core::tests::polish_descends_a_ferromagnetic_chain_to_a_ground_state ... ok
[INFO] [stdout] test sampler_core::tests::polish_is_deterministic_and_respects_its_sweep_budget ... ok
[INFO] [stdout] test sampler_core::tests::polish_is_safe_on_an_empty_graph_and_a_mismatched_length ... ok
[INFO] [stdout] test sampler_core::tests::polish_never_raises_the_energy_and_stops_at_a_local_minimum ... ok
[INFO] [stdout] test sampler_core::tests::polish_of_a_fields_only_problem_lands_on_the_exact_optimum ... ok
[INFO] [stdout] test sampler_core::tests::prop_field_cache_matches_recompute ... ok
[INFO] [stdout] test sampler_core::tests::sa_finds_ground_state_on_ferro ... ok
[INFO] [stdout] test sampler_core::tests::seeded_beta_schedule_uses_one_sweep_when_sweeps_are_below_sweeps_per_beta ... ok
[INFO] [stdout] test sampler_core::tests::self_loop_legacy_csr_corrupts_delta_not_cache_equality ... ok
[INFO] [stdout] test sa_sampler::tests::same_seed_same_result_and_different_seed_differs ... ok
[INFO] [stdout] test sampler_core::tests::self_loops_are_skipped_and_do_not_corrupt_heff ... ok
[INFO] [stdout] test sb_core::tests::antiferromagnetic_pair_anti_aligns ... ok
[INFO] [stdout] test sb_core::tests::bias_only_graph_gets_a_positive_c0_through_the_ancilla ... ok
[INFO] [stdout] test sb_core::tests::c0_is_zero_for_non_finite_biases_or_couplings ... ok
[INFO] [stdout] test sb_core::tests::c0_matches_the_closed_form_with_the_ancilla ... ok
[INFO] [stdout] test sb_core::tests::degenerate_graphs_return_valid_spins ... ok
[INFO] [stdout] test sb_core::tests::different_seeds_produce_different_results ... ok
[INFO] [stdout] test sb_core::tests::c0_is_zero_when_the_problem_carries_no_scale ... ok
[INFO] [stdout] test sb_core::tests::edge_of_chaos_control_leaves_a_residual_restoring_force ... ok
[INFO] [stdout] test sb_core::tests::empty_graph_returns_empty_reads ... ok
[INFO] [stdout] test sb_core::tests::edge_of_chaos_variants_extend_the_plain_forms ... ok
[INFO] [stdout] test sb_core::tests::every_variant_finds_the_frustrated_triangle_ground_state ... ok
[INFO] [stdout] test sb_core::tests::ferromagnetic_pair_aligns ... ok
[INFO] [stdout] test sb_core::tests::final_positions_are_not_just_the_sign_of_the_initial_draw ... ok
[INFO] [stdout] test sb_core::tests::final_state_window_matches_read_zero ... ok
[INFO] [stdout] test sb_core::tests::gamma_zero_through_the_heated_path_is_byte_identical ... ok
[INFO] [stdout] test sb_core::tests::hbsb_walls_hold_under_strong_heating ... ok
[INFO] [stdout] test sb_core::tests::heating_restores_momentum_after_a_wall_collision ... ok
[INFO] [stdout] test sb_core::tests::integrator_constants_are_the_paper_values ... ok
[INFO] [stdout] test sb_core::tests::mixed_bias_and_coupling_beats_greedy ... ok
[INFO] [stdout] test sb_core::tests::only_heated_variants_carry_a_nonzero_gamma ... ok
[INFO] [stdout] test sb_core::tests::every_variant_finds_brute_forced_ground_states ... ok
[INFO] [stdout] test sb_core::tests::positive_bias_tilts_spin_negative ... ok
[INFO] [stdout] test sb_core::tests::prop_ancilla_gauge_is_consistent ... ok
[INFO] [stdout] test sb_core::tests::prop_no_nan_and_walls_hold ... ok
[INFO] [stdout] test sb_core::tests::prop_spins_are_pm1_and_energy_matches_scoring ... ok
[INFO] [stdout] test sb_core::tests::pump_reaches_a0_exactly_on_the_final_step ... ok
[INFO] [stdout] test sb_core::tests::read_seed_matches_the_sa_derivation ... ok
[INFO] [stdout] test sb_core::tests::reported_energies_match_consensus_scoring ... ok
[INFO] [stdout] test sb_core::tests::same_seed_produces_identical_results ... ok
[INFO] [stdout] test mps::tests::different_seeds_produce_different_results ... ok
[INFO] [stdout] test sb_core::tests::sb_graph_drops_self_loops_and_out_of_range_edges ... ok
[INFO] [stdout] test sb_core::tests::sb_graph_matches_cpu_graph_adjacency ... ok
[INFO] [stdout] test sb_core::tests::self_loop_and_out_of_range_edges_are_excluded_from_c0 ... ok
[INFO] [stdout] test sb_core::tests::variant_constants_match_the_published_table ... ok
[INFO] [stdout] test sb_core::tests::zero_biases_mean_no_ancilla ... ok
[INFO] [stdout] test sb_core::tests::zero_control_through_the_controlled_path_tracks_the_scalar_pump ... ok
[INFO] [stdout] test sb_core::tests::zero_scaled_extra_field_is_bit_identical ... ok
[INFO] [stdout] test sb_ggsb::tests::degenerate_graphs_return_valid_spins ... ok
[INFO] [stdout] test sb_ggsb::tests::finds_brute_forced_ground_states ... ok
[INFO] [stdout] test sb_ggsb::tests::guidance_points_at_the_leader_and_flips_against_momentum ... ok
[INFO] [stdout] test sb_ggsb::tests::leader_is_the_lowest_energy_lowest_index ... ok
[INFO] [stdout] test sb_ggsb::tests::same_seed_same_result_different_seed_differs ... ok
[INFO] [stdout] test sb_ggsb::tests::schedules_match_the_reference_endpoints ... ok
[INFO] [stdout] test sb_ggsb::tests::single_trajectory_without_perturbation_matches_plain_sb ... ok
[INFO] [stdout] test sb_sampler::tests::cpu_gbsb_identity_advertises_gbsb_algorithm ... ok
[INFO] [stdout] test sb_sampler::tests::cpu_gdsb_identity_advertises_gdsb_algorithm ... ok
[INFO] [stdout] test sb_sampler::tests::cpu_ggdsb_identity_advertises_ggdsb_algorithm ... ok
[INFO] [stdout] test sb_sampler::tests::cpu_hbsb_identity_advertises_hbsb_algorithm ... ok
[INFO] [stdout] test sb_sampler::tests::cpu_sbqa_identity_advertises_sbqa_algorithm ... ok
[INFO] [stdout] test sb_sampler::tests::cpu_tedsb_identity_advertises_tedsb_algorithm ... ok
[INFO] [stdout] test sb_sampler::tests::sb_identity_advertises_the_sb_algorithm_and_adapt_envelope ... ok
[INFO] [stdout] test sb_sampler::tests::sb_reads_envelope_matches_the_sa_envelope ... ok
[INFO] [stdout] test sb_sampler::tests::sb_sample_stream_one_job_round_trip ... ok
[INFO] [stdout] test sb_sampler::tests::sb_sampler_returns_num_reads_of_pm1_spins ... ok
[INFO] [stdout] test sb_sampler::tests::sb_stream_width_is_at_least_one ... ok
[INFO] [stdout] test sb_sbqa::tests::dead_zone_is_plain_sign_at_the_first_step ... ok
[INFO] [stdout] test sb_sbqa::tests::degenerate_graphs_return_valid_spins ... ok
[INFO] [stdout] test sb_sbqa::tests::finds_brute_forced_ground_states ... ok
[INFO] [stdout] test sb_sbqa::tests::ring_coupling_changes_the_trajectory ... ok
[INFO] [stdout] test sb_sbqa::tests::ring_coupling_is_positive_and_increasing ... ok
[INFO] [stdout] test sb_sbqa::tests::ring_force_pulls_momentum_toward_the_neighbours ... ok
[INFO] [stdout] test sb_sbqa::tests::ring_of_two_solves_the_ferromagnetic_pair ... ok
[INFO] [stdout] test sb_sbqa::tests::rings_group_reads_with_a_smaller_remainder ... ok
[INFO] [stdout] test sb_sbqa::tests::same_seed_same_result_different_seed_differs ... ok
[INFO] [stdout] test sb_tesb::tests::beta_zero_reproduces_plain_sb_over_the_checking_steps ... ok
[INFO] [stdout] test sb_tesb::tests::degenerate_graphs_return_valid_spins ... ok
[INFO] [stdout] test sb_tesb::tests::finds_brute_forced_ground_states ... ok
[INFO] [stdout] test sb_tesb::tests::phase_steps_splits_the_budget ... ok
[INFO] [stdout] test sb_tesb::tests::same_seed_same_result_different_seed_differs ... ok
[INFO] [stdout] test sb_tesb::tests::tabu_field_repels_the_stored_configuration ... ok
[INFO] [stdout] test spin_barrier::tests::no_worker_passes_before_all_arrive ... ok
[INFO] [stdout] test tests::apply_config_absent_num_cpus_keeps_default_width ... ok
[INFO] [stdout] test tests::apply_config_num_cpus_sets_stream_width ... ok
[INFO] [stdout] test tests::apply_config_oversized_num_cpus_clamps_to_default_width ... ok
[INFO] [stdout] test tests::cancel_during_kernel_run_suppresses_the_result ... ok
[INFO] [stdout] test tests::cpu_adapt_attempt_fits_a_cancelled_round ... ok
[INFO] [stdout] test tests::direct_sa_sampler_size_preflight_uses_advertised_caps ... ok
[INFO] [stdout] test tests::every_identity_states_its_schedule_feature_and_limits ... ok
[INFO] [stdout] test tests::gibbs_declared_width_matches_default_live_width ... ok
[INFO] [stdout] test tests::in_flight_sa_attempt_cancels_at_sweep_checkpoint ... ok
[INFO] [stdout] test tests::kernel_reject_passes_through_the_pump_as_an_error ... ok
[INFO] [stdout] test tests::new_and_sample_returns_num_reads_of_pm1_spins ... ok
[INFO] [stdout] test tests::parse_num_cpus_absent_is_none ... ok
[INFO] [stdout] test tests::parse_num_cpus_rejects_zero_and_negative ... ok
[INFO] [stdout] test tests::resolve_core_budget_clamps_oversized ... ok
[INFO] [stdout] test tests::run_stream_pump_cancels_abandoned_generations_before_sampling ... ok
[INFO] [stdout] test tests::sa_declared_width_matches_default_live_width ... ok
[INFO] [stdout] test tests::sample_stream_one_job_round_trip ... ok
[INFO] [stdout] test tests::stream_width_is_at_least_one ... ok
[INFO] [stdout] test tests::the_high_half_of_the_seed_reaches_every_production_kernel ... ok
[INFO] [stdout] test tests::uncancelled_guard_matches_sample_ising_bit_for_bit ... ok
[INFO] [stdout] test mps::tests::the_same_seed_produces_byte_identical_results ... ok
[INFO] [stdout] test research::tests::a_two_million_node_chain_runs_on_both_msa_kernels ... ok
[INFO] [stdout] test mps::tests::a_fixed_set_of_random_sparse_instances_reaches_the_optimum_at_least_ninety_percent has been running for over 60 seconds
[INFO] [stdout] test mps::tests::the_sampler_beats_the_best_of_two_thousand_random_configurations has been running for over 60 seconds
[INFO] [stdout] test sa_msc::tests::dense_and_deep_runs_keep_distinct_reads has been running for over 60 seconds
[INFO] [stdout] test mps::tests::the_sampler_beats_the_best_of_two_thousand_random_configurations ... ok
[INFO] [stdout] test sb_core::tests::sample_sb_is_identical_at_every_worker_count ... ok
[INFO] [stdout] test sb_core::tests::parallel_matches_sequential_bit_for_bit has been running for over 60 seconds
[INFO] [stdout] test sb_core::tests::parallel_matches_sequential_bit_for_bit ... ok
[INFO] [stdout] test sa_msc::tests::dense_and_deep_runs_keep_distinct_reads ... ok
[INFO] [stdout] test mps::tests::a_fixed_set_of_random_sparse_instances_reaches_the_optimum_at_least_ninety_percent ... ok
[INFO] [stdout] 
[INFO] [stdout] test result: ok. 392 passed; 0 failed; 1 ignored; 0 measured; 0 filtered out; finished in 110.68s
[INFO] [stdout] 
[INFO] [stderr]      Running unittests src/bin/quip_cpu_bench.rs (/opt/rustwide/target/release/deps/quip_cpu_bench-5839117bfdf4d0b9)
[INFO] [stderr]      Running unittests src/bin/quip_cpu_gibbs.rs (/opt/rustwide/target/release/deps/quip_cpu_gibbs-623ad23d0a684c37)
[INFO] [stdout] 
[INFO] [stdout] running 0 tests
[INFO] [stdout] 
[INFO] [stdout] test result: ok. 0 passed; 0 failed; 0 ignored; 0 measured; 0 filtered out; finished in 0.00s
[INFO] [stdout] 
[INFO] [stderr]      Running unittests src/bin/quip_cpu_sa.rs (/opt/rustwide/target/release/deps/quip_cpu_sa-01bc0b5a015714c8)
[INFO] [stderr]      Running unittests src/bin/quip_cpu_sb.rs (/opt/rustwide/target/release/deps/quip_cpu_sb-3b9f3686c19f1c0d)
[INFO] [stdout] 
[INFO] [stdout] running 0 tests
[INFO] [stdout] 
[INFO] [stdout] test result: ok. 0 passed; 0 failed; 0 ignored; 0 measured; 0 filtered out; finished in 0.00s
[INFO] [stdout] 
[INFO] [stdout] 
[INFO] [stdout] running 0 tests
[INFO] [stdout] 
[INFO] [stdout] test result: ok. 0 passed; 0 failed; 0 ignored; 0 measured; 0 filtered out; finished in 0.00s
[INFO] [stdout] 
[INFO] [stdout] 
[INFO] [stdout] running 0 tests
[INFO] [stdout] 
[INFO] [stdout] test result: ok. 0 passed; 0 failed; 0 ignored; 0 measured; 0 filtered out; finished in 0.00s
[INFO] [stdout] 
[INFO] [stderr]      Running tests/bench_self_consistency.rs (/opt/rustwide/target/release/deps/bench_self_consistency-8e4e2ac686c79ddd)
[INFO] [stdout] 
[INFO] [stdout] running 1 test
[INFO] [stdout] test synthetic_bench_report_is_self_consistent ... ok
[INFO] [stdout] 
[INFO] [stdout] test result: ok. 1 passed; 0 failed; 0 ignored; 0 measured; 0 filtered out; finished in 0.06s
[INFO] [stdout] 
[INFO] [stderr]      Running tests/conformance.rs (/opt/rustwide/target/release/deps/conformance-08ac39a0f57695da)
[INFO] [stdout] 
[INFO] [stdout] running 8 tests
[INFO] [stderr] warning: Cargo.toml: `lints.clippy.allow-attributes` is deprecated in favor of `lints.clippy.allow_attributes` and will not work in a future edition
[INFO] [stderr] warning: Cargo.toml: `lints.clippy.await-holding-lock` is deprecated in favor of `lints.clippy.await_holding_lock` and will not work in a future edition
[INFO] [stderr] warning: Cargo.toml: `lints.clippy.dbg-macro` is deprecated in favor of `lints.clippy.dbg_macro` and will not work in a future edition
[INFO] [stderr] warning: Cargo.toml: `lints.clippy.large-futures` is deprecated in favor of `lints.clippy.large_futures` and will not work in a future edition
[INFO] [stderr] warning: Cargo.toml: `lints.clippy.manual-string-new` is deprecated in favor of `lints.clippy.manual_string_new` and will not work in a future edition
[INFO] [stderr] warning: Cargo.toml: `lints.clippy.mem-forget` is deprecated in favor of `lints.clippy.mem_forget` and will not work in a future edition
[INFO] [stderr] warning: Cargo.toml: `lints.clippy.panic-in-result-fn` is deprecated in favor of `lints.clippy.panic_in_result_fn` and will not work in a future edition
[INFO] [stderr] warning: Cargo.toml: `lints.clippy.print-stderr` is deprecated in favor of `lints.clippy.print_stderr` and will not work in a future edition
[INFO] [stderr] warning: Cargo.toml: `lints.clippy.print-stdout` is deprecated in favor of `lints.clippy.print_stdout` and will not work in a future edition
[INFO] [stderr] warning: Cargo.toml: `lints.clippy.redundant-clone` is deprecated in favor of `lints.clippy.redundant_clone` and will not work in a future edition
[INFO] [stderr] warning: Cargo.toml: `lints.clippy.uninlined-format-args` is deprecated in favor of `lints.clippy.uninlined_format_args` and will not work in a future edition
[INFO] [stderr] warning: Cargo.toml: `lints.clippy.use-self` is deprecated in favor of `lints.clippy.use_self` and will not work in a future edition
[INFO] [stderr] warning: Cargo.toml: `lints.rust.nonstandard-style` is deprecated in favor of `lints.rust.nonstandard_style` and will not work in a future edition
[INFO] [stderr] warning: Cargo.toml: `lints.rust.redundant-lifetimes` is deprecated in favor of `lints.rust.redundant_lifetimes` and will not work in a future edition
[INFO] [stderr] warning: Cargo.toml: `lints.rust.rust-2018-idioms` is deprecated in favor of `lints.rust.rust_2018_idioms` and will not work in a future edition
[INFO] [stderr] warning: Cargo.toml: `lints.rust.unreachable-pub` is deprecated in favor of `lints.rust.unreachable_pub` and will not work in a future edition
[INFO] [stderr] warning: Cargo.toml: `lints.rust.unsafe-code` is deprecated in favor of `lints.rust.unsafe_code` and will not work in a future edition
[INFO] [stderr] warning: Cargo.toml: `lints.rust.unused-extern-crates` is deprecated in favor of `lints.rust.unused_extern_crates` and will not work in a future edition
[INFO] [stderr] warning: Cargo.toml: `lints.rust.unused-imports` is deprecated in favor of `lints.rust.unused_imports` and will not work in a future edition
[INFO] [stderr] warning: Cargo.toml: `lints.rust.unused-must-use` is deprecated in favor of `lints.rust.unused_must_use` and will not work in a future edition
[INFO] [stderr] warning: Cargo.toml: `lints.rust.unused-qualifications` is deprecated in favor of `lints.rust.unused_qualifications` and will not work in a future edition
[INFO] [stderr] warning: `quip-solver-cpu` (manifest) generated 21 warnings
[INFO] [stderr] warning: Cargo.toml: `lints.clippy.allow-attributes` is deprecated in favor of `lints.clippy.allow_attributes` and will not work in a future edition
[INFO] [stderr] warning: Cargo.toml: `lints.clippy.await-holding-lock` is deprecated in favor of `lints.clippy.await_holding_lock` and will not work in a future edition
[INFO] [stderr] warning: Cargo.toml: `lints.clippy.dbg-macro` is deprecated in favor of `lints.clippy.dbg_macro` and will not work in a future edition
[INFO] [stderr] warning: Cargo.toml: `lints.clippy.large-futures` is deprecated in favor of `lints.clippy.large_futures` and will not work in a future edition
[INFO] [stderr] warning: Cargo.toml: `lints.clippy.manual-string-new` is deprecated in favor of `lints.clippy.manual_string_new` and will not work in a future edition
[INFO] [stderr] warning: Cargo.toml: `lints.clippy.mem-forget` is deprecated in favor of `lints.clippy.mem_forget` and will not work in a future edition
[INFO] [stderr] warning: Cargo.toml: `lints.clippy.panic-in-result-fn` is deprecated in favor of `lints.clippy.panic_in_result_fn` and will not work in a future edition
[INFO] [stderr] warning: Cargo.toml: `lints.clippy.print-stderr` is deprecated in favor of `lints.clippy.print_stderr` and will not work in a future edition
[INFO] [stderr] warning: Cargo.toml: `lints.clippy.print-stdout` is deprecated in favor of `lints.clippy.print_stdout` and will not work in a future edition
[INFO] [stderr] warning: Cargo.toml: `lints.clippy.redundant-clone` is deprecated in favor of `lints.clippy.redundant_clone` and will not work in a future edition
[INFO] [stderr] warning: Cargo.toml: `lints.clippy.uninlined-format-args` is deprecated in favor of `lints.clippy.uninlined_format_args` and will not work in a future edition
[INFO] [stderr] warning: Cargo.toml: `lints.clippy.use-self` is deprecated in favor of `lints.clippy.use_self` and will not work in a future edition
[INFO] [stderr] warning: Cargo.toml: `lints.rust.nonstandard-style` is deprecated in favor of `lints.rust.nonstandard_style` and will not work in a future edition
[INFO] [stderr] warning: Cargo.toml: `lints.rust.redundant-lifetimes` is deprecated in favor of `lints.rust.redundant_lifetimes` and will not work in a future edition
[INFO] [stderr] warning: Cargo.toml: `lints.rust.rust-2018-idioms` is deprecated in favor of `lints.rust.rust_2018_idioms` and will not work in a future edition
[INFO] [stderr] warning: Cargo.toml: `lints.rust.unreachable-pub` is deprecated in favor of `lints.rust.unreachable_pub` and will not work in a future edition
[INFO] [stderr] warning: Cargo.toml: `lints.rust.unsafe-code` is deprecated in favor of `lints.rust.unsafe_code` and will not work in a future edition
[INFO] [stderr] warning: Cargo.toml: `lints.rust.unused-extern-crates` is deprecated in favor of `lints.rust.unused_extern_crates` and will not work in a future edition
[INFO] [stderr] warning: Cargo.toml: `lints.rust.unused-imports` is deprecated in favor of `lints.rust.unused_imports` and will not work in a future edition
[INFO] [stderr] warning: Cargo.toml: `lints.rust.unused-must-use` is deprecated in favor of `lints.rust.unused_must_use` and will not work in a future edition
[INFO] [stderr] warning: Cargo.toml: `lints.rust.unused-qualifications` is deprecated in favor of `lints.rust.unused_qualifications` and will not work in a future edition
[INFO] [stderr] warning: `quip-solver-cpu` (manifest) generated 21 warnings
[INFO] [stderr] warning: Cargo.toml: `lints.clippy.allow-attributes` is deprecated in favor of `lints.clippy.allow_attributes` and will not work in a future edition
[INFO] [stderr] warning: Cargo.toml: `lints.clippy.await-holding-lock` is deprecated in favor of `lints.clippy.await_holding_lock` and will not work in a future edition
[INFO] [stderr] warning: Cargo.toml: `lints.clippy.dbg-macro` is deprecated in favor of `lints.clippy.dbg_macro` and will not work in a future edition
[INFO] [stderr] warning: Cargo.toml: `lints.clippy.large-futures` is deprecated in favor of `lints.clippy.large_futures` and will not work in a future edition
[INFO] [stderr] warning: Cargo.toml: `lints.clippy.manual-string-new` is deprecated in favor of `lints.clippy.manual_string_new` and will not work in a future edition
[INFO] [stderr] warning: Cargo.toml: `lints.clippy.mem-forget` is deprecated in favor of `lints.clippy.mem_forget` and will not work in a future edition
[INFO] [stderr] warning: Cargo.toml: `lints.clippy.panic-in-result-fn` is deprecated in favor of `lints.clippy.panic_in_result_fn` and will not work in a future edition
[INFO] [stderr] warning: Cargo.toml: `lints.clippy.print-stderr` is deprecated in favor of `lints.clippy.print_stderr` and will not work in a future edition
[INFO] [stderr] warning: Cargo.toml: `lints.clippy.print-stdout` is deprecated in favor of `lints.clippy.print_stdout` and will not work in a future edition
[INFO] [stderr] warning: Cargo.toml: `lints.clippy.redundant-clone` is deprecated in favor of `lints.clippy.redundant_clone` and will not work in a future edition
[INFO] [stderr] warning: Cargo.toml: `lints.clippy.uninlined-format-args` is deprecated in favor of `lints.clippy.uninlined_format_args` and will not work in a future edition
[INFO] [stderr] warning: Cargo.toml: `lints.clippy.use-self` is deprecated in favor of `lints.clippy.use_self` and will not work in a future edition
[INFO] [stderr] warning: Cargo.toml: `lints.rust.nonstandard-style` is deprecated in favor of `lints.rust.nonstandard_style` and will not work in a future edition
[INFO] [stderr] warning: Cargo.toml: `lints.rust.redundant-lifetimes` is deprecated in favor of `lints.rust.redundant_lifetimes` and will not work in a future edition
[INFO] [stderr] warning: Cargo.toml: `lints.rust.rust-2018-idioms` is deprecated in favor of `lints.rust.rust_2018_idioms` and will not work in a future edition
[INFO] [stderr] warning: Cargo.toml: `lints.rust.unreachable-pub` is deprecated in favor of `lints.rust.unreachable_pub` and will not work in a future edition
[INFO] [stderr] warning: Cargo.toml: `lints.rust.unsafe-code` is deprecated in favor of `lints.rust.unsafe_code` and will not work in a future edition
[INFO] [stderr] warning: Cargo.toml: `lints.rust.unused-extern-crates` is deprecated in favor of `lints.rust.unused_extern_crates` and will not work in a future edition
[INFO] [stderr] warning: Cargo.toml: `lints.rust.unused-imports` is deprecated in favor of `lints.rust.unused_imports` and will not work in a future edition
[INFO] [stderr] warning: Cargo.toml: `lints.rust.unused-must-use` is deprecated in favor of `lints.rust.unused_must_use` and will not work in a future edition
[INFO] [stderr] warning: Cargo.toml: `lints.rust.unused-qualifications` is deprecated in favor of `lints.rust.unused_qualifications` and will not work in a future edition
[INFO] [stderr] warning: `quip-solver-cpu` (manifest) generated 21 warnings
[INFO] [stderr] warning: Cargo.toml: `lints.clippy.allow-attributes` is deprecated in favor of `lints.clippy.allow_attributes` and will not work in a future edition
[INFO] [stderr] warning: Cargo.toml: `lints.clippy.await-holding-lock` is deprecated in favor of `lints.clippy.await_holding_lock` and will not work in a future edition
[INFO] [stderr] warning: Cargo.toml: `lints.clippy.dbg-macro` is deprecated in favor of `lints.clippy.dbg_macro` and will not work in a future edition
[INFO] [stderr] warning: Cargo.toml: `lints.clippy.large-futures` is deprecated in favor of `lints.clippy.large_futures` and will not work in a future edition
[INFO] [stderr] warning: Cargo.toml: `lints.clippy.manual-string-new` is deprecated in favor of `lints.clippy.manual_string_new` and will not work in a future edition
[INFO] [stderr] warning: Cargo.toml: `lints.clippy.mem-forget` is deprecated in favor of `lints.clippy.mem_forget` and will not work in a future edition
[INFO] [stderr] warning: Cargo.toml: `lints.clippy.panic-in-result-fn` is deprecated in favor of `lints.clippy.panic_in_result_fn` and will not work in a future edition
[INFO] [stderr] warning: Cargo.toml: `lints.clippy.print-stderr` is deprecated in favor of `lints.clippy.print_stderr` and will not work in a future edition
[INFO] [stderr] warning: Cargo.toml: `lints.clippy.print-stdout` is deprecated in favor of `lints.clippy.print_stdout` and will not work in a future edition
[INFO] [stderr] warning: Cargo.toml: `lints.clippy.redundant-clone` is deprecated in favor of `lints.clippy.redundant_clone` and will not work in a future edition
[INFO] [stderr] warning: Cargo.toml: `lints.clippy.uninlined-format-args` is deprecated in favor of `lints.clippy.uninlined_format_args` and will not work in a future edition
[INFO] [stderr] warning: Cargo.toml: `lints.clippy.use-self` is deprecated in favor of `lints.clippy.use_self` and will not work in a future edition
[INFO] [stderr] warning: Cargo.toml: `lints.rust.nonstandard-style` is deprecated in favor of `lints.rust.nonstandard_style` and will not work in a future edition
[INFO] [stderr] warning: Cargo.toml: `lints.rust.redundant-lifetimes` is deprecated in favor of `lints.rust.redundant_lifetimes` and will not work in a future edition
[INFO] [stderr] warning: Cargo.toml: `lints.rust.rust-2018-idioms` is deprecated in favor of `lints.rust.rust_2018_idioms` and will not work in a future edition
[INFO] [stderr] warning: Cargo.toml: `lints.rust.unreachable-pub` is deprecated in favor of `lints.rust.unreachable_pub` and will not work in a future edition
[INFO] [stderr] warning: Cargo.toml: `lints.rust.unsafe-code` is deprecated in favor of `lints.rust.unsafe_code` and will not work in a future edition
[INFO] [stderr] warning: Cargo.toml: `lints.rust.unused-extern-crates` is deprecated in favor of `lints.rust.unused_extern_crates` and will not work in a future edition
[INFO] [stderr] warning: Cargo.toml: `lints.rust.unused-imports` is deprecated in favor of `lints.rust.unused_imports` and will not work in a future edition
[INFO] [stderr] warning: Cargo.toml: `lints.rust.unused-must-use` is deprecated in favor of `lints.rust.unused_must_use` and will not work in a future edition
[INFO] [stderr] warning: Cargo.toml: `lints.rust.unused-qualifications` is deprecated in favor of `lints.rust.unused_qualifications` and will not work in a future edition
[INFO] [stderr] warning: `quip-solver-cpu` (manifest) generated 21 warnings
[INFO] [stderr] warning: Cargo.toml: `lints.clippy.allow-attributes` is deprecated in favor of `lints.clippy.allow_attributes` and will not work in a future edition
[INFO] [stderr] warning: Cargo.toml: `lints.clippy.await-holding-lock` is deprecated in favor of `lints.clippy.await_holding_lock` and will not work in a future edition
[INFO] [stderr] warning: Cargo.toml: `lints.clippy.dbg-macro` is deprecated in favor of `lints.clippy.dbg_macro` and will not work in a future edition
[INFO] [stderr] warning: Cargo.toml: `lints.clippy.large-futures` is deprecated in favor of `lints.clippy.large_futures` and will not work in a future edition
[INFO] [stderr] warning: Cargo.toml: `lints.clippy.manual-string-new` is deprecated in favor of `lints.clippy.manual_string_new` and will not work in a future edition
[INFO] [stderr] warning: Cargo.toml: `lints.clippy.mem-forget` is deprecated in favor of `lints.clippy.mem_forget` and will not work in a future edition
[INFO] [stderr] warning: Cargo.toml: `lints.clippy.panic-in-result-fn` is deprecated in favor of `lints.clippy.panic_in_result_fn` and will not work in a future edition
[INFO] [stderr] warning: Cargo.toml: `lints.clippy.print-stderr` is deprecated in favor of `lints.clippy.print_stderr` and will not work in a future edition
[INFO] [stderr] warning: Cargo.toml: `lints.clippy.print-stdout` is deprecated in favor of `lints.clippy.print_stdout` and will not work in a future edition
[INFO] [stderr] warning: Cargo.toml: `lints.clippy.redundant-clone` is deprecated in favor of `lints.clippy.redundant_clone` and will not work in a future edition
[INFO] [stderr] warning: Cargo.toml: `lints.clippy.uninlined-format-args` is deprecated in favor of `lints.clippy.uninlined_format_args` and will not work in a future edition
[INFO] [stderr] warning: Cargo.toml: `lints.clippy.use-self` is deprecated in favor of `lints.clippy.use_self` and will not work in a future edition
[INFO] [stderr] warning: Cargo.toml: `lints.rust.nonstandard-style` is deprecated in favor of `lints.rust.nonstandard_style` and will not work in a future edition
[INFO] [stderr] warning: Cargo.toml: `lints.rust.redundant-lifetimes` is deprecated in favor of `lints.rust.redundant_lifetimes` and will not work in a future edition
[INFO] [stderr] warning: Cargo.toml: `lints.rust.rust-2018-idioms` is deprecated in favor of `lints.rust.rust_2018_idioms` and will not work in a future edition
[INFO] [stderr] warning: Cargo.toml: `lints.rust.unreachable-pub` is deprecated in favor of `lints.rust.unreachable_pub` and will not work in a future edition
[INFO] [stderr] warning: Cargo.toml: `lints.rust.unsafe-code` is deprecated in favor of `lints.rust.unsafe_code` and will not work in a future edition
[INFO] [stderr] warning: Cargo.toml: `lints.rust.unused-extern-crates` is deprecated in favor of `lints.rust.unused_extern_crates` and will not work in a future edition
[INFO] [stderr] warning: Cargo.toml: `lints.rust.unused-imports` is deprecated in favor of `lints.rust.unused_imports` and will not work in a future edition
[INFO] [stderr] warning: Cargo.toml: `lints.rust.unused-must-use` is deprecated in favor of `lints.rust.unused_must_use` and will not work in a future edition
[INFO] [stderr] warning: Cargo.toml: `lints.rust.unused-qualifications` is deprecated in favor of `lints.rust.unused_qualifications` and will not work in a future edition
[INFO] [stderr] warning: `quip-solver-cpu` (manifest) generated 21 warnings
[INFO] [stderr]     Blocking waiting for file lock on build directory
[INFO] [stdout] test quip_cpu_sa_passes_solve_conformance ... ok
[INFO] [stdout] test quip_cpu_sb_passes_solve_conformance ... ok
[INFO] [stdout] test quip_cpu_gibbs_passes_solve_conformance ... ok
[INFO] [stderr]    Compiling proc-macro2 v1.0.107
[INFO] [stderr]    Compiling quote v1.0.47
[INFO] [stderr]    Compiling unicode-ident v1.0.24
[INFO] [stderr]    Compiling libc v0.2.189
[INFO] [stderr]    Compiling pin-project-lite v0.2.17
[INFO] [stderr]    Compiling bytes v1.12.1
[INFO] [stderr]    Compiling futures-core v0.3.33
[INFO] [stderr]    Compiling serde_core v1.0.229
[INFO] [stderr]    Compiling cfg-if v1.0.4
[INFO] [stderr]     Blocking waiting for file lock on build directory
[INFO] [stderr]     Blocking waiting for file lock on build directory
[INFO] [stderr]     Blocking waiting for file lock on build directory
[INFO] [stderr]    Compiling once_cell v1.21.4
[INFO] [stderr]    Compiling itoa v1.0.18
[INFO] [stderr]    Compiling slab v0.4.12
[INFO] [stderr]    Compiling zerocopy v0.8.55
[INFO] [stderr]    Compiling futures-task v0.3.33
[INFO] [stderr]    Compiling serde v1.0.229
[INFO] [stderr]    Compiling tracing-core v0.1.36
[INFO] [stderr]    Compiling hashbrown v0.17.1
[INFO] [stderr]    Compiling equivalent v1.0.2
[INFO] [stderr]    Compiling futures-util v0.3.33
[INFO] [stderr]    Compiling futures-sink v0.3.33
[INFO] [stderr]    Compiling tower-service v0.3.3
[INFO] [stderr]    Compiling smallvec v1.15.2
[INFO] [stderr]    Compiling http v1.4.2
[INFO] [stderr]    Compiling syn v2.0.119
[INFO] [stderr]    Compiling syn v3.0.3
[INFO] [stderr]    Compiling httparse v1.10.1
[INFO] [stderr]    Compiling indexmap v2.14.0
[INFO] [stderr]    Compiling anyhow v1.0.104
[INFO] [stderr]    Compiling atomic-waker v1.1.2
[INFO] [stderr]    Compiling autocfg v1.5.1
[INFO] [stderr]    Compiling errno v0.3.14
[INFO] [stderr]    Compiling signal-hook-registry v1.4.8
[INFO] [stderr]    Compiling mio v1.2.2
[INFO] [stderr]    Compiling socket2 v0.6.5
[INFO] [stderr]    Compiling http-body v1.1.0
[INFO] [stderr]    Compiling getrandom v0.2.17
[INFO] [stderr]    Compiling tower-layer v0.3.3
[INFO] [stderr]    Compiling rustversion v1.0.23
[INFO] [stderr]    Compiling try-lock v0.2.5
[INFO] [stderr]    Compiling fnv v1.0.7
[INFO] [stderr]    Compiling want v0.3.1
[INFO] [stderr]    Compiling rand_core v0.6.4
[INFO] [stderr]    Compiling indexmap v1.9.3
[INFO] [stderr]    Compiling futures-channel v0.3.33
[INFO] [stderr]    Compiling either v1.17.0
[INFO] [stderr]    Compiling httpdate v1.0.3
[INFO] [stderr]    Compiling sync_wrapper v1.0.2
[INFO] [stderr]    Compiling itertools v0.14.0
[INFO] [stderr]    Compiling http-body-util v0.1.4
[INFO] [stderr]    Compiling shlex v2.0.1
[INFO] [stderr]    Compiling hashbrown v0.12.3
[INFO] [stderr]    Compiling memchr v2.8.3
[INFO] [stderr]    Compiling mime v0.3.17
[INFO] [stderr]    Compiling find-msvc-tools v0.1.9
[INFO] [stderr]    Compiling cc v1.4.0
[INFO] [stderr]    Compiling tower v0.5.3
[INFO] [stderr]    Compiling utf8parse v0.2.2
[INFO] [stderr]    Compiling regex-syntax v0.8.11
[INFO] [stderr]    Compiling percent-encoding v2.3.2
[INFO] [stderr]    Compiling matchit v0.7.3
[INFO] [stderr]    Compiling anstyle-parse v1.0.0
[INFO] [stderr]    Compiling socket2 v0.5.10
[INFO] [stderr]    Compiling log v0.4.33
[INFO] [stderr]    Compiling winnow v0.7.15
[INFO] [stderr]    Compiling is_terminal_polyfill v1.70.2
[INFO] [stderr]    Compiling anstyle-query v1.1.5
[INFO] [stderr]    Compiling zmij v1.0.23
[INFO] [stderr]    Compiling base64 v0.22.1
[INFO] [stderr]    Compiling colorchoice v1.0.5
[INFO] [stderr]    Compiling lazy_static v1.5.0
[INFO] [stderr]    Compiling anstyle v1.0.14
[INFO] [stderr]    Compiling sharded-slab v0.1.7
[INFO] [stderr]    Compiling anstream v1.0.0
[INFO] [stderr]    Compiling tracing-log v0.2.0
[INFO] [stderr]    Compiling regex-automata v0.4.16
[INFO] [stderr]    Compiling thread_local v1.1.10
[INFO] [stderr]    Compiling blake3 v1.8.5
[INFO] [stderr]    Compiling nu-ansi-term v0.50.3
[INFO] [stderr]    Compiling winnow v1.0.4
[INFO] [stderr]    Compiling arrayref v0.3.9
[INFO] [stderr]    Compiling heck v0.5.0
[INFO] [stderr]    Compiling clap_lex v1.1.0
[INFO] [stderr]    Compiling cpufeatures v0.3.0
[INFO] [stderr]    Compiling serde_derive v1.0.229
[INFO] [stderr]    Compiling async-trait v0.1.91
[INFO] [stderr]    Compiling arrayvec v0.7.8
[INFO] [stderr]    Compiling crossbeam-utils v0.8.22
[INFO] [stderr]    Compiling strsim v0.11.1
[INFO] [stderr]    Compiling constant_time_eq v0.4.2
[INFO] [stderr]    Compiling serde_json v1.0.151
[INFO] [stderr]    Compiling clap_builder v4.6.2
[INFO] [stderr]    Compiling axum-core v0.4.5
[INFO] [stderr]    Compiling clap_derive v4.6.4
[INFO] [stderr]    Compiling toml_parser v1.1.3+spec-1.1.0
[INFO] [stderr]    Compiling tokio-macros v2.7.1
[INFO] [stderr]    Compiling tracing-attributes v0.1.31
[INFO] [stderr]    Compiling zerocopy-derive v0.8.55
[INFO] [stderr]    Compiling tokio v1.53.1
[INFO] [stdout] test capabilities_advertise_the_schedule_feature_and_limits has been running for over 60 seconds
[INFO] [stdout] test capabilities_and_version_and_check has been running for over 60 seconds
[INFO] [stdout] test quip_cpu_gibbs_passes_conformance has been running for over 60 seconds
[INFO] [stdout] test quip_cpu_sa_passes_conformance has been running for over 60 seconds
[INFO] [stdout] test quip_cpu_sb_passes_conformance has been running for over 60 seconds
[INFO] [stderr]    Compiling tracing v0.1.44
[INFO] [stderr]    Compiling pin-project-internal v1.1.13
[INFO] [stderr]    Compiling async-stream-impl v0.3.6
[INFO] [stderr]    Compiling prost-derive v0.13.5
[INFO] [stderr]    Compiling async-stream v0.3.6
[INFO] [stderr]    Compiling matchers v0.2.0
[INFO] [stderr]    Compiling tracing-subscriber v0.3.23
[INFO] [stderr]    Compiling pin-project v1.1.13
[INFO] [stderr]    Compiling toml_datetime v0.7.5+spec-1.1.0
[INFO] [stderr]    Compiling serde_spanned v1.1.1
[INFO] [stderr]    Compiling toml_write v0.1.2
[INFO] [stderr]    Compiling toml_writer v1.1.2+spec-1.1.0
[INFO] [stderr]    Compiling clap v4.6.4
[INFO] [stderr]    Compiling axum v0.7.9
[INFO] [stderr]    Compiling toml_datetime v0.6.11
[INFO] [stderr]    Compiling serde_spanned v0.6.9
[INFO] [stderr]    Compiling toml v0.9.12+spec-1.1.0
[INFO] [stderr]    Compiling toml_edit v0.22.27
[INFO] [stderr]    Compiling prost v0.13.5
[INFO] [stderr]    Compiling crossbeam-channel v0.5.16
[INFO] [stderr]    Compiling tracing-flame v0.2.0
[INFO] [stderr]    Compiling tokio-util v0.7.19
[INFO] [stderr]    Compiling tokio-stream v0.1.19
[INFO] [stderr]    Compiling toml v0.8.23
[INFO] [stderr]    Compiling h2 v0.4.15
[INFO] [stderr]    Compiling ppv-lite86 v0.2.21
[INFO] [stderr]    Compiling half v2.7.1
[INFO] [stderr]    Compiling rand_chacha v0.3.1
[INFO] [stderr]    Compiling rand v0.8.7
[INFO] [stderr]    Compiling tower v0.4.13
[INFO] [stderr]    Compiling hyper v1.11.0
[INFO] [stderr]    Compiling hyper-util v0.1.20
[INFO] [stderr]    Compiling hyper-timeout v0.5.2
[INFO] [stderr]    Compiling tonic v0.12.3
[INFO] [stderr]    Compiling quip-proto v0.0.3
[INFO] [stderr]    Compiling quip-protocol v0.0.3
[INFO] [stderr]    Compiling quip-solver-core v0.0.3
[INFO] [stderr]    Compiling quip-solver-cpu v0.3.5-rc1 (/opt/rustwide/workdir)
[INFO] [stderr]     Finished `dev` profile [unoptimized + debuginfo] target(s) in 2m 21s
[INFO] [stdout] test quip_cpu_sb_passes_conformance ... ok
[INFO] [stderr]     Finished `dev` profile [unoptimized + debuginfo] target(s) in 2m 21s
[INFO] [stderr]     Finished `dev` profile [unoptimized + debuginfo] target(s) in 2m 21s
[INFO] [stdout] test capabilities_and_version_and_check ... ok
[INFO] [stderr]     Finished `dev` profile [unoptimized + debuginfo] target(s) in 2m 21s
[INFO] [stdout] test quip_cpu_sa_passes_conformance ... FAILED
[INFO] [stdout] test capabilities_advertise_the_schedule_feature_and_limits ... ok
[INFO] [stderr]     Finished `dev` profile [unoptimized + debuginfo] target(s) in 2m 21s
[INFO] [stdout] test quip_cpu_gibbs_passes_conformance ... ok
[INFO] [stdout] 
[INFO] [stdout] failures:
[INFO] [stdout] 
[INFO] [stdout] ---- quip_cpu_sa_passes_conformance stdout ----
[INFO] [stdout] 
[INFO] [stdout] thread 'quip_cpu_sa_passes_conformance' (4188) panicked at tests/conformance.rs:273:5:
[INFO] [stdout] assertion `left == right` failed: expected 5 job results (job-1, job-2, job-hash, job-sparse, job-seeded)
[INFO] [stdout]   left: 6
[INFO] [stdout]  right: 5
[INFO] [stdout] stack backtrace:
[INFO] [stdout]    0:     0x61baba2dfa81 - <<std[70759c8f55707aa4]::sys::backtrace::BacktraceLock>::print::DisplayBacktrace as core[df12db4294e9bfd3]::fmt::Display>::fmt
[INFO] [stdout]    1:     0x61baba2f571a - core[df12db4294e9bfd3]::fmt::write
[INFO] [stdout]    2:     0x61baba2e441c - <alloc[2182bb758b4b3781]::vec::Vec<u8> as core[df12db4294e9bfd3]::io::write::Write>::write_fmt
[INFO] [stdout]    3:     0x61baba2bac96 - std[70759c8f55707aa4]::panicking::default_hook::{closure#0}
[INFO] [stdout]    4:     0x61baba2d7c19 - std[70759c8f55707aa4]::panicking::default_hook
[INFO] [stdout]    5:     0x61baba183c60 - test[9d35eded1c95d3be]::test_main_inner::<test[9d35eded1c95d3be]::test_main_static::{closure#0}>::{closure#0}
[INFO] [stdout]    6:     0x61baba2d7f42 - std[70759c8f55707aa4]::panicking::panic_with_hook
[INFO] [stdout]    7:     0x61baba2bad42 - std[70759c8f55707aa4]::panicking::panic_handler::{closure#0}
[INFO] [stdout]    8:     0x61baba2b39e9 - std[70759c8f55707aa4]::sys::backtrace::__rust_end_short_backtrace::<std[70759c8f55707aa4]::panicking::panic_handler::{closure#0}, !>
[INFO] [stdout]    9:     0x61baba2bb93d - __rustc[8fa7c3cbc660c2b3]::rust_begin_unwind
[INFO] [stdout]   10:     0x61baba2f5e7c - core[df12db4294e9bfd3]::panicking::panic_fmt
[INFO] [stdout]   11:     0x61baba2f5df3 - core[df12db4294e9bfd3]::panicking::assert_failed_inner
[INFO] [stdout]   12:     0x61baba2f1848 - core[df12db4294e9bfd3]::panicking::assert_failed::<usize, usize>
[INFO] [stdout]   13:     0x61baba103454 - conformance[2c9bc5312d4c4515]::quip_cpu_sa_passes_conformance::{closure#0}
[INFO] [stdout]   14:     0x61baba124653 - <tokio[ae4aacbe3b56b2ff]::runtime::scheduler::current_thread::Context>::enter::<core[df12db4294e9bfd3]::task::poll::Poll<()>, <tokio[ae4aacbe3b56b2ff]::runtime::scheduler::current_thread::CoreGuard>::block_on<core[df12db4294e9bfd3]::pin::Pin<&mut core[df12db4294e9bfd3]::pin::Pin<&mut dyn core[df12db4294e9bfd3]::future::future::Future<Output = ()>>>>::{closure#0}::{closure#0}>
[INFO] [stdout]   15:     0x61baba10a6f9 - <std[70759c8f55707aa4]::thread::local::LocalKey<tokio[ae4aacbe3b56b2ff]::runtime::context::Context>>::with::<tokio[ae4aacbe3b56b2ff]::runtime::context::set_scheduler<(alloc[2182bb758b4b3781]::boxed::Box<tokio[ae4aacbe3b56b2ff]::runtime::scheduler::current_thread::Core>, core[df12db4294e9bfd3]::option::Option<()>), <tokio[ae4aacbe3b56b2ff]::runtime::scheduler::current_thread::CoreGuard>::enter<<tokio[ae4aacbe3b56b2ff]::runtime::scheduler::current_thread::CoreGuard>::block_on<core[df12db4294e9bfd3]::pin::Pin<&mut core[df12db4294e9bfd3]::pin::Pin<&mut dyn core[df12db4294e9bfd3]::future::future::Future<Output = ()>>>>::{closure#0}, core[df12db4294e9bfd3]::option::Option<()>>::{closure#0}>::{closure#0}, (alloc[2182bb758b4b3781]::boxed::Box<tokio[ae4aacbe3b56b2ff]::runtime::scheduler::current_thread::Core>, core[df12db4294e9bfd3]::option::Option<()>)>
[INFO] [stdout]   16:     0x61baba124fa7 - <tokio[ae4aacbe3b56b2ff]::runtime::scheduler::current_thread::CoreGuard>::block_on::<core[df12db4294e9bfd3]::pin::Pin<&mut core[df12db4294e9bfd3]::pin::Pin<&mut dyn core[df12db4294e9bfd3]::future::future::Future<Output = ()>>>>
[INFO] [stdout]   17:     0x61baba174f0b - tokio[ae4aacbe3b56b2ff]::runtime::context::runtime::enter_runtime::<<tokio[ae4aacbe3b56b2ff]::runtime::scheduler::current_thread::CurrentThread>::block_on<core[df12db4294e9bfd3]::pin::Pin<&mut dyn core[df12db4294e9bfd3]::future::future::Future<Output = ()>>>::{closure#0}, ()>
[INFO] [stdout]   18:     0x61baba1442d5 - <tokio[ae4aacbe3b56b2ff]::runtime::runtime::Runtime>::block_on::<core[df12db4294e9bfd3]::pin::Pin<&mut dyn core[df12db4294e9bfd3]::future::future::Future<Output = ()>>>
[INFO] [stdout]   19:     0x61baba10757e - <conformance[2c9bc5312d4c4515]::quip_cpu_sa_passes_conformance::{closure#0} as core[df12db4294e9bfd3]::ops::function::FnOnce<()>>::call_once
[INFO] [stdout]   20:     0x61baba176f4b - test[9d35eded1c95d3be]::__rust_begin_short_backtrace::<core[df12db4294e9bfd3]::result::Result<(), alloc[2182bb758b4b3781]::string::String>, fn() -> core[df12db4294e9bfd3]::result::Result<(), alloc[2182bb758b4b3781]::string::String>>
[INFO] [stdout]   21:     0x61baba1845b5 - test[9d35eded1c95d3be]::run_test::{closure#0}
[INFO] [stdout]   22:     0x61baba17de74 - std[70759c8f55707aa4]::sys::backtrace::__rust_begin_short_backtrace::<test[9d35eded1c95d3be]::run_test::{closure#1}, ()>
[INFO] [stdout]   23:     0x61baba187712 - <std[70759c8f55707aa4]::thread::lifecycle::spawn_unchecked<test[9d35eded1c95d3be]::run_test::{closure#1}, ()>::{closure#1} as core[df12db4294e9bfd3]::ops::function::FnOnce<()>>::call_once::{shim:vtable#0}
[INFO] [stdout]   24:     0x61baba2df319 - <std[70759c8f55707aa4]::sys::thread::unix::Thread>::new::thread_start
[INFO] [stdout]   25:     0x719842cd1dfa - <unknown>
[INFO] [stdout]   26:     0x719842d653d4 - clone
[INFO] [stdout]   27:                0x0 - <unknown>
[INFO] [stdout] 
[INFO] [stdout] 
[INFO] [stdout] failures:
[INFO] [stdout]     quip_cpu_sa_passes_conformance
[INFO] [stdout] 
[INFO] [stdout] test result: FAILED. 7 passed; 1 failed; 0 ignored; 0 measured; 0 filtered out; finished in 141.96s
[INFO] [stdout] 
[INFO] [stderr] error: test failed, to rerun pass `--test conformance`
[INFO] running `Command { std: "docker" "inspect" "a7d612edac3e747ff0555fb03ff82220048cc95ba9e8aedb67bf060bb3464297", kill_on_drop: false }`
[INFO] running `Command { std: "docker" "rm" "-f" "a7d612edac3e747ff0555fb03ff82220048cc95ba9e8aedb67bf060bb3464297", kill_on_drop: false }`
[INFO] [stdout] a7d612edac3e747ff0555fb03ff82220048cc95ba9e8aedb67bf060bb3464297
