[INFO] cloning repository https://github.com/MarkAtwood/project-HIRE
[INFO] running `Command { std: "git" "-c" "credential.helper=" "-c" "credential.helper=/workspace/cargo-home/bin/git-credential-null" "clone" "--bare" "https://github.com/MarkAtwood/project-HIRE" "/workspace/cache/git-repos/https%3A%2F%2Fgithub.com%2FMarkAtwood%2Fproject-HIRE", kill_on_drop: false }`
[INFO] [stderr] Cloning into bare repository '/workspace/cache/git-repos/https%3A%2F%2Fgithub.com%2FMarkAtwood%2Fproject-HIRE'...
[INFO] running `Command { std: "git" "rev-parse" "HEAD", kill_on_drop: false }`
[INFO] [stdout] 9da1d3f0c22293e1491d67f87f7656b28212f4fc
[INFO] testing MarkAtwood/project-HIRE against 1.99.0-beta.8+cargoflags=--release for beta-release-1.100-2
[INFO] running `Command { std: "git" "clone" "/workspace/cache/git-repos/https%3A%2F%2Fgithub.com%2FMarkAtwood%2Fproject-HIRE" "/workspace/builds/worker-7-tc1/source", kill_on_drop: false }`
[INFO] [stderr] Cloning into '/workspace/builds/worker-7-tc1/source'...
[INFO] [stderr] done.
[INFO] started tweaking git repo https://github.com/MarkAtwood/project-HIRE
[INFO] finished tweaking git repo https://github.com/MarkAtwood/project-HIRE
[INFO] tweaked toml for git repo https://github.com/MarkAtwood/project-HIRE written to /workspace/builds/worker-7-tc1/source/Cargo.toml
[INFO] validating manifest of git repo https://github.com/MarkAtwood/project-HIRE on toolchain 1.99.0-beta.8
[INFO] running `Command { std: CARGO_HOME="/workspace/cargo-home" RUSTUP_HOME="/workspace/rustup-home" "/workspace/cargo-home/bin/cargo" "+1.99.0-beta.8" "metadata" "--manifest-path" "Cargo.toml" "--no-deps", kill_on_drop: false }`
[INFO] crate git repo https://github.com/MarkAtwood/project-HIRE already has a lockfile, it will not be regenerated
[INFO] running `Command { std: CARGO_HOME="/workspace/cargo-home" RUSTUP_HOME="/workspace/rustup-home" "/workspace/cargo-home/bin/cargo" "+1.99.0-beta.8" "fetch" "--manifest-path" "Cargo.toml", kill_on_drop: false }`
[INFO] [stderr]     Updating crates.io index
[INFO] [stderr]  Downloading crates ...
[INFO] [stderr]   Downloaded tonic-build v0.14.6
[INFO] [stderr]   Downloaded tonic-prost-build v0.14.6
[INFO] [stderr]   Downloaded prost-types v0.14.4
[INFO] [stderr]   Downloaded prost-build v0.14.4
[INFO] [stderr]   Downloaded pad v0.1.6
[INFO] [stderr]   Downloaded pulldown-cmark-to-cmark v22.0.1
[INFO] [stderr]   Downloaded snafu-derive v0.9.2
[INFO] [stderr]   Downloaded bitfields v1.0.3
[INFO] [stderr]   Downloaded bitfields-impl v1.0.3
[INFO] [stderr]   Downloaded der_derive v0.8.0
[INFO] [stderr]   Downloaded jsonwebtoken v10.4.0
[INFO] [stderr]   Downloaded snafu v0.9.2
[INFO] [stderr]   Downloaded ctap-hid-fido2 v3.6.0
[INFO] [stderr]   Downloaded cc v1.4.6
[INFO] [stderr]   Downloaded hidapi v2.6.7
[INFO] [stderr]   Downloaded aes v0.9.3
[INFO] [stderr]   Downloaded x509-cert v0.3.0
[INFO] [stderr]   Downloaded spiffe v0.16.1
[INFO] [stderr]   Downloaded pgp v0.20.0
[INFO] running `Command { std: "docker" "create" "-v" "/var/lib/crater-agent-workspace/builds/worker-7-tc1/source:/opt/rustwide/workdir:ro,Z" "-v" "/var/lib/crater-agent-workspace/builds/worker-7-tc1/target:/opt/rustwide/target:rw,Z" "-v" "/var/lib/crater-agent-workspace/cargo-home:/opt/rustwide/cargo-home:ro,Z" "-v" "/var/lib/crater-agent-workspace/rustup-home:/opt/rustwide/rustup-home:ro,Z" "-m" "1610612736" "--network" "none" "ghcr.io/rust-lang/crates-build-env/linux@sha256:77db811e55d90add9212f6832c23229e3de5f1c1f9905e8cb07319ea15df73ac" "sleep" "infinity", kill_on_drop: false }`
[INFO] [stdout] 5b33d57849dcd8a410ef82730b4edecf7a89fb0634d0a7b7ae6ac468636504ad
[INFO] running `Command { std: "docker" "start" "5b33d57849dcd8a410ef82730b4edecf7a89fb0634d0a7b7ae6ac468636504ad", kill_on_drop: false }`
[INFO] running `Command { std: "docker" "inspect" "5b33d57849dcd8a410ef82730b4edecf7a89fb0634d0a7b7ae6ac468636504ad", kill_on_drop: false }`
[INFO] running `Command { std: "docker" "exec" "-e" "SOURCE_DIR=/opt/rustwide/workdir" "-e" "CARGO_HOME=/opt/rustwide/cargo-home" "-e" "RUSTUP_HOME=/opt/rustwide/rustup-home" "-e" "CARGO_TARGET_DIR=/opt/rustwide/target" "-w" "/opt/rustwide/workdir" "--user" "0:0" "5b33d57849dcd8a410ef82730b4edecf7a89fb0634d0a7b7ae6ac468636504ad" "/opt/rustwide/cargo-home/bin/cargo" "+1.99.0-beta.8" "metadata" "--no-deps" "--format-version=1", kill_on_drop: false }`
[INFO] running `Command { std: "docker" "inspect" "5b33d57849dcd8a410ef82730b4edecf7a89fb0634d0a7b7ae6ac468636504ad", kill_on_drop: false }`
[INFO] running `Command { std: "docker" "exec" "-e" "SOURCE_DIR=/opt/rustwide/workdir" "-e" "CARGO_HOME=/opt/rustwide/cargo-home" "-e" "RUSTUP_HOME=/opt/rustwide/rustup-home" "-e" "CARGO_TARGET_DIR=/opt/rustwide/target" "-e" "CARGO_INCREMENTAL=0" "-e" "RUST_BACKTRACE=full" "-e" "RUSTFLAGS=--cap-lints=warn" "-e" "RUSTDOCFLAGS=--cap-lints=warn" "-w" "/opt/rustwide/workdir" "--user" "0:0" "5b33d57849dcd8a410ef82730b4edecf7a89fb0634d0a7b7ae6ac468636504ad" "/opt/rustwide/cargo-home/bin/cargo" "+1.99.0-beta.8" "build" "--frozen" "--message-format=json" "--release", kill_on_drop: false }`
[INFO] [stderr]    Compiling syn v2.0.119
[INFO] [stderr]    Compiling typenum v1.20.1
[INFO] [stderr]    Compiling subtle v2.6.1
[INFO] [stderr]    Compiling syn v3.0.5
[INFO] [stderr]    Compiling base64ct v1.8.3
[INFO] [stderr]    Compiling smallvec v1.16.1
[INFO] [stderr]    Compiling serde v1.0.229
[INFO] [stderr]    Compiling generic-array v0.14.9
[INFO] [stderr]    Compiling radium v0.7.0
[INFO] [stderr]    Compiling tap v1.0.1
[INFO] [stderr]    Compiling funty v2.0.0
[INFO] [stderr]    Compiling base16ct v0.2.0
[INFO] [stderr]    Compiling getrandom v0.2.17
[INFO] [stderr]    Compiling libm v0.2.16
[INFO] [stderr]    Compiling serde_json v1.0.151
[INFO] [stderr]    Compiling futures-core v0.3.34
[INFO] [stderr]    Compiling anyhow v1.0.104
[INFO] [stderr]    Compiling wyz v0.5.1
[INFO] [stderr]    Compiling num-traits v0.2.19
[INFO] [stderr]    Compiling rand_core v0.6.4
[INFO] [stderr]    Compiling mio v1.2.3
[INFO] [stderr]    Compiling socket2 v0.6.5
[INFO] [stderr]    Compiling zerocopy v0.8.57
[INFO] [stderr]    Compiling pem-rfc7468 v0.7.0
[INFO] [stderr]    Compiling either v1.18.0
[INFO] [stderr]    Compiling http v1.5.0
[INFO] [stderr]    Compiling parking_lot_core v0.9.12
[INFO] [stderr]    Compiling semver v1.0.28
[INFO] [stderr]    Compiling spin v0.9.9
[INFO] [stderr]    Compiling bitvec v1.1.1
[INFO] [stderr]    Compiling itertools v0.14.0
[INFO] [stderr]    Compiling parking_lot v0.12.5
[INFO] [stderr]    Compiling rustc_version v0.4.1
[INFO] [stderr]    Compiling lazy_static v1.5.0
[INFO] [stderr]    Compiling const-oid v0.10.2
[INFO] [stderr]    Compiling futures-sink v0.3.34
[INFO] [stderr]    Compiling hashbrown v0.17.1
[INFO] [stderr]    Compiling slab v0.4.12
[INFO] [stderr]    Compiling curve25519-dalek v4.1.3
[INFO] [stderr]    Compiling libc v0.2.189
[INFO] [stderr]    Compiling bitflags v2.13.2
[INFO] [stderr]    Compiling num-bigint-dig v0.8.6
[INFO] [stderr]    Compiling hybrid-array v0.4.15
[INFO] [stderr]    Compiling pulldown-cmark v0.13.4
[INFO] [stderr]    Compiling prettyplease v0.2.37
[INFO] [stderr]    Compiling futures-task v0.3.34
[INFO] [stderr]    Compiling cmov v0.5.4
[INFO] [stderr]    Compiling rustix v1.1.4
[INFO] [stderr]    Compiling futures-util v0.3.34
[INFO] [stderr]    Compiling ctutils v0.4.2
[INFO] [stderr]    Compiling http-body v1.1.0
[INFO] [stderr]    Compiling getrandom v0.4.3
[INFO] [stderr]    Compiling foldhash v0.1.5
[INFO] [stderr]    Compiling unicase v2.9.0
[INFO] [stderr]    Compiling indexmap v2.14.2
[INFO] [stderr]    Compiling regex-syntax v0.8.11
[INFO] [stderr]    Compiling crypto-common v0.2.2
[INFO] [stderr]    Compiling block-buffer v0.12.1
[INFO] [stderr]    Compiling num-conv v0.2.2
[INFO] [stderr]    Compiling linux-raw-sys v0.12.1
[INFO] [stderr]    Compiling equivalent v1.0.2
[INFO] [stderr]    Compiling bytes v1.12.1
[INFO] [stderr]    Compiling num-integer v0.1.47
[INFO] [stderr]    Compiling time-core v0.1.9
[INFO] [stderr]    Compiling cfg-if v1.0.4
[INFO] [stderr]    Compiling memchr v2.8.3
[INFO] [stderr]    Compiling ff v0.13.1
[INFO] [stderr]    Compiling num-iter v0.1.46
[INFO] [stderr]    Compiling time-macros v0.2.32
[INFO] [stderr]    Compiling group v0.13.0
[INFO] [stderr]    Compiling hashbrown v0.15.5
[INFO] [stderr]    Compiling thiserror v2.0.20
[INFO] [stderr]    Compiling digest v0.11.3
[INFO] [stderr]    Compiling pem-rfc7468 v1.0.0
[INFO] [stderr]    Compiling futures-channel v0.3.34
[INFO] [stderr]    Compiling deranged v0.5.8
[INFO] [stderr]    Compiling unicode-segmentation v1.13.3
[INFO] [stderr]    Compiling opaque-debug v0.3.1
[INFO] [stderr]    Compiling flagset v0.4.7
[INFO] [stderr]    Compiling regex-automata v0.4.18
[INFO] [stderr]    Compiling fastrand v2.5.0
[INFO] [stderr]    Compiling once_cell v1.21.4
[INFO] [stderr]    Compiling sync_wrapper v1.0.2
[INFO] [stderr]    Compiling fixedbitset v0.5.7
[INFO] [stderr]    Compiling convert_case v0.10.0
[INFO] [stderr]    Compiling num-bigint v0.4.8
[INFO] [stderr]    Compiling http-body-util v0.1.5
[INFO] [stderr]    Compiling log v0.4.34
[INFO] [stderr]    Compiling crc24 v0.1.6
[INFO] [stderr]    Compiling multimap v0.10.1
[INFO] [stderr]    Compiling keccak v0.1.6
[INFO] [stderr]    Compiling unicode-xid v0.2.6
[INFO] [stderr]    Compiling axum-core v0.5.6
[INFO] [stderr]    Compiling hmac v0.13.0
[INFO] [stderr]    Compiling pem v3.0.6
[INFO] [stderr]    Compiling password-hash v0.5.0
[INFO] [stderr]    Compiling matchit v0.8.4
[INFO] [stderr]    Compiling cpufeatures v0.3.1
[INFO] [stderr]    Compiling zlib-rs v0.6.8
[INFO] [stderr]    Compiling libbz2-rs-sys v0.2.5
[INFO] [stderr]    Compiling petgraph v0.8.3
[INFO] [stderr]    Compiling darling_core v0.20.11
[INFO] [stderr]    Compiling pulldown-cmark-to-cmark v22.0.1
[INFO] [stderr]    Compiling serde_derive v1.0.229
[INFO] [stderr]    Compiling tokio-macros v2.7.2
[INFO] [stderr]    Compiling thiserror-impl v2.0.20
[INFO] [stderr]    Compiling time v0.3.55
[INFO] [stderr]    Compiling async-trait v0.1.92
[INFO] [stderr]    Compiling tokio v1.53.1
[INFO] [stderr]    Compiling tempfile v3.27.0
[INFO] [stderr]    Compiling tonic-build v0.14.6
[INFO] [stderr]    Compiling bzip2 v0.6.1
[INFO] [stderr]    Compiling regex v1.13.1
[INFO] [stderr]    Compiling sha2 v0.11.0
[INFO] [stderr]    Compiling zeroize_derive v1.5.0
[INFO] [stderr]    Compiling tracing-attributes v0.1.31
[INFO] [stderr]    Compiling ppv-lite86 v0.2.21
[INFO] [stderr]    Compiling prost-derive v0.14.4
[INFO] [stderr]    Compiling zeroize v1.9.0
[INFO] [stderr]    Compiling curve25519-dalek-derive v0.1.1
[INFO] [stderr]    Compiling der v0.7.10
[INFO] [stderr]    Compiling der_derive v0.8.0
[INFO] [stderr]    Compiling rand_chacha v0.3.1
[INFO] [stderr]    Compiling rand v0.8.8
[INFO] [stderr]    Compiling bitfields-impl v1.0.3
[INFO] [stderr]    Compiling snafu-derive v0.9.2
[INFO] [stderr]    Compiling num_enum_derive v0.7.6
[INFO] [stderr]    Compiling der v0.8.2
[INFO] [stderr]    Compiling tracing v0.1.44
[INFO] [stderr]    Compiling crypto-common v0.1.6
[INFO] [stderr]    Compiling block-buffer v0.10.4
[INFO] [stderr]    Compiling spki v0.7.3
[INFO] [stderr]    Compiling inout v0.1.4
[INFO] [stderr]    Compiling digest v0.10.7
[INFO] [stderr]    Compiling cipher v0.4.4
[INFO] [stderr]    Compiling pkcs8 v0.10.2
[INFO] [stderr]    Compiling hmac v0.12.1
[INFO] [stderr]    Compiling signature v2.2.0
[INFO] [stderr]    Compiling crypto-bigint v0.5.5
[INFO] [stderr]    Compiling sha2 v0.10.9
[INFO] [stderr]    Compiling darling_macro v0.20.11
[INFO] [stderr]    Compiling hkdf v0.12.4
[INFO] [stderr]    Compiling rfc6979 v0.4.0
[INFO] [stderr]    Compiling ed25519 v2.2.3
[INFO] [stderr]    Compiling pkcs1 v0.7.5
[INFO] [stderr]    Compiling darling v0.20.11
[INFO] [stderr]    Compiling prost v0.14.4
[INFO] [stderr]    Compiling ctr v0.9.2
[INFO] [stderr]    Compiling aead v0.5.2
[INFO] [stderr]    Compiling universal-hash v0.5.1
[INFO] [stderr]    Compiling prost-types v0.14.4
[INFO] [stderr]    Compiling polyval v0.6.2
[INFO] [stderr]    Compiling derive_builder_core v0.20.2
[INFO] [stderr]    Compiling aes v0.8.4
[INFO] [stderr]    Compiling dbl v0.3.2
[INFO] [stderr]    Compiling cmac v0.7.2
[INFO] [stderr]    Compiling simple_asn1 v0.6.4
[INFO] [stderr]    Compiling ghash v0.5.1
[INFO] [stderr]    Compiling blake2 v0.10.6
[INFO] [stderr]    Compiling sha3 v0.10.9
[INFO] [stderr]    Compiling ed25519-dalek v2.2.0
[INFO] [stderr]    Compiling spki v0.8.0
[INFO] [stderr]    Compiling prost-build v0.14.4
[INFO] [stderr]    Compiling sha1 v0.10.7
[INFO] [stderr]    Compiling derive_builder_macro v0.20.2
[INFO] [stderr]    Compiling derive_more-impl v2.1.1
[INFO] [stderr]    Compiling pin-project-internal v1.1.13
[INFO] [stderr]    Compiling serdect v0.2.0
[INFO] [stderr]    Compiling serdect v0.3.0
[INFO] [stderr]    Compiling derive_builder v0.20.2
[INFO] [stderr]    Compiling sec1 v0.7.3
[INFO] [stderr]    Compiling sha1-checked v0.10.0
[INFO] [stderr]    Compiling x509-cert v0.3.0
[INFO] [stderr]    Compiling x25519-dalek v2.0.1
[INFO] [stderr]    Compiling argon2 v0.5.3
[INFO] [stderr]    Compiling aes-gcm v0.10.3
[INFO] [stderr]    Compiling aes-kw v0.2.1
[INFO] [stderr]    Compiling rsa v0.9.10
[INFO] [stderr]    Compiling elliptic-curve v0.13.8
[INFO] [stderr]    Compiling tonic-prost-build v0.14.6
[INFO] [stderr]    Compiling dsa v0.6.3
[INFO] [stderr]    Compiling snafu v0.9.2
[INFO] [stderr]    Compiling eax v0.5.0
[INFO] [stderr]    Compiling ocb3 v0.1.0
[INFO] [stderr]    Compiling bitfields v1.0.3
[INFO] [stderr]    Compiling num_enum v0.7.6
[INFO] [stderr]    Compiling camellia v0.1.0
[INFO] [stderr]    Compiling idea v0.5.1
[INFO] [stderr]    Compiling pin-project v1.1.13
[INFO] [stderr]    Compiling cast5 v0.11.1
[INFO] [stderr]    Compiling blowfish v0.9.1
[INFO] [stderr]    Compiling twofish v0.7.1
[INFO] [stderr]    Compiling tokio-util v0.7.19
[INFO] [stderr]    Compiling tokio-stream v0.1.19
[INFO] [stderr]    Compiling cfb-mode v0.8.2
[INFO] [stderr]    Compiling des v0.8.1
[INFO] [stderr]    Compiling md-5 v0.10.6
[INFO] [stderr]    Compiling ripemd v0.1.3
[INFO] [stderr]    Compiling block-padding v0.3.3
[INFO] [stderr]    Compiling flate2 v1.1.10
[INFO] [stderr]    Compiling hkdf v0.13.0
[INFO] [stderr]    Compiling nom v8.0.0
[INFO] [stderr]    Compiling buffer-redux v1.1.0
[INFO] [stderr]    Compiling derive_more v2.1.1
[INFO] [stderr]    Compiling base64 v0.23.1
[INFO] [stderr]    Compiling replace_with v0.1.8
[INFO] [stderr]    Compiling hire-grpc v0.1.0 (/opt/rustwide/workdir/hire-grpc)
[INFO] [stderr]    Compiling ecdsa v0.16.9
[INFO] [stderr]    Compiling primeorder v0.13.6
[INFO] [stderr]    Compiling cx448 v0.1.1
[INFO] [stderr]    Compiling p256 v0.13.2
[INFO] [stderr]    Compiling p384 v0.13.1
[INFO] [stderr]    Compiling p521 v0.13.3
[INFO] [stderr]    Compiling h2 v0.4.19
[INFO] [stderr]    Compiling tower v0.5.3
[INFO] [stderr]    Compiling k256 v0.13.4
[INFO] [stderr]    Compiling tracing-log v0.2.0
[INFO] [stderr]    Compiling jsonwebtoken v11.0.0
[INFO] [stderr]    Compiling sharded-slab v0.1.7
[INFO] [stderr]    Compiling axum v0.8.9
[INFO] [stderr]    Compiling tracing-subscriber v0.3.23
[INFO] [stderr]    Compiling hire-core v0.1.0 (/opt/rustwide/workdir/hire-core)
[INFO] [stderr]    Compiling pgp v0.20.0
[INFO] [stderr]    Compiling hyper v1.11.1
[INFO] [stderr]    Compiling hyper-util v0.1.20
[INFO] [stderr]    Compiling hyper-timeout v0.5.2
[INFO] [stderr]    Compiling tonic v0.14.6
[INFO] [stderr]    Compiling tonic-prost v0.14.6
[INFO] [stderr]    Compiling hire-attestors v0.1.0 (/opt/rustwide/workdir/hire-attestors)
[INFO] [stderr]    Compiling hire-nmh v0.1.0 (/opt/rustwide/workdir/hire-nmh)
[INFO] [stderr]    Compiling hire v0.1.0 (/opt/rustwide/workdir/hire)
[INFO] [stderr]    Compiling hired v0.1.0 (/opt/rustwide/workdir/hired)
[INFO] [stderr]     Finished `release` profile [optimized] target(s) in 3m 07s
[INFO] running `Command { std: "docker" "inspect" "5b33d57849dcd8a410ef82730b4edecf7a89fb0634d0a7b7ae6ac468636504ad", kill_on_drop: false }`
[INFO] running `Command { std: "docker" "exec" "-e" "SOURCE_DIR=/opt/rustwide/workdir" "-e" "CARGO_HOME=/opt/rustwide/cargo-home" "-e" "RUSTUP_HOME=/opt/rustwide/rustup-home" "-e" "CARGO_TARGET_DIR=/opt/rustwide/target" "-e" "CARGO_INCREMENTAL=0" "-e" "RUST_BACKTRACE=full" "-e" "RUSTFLAGS=--cap-lints=warn" "-e" "RUSTDOCFLAGS=--cap-lints=warn" "-w" "/opt/rustwide/workdir" "--user" "0:0" "5b33d57849dcd8a410ef82730b4edecf7a89fb0634d0a7b7ae6ac468636504ad" "/opt/rustwide/cargo-home/bin/cargo" "+1.99.0-beta.8" "test" "--frozen" "--no-run" "--message-format=json" "--release", kill_on_drop: false }`
[INFO] [stderr]    Compiling syn v3.0.5
[INFO] [stderr]    Compiling time v0.3.55
[INFO] [stderr]    Compiling futures-util v0.3.34
[INFO] [stderr]    Compiling futures-channel v0.3.34
[INFO] [stderr]    Compiling litemap v0.8.3
[INFO] [stderr]    Compiling writeable v0.6.4
[INFO] [stderr]    Compiling icu_normalizer_data v2.3.0
[INFO] [stderr]    Compiling icu_properties_data v2.3.0
[INFO] [stderr]    Compiling form_urlencoded v1.2.2
[INFO] [stderr]    Compiling futures-io v0.3.34
[INFO] [stderr]    Compiling futures v0.3.34
[INFO] [stderr]    Compiling synstructure v0.14.0
[INFO] [stderr]    Compiling serde_derive v1.0.229
[INFO] [stderr]    Compiling tokio-macros v2.7.2
[INFO] [stderr]    Compiling thiserror-impl v2.0.20
[INFO] [stderr]    Compiling async-trait v0.1.92
[INFO] [stderr]    Compiling zerofrom-derive v0.1.8
[INFO] [stderr]    Compiling yoke-derive v0.8.3
[INFO] [stderr]    Compiling zerovec-derive v0.11.6
[INFO] [stderr]    Compiling displaydoc v0.2.7
[INFO] [stderr]    Compiling tokio v1.53.1
[INFO] [stderr]    Compiling zerofrom v0.1.8
[INFO] [stderr]    Compiling yoke v0.8.3
[INFO] [stderr]    Compiling zerotrie v0.2.5
[INFO] [stderr]    Compiling zerovec v0.11.8
[INFO] [stderr]    Compiling thiserror v2.0.20
[INFO] [stderr]    Compiling bitfields-impl v1.0.3
[INFO] [stderr]    Compiling simple_asn1 v0.6.4
[INFO] [stderr]    Compiling tinystr v0.8.4
[INFO] [stderr]    Compiling potential_utf v0.1.6
[INFO] [stderr]    Compiling icu_collections v2.3.0
[INFO] [stderr]    Compiling icu_locale_core v2.3.0
[INFO] [stderr]    Compiling bitfields v1.0.3
[INFO] [stderr]    Compiling serde v1.0.229
[INFO] [stderr]    Compiling serdect v0.2.0
[INFO] [stderr]    Compiling num-bigint-dig v0.8.6
[INFO] [stderr]    Compiling serdect v0.3.0
[INFO] [stderr]    Compiling sec1 v0.7.3
[INFO] [stderr]    Compiling icu_provider v2.3.1
[INFO] [stderr]    Compiling elliptic-curve v0.13.8
[INFO] [stderr]    Compiling icu_normalizer v2.3.0
[INFO] [stderr]    Compiling icu_properties v2.3.0
[INFO] [stderr]    Compiling ecdsa v0.16.9
[INFO] [stderr]    Compiling primeorder v0.13.6
[INFO] [stderr]    Compiling cx448 v0.1.1
[INFO] [stderr]    Compiling p256 v0.13.2
[INFO] [stderr]    Compiling p384 v0.13.1
[INFO] [stderr]    Compiling k256 v0.13.4
[INFO] [stderr]    Compiling p521 v0.13.3
[INFO] [stderr]    Compiling rsa v0.9.10
[INFO] [stderr]    Compiling dsa v0.6.3
[INFO] [stderr]    Compiling idna_adapter v1.2.2
[INFO] [stderr]    Compiling idna v1.1.0
[INFO] [stderr]    Compiling jsonwebtoken v11.0.0
[INFO] [stderr]    Compiling url v2.5.8
[INFO] [stderr]    Compiling jsonwebtoken v10.4.0
[INFO] [stderr]    Compiling pgp v0.20.0
[INFO] [stderr]    Compiling hire-core v0.1.0 (/opt/rustwide/workdir/hire-core)
[INFO] [stderr]    Compiling tokio-util v0.7.19
[INFO] [stderr]    Compiling tokio-stream v0.1.19
[INFO] [stderr]    Compiling h2 v0.4.19
[INFO] [stderr]    Compiling tower v0.5.3
[INFO] [stderr]    Compiling axum v0.8.9
[INFO] [stderr]    Compiling hyper v1.11.1
[INFO] [stderr]    Compiling hyper-util v0.1.20
[INFO] [stderr]    Compiling hire-attestors v0.1.0 (/opt/rustwide/workdir/hire-attestors)
[INFO] [stderr]    Compiling hyper-timeout v0.5.2
[INFO] [stderr]    Compiling tonic v0.14.6
[INFO] [stderr]    Compiling tonic-prost v0.14.6
[INFO] [stderr]    Compiling hire-grpc v0.1.0 (/opt/rustwide/workdir/hire-grpc)
[INFO] [stderr]    Compiling spiffe v0.16.1
[INFO] [stderr]    Compiling hire v0.1.0 (/opt/rustwide/workdir/hire)
[INFO] [stderr]    Compiling hire-nmh v0.1.0 (/opt/rustwide/workdir/hire-nmh)
[INFO] [stderr]    Compiling hired v0.1.0 (/opt/rustwide/workdir/hired)
[INFO] [stderr]     Finished `release` profile [optimized] target(s) in 3m 49s
[INFO] running `Command { std: "docker" "inspect" "5b33d57849dcd8a410ef82730b4edecf7a89fb0634d0a7b7ae6ac468636504ad", kill_on_drop: false }`
[INFO] running `Command { std: "docker" "exec" "-e" "SOURCE_DIR=/opt/rustwide/workdir" "-e" "CARGO_HOME=/opt/rustwide/cargo-home" "-e" "RUSTUP_HOME=/opt/rustwide/rustup-home" "-e" "CARGO_TARGET_DIR=/opt/rustwide/target" "-e" "CARGO_INCREMENTAL=0" "-e" "RUST_BACKTRACE=full" "-e" "RUSTFLAGS=--cap-lints=warn" "-e" "RUSTDOCFLAGS=--cap-lints=warn" "-w" "/opt/rustwide/workdir" "--user" "0:0" "5b33d57849dcd8a410ef82730b4edecf7a89fb0634d0a7b7ae6ac468636504ad" "/opt/rustwide/cargo-home/bin/cargo" "+1.99.0-beta.8" "test" "--frozen" "--release", kill_on_drop: false }`
[INFO] [stderr]     Finished `release` profile [optimized] target(s) in 0.46s
[INFO] [stderr]      Running unittests src/main.rs (/opt/rustwide/target/release/deps/hire-75458489180a715e)
[INFO] [stdout] 
[INFO] [stdout] running 4 tests
[INFO] [stdout] test tests::enumerate_summary_never_denies_sources_it_found ... ok
[INFO] [stdout] test tests::launchd_plist_is_a_template_that_substitutes_cleanly ... ok
[INFO] [stdout] test tests::enumerate_summary_counts_sources_and_candidates_separately ... ok
[INFO] [stderr]      Running unittests src/lib.rs (/opt/rustwide/target/release/deps/hire_attestors-1dbb33aa25568712)
[INFO] [stdout] test tests::launchd_plist_logs_under_the_home_library_and_never_to_tmp ... ok
[INFO] [stdout] 
[INFO] [stdout] test result: ok. 4 passed; 0 failed; 0 ignored; 0 measured; 0 filtered out; finished in 0.01s
[INFO] [stdout] 
[INFO] [stdout] 
[INFO] [stdout] running 92 tests
[INFO] [stdout] test aws_sso::tests::a_client_registration_names_no_enrollment ... ok
[INFO] [stdout] test aws_sso::tests::the_source_enumerates_and_cannot_prove ... ok
[INFO] [stdout] test aws_sso::tests::no_secret_from_the_cache_reaches_the_candidate ... ok
[INFO] [stdout] test aws_sso::tests::a_missing_cache_directory_is_not_an_error ... ok
[INFO] [stdout] test aws_sso::tests::the_token_file_names_the_identity_center_instance ... ok
[INFO] [stdout] test claim::ssh_ed25519_verification::an_ecdsa_key_is_refused_by_name ... ok
[INFO] [stdout] test claim::ssh_ed25519_verification::a_genuine_signature_over_this_challenge_verifies ... ok
[INFO] [stdout] test claim::ssh_ed25519_verification::a_signature_over_a_different_challenge_is_refused ... ok
[INFO] [stdout] test aws_sso::tests::two_sessions_on_one_instance_enumerate_once ... ok
[INFO] [stdout] test claim::tests::a_daemon_assertion_about_another_subject_is_not_evidence ... ok
[INFO] [stdout] test claim::tests::a_daemon_assertion_is_iaa2_with_no_presence ... ok
[INFO] [stdout] test claim::tests::a_fresh_signature_does_not_refresh_a_stale_touch ... ok
[INFO] [stdout] test claim::tests::a_future_attestation_has_no_measurable_age ... ok
[INFO] [stdout] test claim::tests::a_key_the_candidate_does_not_name_does_not_verify ... ok
[INFO] [stdout] test claim::tests::a_hardware_held_key_is_a_different_method_and_not_a_higher_tier ... ok
[INFO] [stdout] test claim::ssh_ed25519_verification::an_rfc_vector_with_one_message_byte_flipped_is_refused ... ok
[INFO] [stdout] test claim::ssh_ed25519_verification::a_genuine_signature_by_another_key_is_refused ... ok
[INFO] [stdout] test aws_sso::tests::only_an_https_host_of_plausible_shape_becomes_a_path ... ok
[INFO] [stdout] test claim::tests::a_platform_assertion_is_the_floor_and_asserts_no_presence ... ok
[INFO] [stdout] test claim::ssh_ed25519_verification::malformed_blobs_are_refused_and_never_panic ... ok
[INFO] [stdout] test claim::ssh_ed25519_verification::an_all_zero_public_key_is_refused ... ok
[INFO] [stdout] test claim::tests::a_platform_assertion_does_not_re_date_a_touch ... ok
[INFO] [stdout] test claim::ssh_ed25519_verification::rfc_8032_vectors_verify ... ok
[INFO] [stdout] test claim::ssh_ed25519_verification::key_bs_own_signature_verifies_for_key_b ... ok
[INFO] [stdout] test claim::tests::age_at_measures_a_past_attestation ... ok
[INFO] [stdout] test claim::tests::an_attainable_tier_does_not_raise_the_derived_claim ... ok
[INFO] [stdout] test claim::tests::another_challenge_does_not_verify ... ok
[INFO] [stdout] test claim::tests::auth_methods_are_read_off_the_evidence ... ok
[INFO] [stdout] test claim::tests::a_tampered_signature_does_not_verify ... ok
[INFO] [stdout] test claim::tests::an_undeclared_candidate_defaults_to_the_safe_end_of_both_axes ... ok
[INFO] [stdout] test claim::tests::each_declaration_sets_only_its_own_field ... ok
[INFO] [stdout] test claim::tests::a_platform_assertion_is_refused_for_an_account_it_does_not_name ... ok
[INFO] [stdout] test claim::tests::a_tampered_key_does_not_verify ... ok
[INFO] [stdout] test claim::tests::a_touch_dates_the_claim ... ok
[INFO] [stdout] test claim::tests::a_candidate_from_another_source_is_not_a_gpg_candidate ... ok
[INFO] [stdout] test claim::tests::touch_alone_is_hardware_presence_but_not_iaa3 ... ok
[INFO] [stdout] test claim::tests::touch_plus_verified_token_is_iaa3 ... ok
[INFO] [stdout] test claim::tests::two_touches_take_the_newer ... ok
[INFO] [stdout] test claim::tests::verified_issuer_anchors_the_trust_domain ... ok
[INFO] [stdout] test claim::tests::verified_token_alone_is_iaa2_session ... ok
[INFO] [stdout] test claim::tests::a_primary_key_signature_verifies ... ok
[INFO] [stdout] test claim::tests::without_a_verified_token_the_domain_stays_self_asserted ... ok
[INFO] [stdout] test did_key::tests::did_id_differs_for_different_dids ... ok
[INFO] [stdout] test did_key::tests::did_key_of_and_ed25519_point_are_inverses ... ok
[INFO] [stdout] test did_key::tests::did_key_of_encodes_the_spec_vector ... ok
[INFO] [stdout] test claim::tests::a_signature_by_another_key_does_not_verify ... ok
[INFO] [stdout] test did_key::tests::ed25519_point_decodes_the_spec_vector ... ok
[INFO] [stdout] test did_key::tests::ed25519_point_refuses_another_curve ... ok
[INFO] [stdout] test did_key::tests::ed25519_point_refuses_anything_that_is_not_a_did_key ... ok
[INFO] [stdout] test claim::tests::possession_alone_is_the_floor ... ok
[INFO] [stdout] test claim::tests::no_evidence_yields_no_claim ... ok
[INFO] [stdout] test claim::tests::the_filter_drops_the_replayed_proof_and_keeps_the_fresh_one ... ok
[INFO] [stdout] test claim::tests::possession_alone_dates_the_claim_from_the_signature ... ok
[INFO] [stdout] test claim::tests::the_observation_follows_the_evidence_that_set_the_presence_level ... ok
[INFO] [stdout] test did_key::tests::parse_ignores_non_did_key_entries ... ok
[INFO] [stdout] test claim::tests::a_signing_subkey_of_a_certify_only_primary_verifies ... ok
[INFO] [stdout] test did_key::tests::parse_empty_returns_empty ... ok
[INFO] [stdout] test gpg::tests::parse_gpg_colons_extracts_candidate ... ok
[INFO] [stdout] test claim::tests::a_subkey_the_primary_did_not_bind_does_not_verify ... ok
[INFO] [stdout] test claim::tests::a_token_that_dates_no_authentication_is_iaa2_without_presence ... ok
[INFO] [stdout] test gpg::tests::parse_gpg_colons_rejects_revoked_primary ... ok
[INFO] [stdout] test claim::tests::an_undated_token_never_raises_presence_for_another_claim ... ok
[INFO] [stdout] test gpg::tests::parse_gpg_colons_skips_revoked_uid_for_display_name ... ok
[INFO] [stdout] test keystore::tests::a_pkcs8_pem_body_decodes ... ok
[INFO] [stdout] test claim::tests::evidence_that_does_not_bind_contributes_no_auth_method ... ok
[INFO] [stdout] test claim::tests::the_kernel_naming_an_account_is_not_an_authentication_method ... ok
[INFO] [stdout] test did_key::tests::did_id_is_stable ... ok
[INFO] [stdout] test claim::tests::a_claims_display_and_source_come_from_the_candidate ... ok
[INFO] [stdout] test claim::tests::evidence_answering_another_challenge_is_not_evidence ... ok
[INFO] [stdout] test did_key::tests::parse_multiple_did_keys ... ok
[INFO] [stdout] test did_key::tests::parse_single_did_key ... ok
[INFO] [stdout] test keystore::tests::a_world_readable_key_is_refused ... ok
[INFO] [stdout] test did_key::tests::spiffe_path_is_the_hash_of_the_whole_did ... ok
[INFO] [stdout] test gpg::tests::parse_gpg_colons_accepts_and_records_a_smartcard_serial ... ok
[INFO] [stdout] test gpg::tests::parse_gpg_colons_rejects_offline_primary_stub ... ok
[INFO] [stdout] test gpg::tests::parse_gpg_colons_accepts_expired_primary ... ok
[INFO] [stdout] test keystore::tests::the_parsed_key_is_the_one_openssl_named ... ok
[INFO] [stdout] test gpg::tests::parse_gpg_colons_separates_keys_in_one_listing ... ok
[INFO] [stdout] test tailscale::chunked_tests::refuses_a_truncated_chunk ... ok
[INFO] [stdout] test tailscale::identity_tests::identity_of_reads_the_login_through_the_user_map ... ok
[INFO] [stdout] test tailscale::identity_tests::identity_of_refuses_a_node_with_no_user_entry ... ok
[INFO] [stdout] test keystore::tests::another_pem_label_is_not_a_private_key ... ok
[INFO] [stdout] test tailscale::chunked_tests::detects_the_chunked_header_case_insensitively ... ok
[INFO] [stdout] test unix::tests::the_path_names_the_uid_not_the_account_name ... ok
[INFO] [stdout] test oidc::tests::the_scan_round_trips_through_the_blocking_pool ... ok
[INFO] [stdout] test tailscale::chunked_tests::joins_several_chunks ... ok
[INFO] [stdout] test tailscale::identity_tests::identity_of_falls_back_to_the_hostname ... ok
[INFO] [stdout] test tailscale::chunked_tests::ignores_a_chunk_extension ... ok
[INFO] [stdout] test tailscale::chunked_tests::reassembles_the_shape_tailscaled_actually_sends ... ok
[INFO] [stdout] test tailscale::chunked_tests::refuses_a_non_hex_length ... ok
[INFO] [stdout] test unix::tests::a_uid_with_no_passwd_entry_is_an_answer_not_an_error ... ok
[INFO] [stderr]      Running tests/did_key_agent_live.rs (/opt/rustwide/target/release/deps/did_key_agent_live-adc6258a6475a6cd)
[INFO] [stdout] test unix::tests::the_resolved_name_matches_id ... ok
[INFO] [stdout] 
[INFO] [stdout] test result: ok. 92 passed; 0 failed; 0 ignored; 0 measured; 0 filtered out; finished in 0.04s
[INFO] [stdout] 
[INFO] [stdout] 
[INFO] [stdout] running 1 test
[INFO] [stderr] Identity added: /tmp/hire-did-live-6439/id_ed25519_0 (hire-did-live)
[INFO] [stderr] Identity added: /tmp/hire-did-live-6439/id_ed25519_1 (hire-did-live)
[INFO] [stdout] test a_did_key_is_proved_by_the_agent_holding_its_secret ... ok
[INFO] [stdout] 
[INFO] [stdout] test result: ok. 1 passed; 0 failed; 0 ignored; 0 measured; 0 filtered out; finished in 0.23s
[INFO] [stdout] 
[INFO] [stderr]      Running tests/dropped_key_live.rs (/opt/rustwide/target/release/deps/dropped_key_live-009c323ba81811a2)
[INFO] [stdout] 
[INFO] [stdout] running 1 test
[INFO] [stdout] test a_dropped_key_is_a_silently_provable_identity ... ok
[INFO] [stderr]      Running tests/gpg_agent_live.rs (/opt/rustwide/target/release/deps/gpg_agent_live-e6a31ce36e8b5708)
[INFO] [stdout] 
[INFO] [stdout] test result: ok. 1 passed; 0 failed; 0 ignored; 0 measured; 0 filtered out; finished in 0.00s
[INFO] [stdout] 
[INFO] [stdout] 
[INFO] [stdout] running 1 test
[INFO] [stdout] test a_real_gpg_key_signs_the_challenge_and_claims_no_presence ... ok
[INFO] [stderr]      Running tests/ssh_agent_live.rs (/opt/rustwide/target/release/deps/ssh_agent_live-2fb7790c93df78c0)
[INFO] [stdout] 
[INFO] [stdout] test result: ok. 1 passed; 0 failed; 0 ignored; 0 measured; 0 filtered out; finished in 0.36s
[INFO] [stdout] 
[INFO] [stdout] 
[INFO] [stdout] running 1 test
[INFO] [stderr] Identity added: /tmp/hire-ssh-live-6512/id_ed25519 (hire-live-test)
[INFO] [stdout] test a_real_agent_key_proves_possession_and_claims_no_presence ... ok
[INFO] [stdout] 
[INFO] [stdout] test result: ok. 1 passed; 0 failed; 0 ignored; 0 measured; 0 filtered out; finished in 0.06s
[INFO] [stdout] 
[INFO] [stderr]      Running tests/ssh_agent_refusals.rs (/opt/rustwide/target/release/deps/ssh_agent_refusals-394b388e1a1d78ec)
[INFO] [stdout] 
[INFO] [stdout] running 1 test
[INFO] [stderr]      Running tests/unix_account_bare_env.rs (/opt/rustwide/target/release/deps/unix_account_bare_env-f9832b8d190bcb2a)
[INFO] [stdout] test an_agent_that_will_not_sign_yields_no_evidence ... ok
[INFO] [stdout] 
[INFO] [stdout] test result: ok. 1 passed; 0 failed; 0 ignored; 0 measured; 0 filtered out; finished in 0.00s
[INFO] [stdout] 
[INFO] [stdout] 
[INFO] [stdout] running 1 test
[INFO] [stdout] test the_os_is_an_identity_source_with_no_agent_no_token_and_no_cloud_account ... ok
[INFO] [stdout] 
[INFO] [stdout] test result: ok. 1 passed; 0 failed; 0 ignored; 0 measured; 0 filtered out; finished in 0.01s
[INFO] [stdout] 
[INFO] [stderr]      Running tests/unix_account_live.rs (/opt/rustwide/target/release/deps/unix_account_live-8e5b90362255727c)
[INFO] [stdout] 
[INFO] [stdout] running 3 tests
[INFO] [stdout] test a_unix_account_is_iaa1_with_no_presence_because_a_uid_is_not_a_seat ... ok
[INFO] [stdout] test prove_yields_one_platform_assertion_and_derives_a_claim ... ok
[INFO] [stdout] test enumerate_names_the_one_account_the_oracle_names ... ok
[INFO] [stdout] 
[INFO] [stdout] test result: ok. 3 passed; 0 failed; 0 ignored; 0 measured; 0 filtered out; finished in 0.04s
[INFO] [stdout] 
[INFO] [stderr]      Running unittests src/lib.rs (/opt/rustwide/target/release/deps/hire_core-95cf25f2a2b94411)
[INFO] [stdout] 
[INFO] [stdout] running 74 tests
[INFO] [stdout] test assurance::tests::assurance_levels_are_ordered ... ok
[INFO] [stdout] test assurance::tests::presence_levels_are_ordered ... ok
[INFO] [stdout] test audience::tests::max_age_is_parsed_as_a_bound ... ok
[INFO] [stdout] test audience::tests::hardware_presence_is_parsed ... ok
[INFO] [stdout] test audience::tests::unprefixed_require_presence_is_refused_not_kept ... ok
[INFO] [stdout] test audience::tests::unprefixed_max_age_is_refused_not_kept ... ok
[INFO] [stdout] test audience::tests::repeated_max_age_key_takes_the_strictest ... ok
[INFO] [stdout] test audience::tests::capitalised_presence_level_is_rejected ... ok
[INFO] [stdout] test audience::tests::empty_presence_value_is_rejected ... ok
[INFO] [stdout] test audience::tests::ordinary_query_params_are_still_kept ... ok
[INFO] [stdout] test audience::tests::overflowing_max_age_is_rejected ... ok
[INFO] [stdout] test audience::tests::max_age_zero_is_parsed_not_rejected ... ok
[INFO] [stdout] test audience::tests::negative_max_age_is_rejected ... ok
[INFO] [stdout] test audience::tests::repeated_presence_key_takes_the_strictest ... ok
[INFO] [stdout] test audience::tests::only_hire_params_no_other_query ... ok
[INFO] [stdout] test audience::tests::unknown_hire_parameter_is_rejected ... ok
[INFO] [stdout] test audience::tests::plain_url_no_extensions ... ok
[INFO] [stdout] test audience::tests::unknown_presence_level_is_rejected ... ok
[INFO] [stdout] test consumer::tests::snap_selector_key ... ok
[INFO] [stdout] test hint::tests::a_repeated_key_is_refused_rather_than_resolved ... ok
[INFO] [stdout] test hint::tests::a_value_outside_its_vocabulary_is_refused ... ok
[INFO] [stdout] test hint::tests::an_unknown_key_is_refused_rather_than_ignored ... ok
[INFO] [stdout] test hint::tests::field_order_does_not_matter_when_parsing ... ok
[INFO] [stdout] test hvid::tests::presence_level_in_claims_serialises_lowercase ... ok
[INFO] [stdout] test hvid::tests::serialises_to_the_spec_shape ... ok
[INFO] [stdout] test consumer::tests::binary_sha256_selector_key ... ok
[INFO] [stdout] test consumer::tests::chrome_extension_selector_key ... ok
[INFO] [stdout] test consumer::tests::flatpak_selector_key ... ok
[INFO] [stdout] test consumer::tests::macos_bundle_id_selector_key ... ok
[INFO] [stdout] test pseudonym::tests::different_consumers_produce_different_pseudonyms ... ok
[INFO] [stdout] test pseudonym::tests::a_different_key_yields_a_different_pseudonymous_id ... ok
[INFO] [stdout] test pseudonym::tests::a_different_root_yields_a_different_pseudonymous_id ... ok
[INFO] [stdout] test pseudonym::tests::deterministic ... ok
[INFO] [stdout] test pseudonym::tests::different_ikm_produces_different_pseudonyms ... ok
[INFO] [stdout] test pseudonym::tests::distinct_consumers_get_distinct_pseudonymous_ids ... ok
[INFO] [stdout] test hint::tests::every_field_is_required ... ok
[INFO] [stdout] test hint::tests::tags_for_every_provable_source ... ok
[INFO] [stdout] test pseudonym::tests::different_trust_domains_produce_different_pseudonyms ... ok
[INFO] [stdout] test hvid::tests::roundtrip_hire_claims ... ok
[INFO] [stdout] test pseudonym::tests::known_vector_tailscale_macos_consumer ... ok
[INFO] [stdout] test pseudonym::tests::output_is_64_hex_chars ... ok
[INFO] [stdout] test pseudonym::tests::every_path_segment_is_a_legal_spiffe_segment ... ok
[INFO] [stdout] test pseudonym::tests::known_vector_org_oidc_binary_consumer ... ok
[INFO] [stdout] test pseudonym::tests::known_vector_ssh_local_flatpak_consumer ... ok
[INFO] [stdout] test pseudonym::tests::the_pseudonymous_id_does_not_carry_the_root_path ... ok
[INFO] [stdout] test pseudonym::tests::the_same_consumer_gets_the_same_pseudonymous_id ... ok
[INFO] [stdout] test pseudonym::tests::the_scheme_label_is_part_of_the_derivation ... ok
[INFO] [stdout] test spiffe_id::provenance_tests::a_path_with_no_via_segment_has_no_provenance ... ok
[INFO] [stdout] test spiffe_id::provenance_tests::a_segment_merely_ending_in_via_is_not_a_provenance_marker ... ok
[INFO] [stdout] test spiffe_id::provenance_tests::reads_the_source_from_the_forms_the_spec_gives ... ok
[INFO] [stdout] test spiffe_id::provenance_tests::reads_the_source_the_oidc_attestor_actually_mints ... ok
[INFO] [stdout] test spiffe_id::provenance_tests::via_alone_is_a_prefix ... ok
[INFO] [stdout] test spiffe_id::trust_domain_tests::an_authority_in_no_reserved_namespace_does_not_parse ... ok
[INFO] [stdout] test signer::tests::known_vector_jwks_for_fixture_key ... ok
[INFO] [stdout] test signer::tests::known_vector_sign_raw ... ok
[INFO] [stdout] test signer::tests::new_generates_keypair ... ok
[INFO] [stdout] test signer::tests::sign_x509_svid_returns_not_implemented ... ok
[INFO] [stdout] test signer::tests::sign_jwt_svid_produces_three_part_token ... ok
[INFO] [stdout] test signer::tests::jwt_svid_claims_are_correct ... ok
[INFO] [stdout] test signer::tests::sign_raw_produces_signature ... ok
[INFO] [stdout] test spiffe_id::trust_domain_tests::an_authority_outside_the_spiffe_character_set_is_malformed ... ok
[INFO] [stdout] test spiffe_id::trust_domain_tests::the_string_form_round_trips ... ok
[INFO] [stdout] test signer::tests::jwt_signature_is_sign_raw_of_signing_input ... ok
[INFO] [stdout] test signer::tests::known_vector_public_key_and_pkcs8 ... ok
[INFO] [stdout] test signer::tests::issued_token_header_names_the_published_key ... ok
[INFO] [stdout] test spiffe_id::trust_domain_tests::an_issuer_cannot_name_another_variants_namespace ... ok
[INFO] [stdout] test trust_bundle::tests::a_bundle_is_stored_under_its_own_trust_domain ... ok
[INFO] [stdout] test spiffe_id::trust_domain_tests::spiffe_id_parsing_refuses_an_unknown_authority ... ok
[INFO] [stdout] test spiffe_id::trust_domain_tests::the_string_form_is_injective ... ok
[INFO] [stdout] test trust_bundle::tests::a_bundle_is_found_by_the_trust_domain_it_was_stored_under ... ok
[INFO] [stdout] test trust_bundle::tests::local_bundle_publishes_a_jwt_authority_and_no_x509_authority ... ok
[INFO] [stdout] test trust_bundle::tests::a_panic_elsewhere_does_not_stop_the_store_serving_bundles ... ok
[INFO] [stdout] test audience::tests::non_hire_params_are_kept ... ok
[INFO] [stdout] test audience::tests::non_numeric_max_age_is_rejected ... ok
[INFO] [stdout] 
[INFO] [stdout] test result: ok. 74 passed; 0 failed; 0 ignored; 0 measured; 0 filtered out; finished in 0.15s
[INFO] [stdout] 
[INFO] [stderr]      Running unittests src/lib.rs (/opt/rustwide/target/release/deps/hire_grpc-fbd6ed3be4c28bec)
[INFO] [stdout] 
[INFO] [stdout] running 26 tests
[INFO] [stdout] test server::tests::accepts_a_root_owned_sticky_directory ... ok
[INFO] [stdout] test server::tests::creates_a_missing_directory_private_to_this_user ... ok
[INFO] [stdout] test server::tests::binds_over_a_dangling_symlink_left_at_the_socket_path ... ok
[INFO] [stdout] test server::tests::a_second_daemon_is_refused_while_the_first_still_holds_the_socket ... ok
[INFO] [stdout] test service::tests::an_observation_exactly_at_the_bound_is_refused ... ok
[INFO] [stdout] test service::tests::an_observation_older_than_the_bound_is_refused ... ok
[INFO] [stdout] test server::tests::the_error_crosses_a_task_boundary ... ok
[INFO] [stdout] test server::tests::refuses_a_directory_owned_by_another_user_without_the_sticky_bit ... FAILED
[INFO] [stdout] test server::tests::tightens_a_directory_we_own_that_is_too_permissive ... ok
[INFO] [stdout] test server::tests::vets_the_directory_before_touching_anything_inside_it ... ok
[INFO] [stdout] test server::tests::the_bound_socket_is_unreachable_by_other_users ... ok
[INFO] [stdout] test socket::tests::fallback_is_scoped_per_uid ... ok
[INFO] [stdout] test service::tests::the_validated_payload_reaches_the_consumer_as_a_struct ... ok
[INFO] [stdout] test service::tests::an_unmeasurable_age_satisfies_no_bound ... ok
[INFO] [stdout] test service::tests::no_bound_asks_no_question ... ok
[INFO] [stdout] test socket::tests::host_path_is_absolute_and_named_for_the_workload_api ... ok
[INFO] [stdout] test server::tests::a_directory_another_user_owns_is_refused_as_a_matchable_variant ... FAILED
[INFO] [stdout] test consumer_attest::tests::attests_a_real_peer_as_the_hash_of_its_executable ... ok
[INFO] [stdout] test socket::tests::fallback_gives_the_documented_non_systemd_path ... ok
[INFO] [stdout] test socket::tests::host_path_fits_in_sun_path ... ok
[INFO] [stdout] test socket::tests::host_path_is_the_same_for_every_caller ... ok
[INFO] [stdout] test socket::tests::runtime_dir_gives_the_documented_macos_path ... ok
[INFO] [stdout] test socket::tests::runtime_dir_gives_the_documented_systemd_path ... ok
[INFO] [stdout] test server::tests::the_lock_covers_one_socket_and_not_its_directory ... ok
[INFO] [stdout] test server::tests::the_socket_is_reclaimed_once_the_first_daemon_is_gone ... ok
[INFO] [stdout] test service::tests::an_observation_younger_than_the_bound_is_served ... ok
[INFO] [stdout] 
[INFO] [stdout] failures:
[INFO] [stdout] 
[INFO] [stdout] ---- server::tests::refuses_a_directory_owned_by_another_user_without_the_sticky_bit stdout ----
[INFO] [stdout] 
[INFO] [stdout] thread 'server::tests::refuses_a_directory_owned_by_another_user_without_the_sticky_bit' (6615) panicked at hire-grpc/src/server.rs:386:44:
[INFO] [stdout] must refuse: ()
[INFO] [stdout] stack backtrace:
[INFO] [stdout]    0:     0x5b56559d71c1 - <<std[70759c8f55707aa4]::sys::backtrace::BacktraceLock>::print::DisplayBacktrace as core[df12db4294e9bfd3]::fmt::Display>::fmt
[INFO] [stdout]    1:     0x5b56559ec71a - core[df12db4294e9bfd3]::fmt::write
[INFO] [stdout]    2:     0x5b56559dbc9c - <alloc[2182bb758b4b3781]::vec::Vec<u8> as core[df12db4294e9bfd3]::io::write::Write>::write_fmt
[INFO] [stdout]    3:     0x5b56559b0a56 - std[70759c8f55707aa4]::panicking::default_hook::{closure#0}
[INFO] [stdout]    4:     0x5b56559cdf99 - std[70759c8f55707aa4]::panicking::default_hook
[INFO] [stdout]    5:     0x5b5655941140 - test[9d35eded1c95d3be]::test_main_inner::<test[9d35eded1c95d3be]::test_main_static::{closure#0}>::{closure#0}
[INFO] [stdout]    6:     0x5b56559ce152 - std[70759c8f55707aa4]::panicking::panic_with_hook
[INFO] [stdout]    7:     0x5b56559b0b02 - std[70759c8f55707aa4]::panicking::panic_handler::{closure#0}
[INFO] [stdout]    8:     0x5b56559a9709 - std[70759c8f55707aa4]::sys::backtrace::__rust_end_short_backtrace::<std[70759c8f55707aa4]::panicking::panic_handler::{closure#0}, !>
[INFO] [stdout]    9:     0x5b56559b18ad - __rustc[8fa7c3cbc660c2b3]::rust_begin_unwind
[INFO] [stdout]   10:     0x5b56559ece7c - core[df12db4294e9bfd3]::panicking::panic_fmt
[INFO] [stdout]   11:     0x5b56559ecc52 - core[df12db4294e9bfd3]::result::unwrap_failed
[INFO] [stdout]   12:     0x5b565592c9c6 - hire_grpc[2c5c4dbb51096b15]::server::tests::refuses_a_directory_owned_by_another_user_without_the_sticky_bit
[INFO] [stdout]   13:     0x5b565592f139 - <hire_grpc[2c5c4dbb51096b15]::server::tests::refuses_a_directory_owned_by_another_user_without_the_sticky_bit::{closure#0} as core[df12db4294e9bfd3]::ops::function::FnOnce<()>>::call_once
[INFO] [stdout]   14:     0x5b565593442b - test[9d35eded1c95d3be]::__rust_begin_short_backtrace::<core[df12db4294e9bfd3]::result::Result<(), alloc[2182bb758b4b3781]::string::String>, fn() -> core[df12db4294e9bfd3]::result::Result<(), alloc[2182bb758b4b3781]::string::String>>
[INFO] [stdout]   15:     0x5b5655941a95 - test[9d35eded1c95d3be]::run_test::{closure#0}
[INFO] [stdout]   16:     0x5b565593b354 - std[70759c8f55707aa4]::sys::backtrace::__rust_begin_short_backtrace::<test[9d35eded1c95d3be]::run_test::{closure#1}, ()>
[INFO] [stdout]   17:     0x5b5655944bf2 - <std[70759c8f55707aa4]::thread::lifecycle::spawn_unchecked<test[9d35eded1c95d3be]::run_test::{closure#1}, ()>::{closure#1} as core[df12db4294e9bfd3]::ops::function::FnOnce<()>>::call_once::{shim:vtable#0}
[INFO] [stdout]   18:     0x5b56559d6629 - <std[70759c8f55707aa4]::sys::thread::unix::Thread>::new::thread_start
[INFO] [stdout]   19:     0x73a2fe8f8dfa - <unknown>
[INFO] [stdout]   20:     0x73a2fe98c3d4 - clone
[INFO] [stdout]   21:                0x0 - <unknown>
[INFO] [stdout] 
[INFO] [stdout] ---- server::tests::a_directory_another_user_owns_is_refused_as_a_matchable_variant stdout ----
[INFO] [stdout] 
[INFO] [stdout] thread 'server::tests::a_directory_another_user_owns_is_refused_as_a_matchable_variant' (6610) panicked at hire-grpc/src/server.rs:479:14:
[INFO] [stdout] /usr is root-owned and not sticky: (UnixListener { fd: FileDesc(OwnedFd { fd: 13 }), local: "/usr/hire-never-created.sock" (pathname) }, File { fd: 34, path: "/usr/hire-never-created.sock.lock", read: false, write: true })
[INFO] [stdout] stack backtrace:
[INFO] [stdout]    0:     0x5b56559d71c1 - <<std[70759c8f55707aa4]::sys::backtrace::BacktraceLock>::print::DisplayBacktrace as core[df12db4294e9bfd3]::fmt::Display>::fmt
[INFO] [stdout]    1:     0x5b56559ec71a - core[df12db4294e9bfd3]::fmt::write
[INFO] [stdout]    2:     0x5b56559dbc9c - <alloc[2182bb758b4b3781]::vec::Vec<u8> as core[df12db4294e9bfd3]::io::write::Write>::write_fmt
[INFO] [stdout]    3:     0x5b56559b0a56 - std[70759c8f55707aa4]::panicking::default_hook::{closure#0}
[INFO] [stdout]    4:     0x5b56559cdf99 - std[70759c8f55707aa4]::panicking::default_hook
[INFO] [stdout]    5:     0x5b5655941140 - test[9d35eded1c95d3be]::test_main_inner::<test[9d35eded1c95d3be]::test_main_static::{closure#0}>::{closure#0}
[INFO] [stdout]    6:     0x5b56559ce152 - std[70759c8f55707aa4]::panicking::panic_with_hook
[INFO] [stdout]    7:     0x5b56559b0b02 - std[70759c8f55707aa4]::panicking::panic_handler::{closure#0}
[INFO] [stdout]    8:     0x5b56559a9709 - std[70759c8f55707aa4]::sys::backtrace::__rust_end_short_backtrace::<std[70759c8f55707aa4]::panicking::panic_handler::{closure#0}, !>
[INFO] [stdout]    9:     0x5b56559b18ad - __rustc[8fa7c3cbc660c2b3]::rust_begin_unwind
[INFO] [stdout]   10:     0x5b56559ece7c - core[df12db4294e9bfd3]::panicking::panic_fmt
[INFO] [stdout]   11:     0x5b56559ecc52 - core[df12db4294e9bfd3]::result::unwrap_failed
[INFO] [stdout]   12:     0x5b5655929de3 - hire_grpc[2c5c4dbb51096b15]::server::tests::a_directory_another_user_owns_is_refused_as_a_matchable_variant::{closure#0}
[INFO] [stdout]   13:     0x5b565591dcc3 - <tokio[69e6ae49162d718a]::runtime::scheduler::current_thread::Context>::enter::<core[df12db4294e9bfd3]::task::poll::Poll<()>, <tokio[69e6ae49162d718a]::runtime::scheduler::current_thread::CoreGuard>::block_on<core[df12db4294e9bfd3]::pin::Pin<&mut core[df12db4294e9bfd3]::pin::Pin<&mut dyn core[df12db4294e9bfd3]::future::future::Future<Output = ()>>>>::{closure#0}::{closure#0}>
[INFO] [stdout]   14:     0x5b565591e7bc - <tokio[69e6ae49162d718a]::runtime::context::scoped::Scoped<tokio[69e6ae49162d718a]::runtime::scheduler::Context>>::set::<<tokio[69e6ae49162d718a]::runtime::scheduler::current_thread::CoreGuard>::enter<<tokio[69e6ae49162d718a]::runtime::scheduler::current_thread::CoreGuard>::block_on<core[df12db4294e9bfd3]::pin::Pin<&mut core[df12db4294e9bfd3]::pin::Pin<&mut dyn core[df12db4294e9bfd3]::future::future::Future<Output = ()>>>>::{closure#0}, core[df12db4294e9bfd3]::option::Option<()>>::{closure#0}, (alloc[2182bb758b4b3781]::boxed::Box<tokio[69e6ae49162d718a]::runtime::scheduler::current_thread::Core>, core[df12db4294e9bfd3]::option::Option<()>)>
[INFO] [stdout]   15:     0x5b565591df67 - <tokio[69e6ae49162d718a]::runtime::scheduler::current_thread::CoreGuard>::block_on::<core[df12db4294e9bfd3]::pin::Pin<&mut core[df12db4294e9bfd3]::pin::Pin<&mut dyn core[df12db4294e9bfd3]::future::future::Future<Output = ()>>>>
[INFO] [stdout]   16:     0x5b565593094d - tokio[69e6ae49162d718a]::runtime::context::runtime::enter_runtime::<<tokio[69e6ae49162d718a]::runtime::scheduler::current_thread::CurrentThread>::block_on<core[df12db4294e9bfd3]::pin::Pin<&mut dyn core[df12db4294e9bfd3]::future::future::Future<Output = ()>>>::{closure#0}, ()>
[INFO] [stdout]   17:     0x5b565591dba5 - <tokio[69e6ae49162d718a]::runtime::runtime::Runtime>::block_on::<core[df12db4294e9bfd3]::pin::Pin<&mut dyn core[df12db4294e9bfd3]::future::future::Future<Output = ()>>>
[INFO] [stdout]   18:     0x5b565592c2f5 - hire_grpc[2c5c4dbb51096b15]::server::tests::a_directory_another_user_owns_is_refused_as_a_matchable_variant
[INFO] [stdout]   19:     0x5b565592f119 - <hire_grpc[2c5c4dbb51096b15]::server::tests::a_directory_another_user_owns_is_refused_as_a_matchable_variant::{closure#0} as core[df12db4294e9bfd3]::ops::function::FnOnce<()>>::call_once
[INFO] [stdout]   20:     0x5b565593442b - test[9d35eded1c95d3be]::__rust_begin_short_backtrace::<core[df12db4294e9bfd3]::result::Result<(), alloc[2182bb758b4b3781]::string::String>, fn() -> core[df12db4294e9bfd3]::result::Result<(), alloc[2182bb758b4b3781]::string::String>>
[INFO] [stdout]   21:     0x5b5655941a95 - test[9d35eded1c95d3be]::run_test::{closure#0}
[INFO] [stdout]   22:     0x5b565593b354 - std[70759c8f55707aa4]::sys::backtrace::__rust_begin_short_backtrace::<test[9d35eded1c95d3be]::run_test::{closure#1}, ()>
[INFO] [stdout]   23:     0x5b5655944bf2 - <std[70759c8f55707aa4]::thread::lifecycle::spawn_unchecked<test[9d35eded1c95d3be]::run_test::{closure#1}, ()>::{closure#1} as core[df12db4294e9bfd3]::ops::function::FnOnce<()>>::call_once::{shim:vtable#0}
[INFO] [stdout]   24:     0x5b56559d6629 - <std[70759c8f55707aa4]::sys::thread::unix::Thread>::new::thread_start
[INFO] [stdout]   25:     0x73a2fe8f8dfa - <unknown>
[INFO] [stdout]   26:     0x73a2fe98c3d4 - clone
[INFO] [stdout]   27:                0x0 - <unknown>
[INFO] [stdout] 
[INFO] [stdout] 
[INFO] [stdout] failures:
[INFO] [stdout]     server::tests::a_directory_another_user_owns_is_refused_as_a_matchable_variant
[INFO] [stdout]     server::tests::refuses_a_directory_owned_by_another_user_without_the_sticky_bit
[INFO] [stdout] 
[INFO] [stdout] test result: FAILED. 24 passed; 2 failed; 0 ignored; 0 measured; 0 filtered out; finished in 0.10s
[INFO] [stdout] 
[INFO] [stderr] error: test failed, to rerun pass `-p hire-grpc --lib`
[INFO] running `Command { std: "docker" "inspect" "5b33d57849dcd8a410ef82730b4edecf7a89fb0634d0a7b7ae6ac468636504ad", kill_on_drop: false }`
[INFO] running `Command { std: "docker" "rm" "-f" "5b33d57849dcd8a410ef82730b4edecf7a89fb0634d0a7b7ae6ac468636504ad", kill_on_drop: false }`
[INFO] [stdout] 5b33d57849dcd8a410ef82730b4edecf7a89fb0634d0a7b7ae6ac468636504ad
