[INFO] cloning repository https://github.com/Lucashw68/AgentRun
[INFO] running `Command { std: "git" "-c" "credential.helper=" "-c" "credential.helper=/workspace/cargo-home/bin/git-credential-null" "clone" "--bare" "https://github.com/Lucashw68/AgentRun" "/workspace/cache/git-repos/https%3A%2F%2Fgithub.com%2FLucashw68%2FAgentRun", kill_on_drop: false }`
[INFO] [stderr] Cloning into bare repository '/workspace/cache/git-repos/https%3A%2F%2Fgithub.com%2FLucashw68%2FAgentRun'...
[INFO] running `Command { std: "git" "rev-parse" "HEAD", kill_on_drop: false }`
[INFO] [stdout] 80780c3e2cba71bab3c594bf621fb18d081af6c2
[INFO] testing Lucashw68/AgentRun against 1.100.0-beta.1+cargoflags=--release for beta-release-1.100-2
[INFO] running `Command { std: "git" "clone" "/workspace/cache/git-repos/https%3A%2F%2Fgithub.com%2FLucashw68%2FAgentRun" "/workspace/builds/worker-4-tc2/source", kill_on_drop: false }`
[INFO] [stderr] Cloning into '/workspace/builds/worker-4-tc2/source'...
[INFO] [stderr] done.
[INFO] started tweaking git repo https://github.com/Lucashw68/AgentRun
[INFO] finished tweaking git repo https://github.com/Lucashw68/AgentRun
[INFO] tweaked toml for git repo https://github.com/Lucashw68/AgentRun written to /workspace/builds/worker-4-tc2/source/Cargo.toml
[INFO] validating manifest of git repo https://github.com/Lucashw68/AgentRun on toolchain 1.100.0-beta.1
[INFO] running `Command { std: CARGO_HOME="/workspace/cargo-home" RUSTUP_HOME="/workspace/rustup-home" "/workspace/cargo-home/bin/cargo" "+1.100.0-beta.1" "metadata" "--manifest-path" "Cargo.toml" "--no-deps", kill_on_drop: false }`
[INFO] crate git repo https://github.com/Lucashw68/AgentRun already has a lockfile, it will not be regenerated
[INFO] running `Command { std: CARGO_HOME="/workspace/cargo-home" RUSTUP_HOME="/workspace/rustup-home" "/workspace/cargo-home/bin/cargo" "+1.100.0-beta.1" "fetch" "--manifest-path" "Cargo.toml", kill_on_drop: false }`
[INFO] running `Command { std: "docker" "create" "-v" "/var/lib/crater-agent-workspace/builds/worker-4-tc2/source:/opt/rustwide/workdir:ro,Z" "-v" "/var/lib/crater-agent-workspace/builds/worker-4-tc2/target:/opt/rustwide/target:rw,Z" "-v" "/var/lib/crater-agent-workspace/cargo-home:/opt/rustwide/cargo-home:ro,Z" "-v" "/var/lib/crater-agent-workspace/rustup-home:/opt/rustwide/rustup-home:ro,Z" "-m" "1610612736" "--network" "none" "ghcr.io/rust-lang/crates-build-env/linux@sha256:77db811e55d90add9212f6832c23229e3de5f1c1f9905e8cb07319ea15df73ac" "sleep" "infinity", kill_on_drop: false }`
[INFO] [stdout] c1aa6e69d21cf9d8c4b9ff001bc7683f81907f7dd6ef73a716dc6ef720cb0ee4
[INFO] running `Command { std: "docker" "start" "c1aa6e69d21cf9d8c4b9ff001bc7683f81907f7dd6ef73a716dc6ef720cb0ee4", kill_on_drop: false }`
[INFO] running `Command { std: "docker" "inspect" "c1aa6e69d21cf9d8c4b9ff001bc7683f81907f7dd6ef73a716dc6ef720cb0ee4", kill_on_drop: false }`
[INFO] running `Command { std: "docker" "exec" "-e" "SOURCE_DIR=/opt/rustwide/workdir" "-e" "CARGO_HOME=/opt/rustwide/cargo-home" "-e" "RUSTUP_HOME=/opt/rustwide/rustup-home" "-e" "CARGO_TARGET_DIR=/opt/rustwide/target" "-w" "/opt/rustwide/workdir" "--user" "0:0" "c1aa6e69d21cf9d8c4b9ff001bc7683f81907f7dd6ef73a716dc6ef720cb0ee4" "/opt/rustwide/cargo-home/bin/cargo" "+1.100.0-beta.1" "metadata" "--no-deps" "--format-version=1", kill_on_drop: false }`
[INFO] running `Command { std: "docker" "inspect" "c1aa6e69d21cf9d8c4b9ff001bc7683f81907f7dd6ef73a716dc6ef720cb0ee4", kill_on_drop: false }`
[INFO] running `Command { std: "docker" "exec" "-e" "SOURCE_DIR=/opt/rustwide/workdir" "-e" "CARGO_HOME=/opt/rustwide/cargo-home" "-e" "RUSTUP_HOME=/opt/rustwide/rustup-home" "-e" "CARGO_TARGET_DIR=/opt/rustwide/target" "-e" "CARGO_INCREMENTAL=0" "-e" "RUST_BACKTRACE=full" "-e" "RUSTFLAGS=--cap-lints=warn" "-e" "RUSTDOCFLAGS=--cap-lints=warn" "-w" "/opt/rustwide/workdir" "--user" "0:0" "c1aa6e69d21cf9d8c4b9ff001bc7683f81907f7dd6ef73a716dc6ef720cb0ee4" "/opt/rustwide/cargo-home/bin/cargo" "+1.100.0-beta.1" "build" "--frozen" "--message-format=json" "--release", kill_on_drop: false }`
[INFO] [stderr]    Compiling proc-macro2 v1.0.107
[INFO] [stderr]    Compiling unicode-ident v1.0.24
[INFO] [stderr]    Compiling quote v1.0.47
[INFO] [stderr]    Compiling serde_core v1.0.229
[INFO] [stderr]    Compiling pin-project-lite v0.2.17
[INFO] [stderr]    Compiling futures-sink v0.3.34
[INFO] [stderr]    Compiling autocfg v1.5.1
[INFO] [stderr]    Compiling libc v0.2.189
[INFO] [stderr]    Compiling memchr v2.8.3
[INFO] [stderr]    Compiling futures-core v0.3.34
[INFO] [stderr]    Compiling serde v1.0.229
[INFO] [stderr]    Compiling zmij v1.0.23
[INFO] [stderr]    Compiling slab v0.4.12
[INFO] [stderr]    Compiling futures-io v0.3.34
[INFO] [stderr]    Compiling serde_json v1.0.151
[INFO] [stderr]    Compiling ref-cast v1.0.27
[INFO] [stderr]    Compiling futures-task v0.3.34
[INFO] [stderr]    Compiling getrandom v0.4.3
[INFO] [stderr]    Compiling utf8parse v0.2.2
[INFO] [stderr]    Compiling futures-channel v0.3.34
[INFO] [stderr]    Compiling anstyle-parse v1.0.0
[INFO] [stderr]    Compiling anstyle-query v1.1.5
[INFO] [stderr]    Compiling is_terminal_polyfill v1.70.2
[INFO] [stderr]    Compiling itoa v1.0.18
[INFO] [stderr]    Compiling anstyle v1.0.14
[INFO] [stderr]    Compiling colorchoice v1.0.5
[INFO] [stderr]    Compiling bytes v1.12.1
[INFO] [stderr]    Compiling once_cell v1.21.4
[INFO] [stderr]    Compiling cfg-if v1.0.4
[INFO] [stderr]    Compiling thiserror v2.0.20
[INFO] [stderr]    Compiling equivalent v1.0.2
[INFO] [stderr]    Compiling rmcp v3.3.0
[INFO] [stderr]    Compiling strsim v0.11.1
[INFO] [stderr]    Compiling hashbrown v0.17.1
[INFO] [stderr]    Compiling heck v0.5.0
[INFO] [stderr]    Compiling dyn-clone v1.0.20
[INFO] [stderr]    Compiling clap_lex v1.1.0
[INFO] [stderr]    Compiling anstream v1.0.0
[INFO] [stderr]    Compiling powerfmt v0.2.0
[INFO] [stderr]    Compiling num-traits v0.2.19
[INFO] [stderr]    Compiling deranged v0.5.8
[INFO] [stderr]    Compiling time-core v0.1.9
[INFO] [stderr]    Compiling tracing-core v0.1.36
[INFO] [stderr]    Compiling pastey v0.2.3
[INFO] [stderr]    Compiling num-conv v0.2.2
[INFO] [stderr]    Compiling clap_builder v4.6.6
[INFO] [stderr]    Compiling syn v3.0.5
[INFO] [stderr]    Compiling syn v2.0.119
[INFO] [stderr]    Compiling uuid v1.26.1
[INFO] [stderr]    Compiling time v0.3.55
[INFO] [stderr]    Compiling serde_derive_internals v0.30.0
[INFO] [stderr]    Compiling indexmap v2.14.2
[INFO] [stderr]    Compiling futures-macro v0.3.34
[INFO] [stderr]    Compiling serde_derive v1.0.229
[INFO] [stderr]    Compiling tokio-macros v2.7.2
[INFO] [stderr]    Compiling ref-cast-impl v1.0.27
[INFO] [stderr]    Compiling thiserror-impl v2.0.20
[INFO] [stderr]    Compiling clap_derive v4.6.4
[INFO] [stderr]    Compiling schemars_derive v1.2.2
[INFO] [stderr]    Compiling tokio v1.53.1
[INFO] [stderr]    Compiling futures-util v0.3.34
[INFO] [stderr]    Compiling tracing-attributes v0.1.31
[INFO] [stderr]    Compiling clap v4.6.6
[INFO] [stderr]    Compiling tracing v0.1.44
[INFO] [stderr]    Compiling chrono v0.4.45
[INFO] [stderr]    Compiling futures-executor v0.3.34
[INFO] [stderr]    Compiling futures v0.3.34
[INFO] [stderr]    Compiling schemars v1.2.2
[INFO] [stderr]    Compiling tokio-util v0.7.19
[INFO] [stderr]    Compiling agentrun v0.4.0 (/opt/rustwide/workdir)
[INFO] [stderr]     Finished `release` profile [optimized] target(s) in 1m 48s
[INFO] running `Command { std: "docker" "inspect" "c1aa6e69d21cf9d8c4b9ff001bc7683f81907f7dd6ef73a716dc6ef720cb0ee4", kill_on_drop: false }`
[INFO] running `Command { std: "docker" "exec" "-e" "SOURCE_DIR=/opt/rustwide/workdir" "-e" "CARGO_HOME=/opt/rustwide/cargo-home" "-e" "RUSTUP_HOME=/opt/rustwide/rustup-home" "-e" "CARGO_TARGET_DIR=/opt/rustwide/target" "-e" "CARGO_INCREMENTAL=0" "-e" "RUST_BACKTRACE=full" "-e" "RUSTFLAGS=--cap-lints=warn" "-e" "RUSTDOCFLAGS=--cap-lints=warn" "-w" "/opt/rustwide/workdir" "--user" "0:0" "c1aa6e69d21cf9d8c4b9ff001bc7683f81907f7dd6ef73a716dc6ef720cb0ee4" "/opt/rustwide/cargo-home/bin/cargo" "+1.100.0-beta.1" "test" "--frozen" "--no-run" "--message-format=json" "--release", kill_on_drop: false }`
[INFO] [stderr]    Compiling rustix v1.1.4
[INFO] [stderr]    Compiling linux-raw-sys v0.12.1
[INFO] [stderr]    Compiling bitflags v2.13.2
[INFO] [stderr]    Compiling fastrand v2.5.0
[INFO] [stderr]    Compiling tempfile v3.27.0
[INFO] [stderr]    Compiling agentrun v0.4.0 (/opt/rustwide/workdir)
[INFO] [stderr]     Finished `release` profile [optimized] target(s) in 1m 44s
[INFO] running `Command { std: "docker" "inspect" "c1aa6e69d21cf9d8c4b9ff001bc7683f81907f7dd6ef73a716dc6ef720cb0ee4", kill_on_drop: false }`
[INFO] running `Command { std: "docker" "exec" "-e" "SOURCE_DIR=/opt/rustwide/workdir" "-e" "CARGO_HOME=/opt/rustwide/cargo-home" "-e" "RUSTUP_HOME=/opt/rustwide/rustup-home" "-e" "CARGO_TARGET_DIR=/opt/rustwide/target" "-e" "CARGO_INCREMENTAL=0" "-e" "RUST_BACKTRACE=full" "-e" "RUSTFLAGS=--cap-lints=warn" "-e" "RUSTDOCFLAGS=--cap-lints=warn" "-w" "/opt/rustwide/workdir" "--user" "0:0" "c1aa6e69d21cf9d8c4b9ff001bc7683f81907f7dd6ef73a716dc6ef720cb0ee4" "/opt/rustwide/cargo-home/bin/cargo" "+1.100.0-beta.1" "test" "--frozen" "--release", kill_on_drop: false }`
[INFO] [stderr]     Finished `release` profile [optimized] target(s) in 0.18s
[INFO] [stderr]      Running unittests src/lib.rs (/opt/rustwide/target/release/build/agentrun/06e460e7b2bedbf7/out/agentrun-06e460e7b2bedbf7)
[INFO] [stdout] 
[INFO] [stdout] running 8 tests
[INFO] [stdout] test mcp::transport::tests::unread_responses_hold_request_budget_until_written ... ok
[INFO] [stdout] test core::launch::tests::crash_parent_fixture ... ok
[INFO] [stdout] test mcp::transport::tests::frame_budget_counts_bytes_across_reads_and_resets_at_newlines ... ok
[INFO] [stdout] test core::launch::tests::reaper_failure_rolls_back_and_reaps_child ... ok
[INFO] [stdout] test core::launch::tests::abort_before_commit_never_executes_command ... ok
[INFO] [stdout] test core::command_runner::tests::backend_error_does_not_disclose_output ... ok
[INFO] [stdout] test core::launch::tests::parent_sigkill_before_commit_leaves_no_unregistered_command ... ok
[INFO] [stdout] test core::command_runner::tests::timeout_and_output_budget_reap_created_helpers ... ok
[INFO] [stdout] 
[INFO] [stdout] test result: ok. 8 passed; 0 failed; 0 ignored; 0 measured; 0 filtered out; finished in 0.12s
[INFO] [stdout] 
[INFO] [stderr]      Running unittests src/bin/agentrun.rs (/opt/rustwide/target/release/build/agentrun/dd6878cd21d8fffa/out/agentrun-dd6878cd21d8fffa)
[INFO] [stdout] 
[INFO] [stdout] running 0 tests
[INFO] [stdout] 
[INFO] [stdout] test result: ok. 0 passed; 0 failed; 0 ignored; 0 measured; 0 filtered out; finished in 0.00s
[INFO] [stdout] 
[INFO] [stderr]      Running unittests src/bin/agentrun-log.rs (/opt/rustwide/target/release/build/agentrun/fa5cfcc198579e55/out/agentrun_log-fa5cfcc198579e55)
[INFO] [stderr]      Running unittests src/bin/agentrun-mcp.rs (/opt/rustwide/target/release/build/agentrun/5e8d98436b144906/out/agentrun_mcp-5e8d98436b144906)
[INFO] [stdout] 
[INFO] [stdout] running 0 tests
[INFO] [stdout] 
[INFO] [stdout] test result: ok. 0 passed; 0 failed; 0 ignored; 0 measured; 0 filtered out; finished in 0.00s
[INFO] [stdout] 
[INFO] [stdout] 
[INFO] [stdout] running 0 tests
[INFO] [stdout] 
[INFO] [stdout] test result: ok. 0 passed; 0 failed; 0 ignored; 0 measured; 0 filtered out; finished in 0.00s
[INFO] [stdout] 
[INFO] [stderr]      Running tests/cli.rs (/opt/rustwide/target/release/build/agentrun/c4a9dd41a4a1756b/out/cli-c4a9dd41a4a1756b)
[INFO] [stdout] 
[INFO] [stdout] running 7 tests
[INFO] [stdout] test lock_holder_fixture ... ok
[INFO] [stdout] test xdg_defaults_and_relative_variable_fallback ... ok
[INFO] [stdout] test native_lock_released_after_client_is_killed ... ok
[INFO] [stdout] test argv_is_literal_and_errors_are_structured ... ok
[INFO] [stdout] test restart_json_survives_terminal_sessions ... ok
[INFO] [stdout] test json_contract_and_detached_process_across_cli_invocations ... ok
[INFO] [stdout] test concurrent_cli_writers_and_stop_all ... ok
[INFO] [stdout] 
[INFO] [stdout] test result: ok. 7 passed; 0 failed; 0 ignored; 0 measured; 0 filtered out; finished in 0.93s
[INFO] [stdout] 
[INFO] [stderr]      Running tests/core.rs (/opt/rustwide/target/release/build/agentrun/1f4125b8231e815a/out/core-1f4125b8231e815a)
[INFO] [stdout] 
[INFO] [stdout] running 24 tests
[INFO] [stdout] test reads_version_one_registry_with_string_start_time ... ok
[INFO] [stdout] test corrupt_registry_and_unsafe_paths_fail_closed ... ok
[INFO] [stdout] test oversized_registry_policy_and_commands_are_rejected ... ok
[INFO] [stdout] test atomic_snapshots_and_native_lock ... ok
[INFO] [stdout] test retention_does_not_delete_a_collectors_open_log ... ok
[INFO] [stdout] test restart_replaces_the_whole_group_and_preserves_recipe ... FAILED
[INFO] [stdout] test natural_death_clean_and_collision_free_logs ... FAILED
[INFO] [stdout] test refuses_start_time_boot_uid_and_external_pid_mismatches ... FAILED
[INFO] [stdout] test failed_exec_does_not_leave_a_running_registry_entry ... FAILED
[INFO] [stdout] test registry_capacity_denies_launch_but_allows_clean ... FAILED
[INFO] [stdout] test pidfd_escalation_handles_stubborn_group_and_exited_leader ... FAILED
[INFO] [stdout] test revalidation_uses_live_identity_even_with_a_saved_dead_reason ... FAILED
[INFO] [stdout] test group_stop_detects_child_ports_and_preserves_unregistered_processes ... FAILED
[INFO] [stdout] test initial_catalog_allows_a_profile_without_installing_other_runtimes ... FAILED
[INFO] [stdout] test restart_refuses_mismatched_identity_and_preserves_failed_recipe ... FAILED
[INFO] [stdout] test logs_are_bounded_and_symlinks_are_refused ... FAILED
[INFO] [stdout] test mcp_restart_revalidates_policy_before_stopping ... FAILED
[INFO] [stdout] test registry_is_durable_before_command_executes ... FAILED
[INFO] [stdout] test stopped_reason_survives_revalidation_and_a_new_core ... FAILED
[INFO] [stdout] test start_persistence_owner_logs_and_stop ... FAILED
[INFO] [stdout] test logs_rotate_while_cli_is_gone_and_retention_is_bounded ... ok
[INFO] [stdout] test mcp_policy_roots_profiles_and_shell_aliases ... FAILED
[INFO] [stdout] test simultaneous_processes_and_stop_all ... FAILED
[INFO] [stdout] test ids_commands_duplicates_and_unknown_ids ... FAILED
[INFO] [stdout] 
[INFO] [stdout] failures:
[INFO] [stdout] 
[INFO] [stdout] ---- restart_replaces_the_whole_group_and_preserves_recipe stdout ----
[INFO] [stdout] 
[INFO] [stdout] thread 'restart_replaces_the_whole_group_and_preserves_recipe' (3738) panicked at tests/support/mod.rs:76:57:
[INFO] [stdout] called `Result::unwrap()` on an `Err` value: Error { code: "LOG_HELPER_MISSING", message: "Cannot launch sibling agentrun-log: No such file or directory (os error 2)" }
[INFO] [stdout] stack backtrace:
[INFO] [stdout]    0:     0x609bfafb83a6 - <unknown>
[INFO] [stdout]    1:     0x609bfaf2ea1a - <unknown>
[INFO] [stdout]    2:     0x609bfafbdf3c - <unknown>
[INFO] [stdout]    3:     0x609bfaf91c22 - <unknown>
[INFO] [stdout]    4:     0x609bfafaec81 - <unknown>
[INFO] [stdout]    5:     0x609bfafaf0c2 - <unknown>
[INFO] [stdout]    6:     0x609bfaf91cd2 - <unknown>
[INFO] [stdout]    7:     0x609bfaf8a769 - <unknown>
[INFO] [stdout]    8:     0x609bfaf92cdd - <unknown>
[INFO] [stdout]    9:     0x609bfaf2f10c - <unknown>
[INFO] [stdout]   10:     0x609bfaf2eee2 - <unknown>
[INFO] [stdout]   11:     0x609bfaf4d12f - <unknown>
[INFO] [stdout]   12:     0x609bfaf4509d - <unknown>
[INFO] [stdout]   13:     0x609bfafc0f3b - <unknown>
[INFO] [stdout]   14:     0x609bfafcede4 - <unknown>
[INFO] [stdout]   15:     0x609bfafc8514 - <unknown>
[INFO] [stdout]   16:     0x609bfafd2ba2 - <unknown>
[INFO] [stdout]   17:     0x609bfafb71a4 - <unknown>
[INFO] [stdout]   18:     0x77fe97c50dfa - <unknown>
[INFO] [stdout]   19:     0x77fe97ce43d4 - clone
[INFO] [stdout]   20:                0x0 - <unknown>
[INFO] [stdout] 
[INFO] [stdout] ---- natural_death_clean_and_collision_free_logs stdout ----
[INFO] [stdout] 
[INFO] [stdout] thread 'natural_death_clean_and_collision_free_logs' (3705) panicked at tests/support/mod.rs:76:57:
[INFO] [stdout] called `Result::unwrap()` on an `Err` value: Error { code: "LOG_HELPER_MISSING", message: "Cannot launch sibling agentrun-log: No such file or directory (os error 2)" }
[INFO] [stdout] stack backtrace:
[INFO] [stdout]    0:     0x609bfafb83a6 - <unknown>
[INFO] [stdout]    1:     0x609bfaf2ea1a - <unknown>
[INFO] [stdout]    2:     0x609bfafbdf3c - <unknown>
[INFO] [stdout]    3:     0x609bfaf91c22 - <unknown>
[INFO] [stdout]    4:     0x609bfafaec81 - <unknown>
[INFO] [stdout]    5:     0x609bfafaf0c2 - <unknown>
[INFO] [stdout]    6:     0x609bfaf91cd2 - <unknown>
[INFO] [stdout]    7:     0x609bfaf8a769 - <unknown>
[INFO] [stdout]    8:     0x609bfaf92cdd - <unknown>
[INFO] [stdout]    9:     0x609bfaf2f10c - <unknown>
[INFO] [stdout]   10:     0x609bfaf2eee2 - <unknown>
[INFO] [stdout]   11:     0x609bfaf4d12f - <unknown>
[INFO] [stdout]   12:     0x609bfaf3daa2 - <unknown>
[INFO] [stdout]   13:     0x609bfafc0f3b - <unknown>
[INFO] [stdout]   14:     0x609bfafcede4 - <unknown>
[INFO] [stdout]   15:     0x609bfafc8514 - <unknown>
[INFO] [stdout]   16:     0x609bfafd2ba2 - <unknown>
[INFO] [stdout]   17:     0x609bfafb71a4 - <unknown>
[INFO] [stdout]   18:     0x77fe97c50dfa - <unknown>
[INFO] [stdout]   19:     0x77fe97ce43d4 - clone
[INFO] [stdout]   20:                0x0 - <unknown>
[INFO] [stdout] 
[INFO] [stdout] ---- refuses_start_time_boot_uid_and_external_pid_mismatches stdout ----
[INFO] [stdout] 
[INFO] [stdout] thread 'refuses_start_time_boot_uid_and_external_pid_mismatches' (3709) panicked at tests/support/mod.rs:76:57:
[INFO] [stdout] called `Result::unwrap()` on an `Err` value: Error { code: "LOG_HELPER_MISSING", message: "Cannot launch sibling agentrun-log: No such file or directory (os error 2)" }
[INFO] [stdout] stack backtrace:
[INFO] [stdout]    0:     0x609bfafb83a6 - <unknown>
[INFO] [stdout]    1:     0x609bfaf2ea1a - <unknown>
[INFO] [stdout]    2:     0x609bfafbdf3c - <unknown>
[INFO] [stdout]    3:     0x609bfaf91c22 - <unknown>
[INFO] [stdout]    4:     0x609bfafaec81 - <unknown>
[INFO] [stdout]    5:     0x609bfafaf0c2 - <unknown>
[INFO] [stdout]    6:     0x609bfaf91cd2 - <unknown>
[INFO] [stdout]    7:     0x609bfaf8a769 - <unknown>
[INFO] [stdout]    8:     0x609bfaf92cdd - <unknown>
[INFO] [stdout]    9:     0x609bfaf2f10c - <unknown>
[INFO] [stdout]   10:     0x609bfaf2eee2 - <unknown>
[INFO] [stdout]   11:     0x609bfaf4d12f - <unknown>
[INFO] [stdout]   12:     0x609bfaf465fd - <unknown>
[INFO] [stdout]   13:     0x609bfafc0f3b - <unknown>
[INFO] [stdout]   14:     0x609bfafcede4 - <unknown>
[INFO] [stdout]   15:     0x609bfafc8514 - <unknown>
[INFO] [stdout]   16:     0x609bfafd2ba2 - <unknown>
[INFO] [stdout]   17:     0x609bfafb71a4 - <unknown>
[INFO] [stdout]   18:     0x77fe97c50dfa - <unknown>
[INFO] [stdout]   19:     0x77fe97ce43d4 - clone
[INFO] [stdout]   20:                0x0 - <unknown>
[INFO] [stdout] 
[INFO] [stdout] ---- failed_exec_does_not_leave_a_running_registry_entry stdout ----
[INFO] [stdout] 
[INFO] [stdout] thread 'failed_exec_does_not_leave_a_running_registry_entry' (3697) panicked at tests/core.rs:413:5:
[INFO] [stdout] assertion `left == right` failed
[INFO] [stdout]   left: "LOG_HELPER_MISSING"
[INFO] [stdout]  right: "EXEC_FAILED"
[INFO] [stdout] stack backtrace:
[INFO] [stdout]    0:     0x609bfafb83a6 - <unknown>
[INFO] [stdout]    1:     0x609bfaf2ea1a - <unknown>
[INFO] [stdout]    2:     0x609bfafbdf3c - <unknown>
[INFO] [stdout]    3:     0x609bfaf91c22 - <unknown>
[INFO] [stdout]    4:     0x609bfafaec81 - <unknown>
[INFO] [stdout]    5:     0x609bfafaf0c2 - <unknown>
[INFO] [stdout]    6:     0x609bfaf91cd2 - <unknown>
[INFO] [stdout]    7:     0x609bfaf8a769 - <unknown>
[INFO] [stdout]    8:     0x609bfaf92cdd - <unknown>
[INFO] [stdout]    9:     0x609bfaf2f10c - <unknown>
[INFO] [stdout]   10:     0x609bfaf2f023 - <unknown>
[INFO] [stdout]   11:     0x609bfaf5d365 - <unknown>
[INFO] [stdout]   12:     0x609bfaf43145 - <unknown>
[INFO] [stdout]   13:     0x609bfafc0f3b - <unknown>
[INFO] [stdout]   14:     0x609bfafcede4 - <unknown>
[INFO] [stdout]   15:     0x609bfafc8514 - <unknown>
[INFO] [stdout]   16:     0x609bfafd2ba2 - <unknown>
[INFO] [stdout]   17:     0x609bfafb71a4 - <unknown>
[INFO] [stdout]   18:     0x77fe97c50dfa - <unknown>
[INFO] [stdout]   19:     0x77fe97ce43d4 - clone
[INFO] [stdout]   20:                0x0 - <unknown>
[INFO] [stdout] 
[INFO] [stdout] ---- registry_capacity_denies_launch_but_allows_clean stdout ----
[INFO] [stdout] 
[INFO] [stdout] thread 'registry_capacity_denies_launch_but_allows_clean' (3710) panicked at tests/support/mod.rs:76:57:
[INFO] [stdout] called `Result::unwrap()` on an `Err` value: Error { code: "LOG_HELPER_MISSING", message: "Cannot launch sibling agentrun-log: No such file or directory (os error 2)" }
[INFO] [stdout] stack backtrace:
[INFO] [stdout]    0:     0x609bfafb83a6 - <unknown>
[INFO] [stdout]    1:     0x609bfaf2ea1a - <unknown>
[INFO] [stdout]    2:     0x609bfafbdf3c - <unknown>
[INFO] [stdout]    3:     0x609bfaf91c22 - <unknown>
[INFO] [stdout]    4:     0x609bfafaec81 - <unknown>
[INFO] [stdout]    5:     0x609bfafaf0c2 - <unknown>
[INFO] [stdout]    6:     0x609bfaf91cd2 - <unknown>
[INFO] [stdout]    7:     0x609bfaf8a769 - <unknown>
[INFO] [stdout]    8:     0x609bfaf92cdd - <unknown>
[INFO] [stdout]    9:     0x609bfaf2f10c - <unknown>
[INFO] [stdout]   10:     0x609bfaf2eee2 - <unknown>
[INFO] [stdout]   11:     0x609bfaf4d12f - <unknown>
[INFO] [stdout]   12:     0x609bfaf40f3d - <unknown>
[INFO] [stdout]   13:     0x609bfafc0f3b - <unknown>
[INFO] [stdout]   14:     0x609bfafcede4 - <unknown>
[INFO] [stdout]   15:     0x609bfafc8514 - <unknown>
[INFO] [stdout]   16:     0x609bfafd2ba2 - <unknown>
[INFO] [stdout]   17:     0x609bfafb71a4 - <unknown>
[INFO] [stdout]   18:     0x77fe97c50dfa - <unknown>
[INFO] [stdout]   19:     0x77fe97ce43d4 - clone
[INFO] [stdout]   20:                0x0 - <unknown>
[INFO] [stdout] 
[INFO] [stdout] ---- pidfd_escalation_handles_stubborn_group_and_exited_leader stdout ----
[INFO] [stdout] 
[INFO] [stdout] thread 'pidfd_escalation_handles_stubborn_group_and_exited_leader' (3707) panicked at tests/support/mod.rs:76:57:
[INFO] [stdout] called `Result::unwrap()` on an `Err` value: Error { code: "LOG_HELPER_MISSING", message: "Cannot launch sibling agentrun-log: No such file or directory (os error 2)" }
[INFO] [stdout] stack backtrace:
[INFO] [stdout]    0:     0x609bfafb83a6 - <unknown>
[INFO] [stdout]    1:     0x609bfaf2ea1a - <unknown>
[INFO] [stdout]    2:     0x609bfafbdf3c - <unknown>
[INFO] [stdout]    3:     0x609bfaf91c22 - <unknown>
[INFO] [stdout]    4:     0x609bfafaec81 - <unknown>
[INFO] [stdout]    5:     0x609bfafaf0c2 - <unknown>
[INFO] [stdout]    6:     0x609bfaf91cd2 - <unknown>
[INFO] [stdout]    7:     0x609bfaf8a769 - <unknown>
[INFO] [stdout]    8:     0x609bfaf92cdd - <unknown>
[INFO] [stdout]    9:     0x609bfaf2f10c - <unknown>
[INFO] [stdout]   10:     0x609bfaf2eee2 - <unknown>
[INFO] [stdout]   11:     0x609bfaf4d12f - <unknown>
[INFO] [stdout]   12:     0x609bfaf47ef9 - <unknown>
[INFO] [stdout]   13:     0x609bfafc0f3b - <unknown>
[INFO] [stdout]   14:     0x609bfafcede4 - <unknown>
[INFO] [stdout]   15:     0x609bfafc8514 - <unknown>
[INFO] [stdout]   16:     0x609bfafd2ba2 - <unknown>
[INFO] [stdout]   17:     0x609bfafb71a4 - <unknown>
[INFO] [stdout]   18:     0x77fe97c50dfa - <unknown>
[INFO] [stdout]   19:     0x77fe97ce43d4 - clone
[INFO] [stdout]   20:                0x0 - <unknown>
[INFO] [stdout] 
[INFO] [stdout] ---- revalidation_uses_live_identity_even_with_a_saved_dead_reason stdout ----
[INFO] [stdout] 
[INFO] [stdout] thread 'revalidation_uses_live_identity_even_with_a_saved_dead_reason' (3742) panicked at tests/support/mod.rs:76:57:
[INFO] [stdout] called `Result::unwrap()` on an `Err` value: Error { code: "LOG_HELPER_MISSING", message: "Cannot launch sibling agentrun-log: No such file or directory (os error 2)" }
[INFO] [stdout] stack backtrace:
[INFO] [stdout]    0:     0x609bfafb83a6 - <unknown>
[INFO] [stdout]    1:     0x609bfaf2ea1a - <unknown>
[INFO] [stdout]    2:     0x609bfafbdf3c - <unknown>
[INFO] [stdout]    3:     0x609bfaf91c22 - <unknown>
[INFO] [stdout]    4:     0x609bfafaec81 - <unknown>
[INFO] [stdout]    5:     0x609bfafaf0c2 - <unknown>
[INFO] [stdout]    6:     0x609bfaf91cd2 - <unknown>
[INFO] [stdout]    7:     0x609bfaf8a769 - <unknown>
[INFO] [stdout]    8:     0x609bfaf92cdd - <unknown>
[INFO] [stdout]    9:     0x609bfaf2f10c - <unknown>
[INFO] [stdout]   10:     0x609bfaf2eee2 - <unknown>
[INFO] [stdout]   11:     0x609bfaf4d12f - <unknown>
[INFO] [stdout]   12:     0x609bfaf4833a - <unknown>
[INFO] [stdout]   13:     0x609bfafc0f3b - <unknown>
[INFO] [stdout]   14:     0x609bfafcede4 - <unknown>
[INFO] [stdout]   15:     0x609bfafc8514 - <unknown>
[INFO] [stdout]   16:     0x609bfafd2ba2 - <unknown>
[INFO] [stdout]   17:     0x609bfafb71a4 - <unknown>
[INFO] [stdout]   18:     0x77fe97c50dfa - <unknown>
[INFO] [stdout]   19:     0x77fe97ce43d4 - clone
[INFO] [stdout]   20:                0x0 - <unknown>
[INFO] [stdout] 
[INFO] [stdout] ---- group_stop_detects_child_ports_and_preserves_unregistered_processes stdout ----
[INFO] [stdout] 
[INFO] [stdout] thread 'group_stop_detects_child_ports_and_preserves_unregistered_processes' (3698) panicked at tests/support/mod.rs:76:57:
[INFO] [stdout] called `Result::unwrap()` on an `Err` value: Error { code: "LOG_HELPER_MISSING", message: "Cannot launch sibling agentrun-log: No such file or directory (os error 2)" }
[INFO] [stdout] stack backtrace:
[INFO] [stdout]    0:     0x609bfafb83a6 - <unknown>
[INFO] [stdout]    1:     0x609bfaf2ea1a - <unknown>
[INFO] [stdout]    2:     0x609bfafbdf3c - <unknown>
[INFO] [stdout]    3:     0x609bfaf91c22 - <unknown>
[INFO] [stdout]    4:     0x609bfafaec81 - <unknown>
[INFO] [stdout]    5:     0x609bfafaf0c2 - <unknown>
[INFO] [stdout]    6:     0x609bfaf91cd2 - <unknown>
[INFO] [stdout]    7:     0x609bfaf8a769 - <unknown>
[INFO] [stdout]    8:     0x609bfaf92cdd - <unknown>
[INFO] [stdout]    9:     0x609bfaf2f10c - <unknown>
[INFO] [stdout]   10:     0x609bfaf2eee2 - <unknown>
[INFO] [stdout]   11:     0x609bfaf4d12f - <unknown>
[INFO] [stdout]   12:     0x609bfaf4ae09 - <unknown>
[INFO] [stdout]   13:     0x609bfafc0f3b - <unknown>
[INFO] [stdout]   14:     0x609bfafcede4 - <unknown>
[INFO] [stdout]   15:     0x609bfafc8514 - <unknown>
[INFO] [stdout]   16:     0x609bfafd2ba2 - <unknown>
[INFO] [stdout]   17:     0x609bfafb71a4 - <unknown>
[INFO] [stdout]   18:     0x77fe97c50dfa - <unknown>
[INFO] [stdout]   19:     0x77fe97ce43d4 - clone
[INFO] [stdout]   20:                0x0 - <unknown>
[INFO] [stdout] 
[INFO] [stdout] ---- initial_catalog_allows_a_profile_without_installing_other_runtimes stdout ----
[INFO] [stdout] 
[INFO] [stdout] thread 'initial_catalog_allows_a_profile_without_installing_other_runtimes' (3700) panicked at tests/core.rs:65:10:
[INFO] [stdout] called `Result::unwrap()` on an `Err` value: Error { code: "LOG_HELPER_MISSING", message: "Cannot launch sibling agentrun-log: No such file or directory (os error 2)" }
[INFO] [stdout] stack backtrace:
[INFO] [stdout]    0:     0x609bfafb83a6 - <unknown>
[INFO] [stdout]    1:     0x609bfaf2ea1a - <unknown>
[INFO] [stdout]    2:     0x609bfafbdf3c - <unknown>
[INFO] [stdout]    3:     0x609bfaf91c22 - <unknown>
[INFO] [stdout]    4:     0x609bfafaec81 - <unknown>
[INFO] [stdout]    5:     0x609bfafaf0c2 - <unknown>
[INFO] [stdout]    6:     0x609bfaf91cd2 - <unknown>
[INFO] [stdout]    7:     0x609bfaf8a769 - <unknown>
[INFO] [stdout]    8:     0x609bfaf92cdd - <unknown>
[INFO] [stdout]    9:     0x609bfaf2f10c - <unknown>
[INFO] [stdout]   10:     0x609bfaf2eee2 - <unknown>
[INFO] [stdout]   11:     0x609bfaf4a861 - <unknown>
[INFO] [stdout]   12:     0x609bfafc0f3b - <unknown>
[INFO] [stdout]   13:     0x609bfafcede4 - <unknown>
[INFO] [stdout]   14:     0x609bfafc8514 - <unknown>
[INFO] [stdout]   15:     0x609bfafd2ba2 - <unknown>
[INFO] [stdout]   16:     0x609bfafb71a4 - <unknown>
[INFO] [stdout]   17:     0x77fe97c50dfa - <unknown>
[INFO] [stdout]   18:     0x77fe97ce43d4 - clone
[INFO] [stdout]   19:                0x0 - <unknown>
[INFO] [stdout] 
[INFO] [stdout] ---- restart_refuses_mismatched_identity_and_preserves_failed_recipe stdout ----
[INFO] [stdout] 
[INFO] [stdout] thread 'restart_refuses_mismatched_identity_and_preserves_failed_recipe' (3737) panicked at tests/support/mod.rs:76:57:
[INFO] [stdout] called `Result::unwrap()` on an `Err` value: Error { code: "LOG_HELPER_MISSING", message: "Cannot launch sibling agentrun-log: No such file or directory (os error 2)" }
[INFO] [stdout] stack backtrace:
[INFO] [stdout]    0:     0x609bfafb83a6 - <unknown>
[INFO] [stdout]    1:     0x609bfaf2ea1a - <unknown>
[INFO] [stdout]    2:     0x609bfafbdf3c - <unknown>
[INFO] [stdout]    3:     0x609bfaf91c22 - <unknown>
[INFO] [stdout]    4:     0x609bfafaec81 - <unknown>
[INFO] [stdout]    5:     0x609bfafaf0c2 - <unknown>
[INFO] [stdout]    6:     0x609bfaf91cd2 - <unknown>
[INFO] [stdout]    7:     0x609bfaf8a769 - <unknown>
[INFO] [stdout]    8:     0x609bfaf92cdd - <unknown>
[INFO] [stdout]    9:     0x609bfaf2f10c - <unknown>
[INFO] [stdout]   10:     0x609bfaf2eee2 - <unknown>
[INFO] [stdout]   11:     0x609bfaf4d12f - <unknown>
[INFO] [stdout]   12:     0x609bfaf4893d - <unknown>
[INFO] [stdout]   13:     0x609bfafc0f3b - <unknown>
[INFO] [stdout]   14:     0x609bfafcede4 - <unknown>
[INFO] [stdout]   15:     0x609bfafc8514 - <unknown>
[INFO] [stdout]   16:     0x609bfafd2ba2 - <unknown>
[INFO] [stdout]   17:     0x609bfafb71a4 - <unknown>
[INFO] [stdout]   18:     0x77fe97c50dfa - <unknown>
[INFO] [stdout]   19:     0x77fe97ce43d4 - clone
[INFO] [stdout]   20:                0x0 - <unknown>
[INFO] [stdout] 
[INFO] [stdout] ---- logs_are_bounded_and_symlinks_are_refused stdout ----
[INFO] [stdout] 
[INFO] [stdout] thread 'logs_are_bounded_and_symlinks_are_refused' (3701) panicked at tests/support/mod.rs:76:57:
[INFO] [stdout] called `Result::unwrap()` on an `Err` value: Error { code: "LOG_HELPER_MISSING", message: "Cannot launch sibling agentrun-log: No such file or directory (os error 2)" }
[INFO] [stdout] stack backtrace:
[INFO] [stdout]    0:     0x609bfafb83a6 - <unknown>
[INFO] [stdout]    1:     0x609bfaf2ea1a - <unknown>
[INFO] [stdout]    2:     0x609bfafbdf3c - <unknown>
[INFO] [stdout]    3:     0x609bfaf91c22 - <unknown>
[INFO] [stdout]    4:     0x609bfafaec81 - <unknown>
[INFO] [stdout]    5:     0x609bfafaf0c2 - <unknown>
[INFO] [stdout]    6:     0x609bfaf91cd2 - <unknown>
[INFO] [stdout]    7:     0x609bfaf8a769 - <unknown>
[INFO] [stdout]    8:     0x609bfaf92cdd - <unknown>
[INFO] [stdout]    9:     0x609bfaf2f10c - <unknown>
[INFO] [stdout]   10:     0x609bfaf2eee2 - <unknown>
[INFO] [stdout]   11:     0x609bfaf4d12f - <unknown>
[INFO] [stdout]   12:     0x609bfaf3b32c - <unknown>
[INFO] [stdout]   13:     0x609bfafc0f3b - <unknown>
[INFO] [stdout]   14:     0x609bfafcede4 - <unknown>
[INFO] [stdout]   15:     0x609bfafc8514 - <unknown>
[INFO] [stdout]   16:     0x609bfafd2ba2 - <unknown>
[INFO] [stdout]   17:     0x609bfafb71a4 - <unknown>
[INFO] [stdout]   18:     0x77fe97c50dfa - <unknown>
[INFO] [stdout]   19:     0x77fe97ce43d4 - clone
[INFO] [stdout]   20:                0x0 - <unknown>
[INFO] [stdout] 
[INFO] [stdout] ---- mcp_restart_revalidates_policy_before_stopping stdout ----
[INFO] [stdout] 
[INFO] [stdout] thread 'mcp_restart_revalidates_policy_before_stopping' (3704) panicked at tests/support/mod.rs:76:57:
[INFO] [stdout] called `Result::unwrap()` on an `Err` value: Error { code: "LOG_HELPER_MISSING", message: "Cannot launch sibling agentrun-log: No such file or directory (os error 2)" }
[INFO] [stdout] stack backtrace:
[INFO] [stdout]    0:     0x609bfafb83a6 - <unknown>
[INFO] [stdout]    1:     0x609bfaf2ea1a - <unknown>
[INFO] [stdout]    2:     0x609bfafbdf3c - <unknown>
[INFO] [stdout]    3:     0x609bfaf91c22 - <unknown>
[INFO] [stdout]    4:     0x609bfafaec81 - <unknown>
[INFO] [stdout]    5:     0x609bfafaf0c2 - <unknown>
[INFO] [stdout]    6:     0x609bfaf91cd2 - <unknown>
[INFO] [stdout]    7:     0x609bfaf8a769 - <unknown>
[INFO] [stdout]    8:     0x609bfaf92cdd - <unknown>
[INFO] [stdout]    9:     0x609bfaf2f10c - <unknown>
[INFO] [stdout]   10:     0x609bfaf2eee2 - <unknown>
[INFO] [stdout]   11:     0x609bfaf4d12f - <unknown>
[INFO] [stdout]   12:     0x609bfaf3f1aa - <unknown>
[INFO] [stdout]   13:     0x609bfafc0f3b - <unknown>
[INFO] [stdout]   14:     0x609bfafcede4 - <unknown>
[INFO] [stdout]   15:     0x609bfafc8514 - <unknown>
[INFO] [stdout]   16:     0x609bfafd2ba2 - <unknown>
[INFO] [stdout]   17:     0x609bfafb71a4 - <unknown>
[INFO] [stdout]   18:     0x77fe97c50dfa - <unknown>
[INFO] [stdout]   19:     0x77fe97ce43d4 - clone
[INFO] [stdout]   20:                0x0 - <unknown>
[INFO] [stdout] 
[INFO] [stdout] ---- registry_is_durable_before_command_executes stdout ----
[INFO] [stdout] 
[INFO] [stdout] thread 'registry_is_durable_before_command_executes' (3736) panicked at tests/core.rs:167:33:
[INFO] [stdout] called `Result::unwrap()` on an `Err` value: Error { code: "LOG_HELPER_MISSING", message: "Cannot launch sibling agentrun-log: No such file or directory (os error 2)" }
[INFO] [stdout] stack backtrace:
[INFO] [stdout]    0:     0x609bfafb83a6 - <unknown>
[INFO] [stdout]    1:     0x609bfaf2ea1a - <unknown>
[INFO] [stdout]    2:     0x609bfafbdf3c - <unknown>
[INFO] [stdout]    3:     0x609bfaf91c22 - <unknown>
[INFO] [stdout]    4:     0x609bfafaec81 - <unknown>
[INFO] [stdout]    5:     0x609bfafaf0c2 - <unknown>
[INFO] [stdout]    6:     0x609bfaf91cd2 - <unknown>
[INFO] [stdout]    7:     0x609bfaf8a769 - <unknown>
[INFO] [stdout]    8:     0x609bfaf92cdd - <unknown>
[INFO] [stdout]    9:     0x609bfaf2f10c - <unknown>
[INFO] [stdout]   10:     0x609bfaf2eee2 - <unknown>
[INFO] [stdout]   11:     0x609bfaf3eac8 - <unknown>
[INFO] [stdout]   12:     0x609bfafc0f3b - <unknown>
[INFO] [stdout]   13:     0x609bfafcede4 - <unknown>
[INFO] [stdout]   14:     0x609bfafc8514 - <unknown>
[INFO] [stdout]   15:     0x609bfafd2ba2 - <unknown>
[INFO] [stdout]   16:     0x609bfafb71a4 - <unknown>
[INFO] [stdout]   17:     0x77fe97c50dfa - <unknown>
[INFO] [stdout]   18:     0x77fe97ce43d4 - clone
[INFO] [stdout]   19:                0x0 - <unknown>
[INFO] [stdout] 
[INFO] [stdout] ---- stopped_reason_survives_revalidation_and_a_new_core stdout ----
[INFO] [stdout] 
[INFO] [stdout] thread 'stopped_reason_survives_revalidation_and_a_new_core' (3789) panicked at tests/support/mod.rs:76:57:
[INFO] [stdout] called `Result::unwrap()` on an `Err` value: Error { code: "LOG_HELPER_MISSING", message: "Cannot launch sibling agentrun-log: No such file or directory (os error 2)" }
[INFO] [stdout] stack backtrace:
[INFO] [stdout]    0:     0x609bfafb83a6 - <unknown>
[INFO] [stdout]    1:     0x609bfaf2ea1a - <unknown>
[INFO] [stdout]    2:     0x609bfafbdf3c - <unknown>
[INFO] [stdout]    3:     0x609bfaf91c22 - <unknown>
[INFO] [stdout]    4:     0x609bfafaec81 - <unknown>
[INFO] [stdout]    5:     0x609bfafaf0c2 - <unknown>
[INFO] [stdout]    6:     0x609bfaf91cd2 - <unknown>
[INFO] [stdout]    7:     0x609bfaf8a769 - <unknown>
[INFO] [stdout]    8:     0x609bfaf92cdd - <unknown>
[INFO] [stdout]    9:     0x609bfaf2f10c - <unknown>
[INFO] [stdout]   10:     0x609bfaf2eee2 - <unknown>
[INFO] [stdout]   11:     0x609bfaf4d12f - <unknown>
[INFO] [stdout]   12:     0x609bfaf441ad - <unknown>
[INFO] [stdout]   13:     0x609bfafc0f3b - <unknown>
[INFO] [stdout]   14:     0x609bfafcede4 - <unknown>
[INFO] [stdout]   15:     0x609bfafc8514 - <unknown>
[INFO] [stdout]   16:     0x609bfafd2ba2 - <unknown>
[INFO] [stdout]   17:     0x609bfafb71a4 - <unknown>
[INFO] [stdout]   18:     0x77fe97c50dfa - <unknown>
[INFO] [stdout]   19:     0x77fe97ce43d4 - clone
[INFO] [stdout]   20:                0x0 - <unknown>
[INFO] [stdout] 
[INFO] [stdout] ---- start_persistence_owner_logs_and_stop stdout ----
[INFO] [stdout] 
[INFO] [stdout] thread 'start_persistence_owner_logs_and_stop' (3788) panicked at tests/core.rs:80:37:
[INFO] [stdout] called `Result::unwrap()` on an `Err` value: Error { code: "LOG_HELPER_MISSING", message: "Cannot launch sibling agentrun-log: No such file or directory (os error 2)" }
[INFO] [stdout] stack backtrace:
[INFO] [stdout]    0:     0x609bfafb83a6 - <unknown>
[INFO] [stdout]    1:     0x609bfaf2ea1a - <unknown>
[INFO] [stdout]    2:     0x609bfafbdf3c - <unknown>
[INFO] [stdout]    3:     0x609bfaf91c22 - <unknown>
[INFO] [stdout]    4:     0x609bfafaec81 - <unknown>
[INFO] [stdout]    5:     0x609bfafaf0c2 - <unknown>
[INFO] [stderr] error: test failed, to rerun pass `--test core`
[INFO] [stdout]    6:     0x609bfaf91cd2 - <unknown>
[INFO] [stdout]    7:     0x609bfaf8a769 - <unknown>
[INFO] [stdout]    8:     0x609bfaf92cdd - <unknown>
[INFO] [stdout]    9:     0x609bfaf2f10c - <unknown>
[INFO] [stdout]   10:     0x609bfaf2eee2 - <unknown>
[INFO] [stdout]   11:     0x609bfaf3a128 - <unknown>
[INFO] [stdout]   12:     0x609bfafc0f3b - <unknown>
[INFO] [stdout]   13:     0x609bfafcede4 - <unknown>
[INFO] [stdout]   14:     0x609bfafc8514 - <unknown>
[INFO] [stdout]   15:     0x609bfafd2ba2 - <unknown>
[INFO] [stdout]   16:     0x609bfafb71a4 - <unknown>
[INFO] [stdout]   17:     0x77fe97c50dfa - <unknown>
[INFO] [stdout]   18:     0x77fe97ce43d4 - clone
[INFO] [stdout]   19:                0x0 - <unknown>
[INFO] [stdout] 
[INFO] [stdout] ---- mcp_policy_roots_profiles_and_shell_aliases stdout ----
[INFO] [stdout] 
[INFO] [stdout] thread 'mcp_policy_roots_profiles_and_shell_aliases' (3703) panicked at tests/core.rs:464:10:
[INFO] [stdout] called `Result::unwrap()` on an `Err` value: Error { code: "LOG_HELPER_MISSING", message: "Cannot launch sibling agentrun-log: No such file or directory (os error 2)" }
[INFO] [stdout] stack backtrace:
[INFO] [stdout]    0:     0x609bfafb83a6 - <unknown>
[INFO] [stdout]    1:     0x609bfaf2ea1a - <unknown>
[INFO] [stdout]    2:     0x609bfafbdf3c - <unknown>
[INFO] [stdout]    3:     0x609bfaf91c22 - <unknown>
[INFO] [stdout]    4:     0x609bfafaec81 - <unknown>
[INFO] [stdout]    5:     0x609bfafaf0c2 - <unknown>
[INFO] [stdout]    6:     0x609bfaf91cd2 - <unknown>
[INFO] [stdout]    7:     0x609bfaf8a769 - <unknown>
[INFO] [stdout]    8:     0x609bfaf92cdd - <unknown>
[INFO] [stdout]    9:     0x609bfaf2f10c - <unknown>
[INFO] [stdout]   10:     0x609bfaf2eee2 - <unknown>
[INFO] [stdout]   11:     0x609bfaf3d2ad - <unknown>
[INFO] [stdout]   12:     0x609bfafc0f3b - <unknown>
[INFO] [stdout]   13:     0x609bfafcede4 - <unknown>
[INFO] [stdout]   14:     0x609bfafc8514 - <unknown>
[INFO] [stdout]   15:     0x609bfafd2ba2 - <unknown>
[INFO] [stdout]   16:     0x609bfafb71a4 - <unknown>
[INFO] [stdout]   17:     0x77fe97c50dfa - <unknown>
[INFO] [stdout]   18:     0x77fe97ce43d4 - clone
[INFO] [stdout]   19:                0x0 - <unknown>
[INFO] [stdout] 
[INFO] [stdout] ---- simultaneous_processes_and_stop_all stdout ----
[INFO] [stdout] 
[INFO] [stdout] thread '<unnamed>' (3785) panicked at tests/support/mod.rs:76:57:
[INFO] [stdout] called `Result::unwrap()` on an `Err` value: Error { code: "LOG_HELPER_MISSING", message: "Cannot launch sibling agentrun-log: No such file or directory (os error 2)" }
[INFO] [stdout] stack backtrace:
[INFO] [stdout]    0:     0x609bfafb83a6 - <unknown>
[INFO] [stdout]    1:     0x609bfaf2ea1a - <unknown>
[INFO] [stdout]    2:     0x609bfafbdf3c - <unknown>
[INFO] [stdout]    3:     0x609bfaf91c22 - <unknown>
[INFO] [stdout]    4:     0x609bfafaec81 - <unknown>
[INFO] [stdout]    5:     0x609bfafaf0c2 - <unknown>
[INFO] [stdout]    6:     0x609bfaf91cd2 - <unknown>
[INFO] [stdout]    7:     0x609bfaf8a769 - <unknown>
[INFO] [stdout]    8:     0x609bfaf92cdd - <unknown>
[INFO] [stdout]    9:     0x609bfaf2f10c - <unknown>
[INFO] [stdout]   10:     0x609bfaf2eee2 - <unknown>
[INFO] [stdout]   11:     0x609bfaf4d12f - <unknown>
[INFO] [stdout]   12:     0x609bfaf5d80a - <unknown>
[INFO] [stdout]   13:     0x609bfaf63c8e - <unknown>
[INFO] [stdout]   14:     0x609bfafb71a4 - <unknown>
[INFO] [stdout]   15:     0x77fe97c50dfa - <unknown>
[INFO] [stdout]   16:     0x77fe97ce43d4 - clone
[INFO] [stdout]   17:                0x0 - <unknown>
[INFO] [stdout] 
[INFO] [stdout] thread '<unnamed>' (3784) panicked at tests/support/mod.rs:76:57:
[INFO] [stdout] called `Result::unwrap()` on an `Err` value: Error { code: "LOG_HELPER_MISSING", message: "Cannot launch sibling agentrun-log: No such file or directory (os error 2)" }
[INFO] [stdout] stack backtrace:
[INFO] [stdout]    0:     0x609bfafb83a6 - <unknown>
[INFO] [stdout]    1:     0x609bfaf2ea1a - <unknown>
[INFO] [stdout]    2:     0x609bfafbdf3c - <unknown>
[INFO] [stdout]    3:     0x609bfaf91c22 - <unknown>
[INFO] [stdout]    4:     0x609bfafaec81 - <unknown>
[INFO] [stdout]    5:     0x609bfafaf0c2 - <unknown>
[INFO] [stdout]    6:     0x609bfaf91cd2 - <unknown>
[INFO] [stdout]    7:     0x609bfaf8a769 - <unknown>
[INFO] [stdout]    8:     0x609bfaf92cdd - <unknown>
[INFO] [stdout]    9:     0x609bfaf2f10c - <unknown>
[INFO] [stdout]   10:     0x609bfaf2eee2 - <unknown>
[INFO] [stdout]   11:     0x609bfaf4d12f - <unknown>
[INFO] [stdout]   12:     0x609bfaf5d80a - <unknown>
[INFO] [stdout]   13:     0x609bfaf63c8e - <unknown>
[INFO] [stdout]   14:     0x609bfafb71a4 - <unknown>
[INFO] [stdout]   15:     0x77fe97c50dfa - <unknown>
[INFO] [stdout]   16:     0x77fe97ce43d4 - clone
[INFO] [stdout]   17:                0x0 - <unknown>
[INFO] [stdout] 
[INFO] [stdout] thread '<unnamed>' (3782) panicked at tests/support/mod.rs:76:57:
[INFO] [stdout] called `Result::unwrap()` on an `Err` value: Error { code: "LOG_HELPER_MISSING", message: "Cannot launch sibling agentrun-log: No such file or directory (os error 2)" }
[INFO] [stdout] stack backtrace:
[INFO] [stdout]    0:     0x609bfafb83a6 - <unknown>
[INFO] [stdout]    1:     0x609bfaf2ea1a - <unknown>
[INFO] [stdout]    2:     0x609bfafbdf3c - <unknown>
[INFO] [stdout]    3:     0x609bfaf91c22 - <unknown>
[INFO] [stdout]    4:     0x609bfafaec81 - <unknown>
[INFO] [stdout]    5:     0x609bfafaf0c2 - <unknown>
[INFO] [stdout]    6:     0x609bfaf91cd2 - <unknown>
[INFO] [stdout]    7:     0x609bfaf8a769 - <unknown>
[INFO] [stdout]    8:     0x609bfaf92cdd - <unknown>
[INFO] [stdout]    9:     0x609bfaf2f10c - <unknown>
[INFO] [stdout]   10:     0x609bfaf2eee2 - <unknown>
[INFO] [stdout]   11:     0x609bfaf4d12f - <unknown>
[INFO] [stdout]   12:     0x609bfaf5d80a - <unknown>
[INFO] [stdout]   13:     0x609bfaf63c8e - <unknown>
[INFO] [stdout]   14:     0x609bfafb71a4 - <unknown>
[INFO] [stdout]   15:     0x77fe97c50dfa - <unknown>
[INFO] [stdout]   16:     0x77fe97ce43d4 - clone
[INFO] [stdout]   17:                0x0 - <unknown>
[INFO] [stdout] 
[INFO] [stdout] thread 'simultaneous_processes_and_stop_all' (3781) panicked at tests/core.rs:253:31:
[INFO] [stdout] called `Result::unwrap()` on an `Err` value: Any { .. }
[INFO] [stdout] stack backtrace:
[INFO] [stdout]    0:     0x609bfafb83a6 - <unknown>
[INFO] [stdout]    1:     0x609bfaf2ea1a - <unknown>
[INFO] [stdout]    2:     0x609bfafbdf3c - <unknown>
[INFO] [stdout]    3:     0x609bfaf91c22 - <unknown>
[INFO] [stdout]    4:     0x609bfafaec81 - <unknown>
[INFO] [stdout]    5:     0x609bfafaf0c2 - <unknown>
[INFO] [stdout]    6:     0x609bfaf91cd2 - <unknown>
[INFO] [stdout]    7:     0x609bfaf8a769 - <unknown>
[INFO] [stdout]    8:     0x609bfaf92cdd - <unknown>
[INFO] [stdout]    9:     0x609bfaf2f10c - <unknown>
[INFO] [stdout]   10:     0x609bfaf2eee2 - <unknown>
[INFO] [stdout]   11:     0x609bfaf60182 - <unknown>
[INFO] [stdout]   12:     0x609bfaf51f8d - <unknown>
[INFO] [stdout]   13:     0x609bfaf5fe14 - <unknown>
[INFO] [stdout]   14:     0x609bfaf393fb - <unknown>
[INFO] [stdout]   15:     0x609bfafc0f3b - <unknown>
[INFO] [stdout]   16:     0x609bfafcede4 - <unknown>
[INFO] [stdout]   17:     0x609bfafc8514 - <unknown>
[INFO] [stdout]   18:     0x609bfafd2ba2 - <unknown>
[INFO] [stdout]   19:     0x609bfafb71a4 - <unknown>
[INFO] [stdout]   20:     0x77fe97c50dfa - <unknown>
[INFO] [stdout]   21:     0x77fe97ce43d4 - clone
[INFO] [stdout]   22:                0x0 - <unknown>
[INFO] [stdout] 
[INFO] [stdout] thread '<unnamed>' (3786) panicked at tests/support/mod.rs:76:57:
[INFO] [stdout] called `Result::unwrap()` on an `Err` value: Error { code: "LOG_HELPER_MISSING", message: "Cannot launch sibling agentrun-log: No such file or directory (os error 2)" }
[INFO] [stdout] stack backtrace:
[INFO] [stdout]    0:     0x609bfafb83a6 - <unknown>
[INFO] [stdout]    1:     0x609bfaf2ea1a - <unknown>
[INFO] [stdout]    2:     0x609bfafbdf3c - <unknown>
[INFO] [stdout]    3:     0x609bfaf91c22 - <unknown>
[INFO] [stdout]    4:     0x609bfafaec81 - <unknown>
[INFO] [stdout]    5:     0x609bfafaf0c2 - <unknown>
[INFO] [stdout]    6:     0x609bfaf91cd2 - <unknown>
[INFO] [stdout]    7:     0x609bfaf8a769 - <unknown>
[INFO] [stdout]    8:     0x609bfaf92cdd - <unknown>
[INFO] [stdout]    9:     0x609bfaf2f10c - <unknown>
[INFO] [stdout]   10:     0x609bfaf2eee2 - <unknown>
[INFO] [stdout]   11:     0x609bfaf4d12f - <unknown>
[INFO] [stdout]   12:     0x609bfaf5d80a - <unknown>
[INFO] [stdout]   13:     0x609bfaf63c8e - <unknown>
[INFO] [stdout]   14:     0x609bfafb71a4 - <unknown>
[INFO] [stdout]   15:     0x77fe97c50dfa - <unknown>
[INFO] [stdout]   16:     0x77fe97ce43d4 - clone
[INFO] [stdout]   17:                0x0 - <unknown>
[INFO] [stdout] 
[INFO] [stdout] thread '<unnamed>' (3787) panicked at tests/support/mod.rs:76:57:
[INFO] [stdout] called `Result::unwrap()` on an `Err` value: Error { code: "LOG_HELPER_MISSING", message: "Cannot launch sibling agentrun-log: No such file or directory (os error 2)" }
[INFO] [stdout] stack backtrace:
[INFO] [stdout]    0:     0x609bfafb83a6 - <unknown>
[INFO] [stdout]    1:     0x609bfaf2ea1a - <unknown>
[INFO] [stdout]    2:     0x609bfafbdf3c - <unknown>
[INFO] [stdout]    3:     0x609bfaf91c22 - <unknown>
[INFO] [stdout]    4:     0x609bfafaec81 - <unknown>
[INFO] [stdout]    5:     0x609bfafaf0c2 - <unknown>
[INFO] [stdout]    6:     0x609bfaf91cd2 - <unknown>
[INFO] [stdout]    7:     0x609bfaf8a769 - <unknown>
[INFO] [stdout]    8:     0x609bfaf92cdd - <unknown>
[INFO] [stdout]    9:     0x609bfaf2f10c - <unknown>
[INFO] [stdout]   10:     0x609bfaf2eee2 - <unknown>
[INFO] [stdout]   11:     0x609bfaf4d12f - <unknown>
[INFO] [stdout]   12:     0x609bfaf5d80a - <unknown>
[INFO] [stdout]   13:     0x609bfaf63c8e - <unknown>
[INFO] [stdout]   14:     0x609bfafb71a4 - <unknown>
[INFO] [stdout]   15:     0x77fe97c50dfa - <unknown>
[INFO] [stdout]   16:     0x77fe97ce43d4 - clone
[INFO] [stdout]   17:                0x0 - <unknown>
[INFO] [stdout] 
[INFO] [stdout] thread '<unnamed>' (3783) panicked at tests/support/mod.rs:76:57:
[INFO] [stdout] called `Result::unwrap()` on an `Err` value: Error { code: "LOG_HELPER_MISSING", message: "Cannot launch sibling agentrun-log: No such file or directory (os error 2)" }
[INFO] [stdout] stack backtrace:
[INFO] [stdout]    0:     0x609bfafb83a6 - <unknown>
[INFO] [stdout]    1:     0x609bfaf2ea1a - <unknown>
[INFO] [stdout]    2:     0x609bfafbdf3c - <unknown>
[INFO] [stdout]    3:     0x609bfaf91c22 - <unknown>
[INFO] [stdout]    4:     0x609bfafaec81 - <unknown>
[INFO] [stdout]    5:     0x609bfafaf0c2 - <unknown>
[INFO] [stdout]    6:     0x609bfaf91cd2 - <unknown>
[INFO] [stdout]    7:     0x609bfaf8a769 - <unknown>
[INFO] [stdout]    8:     0x609bfaf92cdd - <unknown>
[INFO] [stdout]    9:     0x609bfaf2f10c - <unknown>
[INFO] [stdout]   10:     0x609bfaf2eee2 - <unknown>
[INFO] [stdout]   11:     0x609bfaf4d12f - <unknown>
[INFO] [stdout]   12:     0x609bfaf5d80a - <unknown>
[INFO] [stdout]   13:     0x609bfaf63c8e - <unknown>
[INFO] [stdout]   14:     0x609bfafb71a4 - <unknown>
[INFO] [stdout]   15:     0x77fe97c50dfa - <unknown>
[INFO] [stdout]   16:     0x77fe97ce43d4 - clone
[INFO] [stdout]   17:                0x0 - <unknown>
[INFO] [stdout] 
[INFO] [stdout] ---- ids_commands_duplicates_and_unknown_ids stdout ----
[INFO] [stdout] 
[INFO] [stdout] thread 'ids_commands_duplicates_and_unknown_ids' (3699) panicked at tests/support/mod.rs:76:57:
[INFO] [stdout] called `Result::unwrap()` on an `Err` value: Error { code: "LOG_HELPER_MISSING", message: "Cannot launch sibling agentrun-log: No such file or directory (os error 2)" }
[INFO] [stdout] stack backtrace:
[INFO] [stdout]    0:     0x609bfafb83a6 - <unknown>
[INFO] [stdout]    1:     0x609bfaf2ea1a - <unknown>
[INFO] [stdout]    2:     0x609bfafbdf3c - <unknown>
[INFO] [stdout]    3:     0x609bfaf91c22 - <unknown>
[INFO] [stdout]    4:     0x609bfafaec81 - <unknown>
[INFO] [stdout]    5:     0x609bfafaf0c2 - <unknown>
[INFO] [stdout]    6:     0x609bfaf91cd2 - <unknown>
[INFO] [stdout]    7:     0x609bfaf8a769 - <unknown>
[INFO] [stdout]    8:     0x609bfaf92cdd - <unknown>
[INFO] [stdout]    9:     0x609bfaf2f10c - <unknown>
[INFO] [stdout]   10:     0x609bfaf2eee2 - <unknown>
[INFO] [stdout]   11:     0x609bfaf4d12f - <unknown>
[INFO] [stdout]   12:     0x609bfaf3ac33 - <unknown>
[INFO] [stdout]   13:     0x609bfafc0f3b - <unknown>
[INFO] [stdout]   14:     0x609bfafcede4 - <unknown>
[INFO] [stdout]   15:     0x609bfafc8514 - <unknown>
[INFO] [stdout]   16:     0x609bfafd2ba2 - <unknown>
[INFO] [stdout]   17:     0x609bfafb71a4 - <unknown>
[INFO] [stdout]   18:     0x77fe97c50dfa - <unknown>
[INFO] [stdout]   19:     0x77fe97ce43d4 - clone
[INFO] [stdout]   20:                0x0 - <unknown>
[INFO] [stdout] 
[INFO] [stdout] 
[INFO] [stdout] failures:
[INFO] [stdout]     failed_exec_does_not_leave_a_running_registry_entry
[INFO] [stdout]     group_stop_detects_child_ports_and_preserves_unregistered_processes
[INFO] [stdout]     ids_commands_duplicates_and_unknown_ids
[INFO] [stdout]     initial_catalog_allows_a_profile_without_installing_other_runtimes
[INFO] [stdout]     logs_are_bounded_and_symlinks_are_refused
[INFO] [stdout]     mcp_policy_roots_profiles_and_shell_aliases
[INFO] [stdout]     mcp_restart_revalidates_policy_before_stopping
[INFO] [stdout]     natural_death_clean_and_collision_free_logs
[INFO] [stdout]     pidfd_escalation_handles_stubborn_group_and_exited_leader
[INFO] [stdout]     refuses_start_time_boot_uid_and_external_pid_mismatches
[INFO] [stdout]     registry_capacity_denies_launch_but_allows_clean
[INFO] [stdout]     registry_is_durable_before_command_executes
[INFO] [stdout]     restart_refuses_mismatched_identity_and_preserves_failed_recipe
[INFO] [stdout]     restart_replaces_the_whole_group_and_preserves_recipe
[INFO] [stdout]     revalidation_uses_live_identity_even_with_a_saved_dead_reason
[INFO] [stdout]     simultaneous_processes_and_stop_all
[INFO] [stdout]     start_persistence_owner_logs_and_stop
[INFO] [stdout]     stopped_reason_survives_revalidation_and_a_new_core
[INFO] [stdout] 
[INFO] [stdout] test result: FAILED. 6 passed; 18 failed; 0 ignored; 0 measured; 0 filtered out; finished in 0.83s
[INFO] [stdout] 
[INFO] running `Command { std: "docker" "inspect" "c1aa6e69d21cf9d8c4b9ff001bc7683f81907f7dd6ef73a716dc6ef720cb0ee4", kill_on_drop: false }`
[INFO] running `Command { std: "docker" "rm" "-f" "c1aa6e69d21cf9d8c4b9ff001bc7683f81907f7dd6ef73a716dc6ef720cb0ee4", kill_on_drop: false }`
[INFO] [stdout] c1aa6e69d21cf9d8c4b9ff001bc7683f81907f7dd6ef73a716dc6ef720cb0ee4
