[INFO] cloning repository https://github.com/Liberontissauri/Castle-Libs
[INFO] running `Command { std: "git" "-c" "credential.helper=" "-c" "credential.helper=/workspace/cargo-home/bin/git-credential-null" "clone" "--bare" "https://github.com/Liberontissauri/Castle-Libs" "/workspace/cache/git-repos/https%3A%2F%2Fgithub.com%2FLiberontissauri%2FCastle-Libs", kill_on_drop: false }`
[INFO] [stderr] Cloning into bare repository '/workspace/cache/git-repos/https%3A%2F%2Fgithub.com%2FLiberontissauri%2FCastle-Libs'...
[INFO] running `Command { std: "git" "rev-parse" "HEAD", kill_on_drop: false }`
[INFO] [stdout] 93bdf130c57c3ec5d0532643228c417e6bfc8135
[INFO] testing Liberontissauri/Castle-Libs against 1.99.0-beta.8+cargoflags=--release for beta-release-1.100-2
[INFO] running `Command { std: "git" "clone" "/workspace/cache/git-repos/https%3A%2F%2Fgithub.com%2FLiberontissauri%2FCastle-Libs" "/workspace/builds/worker-2-tc1/source", kill_on_drop: false }`
[INFO] [stderr] Cloning into '/workspace/builds/worker-2-tc1/source'...
[INFO] [stderr] done.
[INFO] started tweaking git repo https://github.com/Liberontissauri/Castle-Libs
[INFO] finished tweaking git repo https://github.com/Liberontissauri/Castle-Libs
[INFO] tweaked toml for git repo https://github.com/Liberontissauri/Castle-Libs written to /workspace/builds/worker-2-tc1/source/Cargo.toml
[INFO] validating manifest of git repo https://github.com/Liberontissauri/Castle-Libs on toolchain 1.99.0-beta.8
[INFO] running `Command { std: CARGO_HOME="/workspace/cargo-home" RUSTUP_HOME="/workspace/rustup-home" "/workspace/cargo-home/bin/cargo" "+1.99.0-beta.8" "metadata" "--manifest-path" "Cargo.toml" "--no-deps", kill_on_drop: false }`
[INFO] crate git repo https://github.com/Liberontissauri/Castle-Libs already has a lockfile, it will not be regenerated
[INFO] running `Command { std: CARGO_HOME="/workspace/cargo-home" RUSTUP_HOME="/workspace/rustup-home" "/workspace/cargo-home/bin/cargo" "+1.99.0-beta.8" "fetch" "--manifest-path" "Cargo.toml", kill_on_drop: false }`
[INFO] [stderr]     Updating crates.io index
[INFO] [stderr]  Downloading crates ...
[INFO] [stderr]   Downloaded serde_derive v1.0.195
[INFO] [stderr]   Downloaded rand_pcg v0.1.2
[INFO] [stderr]   Downloaded rand_isaac v0.1.1
[INFO] [stderr]   Downloaded proc-macro2 v1.0.76
[INFO] [stderr]   Downloaded rand_xorshift v0.1.1
[INFO] [stderr]   Downloaded rdrand v0.4.0
[INFO] [stderr]   Downloaded crossbeam-deque v0.8.4
[INFO] [stderr]   Downloaded rand_os v0.1.3
[INFO] [stderr]   Downloaded fuchsia-cprng v0.1.1
[INFO] [stderr]   Downloaded mucow v0.1.0
[INFO] [stderr]   Downloaded rand_core v0.4.2
[INFO] [stderr]   Downloaded rand_jitter v0.1.4
[INFO] [stderr]   Downloaded crossbeam-utils v0.8.18
[INFO] [stderr]   Downloaded autocfg v0.1.8
[INFO] [stderr]   Downloaded rand_hc v0.1.0
[INFO] [stderr]   Downloaded serde v1.0.195
[INFO] [stderr]   Downloaded pleco v0.5.0
[INFO] [stderr]   Downloaded rayon-core v1.12.0
[INFO] [stderr]   Downloaded rand_core v0.3.1
[INFO] [stderr]   Downloaded rand_chacha v0.1.1
[INFO] [stderr]   Downloaded crossbeam-epoch v0.9.17
[INFO] [stderr]   Downloaded rand v0.6.5
[INFO] [stderr]   Downloaded serde_json v1.0.111
[INFO] [stderr]   Downloaded rayon v1.8.0
[INFO] running `Command { std: "docker" "create" "-v" "/var/lib/crater-agent-workspace/builds/worker-2-tc1/source:/opt/rustwide/workdir:ro,Z" "-v" "/var/lib/crater-agent-workspace/builds/worker-2-tc1/target:/opt/rustwide/target:rw,Z" "-v" "/var/lib/crater-agent-workspace/cargo-home:/opt/rustwide/cargo-home:ro,Z" "-v" "/var/lib/crater-agent-workspace/rustup-home:/opt/rustwide/rustup-home:ro,Z" "-m" "1610612736" "--network" "none" "ghcr.io/rust-lang/crates-build-env/linux@sha256:77db811e55d90add9212f6832c23229e3de5f1c1f9905e8cb07319ea15df73ac" "sleep" "infinity", kill_on_drop: false }`
[INFO] [stdout] 29d0c1fd5be4280229ae2b4e303b0bfff2587be853d7e9b04194925d8a27f97f
[INFO] running `Command { std: "docker" "start" "29d0c1fd5be4280229ae2b4e303b0bfff2587be853d7e9b04194925d8a27f97f", kill_on_drop: false }`
[INFO] running `Command { std: "docker" "inspect" "29d0c1fd5be4280229ae2b4e303b0bfff2587be853d7e9b04194925d8a27f97f", kill_on_drop: false }`
[INFO] running `Command { std: "docker" "exec" "-e" "SOURCE_DIR=/opt/rustwide/workdir" "-e" "CARGO_HOME=/opt/rustwide/cargo-home" "-e" "RUSTUP_HOME=/opt/rustwide/rustup-home" "-e" "CARGO_TARGET_DIR=/opt/rustwide/target" "-w" "/opt/rustwide/workdir" "--user" "0:0" "29d0c1fd5be4280229ae2b4e303b0bfff2587be853d7e9b04194925d8a27f97f" "/opt/rustwide/cargo-home/bin/cargo" "+1.99.0-beta.8" "metadata" "--no-deps" "--format-version=1", kill_on_drop: false }`
[INFO] running `Command { std: "docker" "inspect" "29d0c1fd5be4280229ae2b4e303b0bfff2587be853d7e9b04194925d8a27f97f", kill_on_drop: false }`
[INFO] running `Command { std: "docker" "exec" "-e" "SOURCE_DIR=/opt/rustwide/workdir" "-e" "CARGO_HOME=/opt/rustwide/cargo-home" "-e" "RUSTUP_HOME=/opt/rustwide/rustup-home" "-e" "CARGO_TARGET_DIR=/opt/rustwide/target" "-e" "CARGO_INCREMENTAL=0" "-e" "RUST_BACKTRACE=full" "-e" "RUSTFLAGS=--cap-lints=warn" "-e" "RUSTDOCFLAGS=--cap-lints=warn" "-w" "/opt/rustwide/workdir" "--user" "0:0" "29d0c1fd5be4280229ae2b4e303b0bfff2587be853d7e9b04194925d8a27f97f" "/opt/rustwide/cargo-home/bin/cargo" "+1.99.0-beta.8" "build" "--frozen" "--message-format=json" "--release", kill_on_drop: false }`
[INFO] [stderr]    Compiling autocfg v1.1.0
[INFO] [stderr]    Compiling rand_core v0.4.2
[INFO] [stderr]    Compiling crossbeam-utils v0.8.18
[INFO] [stderr]    Compiling proc-macro2 v1.0.76
[INFO] [stderr]    Compiling libc v0.2.152
[INFO] [stderr]    Compiling rayon-core v1.12.0
[INFO] [stderr]    Compiling serde v1.0.195
[INFO] [stderr]    Compiling either v1.9.0
[INFO] [stderr]    Compiling serde_json v1.0.111
[INFO] [stderr]    Compiling mucow v0.1.0
[INFO] [stderr]    Compiling ryu v1.0.16
[INFO] [stderr]    Compiling itoa v1.0.10
[INFO] [stderr]    Compiling bitflags v1.3.2
[INFO] [stderr]    Compiling autocfg v0.1.8
[INFO] [stderr]    Compiling rand_pcg v0.1.2
[INFO] [stderr]    Compiling rand_chacha v0.1.1
[INFO] [stderr]    Compiling rand v0.6.5
[INFO] [stderr]    Compiling rand_core v0.3.1
[INFO] [stderr]    Compiling rand_jitter v0.1.4
[INFO] [stderr]    Compiling rand_isaac v0.1.1
[INFO] [stderr]    Compiling rand_hc v0.1.0
[INFO] [stderr]    Compiling rand_xorshift v0.1.1
[INFO] [stderr]    Compiling rand_os v0.1.3
[INFO] [stderr]    Compiling num_cpus v1.16.0
[INFO] [stderr]    Compiling quote v1.0.35
[INFO] [stderr]    Compiling crossbeam-epoch v0.9.17
[INFO] [stderr]    Compiling syn v2.0.48
[INFO] [stderr]    Compiling crossbeam-deque v0.8.4
[INFO] [stderr]    Compiling rayon v1.8.0
[INFO] [stderr]    Compiling serde_derive v1.0.195
[INFO] [stderr]    Compiling pleco v0.5.0
[INFO] [stderr]    Compiling castle_libs v0.1.3 (/opt/rustwide/workdir)
[INFO] [stdout] warning: unused import: `BitMove`
[INFO] [stdout]  --> src/chess.rs:7:13
[INFO] [stdout]   |
[INFO] [stdout] 7 | use pleco::{BitMove, Board};
[INFO] [stdout]   |             ^^^^^^^
[INFO] [stdout]   |
[INFO] [stdout]   = note: `#[warn(unused_imports)]` (part of `#[warn(unused)]`) on by default
[INFO] [stdout] 
[INFO] [stdout] 
[INFO] [stdout] warning: variant `Initial_Board` should have an upper camel case name
[INFO] [stdout]   --> src/chess.rs:39:13
[INFO] [stdout]    |
[INFO] [stdout] 39 |             Initial_Board,
[INFO] [stdout]    |             ^^^^^^^^^^^^^ help: convert the identifier to upper camel case: `InitialBoard`
[INFO] [stdout]    |
[INFO] [stdout]    = note: `#[warn(non_camel_case_types)]` (part of `#[warn(nonstandard_style)]`) on by default
[INFO] [stdout] 
[INFO] [stdout] 
[INFO] [stdout] warning: variant `Start_Time` should have an upper camel case name
[INFO] [stdout]   --> src/chess.rs:41:13
[INFO] [stdout]    |
[INFO] [stdout] 41 |             Start_Time,
[INFO] [stdout]    |             ^^^^^^^^^^ help: convert the identifier to upper camel case: `StartTime`
[INFO] [stdout] 
[INFO] [stdout] 
[INFO] [stdout] warning: variant `Time_Limit` should have an upper camel case name
[INFO] [stdout]   --> src/chess.rs:42:13
[INFO] [stdout]    |
[INFO] [stdout] 42 |             Time_Limit,
[INFO] [stdout]    |             ^^^^^^^^^^ help: convert the identifier to upper camel case: `TimeLimit`
[INFO] [stdout] 
[INFO] [stdout] 
[INFO] [stdout] warning: use of deprecated module `std::u16`: all constants in this module replaced by associated constants on the type
[INFO] [stdout]  --> src/chess.rs:4:5
[INFO] [stdout]   |
[INFO] [stdout] 4 |     u16,
[INFO] [stdout]   |     ^^^
[INFO] [stdout]   |
[INFO] [stdout]   = note: `#[warn(deprecated)]` on by default
[INFO] [stdout] 
[INFO] [stdout] 
[INFO] [stdout] warning: unused variable: `mov`
[INFO] [stdout]    --> src/chess.rs:192:21
[INFO] [stdout]     |
[INFO] [stdout] 192 |         if let Some(mov) = self.moves.pop() {
[INFO] [stdout]     |                     ^^^ help: if this is intentional, prefix it with an underscore: `_mov`
[INFO] [stdout]     |
[INFO] [stdout]     = note: `#[warn(unused_variables)]` (part of `#[warn(unused)]`) on by default
[INFO] [stdout] 
[INFO] [stdout] 
[INFO] [stdout] warning: variable does not need to be mutable
[INFO] [stdout]    --> src/chess.rs:281:13
[INFO] [stdout]     |
[INFO] [stdout] 281 |         let mut time_since_first_move = self.compute_total_moves_pure_time();
[INFO] [stdout]     |             ----^^^^^^^^^^^^^^^^^^^^^
[INFO] [stdout]     |             |
[INFO] [stdout]     |             help: remove this `mut`
[INFO] [stdout]     |
[INFO] [stdout]     = note: `#[warn(unused_mut)]` (part of `#[warn(unused)]`) on by default
[INFO] [stdout] 
[INFO] [stdout] 
[INFO] [stderr]     Finished `release` profile [optimized] target(s) in 20.09s
[INFO] running `Command { std: "docker" "inspect" "29d0c1fd5be4280229ae2b4e303b0bfff2587be853d7e9b04194925d8a27f97f", kill_on_drop: false }`
[INFO] running `Command { std: "docker" "exec" "-e" "SOURCE_DIR=/opt/rustwide/workdir" "-e" "CARGO_HOME=/opt/rustwide/cargo-home" "-e" "RUSTUP_HOME=/opt/rustwide/rustup-home" "-e" "CARGO_TARGET_DIR=/opt/rustwide/target" "-e" "CARGO_INCREMENTAL=0" "-e" "RUST_BACKTRACE=full" "-e" "RUSTFLAGS=--cap-lints=warn" "-e" "RUSTDOCFLAGS=--cap-lints=warn" "-w" "/opt/rustwide/workdir" "--user" "0:0" "29d0c1fd5be4280229ae2b4e303b0bfff2587be853d7e9b04194925d8a27f97f" "/opt/rustwide/cargo-home/bin/cargo" "+1.99.0-beta.8" "test" "--frozen" "--no-run" "--message-format=json" "--release", kill_on_drop: false }`
[INFO] [stderr]    Compiling castle_libs v0.1.3 (/opt/rustwide/workdir)
[INFO] [stdout] warning: unused import: `BitMove`
[INFO] [stdout]  --> src/chess.rs:7:13
[INFO] [stdout]   |
[INFO] [stdout] 7 | use pleco::{BitMove, Board};
[INFO] [stdout]   |             ^^^^^^^
[INFO] [stdout]   |
[INFO] [stdout]   = note: `#[warn(unused_imports)]` (part of `#[warn(unused)]`) on by default
[INFO] [stdout] 
[INFO] [stdout] 
[INFO] [stdout] warning: variant `Initial_Board` should have an upper camel case name
[INFO] [stdout]   --> src/chess.rs:39:13
[INFO] [stdout]    |
[INFO] [stdout] 39 |             Initial_Board,
[INFO] [stdout]    |             ^^^^^^^^^^^^^ help: convert the identifier to upper camel case: `InitialBoard`
[INFO] [stdout]    |
[INFO] [stdout]    = note: `#[warn(non_camel_case_types)]` (part of `#[warn(nonstandard_style)]`) on by default
[INFO] [stdout] 
[INFO] [stdout] 
[INFO] [stdout] warning: variant `Start_Time` should have an upper camel case name
[INFO] [stdout]   --> src/chess.rs:41:13
[INFO] [stdout]    |
[INFO] [stdout] 41 |             Start_Time,
[INFO] [stdout]    |             ^^^^^^^^^^ help: convert the identifier to upper camel case: `StartTime`
[INFO] [stdout] 
[INFO] [stdout] 
[INFO] [stdout] warning: variant `Time_Limit` should have an upper camel case name
[INFO] [stdout]   --> src/chess.rs:42:13
[INFO] [stdout]    |
[INFO] [stdout] 42 |             Time_Limit,
[INFO] [stdout]    |             ^^^^^^^^^^ help: convert the identifier to upper camel case: `TimeLimit`
[INFO] [stdout] 
[INFO] [stdout] 
[INFO] [stdout] warning: use of deprecated module `std::u16`: all constants in this module replaced by associated constants on the type
[INFO] [stdout]  --> src/chess.rs:4:5
[INFO] [stdout]   |
[INFO] [stdout] 4 |     u16,
[INFO] [stdout]   |     ^^^
[INFO] [stdout]   |
[INFO] [stdout]   = note: `#[warn(deprecated)]` on by default
[INFO] [stdout] 
[INFO] [stdout] 
[INFO] [stdout] warning: unused variable: `mov`
[INFO] [stdout]    --> src/chess.rs:192:21
[INFO] [stdout]     |
[INFO] [stdout] 192 |         if let Some(mov) = self.moves.pop() {
[INFO] [stdout]     |                     ^^^ help: if this is intentional, prefix it with an underscore: `_mov`
[INFO] [stdout]     |
[INFO] [stdout]     = note: `#[warn(unused_variables)]` (part of `#[warn(unused)]`) on by default
[INFO] [stdout] 
[INFO] [stdout] 
[INFO] [stdout] warning: variable does not need to be mutable
[INFO] [stdout]    --> src/chess.rs:281:13
[INFO] [stdout]     |
[INFO] [stdout] 281 |         let mut time_since_first_move = self.compute_total_moves_pure_time();
[INFO] [stdout]     |             ----^^^^^^^^^^^^^^^^^^^^^
[INFO] [stdout]     |             |
[INFO] [stdout]     |             help: remove this `mut`
[INFO] [stdout]     |
[INFO] [stdout]     = note: `#[warn(unused_mut)]` (part of `#[warn(unused)]`) on by default
[INFO] [stdout] 
[INFO] [stdout] 
[INFO] [stdout] warning: unused import: `BitMove`
[INFO] [stdout]  --> src/chess.rs:7:13
[INFO] [stdout]   |
[INFO] [stdout] 7 | use pleco::{BitMove, Board};
[INFO] [stdout]   |             ^^^^^^^
[INFO] [stdout]   |
[INFO] [stdout]   = note: `#[warn(unused_imports)]` (part of `#[warn(unused)]`) on by default
[INFO] [stdout] 
[INFO] [stdout] 
[INFO] [stdout] warning: variant `Initial_Board` should have an upper camel case name
[INFO] [stdout]   --> src/chess.rs:39:13
[INFO] [stdout]    |
[INFO] [stdout] 39 |             Initial_Board,
[INFO] [stdout]    |             ^^^^^^^^^^^^^ help: convert the identifier to upper camel case: `InitialBoard`
[INFO] [stdout]    |
[INFO] [stdout]    = note: `#[warn(non_camel_case_types)]` (part of `#[warn(nonstandard_style)]`) on by default
[INFO] [stdout] 
[INFO] [stdout] 
[INFO] [stdout] warning: variant `Start_Time` should have an upper camel case name
[INFO] [stdout]   --> src/chess.rs:41:13
[INFO] [stdout]    |
[INFO] [stdout] 41 |             Start_Time,
[INFO] [stdout]    |             ^^^^^^^^^^ help: convert the identifier to upper camel case: `StartTime`
[INFO] [stdout] 
[INFO] [stdout] 
[INFO] [stdout] warning: variant `Time_Limit` should have an upper camel case name
[INFO] [stdout]   --> src/chess.rs:42:13
[INFO] [stdout]    |
[INFO] [stdout] 42 |             Time_Limit,
[INFO] [stdout]    |             ^^^^^^^^^^ help: convert the identifier to upper camel case: `TimeLimit`
[INFO] [stdout] 
[INFO] [stdout] 
[INFO] [stdout] warning: unused import: `pleco::Board`
[INFO] [stdout]    --> src/chess.rs:395:9
[INFO] [stdout]     |
[INFO] [stdout] 395 |     use pleco::Board;
[INFO] [stdout]     |         ^^^^^^^^^^^^
[INFO] [stdout] 
[INFO] [stdout] 
[INFO] [stdout] warning: use of deprecated module `std::u16`: all constants in this module replaced by associated constants on the type
[INFO] [stdout]  --> src/chess.rs:4:5
[INFO] [stdout]   |
[INFO] [stdout] 4 |     u16,
[INFO] [stdout]   |     ^^^
[INFO] [stdout]   |
[INFO] [stdout]   = note: `#[warn(deprecated)]` on by default
[INFO] [stdout] 
[INFO] [stdout] 
[INFO] [stdout] warning: unused variable: `mov`
[INFO] [stdout]    --> src/chess.rs:192:21
[INFO] [stdout]     |
[INFO] [stdout] 192 |         if let Some(mov) = self.moves.pop() {
[INFO] [stdout]     |                     ^^^ help: if this is intentional, prefix it with an underscore: `_mov`
[INFO] [stdout]     |
[INFO] [stdout]     = note: `#[warn(unused_variables)]` (part of `#[warn(unused)]`) on by default
[INFO] [stdout] 
[INFO] [stdout] 
[INFO] [stdout] warning: variable does not need to be mutable
[INFO] [stdout]    --> src/chess.rs:281:13
[INFO] [stdout]     |
[INFO] [stdout] 281 |         let mut time_since_first_move = self.compute_total_moves_pure_time();
[INFO] [stdout]     |             ----^^^^^^^^^^^^^^^^^^^^^
[INFO] [stdout]     |             |
[INFO] [stdout]     |             help: remove this `mut`
[INFO] [stdout]     |
[INFO] [stdout]     = note: `#[warn(unused_mut)]` (part of `#[warn(unused)]`) on by default
[INFO] [stdout] 
[INFO] [stdout] 
[INFO] [stderr]     Finished `release` profile [optimized] target(s) in 0.56s
[INFO] running `Command { std: "docker" "inspect" "29d0c1fd5be4280229ae2b4e303b0bfff2587be853d7e9b04194925d8a27f97f", kill_on_drop: false }`
[INFO] running `Command { std: "docker" "exec" "-e" "SOURCE_DIR=/opt/rustwide/workdir" "-e" "CARGO_HOME=/opt/rustwide/cargo-home" "-e" "RUSTUP_HOME=/opt/rustwide/rustup-home" "-e" "CARGO_TARGET_DIR=/opt/rustwide/target" "-e" "CARGO_INCREMENTAL=0" "-e" "RUST_BACKTRACE=full" "-e" "RUSTFLAGS=--cap-lints=warn" "-e" "RUSTDOCFLAGS=--cap-lints=warn" "-w" "/opt/rustwide/workdir" "--user" "0:0" "29d0c1fd5be4280229ae2b4e303b0bfff2587be853d7e9b04194925d8a27f97f" "/opt/rustwide/cargo-home/bin/cargo" "+1.99.0-beta.8" "test" "--frozen" "--release", kill_on_drop: false }`
[INFO] [stderr] warning: unused import: `BitMove`
[INFO] [stderr]  --> src/chess.rs:7:13
[INFO] [stderr]   |
[INFO] [stderr] 7 | use pleco::{BitMove, Board};
[INFO] [stderr]   |             ^^^^^^^
[INFO] [stderr]   |
[INFO] [stderr]   = note: `#[warn(unused_imports)]` (part of `#[warn(unused)]`) on by default
[INFO] [stderr] 
[INFO] [stderr] warning: variant `Initial_Board` should have an upper camel case name
[INFO] [stderr]   --> src/chess.rs:39:13
[INFO] [stderr]    |
[INFO] [stderr] 39 |             Initial_Board,
[INFO] [stderr]    |             ^^^^^^^^^^^^^ help: convert the identifier to upper camel case: `InitialBoard`
[INFO] [stderr]    |
[INFO] [stderr]    = note: `#[warn(non_camel_case_types)]` (part of `#[warn(nonstandard_style)]`) on by default
[INFO] [stderr] 
[INFO] [stderr] warning: variant `Start_Time` should have an upper camel case name
[INFO] [stderr]   --> src/chess.rs:41:13
[INFO] [stderr]    |
[INFO] [stderr] 41 |             Start_Time,
[INFO] [stderr]    |             ^^^^^^^^^^ help: convert the identifier to upper camel case: `StartTime`
[INFO] [stderr] 
[INFO] [stderr] warning: variant `Time_Limit` should have an upper camel case name
[INFO] [stderr]   --> src/chess.rs:42:13
[INFO] [stderr]    |
[INFO] [stderr] 42 |             Time_Limit,
[INFO] [stderr]    |             ^^^^^^^^^^ help: convert the identifier to upper camel case: `TimeLimit`
[INFO] [stderr] 
[INFO] [stderr] warning: use of deprecated module `std::u16`: all constants in this module replaced by associated constants on the type
[INFO] [stderr]  --> src/chess.rs:4:5
[INFO] [stderr]   |
[INFO] [stderr] 4 |     u16,
[INFO] [stderr]   |     ^^^
[INFO] [stderr]   |
[INFO] [stderr]   = note: `#[warn(deprecated)]` on by default
[INFO] [stderr] 
[INFO] [stderr] warning: unused variable: `mov`
[INFO] [stderr]    --> src/chess.rs:192:21
[INFO] [stderr]     |
[INFO] [stderr] 192 |         if let Some(mov) = self.moves.pop() {
[INFO] [stderr]     |                     ^^^ help: if this is intentional, prefix it with an underscore: `_mov`
[INFO] [stderr]     |
[INFO] [stderr]     = note: `#[warn(unused_variables)]` (part of `#[warn(unused)]`) on by default
[INFO] [stderr] 
[INFO] [stderr] warning: variable does not need to be mutable
[INFO] [stderr]    --> src/chess.rs:281:13
[INFO] [stderr]     |
[INFO] [stderr] 281 |         let mut time_since_first_move = self.compute_total_moves_pure_time();
[INFO] [stderr]     |             ----^^^^^^^^^^^^^^^^^^^^^
[INFO] [stderr]     |             |
[INFO] [stderr]     |             help: remove this `mut`
[INFO] [stderr]     |
[INFO] [stderr]     = note: `#[warn(unused_mut)]` (part of `#[warn(unused)]`) on by default
[INFO] [stderr] 
[INFO] [stderr] warning: `castle_libs` (lib) generated 7 warnings (run `cargo fix --lib -p castle_libs` to apply 3 suggestions)
[INFO] [stderr] warning: unused import: `pleco::Board`
[INFO] [stderr]    --> src/chess.rs:395:9
[INFO] [stderr]     |
[INFO] [stderr] 395 |     use pleco::Board;
[INFO] [stderr]     |         ^^^^^^^^^^^^
[INFO] [stderr] 
[INFO] [stderr] warning: `castle_libs` (lib test) generated 8 warnings (7 duplicates) (run `cargo fix --lib -p castle_libs --tests` to apply 1 suggestion)
[INFO] [stderr]     Finished `release` profile [optimized] target(s) in 0.05s
[INFO] [stderr]      Running unittests src/lib.rs (/opt/rustwide/target/release/deps/castle_libs-454116e750d37819)
[INFO] [stdout] 
[INFO] [stdout] running 2 tests
[INFO] [stdout] test chess::tests::multiple_move_time_elapsed ... ok
[INFO] [stdout] test chess::tests::single_move_time_used ... FAILED
[INFO] [stdout] 
[INFO] [stdout] failures:
[INFO] [stdout] 
[INFO] [stdout] ---- chess::tests::single_move_time_used stdout ----
[INFO] [stdout] 0 e 1
[INFO] [stdout] 
[INFO] [stdout] thread 'chess::tests::single_move_time_used' (799) panicked at src/chess.rs:408:9:
[INFO] [stdout] assertion `left == right` failed
[INFO] [stdout]   left: 1
[INFO] [stdout]  right: 0
[INFO] [stdout] stack backtrace:
[INFO] [stdout]    0:     0x57762aa6c7a1 - <<std[70759c8f55707aa4]::sys::backtrace::BacktraceLock>::print::DisplayBacktrace as core[df12db4294e9bfd3]::fmt::Display>::fmt
[INFO] [stdout]    1:     0x57762aa80a5a - core[df12db4294e9bfd3]::fmt::write
[INFO] [stdout]    2:     0x57762aa70cec - <alloc[2182bb758b4b3781]::vec::Vec<u8> as core[df12db4294e9bfd3]::io::write::Write>::write_fmt
[INFO] [stdout]    3:     0x57762aa48d96 - std[70759c8f55707aa4]::panicking::default_hook::{closure#0}
[INFO] [stdout]    4:     0x57762aa64f09 - std[70759c8f55707aa4]::panicking::default_hook
[INFO] [stdout]    5:     0x57762a9f6230 - test[9d35eded1c95d3be]::test_main_inner::<test[9d35eded1c95d3be]::test_main_static::{closure#0}>::{closure#0}
[INFO] [stdout]    6:     0x57762aa650c2 - std[70759c8f55707aa4]::panicking::panic_with_hook
[INFO] [stdout]    7:     0x57762aa48e42 - std[70759c8f55707aa4]::panicking::panic_handler::{closure#0}
[INFO] [stdout]    8:     0x57762aa41b99 - std[70759c8f55707aa4]::sys::backtrace::__rust_end_short_backtrace::<std[70759c8f55707aa4]::panicking::panic_handler::{closure#0}, !>
[INFO] [stdout]    9:     0x57762aa49a3d - __rustc[8fa7c3cbc660c2b3]::rust_begin_unwind
[INFO] [stdout]   10:     0x57762aa8118c - core[df12db4294e9bfd3]::panicking::panic_fmt
[INFO] [stdout]   11:     0x57762aa810a3 - core[df12db4294e9bfd3]::panicking::assert_failed_inner
[INFO] [stdout]   12:     0x57762aa4175a - core[df12db4294e9bfd3]::panicking::assert_failed::<u32, u32>
[INFO] [stdout]   13:     0x57762a9e8fcf - <castle_libs[6361d2360ab1f965]::chess::tests::single_move_time_used::{closure#0} as core[df12db4294e9bfd3]::ops::function::FnOnce<()>>::call_once
[INFO] [stdout]   14:     0x57762a9e951b - test[9d35eded1c95d3be]::__rust_begin_short_backtrace::<core[df12db4294e9bfd3]::result::Result<(), alloc[2182bb758b4b3781]::string::String>, fn() -> core[df12db4294e9bfd3]::result::Result<(), alloc[2182bb758b4b3781]::string::String>>
[INFO] [stdout]   15:     0x57762a9f6b85 - test[9d35eded1c95d3be]::run_test::{closure#0}
[INFO] [stdout]   16:     0x57762a9f0444 - std[70759c8f55707aa4]::sys::backtrace::__rust_begin_short_backtrace::<test[9d35eded1c95d3be]::run_test::{closure#1}, ()>
[INFO] [stdout]   17:     0x57762a9f9ce2 - <std[70759c8f55707aa4]::thread::lifecycle::spawn_unchecked<test[9d35eded1c95d3be]::run_test::{closure#1}, ()>::{closure#1} as core[df12db4294e9bfd3]::ops::function::FnOnce<()>>::call_once::{shim:vtable#0}
[INFO] [stdout]   18:     0x57762aa6c079 - <std[70759c8f55707aa4]::sys::thread::unix::Thread>::new::thread_start
[INFO] [stdout]   19:     0x7119ccfbddfa - <unknown>
[INFO] [stdout]   20:     0x7119cd0513d4 - clone
[INFO] [stdout]   21:                0x0 - <unknown>
[INFO] [stdout] 
[INFO] [stdout] 
[INFO] [stdout] failures:
[INFO] [stdout]     chess::tests::single_move_time_used
[INFO] [stdout] 
[INFO] [stdout] test result: FAILED. 1 passed; 1 failed; 0 ignored; 0 measured; 0 filtered out; finished in 0.13s
[INFO] [stdout] 
[INFO] [stderr] error: test failed, to rerun pass `--lib`
[INFO] running `Command { std: "docker" "inspect" "29d0c1fd5be4280229ae2b4e303b0bfff2587be853d7e9b04194925d8a27f97f", kill_on_drop: false }`
[INFO] running `Command { std: "docker" "rm" "-f" "29d0c1fd5be4280229ae2b4e303b0bfff2587be853d7e9b04194925d8a27f97f", kill_on_drop: false }`
[INFO] [stdout] 29d0c1fd5be4280229ae2b4e303b0bfff2587be853d7e9b04194925d8a27f97f
