[INFO] cloning repository https://github.com/LazyEmpiricist/text_analysis
[INFO] running `Command { std: "git" "-c" "credential.helper=" "-c" "credential.helper=/workspace/cargo-home/bin/git-credential-null" "clone" "--bare" "https://github.com/LazyEmpiricist/text_analysis" "/workspace/cache/git-repos/https%3A%2F%2Fgithub.com%2FLazyEmpiricist%2Ftext_analysis", kill_on_drop: false }`
[INFO] [stderr] Cloning into bare repository '/workspace/cache/git-repos/https%3A%2F%2Fgithub.com%2FLazyEmpiricist%2Ftext_analysis'...
[INFO] running `Command { std: "git" "rev-parse" "HEAD", kill_on_drop: false }`
[INFO] [stdout] 917c25e903e6815c1019eaa0ed1c1e9b890954d1
[INFO] testing LazyEmpiricist/text_analysis against 1.99.0-beta.8+cargoflags=--release for beta-release-1.100-2
[INFO] running `Command { std: "git" "clone" "/workspace/cache/git-repos/https%3A%2F%2Fgithub.com%2FLazyEmpiricist%2Ftext_analysis" "/workspace/builds/worker-6-tc1/source", kill_on_drop: false }`
[INFO] [stderr] Cloning into '/workspace/builds/worker-6-tc1/source'...
[INFO] [stderr] done.
[INFO] started tweaking git repo https://github.com/LazyEmpiricist/text_analysis
[INFO] finished tweaking git repo https://github.com/LazyEmpiricist/text_analysis
[INFO] tweaked toml for git repo https://github.com/LazyEmpiricist/text_analysis written to /workspace/builds/worker-6-tc1/source/Cargo.toml
[INFO] validating manifest of git repo https://github.com/LazyEmpiricist/text_analysis on toolchain 1.99.0-beta.8
[INFO] running `Command { std: CARGO_HOME="/workspace/cargo-home" RUSTUP_HOME="/workspace/rustup-home" "/workspace/cargo-home/bin/cargo" "+1.99.0-beta.8" "metadata" "--manifest-path" "Cargo.toml" "--no-deps", kill_on_drop: false }`
[INFO] crate git repo https://github.com/LazyEmpiricist/text_analysis already has a lockfile, it will not be regenerated
[INFO] running `Command { std: CARGO_HOME="/workspace/cargo-home" RUSTUP_HOME="/workspace/rustup-home" "/workspace/cargo-home/bin/cargo" "+1.99.0-beta.8" "fetch" "--manifest-path" "Cargo.toml", kill_on_drop: false }`
[INFO] [stderr]     Updating crates.io index
[INFO] [stderr]  Downloading crates ...
[INFO] [stderr]   Downloaded simd-adler32 v0.3.8
[INFO] [stderr]   Downloaded typed-path v0.12.3
[INFO] [stderr]   Downloaded ecb v0.1.2
[INFO] [stderr]   Downloaded adobe-cmap-parser v0.4.1
[INFO] [stderr]   Downloaded globwalk v0.9.1
[INFO] [stderr]   Downloaded serial_test_derive v3.5.0
[INFO] [stderr]   Downloaded cpubits v0.1.0
[INFO] [stderr]   Downloaded serial_test v3.5.0
[INFO] [stderr]   Downloaded type1-encoding-parser v0.1.1
[INFO] [stderr]   Downloaded zopfli v0.8.3
[INFO] [stderr]   Downloaded deflate64 v0.1.10
[INFO] [stderr]   Downloaded digest v0.11.2
[INFO] [stderr]   Downloaded globset v0.4.18
[INFO] [stderr]   Downloaded postscript v0.14.1
[INFO] [stderr]   Downloaded cff-parser v0.2.0
[INFO] [stderr]   Downloaded deranged v0.5.6
[INFO] [stderr]   Downloaded constant_time_eq v0.4.2
[INFO] [stderr]   Downloaded assert_fs v1.1.4
[INFO] [stderr]   Downloaded ppmd-rust v1.4.0
[INFO] [stderr]   Downloaded cc v1.2.55
[INFO] [stderr]   Downloaded ignore v0.4.25
[INFO] [stderr]   Downloaded unicode-ident v1.0.23
[INFO] [stderr]   Downloaded anyhow v1.0.101
[INFO] [stderr]   Downloaded bzip2 v0.6.1
[INFO] [stderr]   Downloaded libbz2-rs-sys v0.2.2
[INFO] [stderr]   Downloaded getrandom v0.4.1
[INFO] [stderr]   Downloaded euclid v0.20.14
[INFO] [stderr]   Downloaded pdf-extract v0.12.1
[INFO] [stderr]   Downloaded whatlang v0.18.0
[INFO] [stderr]   Downloaded zip v8.6.0
[INFO] [stderr]   Downloaded pom v1.1.0
[INFO] [stderr]   Downloaded lopdf v0.42.0
[INFO] [stderr]   Downloaded zlib-rs v0.6.0
[INFO] [stderr]   Downloaded lzma-rust2 v0.16.1
[INFO] [stderr]   Downloaded bstr v1.12.1
[INFO] [stderr]   Downloaded rust-stemmers v1.2.0
[INFO] running `Command { std: "docker" "create" "-v" "/var/lib/crater-agent-workspace/builds/worker-6-tc1/source:/opt/rustwide/workdir:ro,Z" "-v" "/var/lib/crater-agent-workspace/builds/worker-6-tc1/target:/opt/rustwide/target:rw,Z" "-v" "/var/lib/crater-agent-workspace/cargo-home:/opt/rustwide/cargo-home:ro,Z" "-v" "/var/lib/crater-agent-workspace/rustup-home:/opt/rustwide/rustup-home:ro,Z" "-m" "1610612736" "--network" "none" "ghcr.io/rust-lang/crates-build-env/linux@sha256:77db811e55d90add9212f6832c23229e3de5f1c1f9905e8cb07319ea15df73ac" "sleep" "infinity", kill_on_drop: false }`
[INFO] [stdout] cf74b94c38c8ffd8ae7f84d693bd3d638a56ef3970a3ef45443510f83bea4b77
[INFO] running `Command { std: "docker" "start" "cf74b94c38c8ffd8ae7f84d693bd3d638a56ef3970a3ef45443510f83bea4b77", kill_on_drop: false }`
[INFO] running `Command { std: "docker" "inspect" "cf74b94c38c8ffd8ae7f84d693bd3d638a56ef3970a3ef45443510f83bea4b77", kill_on_drop: false }`
[INFO] running `Command { std: "docker" "exec" "-e" "SOURCE_DIR=/opt/rustwide/workdir" "-e" "CARGO_HOME=/opt/rustwide/cargo-home" "-e" "RUSTUP_HOME=/opt/rustwide/rustup-home" "-e" "CARGO_TARGET_DIR=/opt/rustwide/target" "-w" "/opt/rustwide/workdir" "--user" "0:0" "cf74b94c38c8ffd8ae7f84d693bd3d638a56ef3970a3ef45443510f83bea4b77" "/opt/rustwide/cargo-home/bin/cargo" "+1.99.0-beta.8" "metadata" "--no-deps" "--format-version=1", kill_on_drop: false }`
[INFO] running `Command { std: "docker" "inspect" "cf74b94c38c8ffd8ae7f84d693bd3d638a56ef3970a3ef45443510f83bea4b77", kill_on_drop: false }`
[INFO] running `Command { std: "docker" "exec" "-e" "SOURCE_DIR=/opt/rustwide/workdir" "-e" "CARGO_HOME=/opt/rustwide/cargo-home" "-e" "RUSTUP_HOME=/opt/rustwide/rustup-home" "-e" "CARGO_TARGET_DIR=/opt/rustwide/target" "-e" "CARGO_INCREMENTAL=0" "-e" "RUST_BACKTRACE=full" "-e" "RUSTFLAGS=--cap-lints=warn" "-e" "RUSTDOCFLAGS=--cap-lints=warn" "-w" "/opt/rustwide/workdir" "--user" "0:0" "cf74b94c38c8ffd8ae7f84d693bd3d638a56ef3970a3ef45443510f83bea4b77" "/opt/rustwide/cargo-home/bin/cargo" "+1.99.0-beta.8" "build" "--frozen" "--message-format=json" "--release", kill_on_drop: false }`
[INFO] [stderr]    Compiling typenum v1.20.0
[INFO] [stderr]    Compiling cfg-if v1.0.4
[INFO] [stderr]    Compiling proc-macro2 v1.0.106
[INFO] [stderr]    Compiling unicode-ident v1.0.23
[INFO] [stderr]    Compiling quote v1.0.45
[INFO] [stderr]    Compiling libc v0.2.182
[INFO] [stderr]    Compiling memchr v2.8.0
[INFO] [stderr]    Compiling find-msvc-tools v0.1.9
[INFO] [stderr]    Compiling crc32fast v1.5.0
[INFO] [stderr]    Compiling cpufeatures v0.3.0
[INFO] [stderr]    Compiling autocfg v1.5.0
[INFO] [stderr]    Compiling cmov v0.5.4
[INFO] [stderr]    Compiling crossbeam-utils v0.8.21
[INFO] [stderr]    Compiling simd-adler32 v0.3.8
[INFO] [stderr]    Compiling zeroize v1.8.2
[INFO] [stderr]    Compiling serde_core v1.0.229
[INFO] [stderr]    Compiling rand_core v0.10.1
[INFO] [stderr]    Compiling getrandom v0.4.1
[INFO] [stderr]    Compiling tinyvec_macros v0.1.1
[INFO] [stderr]    Compiling adler2 v2.0.1
[INFO] [stderr]    Compiling const-oid v0.10.2
[INFO] [stderr]    Compiling tinyvec v1.10.0
[INFO] [stderr]    Compiling hashbrown v0.16.1
[INFO] [stderr]    Compiling ctutils v0.4.2
[INFO] [stderr]    Compiling zlib-rs v0.6.0
[INFO] [stderr]    Compiling miniz_oxide v0.8.9
[INFO] [stderr]    Compiling num-traits v0.2.19
[INFO] [stderr]    Compiling log v0.4.29
[INFO] [stderr]    Compiling utf8parse v0.2.2
[INFO] [stderr]    Compiling zstd-safe v7.2.4
[INFO] [stderr]    Compiling itoa v1.0.17
[INFO] [stderr]    Compiling thiserror v2.0.18
[INFO] [stderr]    Compiling anstyle-parse v1.0.0
[INFO] [stderr]    Compiling chacha20 v0.10.1
[INFO] [stderr]    Compiling anstyle v1.0.14
[INFO] [stderr]    Compiling crossbeam-epoch v0.9.18
[INFO] [stderr]    Compiling rayon-core v1.13.0
[INFO] [stderr]    Compiling is_terminal_polyfill v1.70.2
[INFO] [stderr]    Compiling unicode-bidi v0.3.18
[INFO] [stderr]    Compiling unicode-properties v0.1.4
[INFO] [stderr]    Compiling colorchoice v1.0.4
[INFO] [stderr]    Compiling zmij v1.0.21
[INFO] [stderr]    Compiling anstyle-query v1.1.5
[INFO] [stderr]    Compiling unicode-normalization v0.1.25
[INFO] [stderr]    Compiling serde v1.0.229
[INFO] [stderr]    Compiling pom v1.1.0
[INFO] [stderr]    Compiling syn v3.0.2
[INFO] [stderr]    Compiling syn v2.0.117
[INFO] [stderr]    Compiling crc-catalog v2.4.0
[INFO] [stderr]    Compiling crc v3.3.0
[INFO] [stderr]    Compiling anstream v1.0.0
[INFO] [stderr]    Compiling jobserver v0.1.34
[INFO] [stderr]    Compiling indexmap v2.13.0
[INFO] [stderr]    Compiling crossbeam-deque v0.8.6
[INFO] [stderr]    Compiling deranged v0.5.6
[INFO] [stderr]    Compiling generic-array v0.14.7
[INFO] [stderr]    Compiling hybrid-array v0.4.11
[INFO] [stderr]    Compiling nom v8.0.0
[INFO] [stderr]    Compiling cc v1.2.55
[INFO] [stderr]    Compiling stringprep v0.1.5
[INFO] [stderr]    Compiling encoding_rs v0.8.35
[INFO] [stderr]    Compiling strsim v0.11.1
[INFO] [stderr]    Compiling rand v0.10.1
[INFO] [stderr]    Compiling heck v0.5.0
[INFO] [stderr]    Compiling crypto-common v0.2.1
[INFO] [stderr]    Compiling block-buffer v0.12.0
[INFO] [stderr]    Compiling inout v0.2.2
[INFO] [stderr]    Compiling foldhash v0.1.5
[INFO] [stderr]    Compiling libbz2-rs-sys v0.2.2
[INFO] [stderr]    Compiling allocator-api2 v0.2.21
[INFO] [stderr]    Compiling bitflags v2.10.0
[INFO] [stderr]    Compiling crypto-common v0.1.7
[INFO] [stderr]    Compiling block-padding v0.3.3
[INFO] [stderr]    Compiling block-buffer v0.10.4
[INFO] [stderr]    Compiling digest v0.10.7
[INFO] [stderr]    Compiling inout v0.1.4
[INFO] [stderr]    Compiling flate2 v1.1.9
[INFO] [stderr]    Compiling cipher v0.4.4
[INFO] [stderr]    Compiling sha2 v0.10.9
[INFO] [stderr]    Compiling md-5 v0.10.6
[INFO] [stderr]    Compiling weezl v0.1.12
[INFO] [stderr]    Compiling aes v0.8.4
[INFO] [stderr]    Compiling ecb v0.1.2
[INFO] [stderr]    Compiling cbc v0.1.2
[INFO] [stderr]    Compiling bumpalo v3.19.1
[INFO] [stderr]    Compiling num-conv v0.2.0
[INFO] [stderr]    Compiling ttf-parser v0.25.1
[INFO] [stderr]    Compiling digest v0.11.2
[INFO] [stderr]    Compiling cipher v0.5.1
[INFO] [stderr]    Compiling clap_lex v1.0.0
[INFO] [stderr]    Compiling hmac v0.13.0
[INFO] [stderr]    Compiling cpubits v0.1.0
[INFO] [stderr]    Compiling thiserror-impl v2.0.18
[INFO] [stderr]    Compiling time-core v0.1.8
[INFO] [stderr]    Compiling rangemap v1.7.1
[INFO] [stderr]    Compiling serde_json v1.0.151
[INFO] [stderr]    Compiling zstd-sys v2.0.16+zstd.1.5.7
[INFO] [stderr]    Compiling time v0.3.47
[INFO] [stderr]    Compiling aes v0.9.0
[INFO] [stderr]    Compiling pbkdf2 v0.13.0
[INFO] [stderr]    Compiling clap_builder v4.6.7
[INFO] [stderr]    Compiling sha1 v0.11.0
[INFO] [stderr]    Compiling zopfli v0.8.3
[INFO] [stderr]    Compiling lzma-rust2 v0.16.1
[INFO] [stderr]    Compiling hashbrown v0.15.5
[INFO] [stderr]    Compiling bzip2 v0.6.1
[INFO] [stderr]    Compiling serde_derive v1.0.229
[INFO] [stderr]    Compiling clap_derive v4.6.7
[INFO] [stderr]    Compiling euclid v0.20.14
[INFO] [stderr]    Compiling adobe-cmap-parser v0.4.1
[INFO] [stderr]    Compiling type1-encoding-parser v0.1.1
[INFO] [stderr]    Compiling csv-core v0.1.13
[INFO] [stderr]    Compiling iana-time-zone v0.1.65
[INFO] [stderr]    Compiling ppmd-rust v1.4.0
[INFO] [stderr]    Compiling typed-path v0.12.3
[INFO] [stderr]    Compiling constant_time_eq v0.4.2
[INFO] [stderr]    Compiling ryu v1.0.23
[INFO] [stderr]    Compiling cff-parser v0.2.0
[INFO] [stderr]    Compiling deflate64 v0.1.10
[INFO] [stderr]    Compiling either v1.15.0
[INFO] [stderr]    Compiling postscript v0.14.1
[INFO] [stderr]    Compiling csv v1.4.0
[INFO] [stderr]    Compiling rayon v1.12.0
[INFO] [stderr]    Compiling walkdir v2.5.0
[INFO] [stderr]    Compiling chrono v0.4.45
[INFO] [stderr]    Compiling whatlang v0.18.0
[INFO] [stderr]    Compiling lopdf v0.42.0
[INFO] [stderr]    Compiling clap v4.6.7
[INFO] [stderr]    Compiling quick-xml v0.41.0
[INFO] [stderr]    Compiling rust-stemmers v1.2.0
[INFO] [stderr]    Compiling pdf-extract v0.12.1
[INFO] [stderr]    Compiling zstd v0.13.3
[INFO] [stderr]    Compiling zip v8.6.0
[INFO] [stderr]    Compiling text_analysis v0.4.9 (/opt/rustwide/workdir)
[INFO] [stderr]     Finished `release` profile [optimized] target(s) in 1m 54s
[INFO] running `Command { std: "docker" "inspect" "cf74b94c38c8ffd8ae7f84d693bd3d638a56ef3970a3ef45443510f83bea4b77", kill_on_drop: false }`
[INFO] running `Command { std: "docker" "exec" "-e" "SOURCE_DIR=/opt/rustwide/workdir" "-e" "CARGO_HOME=/opt/rustwide/cargo-home" "-e" "RUSTUP_HOME=/opt/rustwide/rustup-home" "-e" "CARGO_TARGET_DIR=/opt/rustwide/target" "-e" "CARGO_INCREMENTAL=0" "-e" "RUST_BACKTRACE=full" "-e" "RUSTFLAGS=--cap-lints=warn" "-e" "RUSTDOCFLAGS=--cap-lints=warn" "-w" "/opt/rustwide/workdir" "--user" "0:0" "cf74b94c38c8ffd8ae7f84d693bd3d638a56ef3970a3ef45443510f83bea4b77" "/opt/rustwide/cargo-home/bin/cargo" "+1.99.0-beta.8" "test" "--frozen" "--no-run" "--message-format=json" "--release", kill_on_drop: false }`
[INFO] [stderr]    Compiling libc v0.2.182
[INFO] [stderr]    Compiling aho-corasick v1.1.4
[INFO] [stderr]    Compiling regex-syntax v0.8.11
[INFO] [stderr]    Compiling bitflags v2.10.0
[INFO] [stderr]    Compiling syn v2.0.117
[INFO] [stderr]    Compiling rustix v1.1.4
[INFO] [stderr]    Compiling parking_lot_core v0.9.12
[INFO] [stderr]    Compiling predicates-core v1.0.10
[INFO] [stderr]    Compiling float-cmp v0.10.0
[INFO] [stderr]    Compiling linux-raw-sys v0.12.1
[INFO] [stderr]    Compiling futures-core v0.3.31
[INFO] [stderr]    Compiling slab v0.4.12
[INFO] [stderr]    Compiling termtree v0.5.1
[INFO] [stderr]    Compiling normalize-line-endings v0.3.0
[INFO] [stderr]    Compiling once_cell v1.21.3
[INFO] [stderr]    Compiling difflib v0.4.0
[INFO] [stderr]    Compiling smallvec v1.15.1
[INFO] [stderr]    Compiling predicates-tree v1.0.13
[INFO] [stderr]    Compiling lock_api v0.4.14
[INFO] [stderr]    Compiling assert_cmd v2.2.2
[INFO] [stderr]    Compiling fastrand v2.3.0
[INFO] [stderr]    Compiling futures-util v0.3.31
[INFO] [stderr]    Compiling getrandom v0.4.1
[INFO] [stderr]    Compiling wait-timeout v0.2.1
[INFO] [stderr]    Compiling rand v0.10.1
[INFO] [stderr]    Compiling zip v8.6.0
[INFO] [stderr]    Compiling parking_lot v0.12.5
[INFO] [stderr]    Compiling tempfile v3.27.0
[INFO] [stderr]    Compiling regex-automata v0.4.16
[INFO] [stderr]    Compiling futures-executor v0.3.31
[INFO] [stderr]    Compiling thiserror-impl v2.0.18
[INFO] [stderr]    Compiling serial_test_derive v3.5.0
[INFO] [stderr]    Compiling serial_test v3.5.0
[INFO] [stderr]    Compiling thiserror v2.0.18
[INFO] [stderr]    Compiling lopdf v0.42.0
[INFO] [stderr]    Compiling bstr v1.12.1
[INFO] [stderr]    Compiling regex v1.13.1
[INFO] [stderr]    Compiling predicates v3.1.4
[INFO] [stderr]    Compiling globset v0.4.18
[INFO] [stderr]    Compiling ignore v0.4.25
[INFO] [stderr]    Compiling globwalk v0.9.1
[INFO] [stderr]    Compiling assert_fs v1.1.4
[INFO] [stderr]    Compiling pdf-extract v0.12.1
[INFO] [stderr]    Compiling text_analysis v0.4.9 (/opt/rustwide/workdir)
[INFO] [stderr]     Finished `release` profile [optimized] target(s) in 1m 17s
[INFO] running `Command { std: "docker" "inspect" "cf74b94c38c8ffd8ae7f84d693bd3d638a56ef3970a3ef45443510f83bea4b77", kill_on_drop: false }`
[INFO] running `Command { std: "docker" "exec" "-e" "SOURCE_DIR=/opt/rustwide/workdir" "-e" "CARGO_HOME=/opt/rustwide/cargo-home" "-e" "RUSTUP_HOME=/opt/rustwide/rustup-home" "-e" "CARGO_TARGET_DIR=/opt/rustwide/target" "-e" "CARGO_INCREMENTAL=0" "-e" "RUST_BACKTRACE=full" "-e" "RUSTFLAGS=--cap-lints=warn" "-e" "RUSTDOCFLAGS=--cap-lints=warn" "-w" "/opt/rustwide/workdir" "--user" "0:0" "cf74b94c38c8ffd8ae7f84d693bd3d638a56ef3970a3ef45443510f83bea4b77" "/opt/rustwide/cargo-home/bin/cargo" "+1.99.0-beta.8" "test" "--frozen" "--release", kill_on_drop: false }`
[INFO] [stderr]     Finished `release` profile [optimized] target(s) in 0.18s
[INFO] [stderr]      Running unittests src/lib.rs (/opt/rustwide/target/release/deps/text_analysis-333839831f4d0e92)
[INFO] [stdout] 
[INFO] [stderr]      Running unittests src/main.rs (/opt/rustwide/target/release/deps/text_analysis-0fe113f1a3e215e9)
[INFO] [stdout] running 0 tests
[INFO] [stdout] 
[INFO] [stdout] test result: ok. 0 passed; 0 failed; 0 ignored; 0 measured; 0 filtered out; finished in 0.00s
[INFO] [stdout] 
[INFO] [stderr]      Running tests/office_parsing.rs (/opt/rustwide/target/release/deps/office_parsing-b68963f3f5d7f77c)
[INFO] [stdout] 
[INFO] [stdout] running 0 tests
[INFO] [stdout] 
[INFO] [stdout] test result: ok. 0 passed; 0 failed; 0 ignored; 0 measured; 0 filtered out; finished in 0.00s
[INFO] [stdout] 
[INFO] [stdout] 
[INFO] [stdout] running 6 tests
[INFO] [stderr]      Running tests/tests.rs (/opt/rustwide/target/release/deps/tests-8bc3d06e459eda08)
[INFO] [stdout] test docx_parsing_handles_line_breaks_and_paragraphs ... ok
[INFO] [stdout] test odt_roundtrip_minimal_text ... ok
[INFO] [stdout] test odt_missing_file_returns_error ... ok
[INFO] [stdout] test odt_parsing_handles_paragraphs ... ok
[INFO] [stdout] test docx_missing_file_returns_error ... ok
[INFO] [stdout] test docx_roundtrip_minimal_text ... ok
[INFO] [stdout] 
[INFO] [stdout] test result: ok. 6 passed; 0 failed; 0 ignored; 0 measured; 0 filtered out; finished in 0.01s
[INFO] [stdout] 
[INFO] [stdout] 
[INFO] [stdout] running 30 tests
[INFO] [stdout] test csv_writer_sanitizes_and_quotes_correctly ... ok
[INFO] [stdout] test cli_stem_force_language_with_stem ... ok
[INFO] [stdout] test lib_ner_heuristic ... ok
[INFO] [stdout] test lib_ngrams_window_and_neighbors ... ok
[INFO] [stdout] test cli_stem_auto_detects_language ... ok
[INFO] [stdout] test lib_pmi_sanity ... ok
[INFO] [stdout] test cli_export_tsv ... ok
[INFO] [stdout] test lib_pdf_best_effort_read ... ok
[INFO] [stdout] test cli_basic_run_csv ... ok
[INFO] [stdout] test cli_nonexistent_path_fails ... ok
[INFO] [stdout] test cli_stem_strict_combined_aborts_on_undetected ... ok
[INFO] [stdout] test lib_stem_strict_combined_aborts_on_undetected ... ok
[INFO] [stdout] test cli_stem_strict_per_file_skips_undetected ... ok
[INFO] [stdout] test cli_export_json ... ok
[INFO] [stdout] test lib_stemming_auto_and_force ... ok
[INFO] [stdout] test lib_combine_wordfreq_sums_across_files ... FAILED
[INFO] [stdout] test cli_stem_lang_without_stem_flag_forces ... ok
[INFO] [stdout] test lib_stopwords_filtering ... ok
[INFO] [stdout] test lib_tokenize_and_basic_counts ... ok
[INFO] [stdout] test no_double_prefix_when_cell_already_safe ... ok
[INFO] [stdout] test tsv_writer_sanitizes_first_cell_and_uses_tab_delimiter ... ok
[INFO] [stdout] test cli_stem_strict_per_file_skips_and_reports_v2 ... ok
[INFO] [stdout] test lib_combine_wordfreq_with_pdf ... ok
[INFO] [stdout] test lib_stem_strict_per_file_skips_undetected ... ok
[INFO] [stdout] test stdout_summary_order_top20_sections_and_content ... ok
[INFO] [stdout] test lib_combine_wordfreq_with_multipage_pdf_and_noise ... ok
[INFO] [stdout] test lib_analyze_path_per_file_and_combined_csv ... ok
[INFO] [stdout] test cli_stem_strict_combined_aborts_cleanly_v2 ... ok
[INFO] [stdout] test lib_stem_strict_per_file_skips_and_reports_v2 ... ok
[INFO] [stderr] error: test failed, to rerun pass `--test tests`
[INFO] [stdout] test lib_exports_are_sorted_by_frequency ... ok
[INFO] [stdout] 
[INFO] [stdout] failures:
[INFO] [stdout] 
[INFO] [stdout] ---- lib_combine_wordfreq_sums_across_files stdout ----
[INFO] [stdout] 
[INFO] [stdout] thread 'lib_combine_wordfreq_sums_across_files' (3555) panicked at tests/tests.rs:81:5:
[INFO] [stdout] No JSON file found ending with _wordfreq.json
[INFO] [stdout] stack backtrace:
[INFO] [stdout]    0:     0x63469640f7b1 - <<std[70759c8f55707aa4]::sys::backtrace::BacktraceLock>::print::DisplayBacktrace as core[df12db4294e9bfd3]::fmt::Display>::fmt
[INFO] [stdout]    1:     0x63469642986a - core[df12db4294e9bfd3]::fmt::write
[INFO] [stdout]    2:     0x6346964155ac - <alloc[2182bb758b4b3781]::vec::Vec<u8> as core[df12db4294e9bfd3]::io::write::Write>::write_fmt
[INFO] [stdout]    3:     0x6346963e83b6 - std[70759c8f55707aa4]::panicking::default_hook::{closure#0}
[INFO] [stdout]    4:     0x634696406649 - std[70759c8f55707aa4]::panicking::default_hook
[INFO] [stdout]    5:     0x634696134700 - test[9d35eded1c95d3be]::test_main_inner::<test[9d35eded1c95d3be]::test_main_static::{closure#0}>::{closure#0}
[INFO] [stdout]    6:     0x634696406972 - std[70759c8f55707aa4]::panicking::panic_with_hook
[INFO] [stdout]    7:     0x6346963e8462 - std[70759c8f55707aa4]::panicking::panic_handler::{closure#0}
[INFO] [stdout]    8:     0x6346963e0dd9 - std[70759c8f55707aa4]::sys::backtrace::__rust_end_short_backtrace::<std[70759c8f55707aa4]::panicking::panic_handler::{closure#0}, !>
[INFO] [stdout]    9:     0x6346963e905d - __rustc[8fa7c3cbc660c2b3]::rust_begin_unwind
[INFO] [stdout]   10:     0x63469642a04c - core[df12db4294e9bfd3]::panicking::panic_fmt
[INFO] [stdout]   11:     0x6346960f5b75 - tests[427c93f1328ee0e6]::load_wordfreq_map
[INFO] [stdout]   12:     0x634696101905 - <tests[427c93f1328ee0e6]::lib_combine_wordfreq_sums_across_files::{closure#0} as core[df12db4294e9bfd3]::ops::function::FnOnce<()>>::call_once
[INFO] [stdout]   13:     0x6346962f8c93 - serial_test[4c91c69fe2fbca76]::serial_code_lock::local_serial_core
[INFO] [stdout]   14:     0x6346960fc3dd - <tests[427c93f1328ee0e6]::lib_combine_wordfreq_sums_across_files::{closure#0} as core[df12db4294e9bfd3]::ops::function::FnOnce<()>>::call_once
[INFO] [stdout]   15:     0x6346961279eb - test[9d35eded1c95d3be]::__rust_begin_short_backtrace::<core[df12db4294e9bfd3]::result::Result<(), alloc[2182bb758b4b3781]::string::String>, fn() -> core[df12db4294e9bfd3]::result::Result<(), alloc[2182bb758b4b3781]::string::String>>
[INFO] [stdout]   16:     0x634696135055 - test[9d35eded1c95d3be]::run_test::{closure#0}
[INFO] [stdout]   17:     0x63469612e914 - std[70759c8f55707aa4]::sys::backtrace::__rust_begin_short_backtrace::<test[9d35eded1c95d3be]::run_test::{closure#1}, ()>
[INFO] [stdout]   18:     0x6346961381b2 - <std[70759c8f55707aa4]::thread::lifecycle::spawn_unchecked<test[9d35eded1c95d3be]::run_test::{closure#1}, ()>::{closure#1} as core[df12db4294e9bfd3]::ops::function::FnOnce<()>>::call_once::{shim:vtable#0}
[INFO] [stdout]   19:     0x63469640e749 - <std[70759c8f55707aa4]::sys::thread::unix::Thread>::new::thread_start
[INFO] [stdout]   20:     0x71ee0cbf0dfa - <unknown>
[INFO] [stdout]   21:     0x71ee0cc843d4 - clone
[INFO] [stdout]   22:                0x0 - <unknown>
[INFO] [stdout] 
[INFO] [stdout] 
[INFO] [stdout] failures:
[INFO] [stdout]     lib_combine_wordfreq_sums_across_files
[INFO] [stdout] 
[INFO] [stdout] test result: FAILED. 29 passed; 1 failed; 0 ignored; 0 measured; 0 filtered out; finished in 3.03s
[INFO] [stdout] 
[INFO] running `Command { std: "docker" "inspect" "cf74b94c38c8ffd8ae7f84d693bd3d638a56ef3970a3ef45443510f83bea4b77", kill_on_drop: false }`
[INFO] running `Command { std: "docker" "rm" "-f" "cf74b94c38c8ffd8ae7f84d693bd3d638a56ef3970a3ef45443510f83bea4b77", kill_on_drop: false }`
[INFO] [stdout] cf74b94c38c8ffd8ae7f84d693bd3d638a56ef3970a3ef45443510f83bea4b77
