[INFO] cloning repository https://github.com/James-wasonga/sep41-token
[INFO] running `Command { std: "git" "-c" "credential.helper=" "-c" "credential.helper=/workspace/cargo-home/bin/git-credential-null" "clone" "--bare" "https://github.com/James-wasonga/sep41-token" "/workspace/cache/git-repos/https%3A%2F%2Fgithub.com%2FJames-wasonga%2Fsep41-token", kill_on_drop: false }`
[INFO] [stderr] Cloning into bare repository '/workspace/cache/git-repos/https%3A%2F%2Fgithub.com%2FJames-wasonga%2Fsep41-token'...
[INFO] running `Command { std: "git" "rev-parse" "HEAD", kill_on_drop: false }`
[INFO] [stdout] 48a3c1c348c189251abb09e3b458e1d140b4ca1d
[INFO] testing James-wasonga/sep41-token against 1.99.0-beta.8+cargoflags=--release for beta-release-1.100-2
[INFO] running `Command { std: "git" "clone" "/workspace/cache/git-repos/https%3A%2F%2Fgithub.com%2FJames-wasonga%2Fsep41-token" "/workspace/builds/worker-7-tc1/source", kill_on_drop: false }`
[INFO] [stderr] Cloning into '/workspace/builds/worker-7-tc1/source'...
[INFO] [stderr] done.
[INFO] started tweaking git repo https://github.com/James-wasonga/sep41-token
[INFO] finished tweaking git repo https://github.com/James-wasonga/sep41-token
[INFO] tweaked toml for git repo https://github.com/James-wasonga/sep41-token written to /workspace/builds/worker-7-tc1/source/Cargo.toml
[INFO] validating manifest of git repo https://github.com/James-wasonga/sep41-token on toolchain 1.99.0-beta.8
[INFO] running `Command { std: CARGO_HOME="/workspace/cargo-home" RUSTUP_HOME="/workspace/rustup-home" "/workspace/cargo-home/bin/cargo" "+1.99.0-beta.8" "metadata" "--manifest-path" "Cargo.toml" "--no-deps", kill_on_drop: false }`
[INFO] crate git repo https://github.com/James-wasonga/sep41-token already has a lockfile, it will not be regenerated
[INFO] running `Command { std: CARGO_HOME="/workspace/cargo-home" RUSTUP_HOME="/workspace/rustup-home" "/workspace/cargo-home/bin/cargo" "+1.99.0-beta.8" "fetch" "--manifest-path" "Cargo.toml", kill_on_drop: false }`
[INFO] [stderr]  Downloading crates ...
[INFO] [stderr]   Downloaded soroban-spec v25.3.1
[INFO] [stderr]   Downloaded soroban-sdk v25.3.1
[INFO] [stderr]   Downloaded soroban-spec-rust v25.3.1
[INFO] [stderr]   Downloaded soroban-sdk-macros v25.3.1
[INFO] [stderr]   Downloaded soroban-builtin-sdk-macros v25.0.1
[INFO] [stderr]   Downloaded soroban-env-common v25.0.1
[INFO] [stderr]   Downloaded soroban-env-macros v25.0.1
[INFO] [stderr]   Downloaded soroban-ledger-snapshot v25.3.1
[INFO] [stderr]   Downloaded soroban-env-guest v25.0.1
[INFO] [stderr]   Downloaded soroban-env-host v25.0.1
[INFO] [stderr]   Downloaded stellar-xdr v25.0.0
[INFO] running `Command { std: "docker" "create" "-v" "/var/lib/crater-agent-workspace/builds/worker-7-tc1/source:/opt/rustwide/workdir:ro,Z" "-v" "/var/lib/crater-agent-workspace/builds/worker-7-tc1/target:/opt/rustwide/target:rw,Z" "-v" "/var/lib/crater-agent-workspace/cargo-home:/opt/rustwide/cargo-home:ro,Z" "-v" "/var/lib/crater-agent-workspace/rustup-home:/opt/rustwide/rustup-home:ro,Z" "-m" "1610612736" "--network" "none" "ghcr.io/rust-lang/crates-build-env/linux@sha256:77db811e55d90add9212f6832c23229e3de5f1c1f9905e8cb07319ea15df73ac" "sleep" "infinity", kill_on_drop: false }`
[INFO] [stdout] c3e0d57ba703c06ba309715e178df6a769970b7da7c3161418e26fd4d3d63a25
[INFO] running `Command { std: "docker" "start" "c3e0d57ba703c06ba309715e178df6a769970b7da7c3161418e26fd4d3d63a25", kill_on_drop: false }`
[INFO] running `Command { std: "docker" "inspect" "c3e0d57ba703c06ba309715e178df6a769970b7da7c3161418e26fd4d3d63a25", kill_on_drop: false }`
[INFO] running `Command { std: "docker" "exec" "-e" "SOURCE_DIR=/opt/rustwide/workdir" "-e" "CARGO_HOME=/opt/rustwide/cargo-home" "-e" "RUSTUP_HOME=/opt/rustwide/rustup-home" "-e" "CARGO_TARGET_DIR=/opt/rustwide/target" "-w" "/opt/rustwide/workdir" "--user" "0:0" "c3e0d57ba703c06ba309715e178df6a769970b7da7c3161418e26fd4d3d63a25" "/opt/rustwide/cargo-home/bin/cargo" "+1.99.0-beta.8" "metadata" "--no-deps" "--format-version=1", kill_on_drop: false }`
[INFO] running `Command { std: "docker" "inspect" "c3e0d57ba703c06ba309715e178df6a769970b7da7c3161418e26fd4d3d63a25", kill_on_drop: false }`
[INFO] running `Command { std: "docker" "exec" "-e" "SOURCE_DIR=/opt/rustwide/workdir" "-e" "CARGO_HOME=/opt/rustwide/cargo-home" "-e" "RUSTUP_HOME=/opt/rustwide/rustup-home" "-e" "CARGO_TARGET_DIR=/opt/rustwide/target" "-e" "CARGO_INCREMENTAL=0" "-e" "RUST_BACKTRACE=full" "-e" "RUSTFLAGS=--cap-lints=warn" "-e" "RUSTDOCFLAGS=--cap-lints=warn" "-w" "/opt/rustwide/workdir" "--user" "0:0" "c3e0d57ba703c06ba309715e178df6a769970b7da7c3161418e26fd4d3d63a25" "/opt/rustwide/cargo-home/bin/cargo" "+1.99.0-beta.8" "build" "--frozen" "--message-format=json" "--release", kill_on_drop: false }`
[INFO] [stderr]    Compiling quote v1.0.45
[INFO] [stderr]    Compiling zmij v1.0.21
[INFO] [stderr]    Compiling memchr v2.8.0
[INFO] [stderr]    Compiling typenum v1.20.0
[INFO] [stderr]    Compiling zerocopy v0.8.48
[INFO] [stderr]    Compiling syn v1.0.109
[INFO] [stderr]    Compiling num-bigint v0.4.6
[INFO] [stderr]    Compiling itertools v0.10.5
[INFO] [stderr]    Compiling wasmparser v0.116.1
[INFO] [stderr]    Compiling spin v0.9.8
[INFO] [stderr]    Compiling smallvec v1.15.1
[INFO] [stderr]    Compiling soroban-env-host v25.0.1
[INFO] [stderr]    Compiling soroban-wasmi v0.31.1-soroban.20.0.1
[INFO] [stderr]    Compiling syn v2.0.117
[INFO] [stderr]    Compiling serde_json v1.0.150
[INFO] [stderr]    Compiling generic-array v0.14.9
[INFO] [stderr]    Compiling crypto-common v0.1.6
[INFO] [stderr]    Compiling block-buffer v0.10.4
[INFO] [stderr]    Compiling digest v0.10.7
[INFO] [stderr]    Compiling sha2 v0.10.9
[INFO] [stderr]    Compiling darling_core v0.23.0
[INFO] [stderr]    Compiling darling_core v0.20.11
[INFO] [stderr]    Compiling prettyplease v0.2.37
[INFO] [stderr]    Compiling macro-string v0.1.4
[INFO] [stderr]    Compiling serde_derive v1.0.228
[INFO] [stderr]    Compiling zeroize_derive v1.4.3
[INFO] [stderr]    Compiling cfg_eval v0.1.2
[INFO] [stderr]    Compiling num-derive v0.4.2
[INFO] [stderr]    Compiling thiserror-impl v1.0.69
[INFO] [stderr]    Compiling curve25519-dalek-derive v0.1.1
[INFO] [stderr]    Compiling soroban-builtin-sdk-macros v25.0.1
[INFO] [stderr]    Compiling ark-serialize-derive v0.4.2
[INFO] [stderr]    Compiling ark-ff-macros v0.4.2
[INFO] [stderr]    Compiling ark-ff-asm v0.4.2
[INFO] [stderr]    Compiling derivative v2.2.0
[INFO] [stderr]    Compiling ppv-lite86 v0.2.21
[INFO] [stderr]    Compiling ahash v0.8.12
[INFO] [stderr]    Compiling zeroize v1.8.2
[INFO] [stderr]    Compiling visibility v0.1.1
[INFO] [stderr]    Compiling hashbrown v0.13.2
[INFO] [stderr]    Compiling bytes-lit v0.0.5
[INFO] [stderr]    Compiling der v0.7.10
[INFO] [stderr]    Compiling rand_chacha v0.3.1
[INFO] [stderr]    Compiling rand v0.8.6
[INFO] [stderr]    Compiling thiserror v1.0.69
[INFO] [stderr]    Compiling darling_macro v0.23.0
[INFO] [stderr]    Compiling crypto-bigint v0.5.5
[INFO] [stderr]    Compiling darling v0.23.0
[INFO] [stderr]    Compiling serde_with_macros v3.20.0
[INFO] [stderr]    Compiling sec1 v0.7.3
[INFO] [stderr]    Compiling signature v2.2.0
[INFO] [stderr]    Compiling hmac v0.12.1
[INFO] [stderr]    Compiling curve25519-dalek v4.1.3
[INFO] [stderr]    Compiling sha3 v0.10.9
[INFO] [stderr]    Compiling rfc6979 v0.4.0
[INFO] [stderr]    Compiling ed25519 v2.2.3
[INFO] [stderr]    Compiling darling_macro v0.20.11
[INFO] [stderr]    Compiling ark-std v0.4.0
[INFO] [stderr]    Compiling darling v0.20.11
[INFO] [stderr]    Compiling ark-serialize v0.4.2
[INFO] [stderr]    Compiling ark-ff v0.4.2
[INFO] [stderr]    Compiling ed25519-dalek v2.2.0
[INFO] [stderr]    Compiling serde v1.0.228
[INFO] [stderr]    Compiling elliptic-curve v0.13.8
[INFO] [stderr]    Compiling crate-git-revision v0.0.6
[INFO] [stderr]    Compiling schemars v0.8.22
[INFO] [stderr]    Compiling hex v0.4.3
[INFO] [stderr]    Compiling ecdsa v0.16.9
[INFO] [stderr]    Compiling primeorder v0.13.6
[INFO] [stderr]    Compiling stellar-strkey v0.0.13
[INFO] [stderr]    Compiling stellar-xdr v25.0.0
[INFO] [stderr]    Compiling soroban-env-common v25.0.1
[INFO] [stderr]    Compiling stellar-strkey v0.0.16
[INFO] [stderr]    Compiling soroban-sdk v25.3.1
[INFO] [stderr]    Compiling p256 v0.13.2
[INFO] [stderr]    Compiling k256 v0.13.4
[INFO] [stderr]    Compiling serde_with v3.20.0
[INFO] [stderr]    Compiling ark-poly v0.4.2
[INFO] [stderr]    Compiling ark-ec v0.4.2
[INFO] [stderr]    Compiling ark-bn254 v0.4.0
[INFO] [stderr]    Compiling ark-bls12-381 v0.4.0
[INFO] [stderr]    Compiling soroban-spec v25.3.1
[INFO] [stderr]    Compiling soroban-spec-rust v25.3.1
[INFO] [stderr]    Compiling soroban-env-macros v25.0.1
[INFO] [stderr]    Compiling soroban-sdk-macros v25.3.1
[INFO] [stderr]    Compiling sep41-token v0.0.0 (/opt/rustwide/workdir/contracts/sep41-token)
[INFO] [stdout] warning: unused variable: `receiver_balance`
[INFO] [stdout]   --> contracts/sep41-token/src/our_token.rs:85:13
[INFO] [stdout]    |
[INFO] [stdout] 85 |         let receiver_balance = Self::balance(env.clone(), to.clone());
[INFO] [stdout]    |             ^^^^^^^^^^^^^^^^ help: if this is intentional, prefix it with an underscore: `_receiver_balance`
[INFO] [stdout]    |
[INFO] [stdout]    = note: `#[warn(unused_variables)]` (part of `#[warn(unused)]`) on by default
[INFO] [stdout] 
[INFO] [stdout] 
[INFO] [stdout] warning: struct `Transfer` is never constructed
[INFO] [stdout]  --> contracts/sep41-token/src/events.rs:6:12
[INFO] [stdout]   |
[INFO] [stdout] 6 | pub struct Transfer {
[INFO] [stdout]   |            ^^^^^^^^
[INFO] [stdout]   |
[INFO] [stdout]   = note: `#[warn(dead_code)]` (part of `#[warn(unused)]`) on by default
[INFO] [stdout] 
[INFO] [stdout] 
[INFO] [stdout] warning: struct `Approval` is never constructed
[INFO] [stdout]   --> contracts/sep41-token/src/events.rs:16:12
[INFO] [stdout]    |
[INFO] [stdout] 16 | pub struct Approval {
[INFO] [stdout]    |            ^^^^^^^^
[INFO] [stdout] 
[INFO] [stdout] 
[INFO] [stdout] warning: struct `Burn` is never constructed
[INFO] [stdout]   --> contracts/sep41-token/src/events.rs:27:12
[INFO] [stdout]    |
[INFO] [stdout] 27 | pub struct Burn {
[INFO] [stdout]    |            ^^^^
[INFO] [stdout] 
[INFO] [stdout] 
[INFO] [stdout] warning: struct `Mint` is never constructed
[INFO] [stdout]   --> contracts/sep41-token/src/events.rs:35:12
[INFO] [stdout]    |
[INFO] [stdout] 35 | pub struct Mint {
[INFO] [stdout]    |            ^^^^
[INFO] [stdout] 
[INFO] [stdout] 
[INFO] [stdout] warning: struct `SibToken` is never constructed
[INFO] [stdout]   --> contracts/sep41-token/src/our_token.rs:11:12
[INFO] [stdout]    |
[INFO] [stdout] 11 | pub struct SibToken;
[INFO] [stdout]    |            ^^^^^^^^
[INFO] [stdout] 
[INFO] [stdout] 
[INFO] [stdout] warning: trait `TokenInterface` is never used
[INFO] [stdout]  --> contracts/sep41-token/src/token_trait.rs:3:11
[INFO] [stdout]   |
[INFO] [stdout] 3 | pub trait TokenInterface {
[INFO] [stdout]   |           ^^^^^^^^^^^^^^
[INFO] [stdout] 
[INFO] [stdout] 
[INFO] [stderr]     Finished `release` profile [optimized] target(s) in 2m 04s
[INFO] running `Command { std: "docker" "inspect" "c3e0d57ba703c06ba309715e178df6a769970b7da7c3161418e26fd4d3d63a25", kill_on_drop: false }`
[INFO] running `Command { std: "docker" "exec" "-e" "SOURCE_DIR=/opt/rustwide/workdir" "-e" "CARGO_HOME=/opt/rustwide/cargo-home" "-e" "RUSTUP_HOME=/opt/rustwide/rustup-home" "-e" "CARGO_TARGET_DIR=/opt/rustwide/target" "-e" "CARGO_INCREMENTAL=0" "-e" "RUST_BACKTRACE=full" "-e" "RUSTFLAGS=--cap-lints=warn" "-e" "RUSTDOCFLAGS=--cap-lints=warn" "-w" "/opt/rustwide/workdir" "--user" "0:0" "c3e0d57ba703c06ba309715e178df6a769970b7da7c3161418e26fd4d3d63a25" "/opt/rustwide/cargo-home/bin/cargo" "+1.99.0-beta.8" "test" "--frozen" "--no-run" "--message-format=json" "--release", kill_on_drop: false }`
[INFO] [stderr]    Compiling cfg-if v1.0.4
[INFO] [stderr]    Compiling typenum v1.20.0
[INFO] [stderr]    Compiling zeroize v1.8.2
[INFO] [stderr]    Compiling subtle v2.6.1
[INFO] [stderr]    Compiling const-oid v0.9.6
[INFO] [stderr]    Compiling libc v0.2.186
[INFO] [stderr]    Compiling zerocopy v0.8.48
[INFO] [stderr]    Compiling num-traits v0.2.19
[INFO] [stderr]    Compiling serde_core v1.0.228
[INFO] [stderr]    Compiling cpufeatures v0.2.17
[INFO] [stderr]    Compiling once_cell v1.21.4
[INFO] [stderr]    Compiling either v1.16.0
[INFO] [stderr]    Compiling base16ct v0.2.0
[INFO] [stderr]    Compiling zmij v1.0.21
[INFO] [stderr]    Compiling serde_json v1.0.150
[INFO] [stderr]    Compiling memchr v2.8.0
[INFO] [stderr]    Compiling itoa v1.0.18
[INFO] [stderr]    Compiling schemars v0.8.22
[INFO] [stderr]    Compiling data-encoding v2.11.0
[INFO] [stderr]    Compiling dyn-clone v1.0.20
[INFO] [stderr]    Compiling der v0.7.10
[INFO] [stderr]    Compiling libm v0.2.16
[INFO] [stderr]    Compiling itertools v0.10.5
[INFO] [stderr]    Compiling stellar-xdr v25.0.0
[INFO] [stderr]    Compiling derive_arbitrary v1.3.2
[INFO] [stderr]    Compiling indexmap-nostd v0.4.0
[INFO] [stderr]    Compiling downcast-rs v1.2.1
[INFO] [stderr]    Compiling equivalent v1.0.2
[INFO] [stderr]    Compiling hashbrown v0.17.1
[INFO] [stderr]    Compiling soroban-env-common v25.0.1
[INFO] [stderr]    Compiling wasmi_arena v0.4.1
[INFO] [stderr]    Compiling spin v0.9.8
[INFO] [stderr]    Compiling escape-bytes v0.1.1
[INFO] [stderr]    Compiling smallvec v1.15.1
[INFO] [stderr]    Compiling ethnum v1.5.3
[INFO] [stderr]    Compiling wasmparser-nostd v0.100.2
[INFO] [stderr]    Compiling stellar-strkey v0.0.13
[INFO] [stderr]    Compiling base64 v0.22.1
[INFO] [stderr]    Compiling semver v1.0.28
[INFO] [stderr]    Compiling soroban-env-host v25.0.1
[INFO] [stderr]    Compiling keccak v0.1.6
[INFO] [stderr]    Compiling arbitrary v1.3.2
[INFO] [stderr]    Compiling generic-array v0.14.9
[INFO] [stderr]    Compiling getrandom v0.2.17
[INFO] [stderr]    Compiling static_assertions v1.1.0
[INFO] [stderr]    Compiling num-integer v0.1.46
[INFO] [stderr]    Compiling byteorder v1.5.0
[INFO] [stderr]    Compiling thiserror v1.0.69
[INFO] [stderr]    Compiling hex-literal v0.4.1
[INFO] [stderr]    Compiling dtor-proc-macro v0.0.6
[INFO] [stderr]    Compiling stable_deref_trait v1.2.1
[INFO] [stderr]    Compiling indexmap v2.14.0
[INFO] [stderr]    Compiling rand_core v0.6.4
[INFO] [stderr]    Compiling soroban-sdk v25.3.1
[INFO] [stderr]    Compiling hash32 v0.3.1
[INFO] [stderr]    Compiling dtor v0.1.1
[INFO] [stderr]    Compiling ctor-proc-macro v0.0.6
[INFO] [stderr]    Compiling soroban-sdk-macros v25.3.1
[INFO] [stderr]    Compiling heapless v0.8.0
[INFO] [stderr]    Compiling ff v0.13.1
[INFO] [stderr]    Compiling ctor v0.5.0
[INFO] [stderr]    Compiling group v0.13.0
[INFO] [stderr]    Compiling num-bigint v0.4.6
[INFO] [stderr]    Compiling block-buffer v0.10.4
[INFO] [stderr]    Compiling crypto-common v0.1.6
[INFO] [stderr]    Compiling crypto-bigint v0.5.5
[INFO] [stderr]    Compiling sec1 v0.7.3
[INFO] [stderr]    Compiling wasmi_core v0.13.0
[INFO] [stderr]    Compiling digest v0.10.7
[INFO] [stderr]    Compiling sha2 v0.10.9
[INFO] [stderr]    Compiling signature v2.2.0
[INFO] [stderr]    Compiling hmac v0.12.1
[INFO] [stderr]    Compiling curve25519-dalek v4.1.3
[INFO] [stderr]    Compiling sha3 v0.10.9
[INFO] [stderr]    Compiling ed25519 v2.2.3
[INFO] [stderr]    Compiling rfc6979 v0.4.0
[INFO] [stderr]    Compiling wasmparser v0.116.1
[INFO] [stderr]    Compiling stellar-strkey v0.0.16
[INFO] [stderr]    Compiling ed25519-dalek v2.2.0
[INFO] [stderr]    Compiling serde v1.0.228
[INFO] [stderr]    Compiling elliptic-curve v0.13.8
[INFO] [stderr]    Compiling hex v0.4.3
[INFO] [stderr]    Compiling ecdsa v0.16.9
[INFO] [stderr]    Compiling primeorder v0.13.6
[INFO] [stderr]    Compiling k256 v0.13.4
[INFO] [stderr]    Compiling p256 v0.13.2
[INFO] [stderr]    Compiling serde_with v3.20.0
[INFO] [stderr]    Compiling soroban-wasmi v0.31.1-soroban.20.0.1
[INFO] [stderr]    Compiling ppv-lite86 v0.2.21
[INFO] [stderr]    Compiling ahash v0.8.12
[INFO] [stderr]    Compiling hashbrown v0.13.2
[INFO] [stderr]    Compiling rand_chacha v0.3.1
[INFO] [stderr]    Compiling rand v0.8.6
[INFO] [stderr]    Compiling ark-std v0.4.0
[INFO] [stderr]    Compiling ark-serialize v0.4.2
[INFO] [stderr]    Compiling ark-ff v0.4.2
[INFO] [stderr]    Compiling ark-poly v0.4.2
[INFO] [stderr]    Compiling ark-ec v0.4.2
[INFO] [stderr]    Compiling ark-bls12-381 v0.4.0
[INFO] [stderr]    Compiling ark-bn254 v0.4.0
[INFO] [stderr]    Compiling soroban-ledger-snapshot v25.3.1
[INFO] [stderr]    Compiling sep41-token v0.0.0 (/opt/rustwide/workdir/contracts/sep41-token)
[INFO] [stdout] warning: unused variable: `receiver_balance`
[INFO] [stdout]   --> contracts/sep41-token/src/our_token.rs:85:13
[INFO] [stdout]    |
[INFO] [stdout] 85 |         let receiver_balance = Self::balance(env.clone(), to.clone());
[INFO] [stdout]    |             ^^^^^^^^^^^^^^^^ help: if this is intentional, prefix it with an underscore: `_receiver_balance`
[INFO] [stdout]    |
[INFO] [stdout]    = note: `#[warn(unused_variables)]` (part of `#[warn(unused)]`) on by default
[INFO] [stdout] 
[INFO] [stdout] 
[INFO] [stdout] warning: field `sender` is never read
[INFO] [stdout]   --> contracts/sep41-token/src/test.rs:11:5
[INFO] [stdout]    |
[INFO] [stdout]  7 | struct SetUpResult<'a> {
[INFO] [stdout]    |        ----------- field in this struct
[INFO] [stdout] ...
[INFO] [stdout] 11 |     sender: Address,
[INFO] [stdout]    |     ^^^^^^
[INFO] [stdout]    |
[INFO] [stdout]    = note: `#[warn(dead_code)]` (part of `#[warn(unused)]`) on by default
[INFO] [stdout] 
[INFO] [stdout] 
[INFO] [stderr]     Finished `release` profile [optimized] target(s) in 2m 20s
[INFO] running `Command { std: "docker" "inspect" "c3e0d57ba703c06ba309715e178df6a769970b7da7c3161418e26fd4d3d63a25", kill_on_drop: false }`
[INFO] running `Command { std: "docker" "exec" "-e" "SOURCE_DIR=/opt/rustwide/workdir" "-e" "CARGO_HOME=/opt/rustwide/cargo-home" "-e" "RUSTUP_HOME=/opt/rustwide/rustup-home" "-e" "CARGO_TARGET_DIR=/opt/rustwide/target" "-e" "CARGO_INCREMENTAL=0" "-e" "RUST_BACKTRACE=full" "-e" "RUSTFLAGS=--cap-lints=warn" "-e" "RUSTDOCFLAGS=--cap-lints=warn" "-w" "/opt/rustwide/workdir" "--user" "0:0" "c3e0d57ba703c06ba309715e178df6a769970b7da7c3161418e26fd4d3d63a25" "/opt/rustwide/cargo-home/bin/cargo" "+1.99.0-beta.8" "test" "--frozen" "--release", kill_on_drop: false }`
[INFO] [stderr] warning: unused variable: `receiver_balance`
[INFO] [stderr]   --> contracts/sep41-token/src/our_token.rs:85:13
[INFO] [stderr]    |
[INFO] [stderr] 85 |         let receiver_balance = Self::balance(env.clone(), to.clone());
[INFO] [stderr]    |             ^^^^^^^^^^^^^^^^ help: if this is intentional, prefix it with an underscore: `_receiver_balance`
[INFO] [stderr]    |
[INFO] [stderr]    = note: `#[warn(unused_variables)]` (part of `#[warn(unused)]`) on by default
[INFO] [stderr] 
[INFO] [stderr] warning: field `sender` is never read
[INFO] [stderr]   --> contracts/sep41-token/src/test.rs:11:5
[INFO] [stderr]    |
[INFO] [stderr]  7 | struct SetUpResult<'a> {
[INFO] [stderr]    |        ----------- field in this struct
[INFO] [stderr] ...
[INFO] [stderr] 11 |     sender: Address,
[INFO] [stderr]    |     ^^^^^^
[INFO] [stderr]    |
[INFO] [stderr]    = note: `#[warn(dead_code)]` (part of `#[warn(unused)]`) on by default
[INFO] [stderr] 
[INFO] [stderr] warning: `sep41-token` (lib test) generated 2 warnings (run `cargo fix --lib -p sep41-token --tests` to apply 1 suggestion)
[INFO] [stderr]     Finished `release` profile [optimized] target(s) in 0.30s
[INFO] [stderr]      Running unittests src/lib.rs (/opt/rustwide/target/release/deps/sep41_token-7038e5fe5aea69e5)
[INFO] [stdout] 
[INFO] [stdout] running 10 tests
[INFO] [stderr] 
[INFO] [stdout] 
[INFO] [stderr] thread 'test::test_burn_from' (2689) panicked at /rustc/dfb0accb7f508ae8be965d8629557221c889dd98/library/core/src/panicking.rs:233:5:
[INFO] [stdout] thread 'test::test_burn_from' (2689) panicked at /opt/rustwide/cargo-home/registry/src/index.crates.io-1949cf8c6b5b557f/soroban-env-host-25.0.1/src/host.rs:907:9:
[INFO] [stderr] panic in a destructor during cleanup
[INFO] [stdout] HostError: Error(Auth, InvalidAction)
[INFO] [stderr] thread caused non-unwinding panic. aborting.
[INFO] [stdout] 
[INFO] [stdout] Event log (newest first):
[INFO] [stdout]    0: [Diagnostic Event] topics:[error, Error(Auth, InvalidAction)], data:"escalating error to panic"
[INFO] [stdout]    1: [Diagnostic Event] topics:[error, Error(Auth, InvalidAction)], data:["contract call failed", approve, [CAAAAAAAAAAAAAAAAAAAAAAAAAAAAAAAAAAAAAAAAAAAAAAAAAAAD2KM, CAAAAAAAAAAAAAAAAAAAAAAAAAAAAAAAAAAAAAAAAAAAAAAAAAAAITA4, 300, 100]]
[INFO] [stdout]    2: [Failed Diagnostic Event (not emitted)] contract:CAAAAAAAAAAAAAAAAAAAAAAAAAAAAAAAAAAAAAAAAAAAAAAAAAAAK3IM, topics:[error, Error(Auth, InvalidAction)], data:"caught error from function"
[INFO] [stdout]    3: [Failed Diagnostic Event (not emitted)] contract:CAAAAAAAAAAAAAAAAAAAAAAAAAAAAAAAAAAAAAAAAAAAAAAAAAAAK3IM, topics:[error, Error(Auth, InvalidAction)], data:"escalating error to panic"
[INFO] [stdout]    4: [Failed Diagnostic Event (not emitted)] contract:CAAAAAAAAAAAAAAAAAAAAAAAAAAAAAAAAAAAAAAAAAAAAAAAAAAAK3IM, topics:[error, Error(Auth, InvalidAction)], data:["Unauthorized function call for address", CAAAAAAAAAAAAAAAAAAAAAAAAAAAAAAAAAAAAAAAAAAAAAAAAAAAD2KM]
[INFO] [stdout]    5: [Diagnostic Event] topics:[fn_call, CAAAAAAAAAAAAAAAAAAAAAAAAAAAAAAAAAAAAAAAAAAAAAAAAAAAK3IM, approve], data:[CAAAAAAAAAAAAAAAAAAAAAAAAAAAAAAAAAAAAAAAAAAAAAAAAAAAD2KM, CAAAAAAAAAAAAAAAAAAAAAAAAAAAAAAAAAAAAAAAAAAAAAAAAAAAITA4, 300, 100]
[INFO] [stdout] 
[INFO] [stdout] stack backtrace:
[INFO] [stdout]    0:     0x556daa3ed2e7 - <unknown>
[INFO] [stdout]    1:     0x556daa28b624 - <unknown>
[INFO] [stdout]    2:     0x556daa3ec8ab - <unknown>
[INFO] [stdout]    3:     0x556daa3ec4a9 - <unknown>
[INFO] [stdout]    4:     0x556daa3ec12a - <unknown>
[INFO] [stdout]    5:     0x556daa3ebc63 - <unknown>
[INFO] [stdout]    6:     0x556daa411f71 - <unknown>
[INFO] [stdout]    7:     0x556daa411f29 - <unknown>
[INFO] [stdout]    8:     0x556daa41242c - <unknown>
[INFO] [stdout]    9:     0x556daa28b4bb - <unknown>
[INFO] [stdout]   10:     0x556daa3b0bd2 - <unknown>
[INFO] [stdout]   11:     0x556daa3c2198 - <unknown>
[INFO] [stdout]   12:     0x556daa3c03ab - <unknown>
[INFO] [stdout]   13:     0x556daa3bf907 - <unknown>
[INFO] [stdout]   14:     0x556daa3bfbfc - <unknown>
[INFO] [stdout]   15:     0x556daa27eafd - <unknown>
[INFO] [stdout]   16:     0x556daa285604 - <unknown>
[INFO] [stdout]   17:     0x556daa42ba1b - <unknown>
[INFO] [stdout]   18:     0x556daa427372 - <unknown>
[INFO] [stdout]   19:     0x556daa426e1c - <unknown>
[INFO] [stdout]   20:     0x556daa44234c - <unknown>
[INFO] [stdout]   21:     0x556daa41386a - <unknown>
[INFO] [stdout]   22:     0x76e00bd73dfa - <unknown>
[INFO] [stdout]   23:     0x76e00be073d4 - clone
[INFO] [stdout]   24:                0x0 - <unknown>
[INFO] [stdout] Writing test snapshot file for test "test::test_burn_from" to "test_snapshots/test/test_burn_from.1.json".
[INFO] [stdout] 
[INFO] [stdout] thread 'test::test_burn_from' (2689) panicked at /opt/rustwide/cargo-home/registry/src/index.crates.io-1949cf8c6b5b557f/soroban-sdk-25.3.1/src/env.rs:1970:32:
[INFO] [stdout] called `Result::unwrap()` on an `Err` value: Os { code: 30, kind: ReadOnlyFilesystem, message: "Read-only file system" }
[INFO] [stdout] stack backtrace:
[INFO] [stdout]    0:     0x556daa3ed2e7 - <unknown>
[INFO] [stdout]    1:     0x556daa28b624 - <unknown>
[INFO] [stdout]    2:     0x556daa3ec8ab - <unknown>
[INFO] [stdout]    3:     0x556daa3ec4a9 - <unknown>
[INFO] [stdout]    4:     0x556daa3ec12a - <unknown>
[INFO] [stdout]    5:     0x556daa3ebc63 - <unknown>
[INFO] [stdout]    6:     0x556daa411f71 - <unknown>
[INFO] [stdout]    7:     0x556daa411f29 - <unknown>
[INFO] [stdout]    8:     0x556daa41242c - <unknown>
[INFO] [stdout]    9:     0x556daa28b4bb - <unknown>
[INFO] [stdout]   10:     0x556daa28ec61 - <unknown>
[INFO] [stdout]   11:     0x556daa3b5f07 - <unknown>
[INFO] [stdout]   12:     0x556daa27cf76 - <unknown>
[INFO] [stdout]   13:     0x556daa28591e - <unknown>
[INFO] [stdout]   14:     0x556daa42ba1b - <unknown>
[INFO] [stdout]   15:     0x556daa427372 - <unknown>
[INFO] [stdout]   16:     0x556daa426e1c - <unknown>
[INFO] [stdout]   17:     0x556daa44234c - <unknown>
[INFO] [stdout]   18:     0x556daa41386a - <unknown>
[INFO] [stdout]   19:     0x76e00bd73dfa - <unknown>
[INFO] [stdout]   20:     0x76e00be073d4 - clone
[INFO] [stdout]   21:                0x0 - <unknown>
[INFO] [stderr] error: test failed, to rerun pass `--lib`
[INFO] [stderr] 
[INFO] [stderr] Caused by:
[INFO] [stderr]   process didn't exit successfully: `/opt/rustwide/target/release/deps/sep41_token-7038e5fe5aea69e5` (signal: 6, SIGABRT: process abort signal)
[INFO] running `Command { std: "docker" "inspect" "c3e0d57ba703c06ba309715e178df6a769970b7da7c3161418e26fd4d3d63a25", kill_on_drop: false }`
[INFO] running `Command { std: "docker" "rm" "-f" "c3e0d57ba703c06ba309715e178df6a769970b7da7c3161418e26fd4d3d63a25", kill_on_drop: false }`
[INFO] [stdout] c3e0d57ba703c06ba309715e178df6a769970b7da7c3161418e26fd4d3d63a25
