[INFO] cloning repository https://github.com/JackG-eth/white_hack
[INFO] running `Command { std: "git" "-c" "credential.helper=" "-c" "credential.helper=/workspace/cargo-home/bin/git-credential-null" "clone" "--bare" "https://github.com/JackG-eth/white_hack" "/workspace/cache/git-repos/https%3A%2F%2Fgithub.com%2FJackG-eth%2Fwhite_hack", kill_on_drop: false }`
[INFO] [stderr] Cloning into bare repository '/workspace/cache/git-repos/https%3A%2F%2Fgithub.com%2FJackG-eth%2Fwhite_hack'...
[INFO] running `Command { std: "git" "rev-parse" "HEAD", kill_on_drop: false }`
[INFO] [stdout] d95f7770c786c63b7554d3c61d2ddcc55715b3ee
[INFO] testing JackG-eth/white_hack against 1.100.0-beta.1+cargoflags=--release for beta-release-1.100-2
[INFO] running `Command { std: "git" "clone" "/workspace/cache/git-repos/https%3A%2F%2Fgithub.com%2FJackG-eth%2Fwhite_hack" "/workspace/builds/worker-1-tc2/source", kill_on_drop: false }`
[INFO] [stderr] Cloning into '/workspace/builds/worker-1-tc2/source'...
[INFO] [stderr] done.
[INFO] started tweaking git repo https://github.com/JackG-eth/white_hack
[INFO] finished tweaking git repo https://github.com/JackG-eth/white_hack
[INFO] tweaked toml for git repo https://github.com/JackG-eth/white_hack written to /workspace/builds/worker-1-tc2/source/Cargo.toml
[INFO] validating manifest of git repo https://github.com/JackG-eth/white_hack on toolchain 1.100.0-beta.1
[INFO] running `Command { std: CARGO_HOME="/workspace/cargo-home" RUSTUP_HOME="/workspace/rustup-home" "/workspace/cargo-home/bin/cargo" "+1.100.0-beta.1" "metadata" "--manifest-path" "Cargo.toml" "--no-deps", kill_on_drop: false }`
[INFO] crate git repo https://github.com/JackG-eth/white_hack already has a lockfile, it will not be regenerated
[INFO] running `Command { std: CARGO_HOME="/workspace/cargo-home" RUSTUP_HOME="/workspace/rustup-home" "/workspace/cargo-home/bin/cargo" "+1.100.0-beta.1" "fetch" "--manifest-path" "Cargo.toml", kill_on_drop: false }`
[INFO] running `Command { std: "docker" "create" "-v" "/var/lib/crater-agent-workspace/builds/worker-1-tc2/source:/opt/rustwide/workdir:ro,Z" "-v" "/var/lib/crater-agent-workspace/builds/worker-1-tc2/target:/opt/rustwide/target:rw,Z" "-v" "/var/lib/crater-agent-workspace/cargo-home:/opt/rustwide/cargo-home:ro,Z" "-v" "/var/lib/crater-agent-workspace/rustup-home:/opt/rustwide/rustup-home:ro,Z" "-m" "1610612736" "--network" "none" "ghcr.io/rust-lang/crates-build-env/linux@sha256:77db811e55d90add9212f6832c23229e3de5f1c1f9905e8cb07319ea15df73ac" "sleep" "infinity", kill_on_drop: false }`
[INFO] [stdout] 15601d1e0cf9d0080d7625c62e4c61fb3994204bb7221e823379cc077b9dc263
[INFO] running `Command { std: "docker" "start" "15601d1e0cf9d0080d7625c62e4c61fb3994204bb7221e823379cc077b9dc263", kill_on_drop: false }`
[INFO] running `Command { std: "docker" "inspect" "15601d1e0cf9d0080d7625c62e4c61fb3994204bb7221e823379cc077b9dc263", kill_on_drop: false }`
[INFO] running `Command { std: "docker" "exec" "-e" "SOURCE_DIR=/opt/rustwide/workdir" "-e" "CARGO_HOME=/opt/rustwide/cargo-home" "-e" "RUSTUP_HOME=/opt/rustwide/rustup-home" "-e" "CARGO_TARGET_DIR=/opt/rustwide/target" "-w" "/opt/rustwide/workdir" "--user" "0:0" "15601d1e0cf9d0080d7625c62e4c61fb3994204bb7221e823379cc077b9dc263" "/opt/rustwide/cargo-home/bin/cargo" "+1.100.0-beta.1" "metadata" "--no-deps" "--format-version=1", kill_on_drop: false }`
[INFO] running `Command { std: "docker" "inspect" "15601d1e0cf9d0080d7625c62e4c61fb3994204bb7221e823379cc077b9dc263", kill_on_drop: false }`
[INFO] running `Command { std: "docker" "exec" "-e" "SOURCE_DIR=/opt/rustwide/workdir" "-e" "CARGO_HOME=/opt/rustwide/cargo-home" "-e" "RUSTUP_HOME=/opt/rustwide/rustup-home" "-e" "CARGO_TARGET_DIR=/opt/rustwide/target" "-e" "CARGO_INCREMENTAL=0" "-e" "RUST_BACKTRACE=full" "-e" "RUSTFLAGS=--cap-lints=warn" "-e" "RUSTDOCFLAGS=--cap-lints=warn" "-w" "/opt/rustwide/workdir" "--user" "0:0" "15601d1e0cf9d0080d7625c62e4c61fb3994204bb7221e823379cc077b9dc263" "/opt/rustwide/cargo-home/bin/cargo" "+1.100.0-beta.1" "build" "--frozen" "--message-format=json" "--release", kill_on_drop: false }`
[INFO] [stderr]    Compiling proc-macro2 v1.0.101
[INFO] [stderr]    Compiling unicode-ident v1.0.18
[INFO] [stderr]    Compiling serde v1.0.219
[INFO] [stderr]    Compiling libc v0.2.175
[INFO] [stderr]    Compiling cfg-if v1.0.3
[INFO] [stderr]    Compiling itoa v1.0.15
[INFO] [stderr]    Compiling typenum v1.18.0
[INFO] [stderr]    Compiling version_check v0.9.5
[INFO] [stderr]    Compiling subtle v2.6.1
[INFO] [stderr]    Compiling const-oid v0.9.6
[INFO] [stderr]    Compiling pin-project-lite v0.2.16
[INFO] [stderr]    Compiling find-msvc-tools v0.1.1
[INFO] [stderr]    Compiling once_cell v1.21.3
[INFO] [stderr]    Compiling shlex v1.3.0
[INFO] [stderr]    Compiling allocator-api2 v0.2.21
[INFO] [stderr]    Compiling crunchy v0.2.4
[INFO] [stderr]    Compiling equivalent v1.0.2
[INFO] [stderr]    Compiling foldhash v0.1.5
[INFO] [stderr]    Compiling tiny-keccak v2.0.2
[INFO] [stderr]    Compiling unicode-xid v0.2.6
[INFO] [stderr]    Compiling ruint-macro v1.2.1
[INFO] [stderr]    Compiling cc v1.2.36
[INFO] [stderr]    Compiling paste v1.0.15
[INFO] [stderr]    Compiling cpufeatures v0.2.17
[INFO] [stderr]    Compiling base16ct v0.2.0
[INFO] [stderr]    Compiling generic-array v0.14.7
[INFO] [stderr]    Compiling memchr v2.7.5
[INFO] [stderr]    Compiling tracing-core v0.1.34
[INFO] [stderr]    Compiling autocfg v1.5.0
[INFO] [stderr]    Compiling futures-core v0.3.31
[INFO] [stderr]    Compiling parking_lot_core v0.9.11
[INFO] [stderr]    Compiling scopeguard v1.2.0
[INFO] [stderr]    Compiling fnv v1.0.7
[INFO] [stderr]    Compiling thiserror v2.0.16
[INFO] [stderr]    Compiling heck v0.5.0
[INFO] [stderr]    Compiling serde_json v1.0.143
[INFO] [stderr]    Compiling ryu v1.0.20
[INFO] [stderr]    Compiling futures-sink v0.3.31
[INFO] [stderr]    Compiling winnow v0.7.13
[INFO] [stderr]    Compiling base64 v0.22.1
[INFO] [stderr]    Compiling ident_case v1.0.1
[INFO] [stderr]    Compiling stable_deref_trait v1.2.0
[INFO] [stderr]    Compiling strsim v0.11.1
[INFO] [stderr]    Compiling lock_api v0.4.13
[INFO] [stderr]    Compiling hashbrown v0.15.5
[INFO] [stderr]    Compiling dunce v1.0.5
[INFO] [stderr]    Compiling slab v0.4.11
[INFO] [stderr]    Compiling futures-channel v0.3.31
[INFO] [stderr]    Compiling pin-utils v0.1.0
[INFO] [stderr]    Compiling quote v1.0.40
[INFO] [stderr]    Compiling futures-io v0.3.31
[INFO] [stderr]    Compiling futures-task v0.3.31
[INFO] [stderr]    Compiling litemap v0.8.0
[INFO] [stderr]    Compiling writeable v0.6.1
[INFO] [stderr]    Compiling httparse v1.10.1
[INFO] [stderr]    Compiling icu_properties_data v2.0.1
[INFO] [stderr]    Compiling syn v2.0.106
[INFO] [stderr]    Compiling vcpkg v0.2.15
[INFO] [stderr]    Compiling proc-macro-error-attr2 v2.0.0
[INFO] [stderr]    Compiling icu_normalizer_data v2.0.0
[INFO] [stderr]    Compiling pkg-config v0.3.32
[INFO] [stderr]    Compiling percent-encoding v2.3.2
[INFO] [stderr]    Compiling crc-catalog v2.4.0
[INFO] [stderr]    Compiling log v0.4.28
[INFO] [stderr]    Compiling crc v3.3.0
[INFO] [stderr]    Compiling zerocopy v0.8.27
[INFO] [stderr]    Compiling tower-service v0.3.3
[INFO] [stderr]    Compiling hex v0.4.3
[INFO] [stderr]    Compiling utf8_iter v1.0.4
[INFO] [stderr]    Compiling form_urlencoded v1.2.2
[INFO] [stderr]    Compiling openssl v0.10.73
[INFO] [stderr]    Compiling foreign-types-shared v0.1.1
[INFO] [stderr]    Compiling indexmap v2.11.1
[INFO] [stderr]    Compiling bitflags v2.9.4
[INFO] [stderr]    Compiling foreign-types v0.3.2
[INFO] [stderr]    Compiling native-tls v0.2.14
[INFO] [stderr]    Compiling openssl-probe v0.1.6
[INFO] [stderr]    Compiling try-lock v0.2.5
[INFO] [stderr]    Compiling sync_wrapper v1.0.2
[INFO] [stderr]    Compiling getrandom v0.3.3
[INFO] [stderr]    Compiling tower-layer v0.3.3
[INFO] [stderr]    Compiling futures-utils-wasm v0.1.0
[INFO] [stderr]    Compiling want v0.3.1
[INFO] [stderr]    Compiling untrusted v0.9.0
[INFO] [stderr]    Compiling rustls v0.23.31
[INFO] [stderr]    Compiling atomic-waker v1.1.2
[INFO] [stderr]    Compiling ipnet v2.11.0
[INFO] [stderr]    Compiling utf-8 v0.7.6
[INFO] [stderr]    Compiling data-encoding v2.9.0
[INFO] [stderr]    Compiling encoding_rs v0.8.35
[INFO] [stderr]    Compiling iri-string v0.7.8
[INFO] [stderr]    Compiling rustversion v1.0.22
[INFO] [stderr]    Compiling mime v0.3.17
[INFO] [stderr]    Compiling bimap v0.6.3
[INFO] [stderr]    Compiling doctest-file v1.0.0
[INFO] [stderr]    Compiling crossbeam-utils v0.8.21
[INFO] [stderr]    Compiling blst v0.3.15
[INFO] [stderr]    Compiling c-kzg v2.1.1
[INFO] [stderr]    Compiling openssl-sys v0.9.109
[INFO] [stderr]    Compiling ring v0.17.14
[INFO] [stderr]    Compiling hashbrown v0.14.5
[INFO] [stderr]    Compiling thiserror v1.0.69
[INFO] [stderr]    Compiling regex-syntax v0.8.6
[INFO] [stderr]    Compiling httpdate v1.0.3
[INFO] [stderr]    Compiling base64 v0.21.7
[INFO] [stderr]    Compiling lazy_static v1.5.0
[INFO] [stderr]    Compiling byteorder v1.5.0
[INFO] [stderr]    Compiling eyre v0.6.12
[INFO] [stderr]    Compiling sharded-slab v0.1.7
[INFO] [stderr]    Compiling tracing-log v0.2.0
[INFO] [stderr]    Compiling getrandom v0.2.16
[INFO] [stderr]    Compiling signal-hook-registry v1.4.6
[INFO] [stderr]    Compiling socket2 v0.6.0
[INFO] [stderr]    Compiling rand_core v0.6.4
[INFO] [stderr]    Compiling mio v1.0.4
[INFO] [stderr]    Compiling num_cpus v1.17.0
[INFO] [stderr]    Compiling ff v0.13.1
[INFO] [stderr]    Compiling group v0.13.0
[INFO] [stderr]    Compiling threadpool v1.8.1
[INFO] [stderr]    Compiling ppv-lite86 v0.2.21
[INFO] [stderr]    Compiling socket2 v0.5.10
[INFO] [stderr]    Compiling rustls-pemfile v1.0.4
[INFO] [stderr]    Compiling rand_core v0.9.3
[INFO] [stderr]    Compiling thread_local v1.1.9
[INFO] [stderr]    Compiling sync_wrapper v0.1.2
[INFO] [stderr]    Compiling indenter v0.3.4
[INFO] [stderr]    Compiling rand_chacha v0.9.0
[INFO] [stderr]    Compiling rand_chacha v0.3.1
[INFO] [stderr]    Compiling nu-ansi-term v0.50.1
[INFO] [stderr]    Compiling dotenvy v0.15.7
[INFO] [stderr]    Compiling rand v0.9.2
[INFO] [stderr]    Compiling rand v0.8.5
[INFO] [stderr]    Compiling regex-automata v0.4.10
[INFO] [stderr]    Compiling matchers v0.2.0
[INFO] [stderr]    Compiling synstructure v0.13.2
[INFO] [stderr]    Compiling macro-string v0.1.4
[INFO] [stderr]    Compiling syn-solidity v1.3.1
[INFO] [stderr]    Compiling proc-macro-error2 v2.0.1
[INFO] [stderr]    Compiling darling_core v0.20.11
[INFO] [stderr]    Compiling serde_derive v1.0.219
[INFO] [stderr]    Compiling zeroize_derive v1.4.2
[INFO] [stderr]    Compiling derive_more-impl v2.0.1
[INFO] [stderr]    Compiling alloy-rlp-derive v0.3.12
[INFO] [stderr]    Compiling tracing-attributes v0.1.30
[INFO] [stderr]    Compiling thiserror-impl v2.0.16
[INFO] [stderr]    Compiling tokio-macros v2.5.0
[INFO] [stderr]    Compiling zerofrom-derive v0.1.6
[INFO] [stderr]    Compiling yoke-derive v0.8.0
[INFO] [stderr]    Compiling zerovec-derive v0.11.1
[INFO] [stderr]    Compiling displaydoc v0.2.5
[INFO] [stderr]    Compiling auto_impl v1.3.0
[INFO] [stderr]    Compiling futures-macro v0.3.31
[INFO] [stderr]    Compiling openssl-macros v0.1.1
[INFO] [stderr]    Compiling zeroize v1.8.1
[INFO] [stderr]    Compiling pin-project-internal v1.1.10
[INFO] [stderr]    Compiling der v0.7.10
[INFO] [stderr]    Compiling tracing v0.1.41
[INFO] [stderr]    Compiling futures-util v0.3.31
[INFO] [stderr]    Compiling rustls-pki-types v1.12.0
[INFO] [stderr]    Compiling block-buffer v0.10.4
[INFO] [stderr]    Compiling crypto-common v0.1.6
[INFO] [stderr]    Compiling digest v0.10.7
[INFO] [stderr]    Compiling hmac v0.12.1
[INFO] [stderr]    Compiling crypto-bigint v0.5.5
[INFO] [stderr]    Compiling signature v2.2.0
[INFO] [stderr]    Compiling rfc6979 v0.4.0
[INFO] [stderr]    Compiling sha2 v0.10.9
[INFO] [stderr]    Compiling zerofrom v0.1.6
[INFO] [stderr]    Compiling sha1 v0.10.6
[INFO] [stderr]    Compiling yoke v0.8.0
[INFO] [stderr]    Compiling webpki-roots v1.0.2
[INFO] [stderr]    Compiling async-trait v0.1.89
[INFO] [stderr]    Compiling webpki-roots v0.26.11
[INFO] [stderr]    Compiling pin-project v1.1.10
[INFO] [stderr]    Compiling strum_macros v0.27.2
[INFO] [stderr]    Compiling num_enum_derive v0.7.4
[INFO] [stderr]    Compiling zerovec v0.11.4
[INFO] [stderr]    Compiling zerotrie v0.2.2
[INFO] [stderr]    Compiling spki v0.7.3
[INFO] [stderr]    Compiling darling_macro v0.20.11
[INFO] [stderr]    Compiling pkcs8 v0.10.2
[INFO] [stderr]    Compiling darling v0.20.11
[INFO] [stderr]    Compiling num_enum v0.7.4
[INFO] [stderr]    Compiling serde_with_macros v3.14.0
[INFO] [stderr]    Compiling async-stream-impl v0.3.6
[INFO] [stderr]    Compiling thiserror-impl v1.0.69
[INFO] [stderr]    Compiling async-stream v0.3.6
[INFO] [stderr]    Compiling tinystr v0.8.1
[INFO] [stderr]    Compiling potential_utf v0.1.3
[INFO] [stderr]    Compiling derive_more v2.0.1
[INFO] [stderr]    Compiling icu_locale_core v2.0.0
[INFO] [stderr]    Compiling icu_collections v2.0.0
[INFO] [stderr]    Compiling rustls-webpki v0.103.4
[INFO] [stderr]    Compiling strum v0.27.2
[INFO] [stderr]    Compiling icu_provider v2.0.0
[INFO] [stderr]    Compiling icu_properties v2.0.1
[INFO] [stderr]    Compiling futures-executor v0.3.31
[INFO] [stderr]    Compiling futures v0.3.31
[INFO] [stderr]    Compiling bytes v1.10.1
[INFO] [stderr]    Compiling const-hex v1.15.0
[INFO] [stderr]    Compiling ruint v1.16.0
[INFO] [stderr]    Compiling alloy-sol-type-parser v1.3.1
[INFO] [stderr]    Compiling darling_core v0.21.3
[INFO] [stderr]    Compiling alloy-primitives v1.3.1
[INFO] [stderr]    Compiling smallvec v1.15.1
[INFO] [stderr]    Compiling serdect v0.2.0
[INFO] [stderr]    Compiling arrayvec v0.7.6
[INFO] [stderr]    Compiling either v1.15.0
[INFO] [stderr]    Compiling serde_with v3.14.0
[INFO] [stderr]    Compiling sec1 v0.7.3
[INFO] [stderr]    Compiling serde_urlencoded v0.7.1
[INFO] [stderr]    Compiling itertools v0.13.0
[INFO] [stderr]    Compiling elliptic-curve v0.13.8
[INFO] [stderr]    Compiling icu_normalizer v2.0.0
[INFO] [stderr]    Compiling tracing-subscriber v0.3.20
[INFO] [stderr]    Compiling parking_lot v0.12.4
[INFO] [stderr]    Compiling dashmap v6.1.0
[INFO] [stderr]    Compiling alloy-rlp v0.3.12
[INFO] [stderr]    Compiling alloy-json-abi v1.3.1
[INFO] [stderr]    Compiling ecdsa v0.16.9
[INFO] [stderr]    Compiling tokio v1.47.1
[INFO] [stderr]    Compiling http v1.3.1
[INFO] [stderr]    Compiling idna_adapter v1.2.1
[INFO] [stderr]    Compiling darling_macro v0.21.3
[INFO] [stderr]    Compiling idna v1.1.0
[INFO] [stderr]    Compiling http v0.2.12
[INFO] [stderr]    Compiling lru v0.13.0
[INFO] [stderr]    Compiling darling v0.21.3
[INFO] [stderr]    Compiling alloy-tx-macros v1.0.30
[INFO] [stderr]    Compiling url v2.5.7
[INFO] [stderr]    Compiling k256 v0.13.4
[INFO] [stderr]    Compiling nybbles v0.4.4
[INFO] [stderr]    Compiling alloy-sol-macro-input v1.3.1
[INFO] [stderr]    Compiling http-body v1.0.1
[INFO] [stderr]    Compiling tungstenite v0.26.2
[INFO] [stderr]    Compiling http-body v0.4.6
[INFO] [stderr]    Compiling http-body-util v0.1.3
[INFO] [stderr]    Compiling alloy-sol-macro-expander v1.3.1
[INFO] [stderr]    Compiling tungstenite v0.20.1
[INFO] [stderr]    Compiling alloy-serde v1.0.30
[INFO] [stderr]    Compiling alloy-eip2930 v0.2.1
[INFO] [stderr]    Compiling alloy-eip2124 v0.2.0
[INFO] [stderr]    Compiling alloy-eip7702 v0.6.1
[INFO] [stderr]    Compiling alloy-trie v0.9.1
[INFO] [stderr]    Compiling alloy-signer v1.0.30
[INFO] [stderr]    Compiling alloy-rpc-types-debug v1.0.30
[INFO] [stderr]    Compiling alloy-chains v0.2.9
[INFO] [stderr]    Compiling alloy-eips v1.0.30
[INFO] [stderr]    Compiling alloy-sol-macro v1.3.1
[INFO] [stderr]    Compiling alloy-sol-types v1.3.1
[INFO] [stderr]    Compiling alloy-consensus v1.0.30
[INFO] [stderr]    Compiling tokio-util v0.7.16
[INFO] [stderr]    Compiling tower v0.5.2
[INFO] [stderr]    Compiling tokio-native-tls v0.3.1
[INFO] [stderr]    Compiling tokio-rustls v0.26.2
[INFO] [stderr]    Compiling interprocess v2.2.3
[INFO] [stderr]    Compiling tokio-tungstenite v0.20.1
[INFO] [stderr]    Compiling tokio-tungstenite v0.26.2
[INFO] [stderr]    Compiling h2 v0.4.12
[INFO] [stderr]    Compiling tokio-stream v0.1.17
[INFO] [stderr]    Compiling h2 v0.3.27
[INFO] [stderr]    Compiling tower-http v0.6.6
[INFO] [stderr]    Compiling alloy-network-primitives v1.0.30
[INFO] [stderr]    Compiling alloy-consensus-any v1.0.30
[INFO] [stderr]    Compiling hyper v0.14.32
[INFO] [stderr]    Compiling hyper v1.7.0
[INFO] [stderr]    Compiling hyper-util v0.1.16
[INFO] [stderr]    Compiling hyper-tls v0.5.0
[INFO] [stderr]    Compiling reqwest v0.11.27
[INFO] [stderr]    Compiling hyper-tls v0.6.0
[INFO] [stderr]    Compiling reqwest v0.12.23
[INFO] [stderr]    Compiling alloy-json-rpc v1.0.30
[INFO] [stderr]    Compiling alloy-rpc-types-eth v1.0.30
[INFO] [stderr]    Compiling alloy-dyn-abi v1.3.1
[INFO] [stderr]    Compiling alloy-transport v1.0.30
[INFO] [stderr]    Compiling alloy-core v1.3.1
[INFO] [stderr]    Compiling alloy-pubsub v1.0.30
[INFO] [stderr]    Compiling alloy-transport-http v1.0.30
[INFO] [stderr]    Compiling alloy-transport-ipc v1.0.30
[INFO] [stderr]    Compiling alloy-transport-ws v1.0.30
[INFO] [stderr]    Compiling alloy-rpc-client v1.0.30
[INFO] [stderr]    Compiling alloy-rpc-types-any v1.0.30
[INFO] [stderr]    Compiling alloy-rpc-types-anvil v1.0.30
[INFO] [stderr]    Compiling alloy-rpc-types-txpool v1.0.30
[INFO] [stderr]    Compiling alloy-rpc-types-trace v1.0.30
[INFO] [stderr]    Compiling alloy-rpc-types-mev v1.0.30
[INFO] [stderr]    Compiling alloy-network v1.0.30
[INFO] [stderr]    Compiling alloy-signer-local v1.0.30
[INFO] [stderr]    Compiling alloy-provider v1.0.30
[INFO] [stderr]    Compiling alloy-rpc-types v1.0.30
[INFO] [stderr]    Compiling alloy-contract v1.0.30
[INFO] [stderr]    Compiling alloy v1.0.30
[INFO] [stderr]    Compiling alloy-mev v0.5.0 (https://github.com/leruaa/alloy-mev?branch=main#f2f7e1cb)
[INFO] [stderr]    Compiling White_hacker v0.1.0 (/opt/rustwide/workdir)
[INFO] [stdout] warning: unused imports: `Arc` and `ops::Add`
[INFO] [stdout]  --> src/main.rs:2:5
[INFO] [stdout]   |
[INFO] [stdout] 2 |     ops::Add,
[INFO] [stdout]   |     ^^^^^^^^
[INFO] [stdout] 3 |     str::FromStr,
[INFO] [stdout] 4 |     sync::{Arc, atomic::AtomicBool},
[INFO] [stdout]   |            ^^^
[INFO] [stdout]   |
[INFO] [stdout]   = note: `#[warn(unused_imports)]` (part of `#[warn(unused)]`) on by default
[INFO] [stdout] 
[INFO] [stdout] 
[INFO] [stdout] warning: unused imports: `ProviderBuilder`, `TransactionInput`, `WsConnect`, and `k256::elliptic_curve::consts::U2`
[INFO] [stdout]   --> src/main.rs:10:27
[INFO] [stdout]    |
[INFO] [stdout] 10 |     providers::{Provider, ProviderBuilder, WsConnect},
[INFO] [stdout]    |                           ^^^^^^^^^^^^^^^  ^^^^^^^^^
[INFO] [stdout] 11 |     rpc::types::{TransactionInput, TransactionRequest, mev::EthSendBundle},
[INFO] [stdout]    |                  ^^^^^^^^^^^^^^^^
[INFO] [stdout] 12 |     signers::{k256::elliptic_curve::consts::U2, local::PrivateKeySigner},
[INFO] [stdout]    |               ^^^^^^^^^^^^^^^^^^^^^^^^^^^^^^^^
[INFO] [stdout] 
[INFO] [stdout] 
[INFO] [stdout] warning: unused import: `transports::http::Http`
[INFO] [stdout]  --> src/helpers/mod.rs:6:5
[INFO] [stdout]   |
[INFO] [stdout] 6 |     transports::http::Http,
[INFO] [stdout]   |     ^^^^^^^^^^^^^^^^^^^^^^
[INFO] [stdout] 
[INFO] [stdout] 
[INFO] [stdout] warning: unused import: `TxSigner`
[INFO] [stdout]  --> src/main.rs:8:31
[INFO] [stdout]   |
[INFO] [stdout] 8 |     network::{EthereumWallet, TxSigner},
[INFO] [stdout]   |                               ^^^^^^^^
[INFO] [stdout] 
[INFO] [stdout] 
[INFO] [stderr] warning: unused dependency `tokio-tungstenite`
[INFO] [stderr]   --> Cargo.toml:30:15
[INFO] [stderr]    |
[INFO] [stderr] 30 | [dependencies.tokio-tungstenite]
[INFO] [stderr]    |               ^^^^^^^^^^^^^^^^^^
[INFO] [stderr]    |
[INFO] [stderr]    = note: `cargo::unused_dependencies` is set to `warn` by default
[INFO] [stderr] help: consider removing the dependency on `tokio-tungstenite`
[INFO] [stderr] warning: `White_hacker` (manifest) generated 1 warning
[INFO] [stderr]     Finished `release` profile [optimized] target(s) in 4m 06s
[INFO] [stderr] warning: the following packages contain code that will be rejected by a future version of Rust: proc-macro-error2 v2.0.1
[INFO] [stderr] note: to see what the problems were, use the option `--future-incompat-report`, or run `cargo report future-incompatibilities --id 4`
[INFO] running `Command { std: "docker" "inspect" "15601d1e0cf9d0080d7625c62e4c61fb3994204bb7221e823379cc077b9dc263", kill_on_drop: false }`
[INFO] running `Command { std: "docker" "exec" "-e" "SOURCE_DIR=/opt/rustwide/workdir" "-e" "CARGO_HOME=/opt/rustwide/cargo-home" "-e" "RUSTUP_HOME=/opt/rustwide/rustup-home" "-e" "CARGO_TARGET_DIR=/opt/rustwide/target" "-e" "CARGO_INCREMENTAL=0" "-e" "RUST_BACKTRACE=full" "-e" "RUSTFLAGS=--cap-lints=warn" "-e" "RUSTDOCFLAGS=--cap-lints=warn" "-w" "/opt/rustwide/workdir" "--user" "0:0" "15601d1e0cf9d0080d7625c62e4c61fb3994204bb7221e823379cc077b9dc263" "/opt/rustwide/cargo-home/bin/cargo" "+1.100.0-beta.1" "test" "--frozen" "--no-run" "--message-format=json" "--release", kill_on_drop: false }`
[INFO] [stderr]    Compiling White_hacker v0.1.0 (/opt/rustwide/workdir)
[INFO] [stdout] warning: unused import: `ops::Add`
[INFO] [stdout]  --> src/main.rs:2:5
[INFO] [stdout]   |
[INFO] [stdout] 2 |     ops::Add,
[INFO] [stdout]   |     ^^^^^^^^
[INFO] [stdout]   |
[INFO] [stdout]   = note: `#[warn(unused_imports)]` (part of `#[warn(unused)]`) on by default
[INFO] [stdout] 
[INFO] [stdout] 
[INFO] [stdout] warning: unused imports: `TransactionInput`, `WsConnect`, and `k256::elliptic_curve::consts::U2`
[INFO] [stdout]   --> src/main.rs:10:44
[INFO] [stdout]    |
[INFO] [stdout] 10 |     providers::{Provider, ProviderBuilder, WsConnect},
[INFO] [stdout]    |                                            ^^^^^^^^^
[INFO] [stdout] 11 |     rpc::types::{TransactionInput, TransactionRequest, mev::EthSendBundle},
[INFO] [stdout]    |                  ^^^^^^^^^^^^^^^^
[INFO] [stdout] 12 |     signers::{k256::elliptic_curve::consts::U2, local::PrivateKeySigner},
[INFO] [stdout]    |               ^^^^^^^^^^^^^^^^^^^^^^^^^^^^^^^^
[INFO] [stdout] 
[INFO] [stdout] 
[INFO] [stdout] warning: unused import: `transports::http::Http`
[INFO] [stdout]  --> src/helpers/mod.rs:6:5
[INFO] [stdout]   |
[INFO] [stdout] 6 |     transports::http::Http,
[INFO] [stdout]   |     ^^^^^^^^^^^^^^^^^^^^^^
[INFO] [stdout] 
[INFO] [stdout] 
[INFO] [stdout] warning: unused imports: `primitives::U128` and `types::state`
[INFO] [stdout]    --> src/main.rs:287:9
[INFO] [stdout]     |
[INFO] [stdout] 287 |         primitives::U128,
[INFO] [stdout]     |         ^^^^^^^^^^^^^^^^
[INFO] [stdout] 288 |         rpc::{client::ClientBuilder, types::state},
[INFO] [stdout]     |                                      ^^^^^^^^^^^^
[INFO] [stdout] 
[INFO] [stdout] 
[INFO] [stdout] warning: unused import: `TxSigner`
[INFO] [stdout]  --> src/main.rs:8:31
[INFO] [stdout]   |
[INFO] [stdout] 8 |     network::{EthereumWallet, TxSigner},
[INFO] [stdout]   |                               ^^^^^^^^
[INFO] [stdout] 
[INFO] [stdout] 
[INFO] [stderr] warning: unused dependency `tokio-tungstenite`
[INFO] [stderr]   --> Cargo.toml:30:15
[INFO] [stderr]    |
[INFO] [stderr] 30 | [dependencies.tokio-tungstenite]
[INFO] [stderr]    |               ^^^^^^^^^^^^^^^^^^
[INFO] [stderr]    |
[INFO] [stderr]    = note: `cargo::unused_dependencies` is set to `warn` by default
[INFO] [stderr] help: consider removing the dependency on `tokio-tungstenite`
[INFO] [stderr] warning: `White_hacker` (manifest) generated 1 warning
[INFO] [stderr]     Finished `release` profile [optimized] target(s) in 1m 16s
[INFO] [stderr] warning: the following packages contain code that will be rejected by a future version of Rust: proc-macro-error2 v2.0.1
[INFO] [stderr] note: to see what the problems were, use the option `--future-incompat-report`, or run `cargo report future-incompatibilities --id 4`
[INFO] running `Command { std: "docker" "inspect" "15601d1e0cf9d0080d7625c62e4c61fb3994204bb7221e823379cc077b9dc263", kill_on_drop: false }`
[INFO] running `Command { std: "docker" "exec" "-e" "SOURCE_DIR=/opt/rustwide/workdir" "-e" "CARGO_HOME=/opt/rustwide/cargo-home" "-e" "RUSTUP_HOME=/opt/rustwide/rustup-home" "-e" "CARGO_TARGET_DIR=/opt/rustwide/target" "-e" "CARGO_INCREMENTAL=0" "-e" "RUST_BACKTRACE=full" "-e" "RUSTFLAGS=--cap-lints=warn" "-e" "RUSTDOCFLAGS=--cap-lints=warn" "-w" "/opt/rustwide/workdir" "--user" "0:0" "15601d1e0cf9d0080d7625c62e4c61fb3994204bb7221e823379cc077b9dc263" "/opt/rustwide/cargo-home/bin/cargo" "+1.100.0-beta.1" "test" "--frozen" "--release", kill_on_drop: false }`
[INFO] [stderr] warning: unused import: `ops::Add`
[INFO] [stderr]  --> src/main.rs:2:5
[INFO] [stderr]   |
[INFO] [stderr] 2 |     ops::Add,
[INFO] [stderr]   |     ^^^^^^^^
[INFO] [stderr]   |
[INFO] [stderr]   = note: `#[warn(unused_imports)]` (part of `#[warn(unused)]`) on by default
[INFO] [stderr] 
[INFO] [stderr] warning: unused imports: `TransactionInput`, `WsConnect`, and `k256::elliptic_curve::consts::U2`
[INFO] [stderr]   --> src/main.rs:10:44
[INFO] [stderr]    |
[INFO] [stderr] 10 |     providers::{Provider, ProviderBuilder, WsConnect},
[INFO] [stderr]    |                                            ^^^^^^^^^
[INFO] [stderr] 11 |     rpc::types::{TransactionInput, TransactionRequest, mev::EthSendBundle},
[INFO] [stderr]    |                  ^^^^^^^^^^^^^^^^
[INFO] [stderr] 12 |     signers::{k256::elliptic_curve::consts::U2, local::PrivateKeySigner},
[INFO] [stderr]    |               ^^^^^^^^^^^^^^^^^^^^^^^^^^^^^^^^
[INFO] [stderr] 
[INFO] [stderr] warning: unused import: `transports::http::Http`
[INFO] [stderr]  --> src/helpers/mod.rs:6:5
[INFO] [stderr]   |
[INFO] [stderr] 6 |     transports::http::Http,
[INFO] [stderr]   |     ^^^^^^^^^^^^^^^^^^^^^^
[INFO] [stderr] 
[INFO] [stderr] warning: unused imports: `primitives::U128` and `types::state`
[INFO] [stderr]    --> src/main.rs:287:9
[INFO] [stderr]     |
[INFO] [stderr] 287 |         primitives::U128,
[INFO] [stderr]     |         ^^^^^^^^^^^^^^^^
[INFO] [stderr] 288 |         rpc::{client::ClientBuilder, types::state},
[INFO] [stderr]     |                                      ^^^^^^^^^^^^
[INFO] [stderr] 
[INFO] [stderr] warning: unused import: `TxSigner`
[INFO] [stderr]  --> src/main.rs:8:31
[INFO] [stderr]   |
[INFO] [stderr] 8 |     network::{EthereumWallet, TxSigner},
[INFO] [stderr]   |                               ^^^^^^^^
[INFO] [stderr] 
[INFO] [stderr] warning: `White_hacker` (bin "White_hacker" test) generated 5 warnings (run `cargo fix --bin "White_hacker" -p White_hacker --tests` to apply 4 suggestions)
[INFO] [stderr] warning: unused dependency `tokio-tungstenite`
[INFO] [stderr]   --> Cargo.toml:30:15
[INFO] [stderr]    |
[INFO] [stderr] 30 | [dependencies.tokio-tungstenite]
[INFO] [stderr]    |               ^^^^^^^^^^^^^^^^^^
[INFO] [stderr]    |
[INFO] [stderr]    = note: `cargo::unused_dependencies` is set to `warn` by default
[INFO] [stderr] help: consider removing the dependency on `tokio-tungstenite`
[INFO] [stderr] warning: `White_hacker` (manifest) generated 1 warning
[INFO] [stderr]     Finished `release` profile [optimized] target(s) in 0.41s
[INFO] [stderr] warning: the following packages contain code that will be rejected by a future version of Rust: proc-macro-error2 v2.0.1
[INFO] [stderr] note: to see what the problems were, use the option `--future-incompat-report`, or run `cargo report future-incompatibilities --id 4`
[INFO] [stderr]      Running unittests src/main.rs (/opt/rustwide/target/release/build/White_hacker/4e29def58e1538e4/out/White_hacker-4e29def58e1538e4)
[INFO] [stdout] 
[INFO] [stdout] running 6 tests
[INFO] [stdout] test tests::test_bundle_transfer_to_hacked ... FAILED
[INFO] [stdout] test tests::test_bundle ... FAILED
[INFO] [stdout] test tests::test_bundle_transfer_from_hacked ... FAILED
[INFO] [stdout] test tests::test_get_release ... FAILED
[INFO] [stdout] test tests::test_get_balance ... FAILED
[INFO] [stdout] test tests::test_get_lock ... ok
[INFO] [stdout] 
[INFO] [stdout] failures:
[INFO] [stdout] 
[INFO] [stdout] ---- tests::test_bundle_transfer_to_hacked stdout ----
[INFO] [stdout] Error: Failed to load configuration: RPC_URL not set in .env
[INFO] [stdout] 
[INFO] [stdout] Location:
[INFO] [stdout]     src/main.rs:472:26
[INFO] [stdout] 
[INFO] [stdout] ---- tests::test_bundle stdout ----
[INFO] [stdout] Error: Failed to load configuration: RPC_URL not set in .env
[INFO] [stdout] 
[INFO] [stdout] Location:
[INFO] [stdout]     src/main.rs:414:26
[INFO] [stdout] 
[INFO] [stdout] ---- tests::test_bundle_transfer_from_hacked stdout ----
[INFO] [stdout] Error: Failed to load configuration: RPC_URL not set in .env
[INFO] [stdout] 
[INFO] [stdout] Location:
[INFO] [stdout]     src/main.rs:525:26
[INFO] [stdout] 
[INFO] [stdout] ---- tests::test_get_release stdout ----
[INFO] [stdout] 
[INFO] [stdout] thread 'tests::test_get_release' (4272) panicked at /opt/rustwide/cargo-home/registry/src/index.crates.io-1949cf8c6b5b557f/tracing-subscriber-0.3.20/src/fmt/mod.rs:517:14:
[INFO] [stdout] Unable to install global subscriber: SetGlobalDefaultError("a global default trace dispatcher has already been set")
[INFO] [stdout] stack backtrace:
[INFO] [stdout]    0:     0x5a1aedb93525 - <unknown>
[INFO] [stdout]    1:     0x5a1aed9e466a - <unknown>
[INFO] [stdout]    2:     0x5a1aedb92bbb - <unknown>
[INFO] [stdout]    3:     0x5a1aedb9269f - <unknown>
[INFO] [stdout]    4:     0x5a1aedb922ca - <unknown>
[INFO] [stdout]    5:     0x5a1aedb91e05 - <unknown>
[INFO] [stdout]    6:     0x5a1aedbb8d11 - <unknown>
[INFO] [stdout]    7:     0x5a1aedbb8cc9 - <unknown>
[INFO] [stdout]    8:     0x5a1aedbb91cc - <unknown>
[INFO] [stdout]    9:     0x5a1aed9e44fb - <unknown>
[INFO] [stdout]   10:     0x5a1aed9e9251 - <unknown>
[INFO] [stdout]   11:     0x5a1aed935a41 - <unknown>
[INFO] [stdout]   12:     0x5a1aed910584 - <unknown>
[INFO] [stdout]   13:     0x5a1aed899dd3 - <unknown>
[INFO] [stdout]   14:     0x5a1aed980c94 - <unknown>
[INFO] [stdout]   15:     0x5a1aedbd47cb - <unknown>
[INFO] [stdout]   16:     0x5a1aedbd0212 - <unknown>
[INFO] [stdout]   17:     0x5a1aedbcfc7c - <unknown>
[INFO] [stdout]   18:     0x5a1aedbed99c - <unknown>
[INFO] [stdout]   19:     0x5a1aedbbacb4 - <unknown>
[INFO] [stdout]   20:     0x7507e762fdfa - <unknown>
[INFO] [stdout]   21:     0x7507e76c33d4 - clone
[INFO] [stdout]   22:                0x0 - <unknown>
[INFO] [stdout] 
[INFO] [stdout] ---- tests::test_get_balance stdout ----
[INFO] [stdout] Error: error sending request for url (http://127.0.0.1:8545/)
[INFO] [stdout] 
[INFO] [stdout] Caused by:
[INFO] [stdout]    0: error sending request for url (http://127.0.0.1:8545/)
[INFO] [stdout]    1: client error (Connect)
[INFO] [stdout]    2: tcp connect error
[INFO] [stdout]    3: Connection refused (os error 111)
[INFO] [stdout] 
[INFO] [stdout] Location:
[INFO] [stdout]     src/main.rs:325:23
[INFO] [stdout] 
[INFO] [stdout] 
[INFO] [stdout] failures:
[INFO] [stdout]     tests::test_bundle
[INFO] [stdout]     tests::test_bundle_transfer_from_hacked
[INFO] [stdout]     tests::test_bundle_transfer_to_hacked
[INFO] [stdout]     tests::test_get_balance
[INFO] [stdout]     tests::test_get_release
[INFO] [stdout] 
[INFO] [stdout] test result: FAILED. 1 passed; 5 failed; 0 ignored; 0 measured; 0 filtered out; finished in 0.10s
[INFO] [stdout] 
[INFO] [stderr] error: test failed, to rerun pass `--bin White_hacker`
[INFO] running `Command { std: "docker" "inspect" "15601d1e0cf9d0080d7625c62e4c61fb3994204bb7221e823379cc077b9dc263", kill_on_drop: false }`
[INFO] running `Command { std: "docker" "rm" "-f" "15601d1e0cf9d0080d7625c62e4c61fb3994204bb7221e823379cc077b9dc263", kill_on_drop: false }`
[INFO] [stdout] 15601d1e0cf9d0080d7625c62e4c61fb3994204bb7221e823379cc077b9dc263
