[INFO] cloning repository https://github.com/Ivanbeethoven/libfuse_test
[INFO] running `Command { std: "git" "-c" "credential.helper=" "-c" "credential.helper=/workspace/cargo-home/bin/git-credential-null" "clone" "--bare" "https://github.com/Ivanbeethoven/libfuse_test" "/workspace/cache/git-repos/https%3A%2F%2Fgithub.com%2FIvanbeethoven%2Flibfuse_test", kill_on_drop: false }`
[INFO] [stderr] Cloning into bare repository '/workspace/cache/git-repos/https%3A%2F%2Fgithub.com%2FIvanbeethoven%2Flibfuse_test'...
[INFO] running `Command { std: "git" "rev-parse" "HEAD", kill_on_drop: false }`
[INFO] [stdout] 552c5c608cbc1d37aecaf1d705b0433ab4db7f05
[INFO] testing Ivanbeethoven/libfuse_test against 1.100.0-beta.1+cargoflags=--release for beta-release-1.100-2
[INFO] running `Command { std: "git" "clone" "/workspace/cache/git-repos/https%3A%2F%2Fgithub.com%2FIvanbeethoven%2Flibfuse_test" "/workspace/builds/worker-0-tc2/source", kill_on_drop: false }`
[INFO] [stderr] Cloning into '/workspace/builds/worker-0-tc2/source'...
[INFO] [stderr] done.
[INFO] started tweaking git repo https://github.com/Ivanbeethoven/libfuse_test
[INFO] finished tweaking git repo https://github.com/Ivanbeethoven/libfuse_test
[INFO] tweaked toml for git repo https://github.com/Ivanbeethoven/libfuse_test written to /workspace/builds/worker-0-tc2/source/Cargo.toml
[INFO] validating manifest of git repo https://github.com/Ivanbeethoven/libfuse_test on toolchain 1.100.0-beta.1
[INFO] running `Command { std: CARGO_HOME="/workspace/cargo-home" RUSTUP_HOME="/workspace/rustup-home" "/workspace/cargo-home/bin/cargo" "+1.100.0-beta.1" "metadata" "--manifest-path" "Cargo.toml" "--no-deps", kill_on_drop: false }`
[INFO] crate git repo https://github.com/Ivanbeethoven/libfuse_test already has a lockfile, it will not be regenerated
[INFO] running `Command { std: CARGO_HOME="/workspace/cargo-home" RUSTUP_HOME="/workspace/rustup-home" "/workspace/cargo-home/bin/cargo" "+1.100.0-beta.1" "fetch" "--manifest-path" "Cargo.toml", kill_on_drop: false }`
[INFO] [stderr] warning: `package.homepage` is redundant with `package.repository`
[INFO] [stderr]   --> Cargo.toml:43:12
[INFO] [stderr]    |
[INFO] [stderr] 43 | homepage = "https://github.com/r2cn-dev/rk8s/tree/main/project/libfuse-fs"
[INFO] [stderr]    |            ^^^^^^^^^^^^^^^^^^^^^^^^^^^^^^^^^^^^^^^^^^^^^^^^^^^^^^^^^^^^^^^
[INFO] [stderr] ...
[INFO] [stderr] 46 | repository = "https://github.com/r2cn-dev/rk8s/tree/main/project/libfuse-fs"
[INFO] [stderr]    |              ---------------------------------------------------------------
[INFO] [stderr]    |
[INFO] [stderr]    = note: `cargo::redundant_homepage` is set to `warn` by default
[INFO] [stderr] help: consider removing `package.homepage`
[INFO] [stderr] warning: `libfuse-fs` (manifest) generated 1 warning
[INFO] running `Command { std: "docker" "create" "-v" "/var/lib/crater-agent-workspace/builds/worker-0-tc2/source:/opt/rustwide/workdir:ro,Z" "-v" "/var/lib/crater-agent-workspace/builds/worker-0-tc2/target:/opt/rustwide/target:rw,Z" "-v" "/var/lib/crater-agent-workspace/cargo-home:/opt/rustwide/cargo-home:ro,Z" "-v" "/var/lib/crater-agent-workspace/rustup-home:/opt/rustwide/rustup-home:ro,Z" "-m" "1610612736" "--network" "none" "ghcr.io/rust-lang/crates-build-env/linux@sha256:77db811e55d90add9212f6832c23229e3de5f1c1f9905e8cb07319ea15df73ac" "sleep" "infinity", kill_on_drop: false }`
[INFO] [stdout] 51f57b204727e84ec5b5b8df004ab3ee073e6965b35739f37ecd06ebe919e9b8
[INFO] running `Command { std: "docker" "start" "51f57b204727e84ec5b5b8df004ab3ee073e6965b35739f37ecd06ebe919e9b8", kill_on_drop: false }`
[INFO] running `Command { std: "docker" "inspect" "51f57b204727e84ec5b5b8df004ab3ee073e6965b35739f37ecd06ebe919e9b8", kill_on_drop: false }`
[INFO] running `Command { std: "docker" "exec" "-e" "SOURCE_DIR=/opt/rustwide/workdir" "-e" "CARGO_HOME=/opt/rustwide/cargo-home" "-e" "RUSTUP_HOME=/opt/rustwide/rustup-home" "-e" "CARGO_TARGET_DIR=/opt/rustwide/target" "-w" "/opt/rustwide/workdir" "--user" "0:0" "51f57b204727e84ec5b5b8df004ab3ee073e6965b35739f37ecd06ebe919e9b8" "/opt/rustwide/cargo-home/bin/cargo" "+1.100.0-beta.1" "metadata" "--no-deps" "--format-version=1", kill_on_drop: false }`
[INFO] running `Command { std: "docker" "inspect" "51f57b204727e84ec5b5b8df004ab3ee073e6965b35739f37ecd06ebe919e9b8", kill_on_drop: false }`
[INFO] running `Command { std: "docker" "exec" "-e" "SOURCE_DIR=/opt/rustwide/workdir" "-e" "CARGO_HOME=/opt/rustwide/cargo-home" "-e" "RUSTUP_HOME=/opt/rustwide/rustup-home" "-e" "CARGO_TARGET_DIR=/opt/rustwide/target" "-e" "CARGO_INCREMENTAL=0" "-e" "RUST_BACKTRACE=full" "-e" "RUSTFLAGS=--cap-lints=warn" "-e" "RUSTDOCFLAGS=--cap-lints=warn" "-w" "/opt/rustwide/workdir" "--user" "0:0" "51f57b204727e84ec5b5b8df004ab3ee073e6965b35739f37ecd06ebe919e9b8" "/opt/rustwide/cargo-home/bin/cargo" "+1.100.0-beta.1" "build" "--frozen" "--message-format=json" "--release", kill_on_drop: false }`
[INFO] [stderr] warning: `package.homepage` is redundant with `package.repository`
[INFO] [stderr]   --> Cargo.toml:43:12
[INFO] [stderr]    |
[INFO] [stderr] 43 | homepage = "https://github.com/r2cn-dev/rk8s/tree/main/project/libfuse-fs"
[INFO] [stderr]    |            ^^^^^^^^^^^^^^^^^^^^^^^^^^^^^^^^^^^^^^^^^^^^^^^^^^^^^^^^^^^^^^^
[INFO] [stderr] ...
[INFO] [stderr] 46 | repository = "https://github.com/r2cn-dev/rk8s/tree/main/project/libfuse-fs"
[INFO] [stderr]    |              ---------------------------------------------------------------
[INFO] [stderr]    |
[INFO] [stderr]    = note: `cargo::redundant_homepage` is set to `warn` by default
[INFO] [stderr] help: consider removing `package.homepage`
[INFO] [stderr] warning: `libfuse-fs` (manifest) generated 1 warning
[INFO] [stderr]    Compiling syn v2.0.101
[INFO] [stderr]    Compiling libc v0.2.172
[INFO] [stderr]    Compiling smallvec v1.15.0
[INFO] [stderr]    Compiling stable_deref_trait v1.2.0
[INFO] [stderr]    Compiling lock_api v0.4.13
[INFO] [stderr]    Compiling cc v1.2.25
[INFO] [stderr]    Compiling bitflags v2.9.1
[INFO] [stderr]    Compiling tracing-core v0.1.33
[INFO] [stderr]    Compiling serde v1.0.219
[INFO] [stderr]    Compiling hashbrown v0.15.3
[INFO] [stderr]    Compiling openssl v0.10.73
[INFO] [stderr]    Compiling crossbeam-utils v0.8.21
[INFO] [stderr]    Compiling anstyle-parse v0.2.6
[INFO] [stderr]    Compiling memoffset v0.9.1
[INFO] [stderr]    Compiling anstyle-query v1.1.2
[INFO] [stderr]    Compiling regex-syntax v0.8.5
[INFO] [stderr]    Compiling anstyle v1.0.10
[INFO] [stderr]    Compiling colorchoice v1.0.3
[INFO] [stderr]    Compiling nix v0.29.0
[INFO] [stderr]    Compiling rustix v0.38.44
[INFO] [stderr]    Compiling sync_wrapper v1.0.2
[INFO] [stderr]    Compiling serde_json v1.0.140
[INFO] [stderr]    Compiling parking v2.2.1
[INFO] [stderr]    Compiling getrandom v0.3.3
[INFO] [stderr]    Compiling anstream v0.6.18
[INFO] [stderr]    Compiling clap_lex v0.7.4
[INFO] [stderr]    Compiling zeroize v1.8.1
[INFO] [stderr]    Compiling iri-string v0.7.8
[INFO] [stderr]    Compiling either v1.15.0
[INFO] [stderr]    Compiling home v0.5.11
[INFO] [stderr]    Compiling nibble_vec v0.1.0
[INFO] [stderr]    Compiling encoding_rs v0.8.35
[INFO] [stderr]    Compiling rustls-pki-types v1.12.0
[INFO] [stderr]    Compiling clap_builder v4.5.39
[INFO] [stderr]    Compiling jiff v0.2.14
[INFO] [stderr]    Compiling concurrent-queue v2.5.0
[INFO] [stderr]    Compiling endian-type v0.1.2
[INFO] [stderr]    Compiling radix_trie v0.2.1
[INFO] [stderr]    Compiling event-listener v4.0.3
[INFO] [stderr]    Compiling async-notify v0.3.0
[INFO] [stderr]    Compiling regex-automata v0.4.9
[INFO] [stderr]    Compiling indexmap v2.9.0
[INFO] [stderr]    Compiling openssl-sys v0.9.109
[INFO] [stderr]    Compiling native-tls v0.2.14
[INFO] [stderr]    Compiling parking_lot_core v0.9.11
[INFO] [stderr]    Compiling socket2 v0.5.10
[INFO] [stderr]    Compiling mio v1.0.4
[INFO] [stderr]    Compiling signal-hook-registry v1.4.5
[INFO] [stderr]    Compiling parking_lot v0.12.4
[INFO] [stderr]    Compiling which v6.0.3
[INFO] [stderr]    Compiling uuid v1.17.0
[INFO] [stderr]    Compiling vmm-sys-util v0.12.1
[INFO] [stderr]    Compiling regex v1.11.1
[INFO] [stderr]    Compiling env_filter v0.1.3
[INFO] [stderr]    Compiling synstructure v0.13.2
[INFO] [stderr]    Compiling env_logger v0.11.8
[INFO] [stderr]    Compiling zerofrom-derive v0.1.6
[INFO] [stderr]    Compiling yoke-derive v0.8.0
[INFO] [stderr]    Compiling zerovec-derive v0.11.1
[INFO] [stderr]    Compiling displaydoc v0.2.5
[INFO] [stderr]    Compiling tokio-macros v2.5.0
[INFO] [stderr]    Compiling futures-macro v0.3.31
[INFO] [stderr]    Compiling tracing-attributes v0.1.28
[INFO] [stderr]    Compiling serde_derive v1.0.219
[INFO] [stderr]    Compiling openssl-macros v0.1.1
[INFO] [stderr]    Compiling thiserror-impl v1.0.69
[INFO] [stderr]    Compiling clap_derive v4.5.32
[INFO] [stderr]    Compiling trait-make v0.1.0
[INFO] [stderr]    Compiling tokio v1.45.1
[INFO] [stderr]    Compiling futures-util v0.3.31
[INFO] [stderr]    Compiling thiserror v1.0.69
[INFO] [stderr]    Compiling vm-memory v0.16.2
[INFO] [stderr]    Compiling tracing v0.1.41
[INFO] [stderr]    Compiling zerofrom v0.1.6
[INFO] [stderr]    Compiling yoke v0.8.0
[INFO] [stderr]    Compiling zerovec v0.11.2
[INFO] [stderr]    Compiling zerotrie v0.2.2
[INFO] [stderr]    Compiling clap v4.5.39
[INFO] [stderr]    Compiling tinystr v0.8.1
[INFO] [stderr]    Compiling potential_utf v0.1.2
[INFO] [stderr]    Compiling icu_collections v2.0.0
[INFO] [stderr]    Compiling icu_locale_core v2.0.0
[INFO] [stderr]    Compiling icu_provider v2.0.0
[INFO] [stderr]    Compiling icu_properties v2.0.1
[INFO] [stderr]    Compiling icu_normalizer v2.0.0
[INFO] [stderr]    Compiling futures-executor v0.3.31
[INFO] [stderr]    Compiling futures v0.3.31
[INFO] [stderr]    Compiling idna_adapter v1.2.1
[INFO] [stderr]    Compiling idna v1.0.3
[INFO] [stderr]    Compiling serde_urlencoded v0.7.1
[INFO] [stderr]    Compiling bincode v1.3.3
[INFO] [stderr]    Compiling url v2.5.4
[INFO] [stderr]    Compiling tokio-util v0.7.15
[INFO] [stderr]    Compiling tower v0.5.2
[INFO] [stderr]    Compiling tokio-native-tls v0.3.1
[INFO] [stderr]    Compiling fuse3 v0.8.1 (https://github.com/Ivanbeethoven/fuse3?rev=6ab7cc0b04cb984a295d232f235aac9ec1dcd2c7#6ab7cc0b)
[INFO] [stderr]    Compiling h2 v0.4.10
[INFO] [stderr]    Compiling tower-http v0.6.4
[INFO] [stderr]    Compiling hyper v1.6.0
[INFO] [stderr]    Compiling hyper-util v0.1.13
[INFO] [stderr]    Compiling hyper-tls v0.6.0
[INFO] [stderr]    Compiling reqwest v0.12.18
[INFO] [stderr]    Compiling libfuse-fs v0.1.3 (/opt/rustwide/workdir)
[INFO] [stdout] warning: use of deprecated method `std::sync::atomic::Atomic::<u64>::fetch_update`: renamed to `try_update` for consistency
[INFO] [stdout]     --> src/overlayfs/mod.rs:1132:14
[INFO] [stdout]      |
[INFO] [stdout] 1132 |             .fetch_update(Ordering::AcqRel, Ordering::Acquire, |current| {
[INFO] [stdout]      |              ^^^^^^^^^^^^
[INFO] [stdout]      |
[INFO] [stdout]      = note: `#[warn(deprecated)]` on by default
[INFO] [stdout] help: replace the use of the deprecated method
[INFO] [stdout]      |
[INFO] [stdout] 1132 -             .fetch_update(Ordering::AcqRel, Ordering::Acquire, |current| {
[INFO] [stdout] 1132 +             .try_update(Ordering::AcqRel, Ordering::Acquire, |current| {
[INFO] [stdout]      |
[INFO] [stdout] 
[INFO] [stdout] 
[INFO] [stdout] warning: hiding a lifetime that's elided elsewhere is confusing
[INFO] [stdout]    --> src/passthrough/mod.rs:283:27
[INFO] [stdout]     |
[INFO] [stdout] 283 |     async fn get_file_mut(&self) -> (MutexGuard<()>, &File) {
[INFO] [stdout]     |                           ^^^^^      ^^^^^^^^^^^^^^  ^^^^^ the same lifetime is elided here
[INFO] [stdout]     |                           |          |
[INFO] [stdout]     |                           |          the same lifetime is hidden here
[INFO] [stdout]     |                           the lifetime is elided here
[INFO] [stdout]     |
[INFO] [stdout]     = help: the same lifetime is referred to in inconsistent ways, making the signature confusing
[INFO] [stdout]     = note: `#[warn(mismatched_lifetime_syntaxes)]` on by default
[INFO] [stdout] help: use `'_` for type paths
[INFO] [stdout]     |
[INFO] [stdout] 283 |     async fn get_file_mut(&self) -> (MutexGuard<'_, ()>, &File) {
[INFO] [stdout]     |                                                 +++
[INFO] [stdout] 
[INFO] [stdout] 
[INFO] [stdout] warning: hiding a lifetime that's elided elsewhere is confusing
[INFO] [stdout]    --> src/passthrough/mod.rs:287:18
[INFO] [stdout]     |
[INFO] [stdout] 287 |     fn borrow_fd(&self) -> BorrowedFd {
[INFO] [stdout]     |                  ^^^^^     ^^^^^^^^^^ the same lifetime is hidden here
[INFO] [stdout]     |                  |
[INFO] [stdout]     |                  the lifetime is elided here
[INFO] [stdout]     |
[INFO] [stdout]     = help: the same lifetime is referred to in inconsistent ways, making the signature confusing
[INFO] [stdout] help: use `'_` for type paths
[INFO] [stdout]     |
[INFO] [stdout] 287 |     fn borrow_fd(&self) -> BorrowedFd<'_> {
[INFO] [stdout]     |                                      ++++
[INFO] [stdout] 
[INFO] [stdout] 
[INFO] [stdout] warning: hiding a lifetime that's elided elsewhere is confusing
[INFO] [stdout]   --> src/passthrough/mount_fd.rs:26:14
[INFO] [stdout]    |
[INFO] [stdout] 26 |     fn as_fd(&self) -> BorrowedFd {
[INFO] [stdout]    |              ^^^^^     ^^^^^^^^^^ the same lifetime is hidden here
[INFO] [stdout]    |              |
[INFO] [stdout]    |              the lifetime is elided here
[INFO] [stdout]    |
[INFO] [stdout]    = help: the same lifetime is referred to in inconsistent ways, making the signature confusing
[INFO] [stdout] help: use `'_` for type paths
[INFO] [stdout]    |
[INFO] [stdout] 26 |     fn as_fd(&self) -> BorrowedFd<'_> {
[INFO] [stdout]    |                                  ++++
[INFO] [stdout] 
[INFO] [stdout] 
[INFO] [stderr] warning: unused dependency `reqwest`
[INFO] [stderr]   --> Cargo.toml:23:15
[INFO] [stderr]    |
[INFO] [stderr] 23 | [dependencies.reqwest]
[INFO] [stderr]    |               ^^^^^^^^
[INFO] [stderr]    |
[INFO] [stderr]    = note: `cargo::unused_dependencies` is set to `warn` by default
[INFO] [stderr] help: consider removing the dependency on `reqwest`
[INFO] [stderr] warning: `libfuse-fs` (manifest) generated 1 warning
[INFO] [stderr]     Finished `release` profile [optimized] target(s) in 2m 14s
[INFO] [stderr] warning: the following packages contain code that will be rejected by a future version of Rust: nix v0.29.0
[INFO] [stderr] note: to see what the problems were, use the option `--future-incompat-report`, or run `cargo report future-incompatibilities --id 6`
[INFO] running `Command { std: "docker" "inspect" "51f57b204727e84ec5b5b8df004ab3ee073e6965b35739f37ecd06ebe919e9b8", kill_on_drop: false }`
[INFO] running `Command { std: "docker" "exec" "-e" "SOURCE_DIR=/opt/rustwide/workdir" "-e" "CARGO_HOME=/opt/rustwide/cargo-home" "-e" "RUSTUP_HOME=/opt/rustwide/rustup-home" "-e" "CARGO_TARGET_DIR=/opt/rustwide/target" "-e" "CARGO_INCREMENTAL=0" "-e" "RUST_BACKTRACE=full" "-e" "RUSTFLAGS=--cap-lints=warn" "-e" "RUSTDOCFLAGS=--cap-lints=warn" "-w" "/opt/rustwide/workdir" "--user" "0:0" "51f57b204727e84ec5b5b8df004ab3ee073e6965b35739f37ecd06ebe919e9b8" "/opt/rustwide/cargo-home/bin/cargo" "+1.100.0-beta.1" "test" "--frozen" "--no-run" "--message-format=json" "--release", kill_on_drop: false }`
[INFO] [stderr] warning: `package.homepage` is redundant with `package.repository`
[INFO] [stderr]   --> Cargo.toml:43:12
[INFO] [stderr]    |
[INFO] [stderr] 43 | homepage = "https://github.com/r2cn-dev/rk8s/tree/main/project/libfuse-fs"
[INFO] [stderr]    |            ^^^^^^^^^^^^^^^^^^^^^^^^^^^^^^^^^^^^^^^^^^^^^^^^^^^^^^^^^^^^^^^
[INFO] [stderr] ...
[INFO] [stderr] 46 | repository = "https://github.com/r2cn-dev/rk8s/tree/main/project/libfuse-fs"
[INFO] [stderr]    |              ---------------------------------------------------------------
[INFO] [stderr]    |
[INFO] [stderr]    = note: `cargo::redundant_homepage` is set to `warn` by default
[INFO] [stderr] help: consider removing `package.homepage`
[INFO] [stderr] warning: `libfuse-fs` (manifest) generated 1 warning
[INFO] [stdout] warning: use of deprecated method `std::sync::atomic::Atomic::<u64>::fetch_update`: renamed to `try_update` for consistency
[INFO] [stdout]     --> src/overlayfs/mod.rs:1132:14
[INFO] [stdout]      |
[INFO] [stdout] 1132 |             .fetch_update(Ordering::AcqRel, Ordering::Acquire, |current| {
[INFO] [stdout]      |              ^^^^^^^^^^^^
[INFO] [stdout]      |
[INFO] [stdout]      = note: `#[warn(deprecated)]` on by default
[INFO] [stdout] help: replace the use of the deprecated method
[INFO] [stdout]      |
[INFO] [stdout] 1132 -             .fetch_update(Ordering::AcqRel, Ordering::Acquire, |current| {
[INFO] [stdout] 1132 +             .try_update(Ordering::AcqRel, Ordering::Acquire, |current| {
[INFO] [stdout]      |
[INFO] [stdout] 
[INFO] [stdout] 
[INFO] [stderr]    Compiling libfuse-fs v0.1.3 (/opt/rustwide/workdir)
[INFO] [stdout] warning: hiding a lifetime that's elided elsewhere is confusing
[INFO] [stdout]    --> src/passthrough/mod.rs:283:27
[INFO] [stdout]     |
[INFO] [stdout] 283 |     async fn get_file_mut(&self) -> (MutexGuard<()>, &File) {
[INFO] [stdout]     |                           ^^^^^      ^^^^^^^^^^^^^^  ^^^^^ the same lifetime is elided here
[INFO] [stdout]     |                           |          |
[INFO] [stdout]     |                           |          the same lifetime is hidden here
[INFO] [stdout]     |                           the lifetime is elided here
[INFO] [stdout]     |
[INFO] [stdout]     = help: the same lifetime is referred to in inconsistent ways, making the signature confusing
[INFO] [stdout]     = note: `#[warn(mismatched_lifetime_syntaxes)]` on by default
[INFO] [stdout] help: use `'_` for type paths
[INFO] [stdout]     |
[INFO] [stdout] 283 |     async fn get_file_mut(&self) -> (MutexGuard<'_, ()>, &File) {
[INFO] [stdout]     |                                                 +++
[INFO] [stdout] 
[INFO] [stdout] 
[INFO] [stdout] warning: hiding a lifetime that's elided elsewhere is confusing
[INFO] [stdout]    --> src/passthrough/mod.rs:287:18
[INFO] [stdout]     |
[INFO] [stdout] 287 |     fn borrow_fd(&self) -> BorrowedFd {
[INFO] [stdout]     |                  ^^^^^     ^^^^^^^^^^ the same lifetime is hidden here
[INFO] [stdout]     |                  |
[INFO] [stdout]     |                  the lifetime is elided here
[INFO] [stdout]     |
[INFO] [stdout]     = help: the same lifetime is referred to in inconsistent ways, making the signature confusing
[INFO] [stdout] help: use `'_` for type paths
[INFO] [stdout]     |
[INFO] [stdout] 287 |     fn borrow_fd(&self) -> BorrowedFd<'_> {
[INFO] [stdout]     |                                      ++++
[INFO] [stdout] 
[INFO] [stdout] 
[INFO] [stdout] warning: hiding a lifetime that's elided elsewhere is confusing
[INFO] [stdout]   --> src/passthrough/mount_fd.rs:26:14
[INFO] [stdout]    |
[INFO] [stdout] 26 |     fn as_fd(&self) -> BorrowedFd {
[INFO] [stdout]    |              ^^^^^     ^^^^^^^^^^ the same lifetime is hidden here
[INFO] [stdout]    |              |
[INFO] [stdout]    |              the lifetime is elided here
[INFO] [stdout]    |
[INFO] [stdout]    = help: the same lifetime is referred to in inconsistent ways, making the signature confusing
[INFO] [stdout] help: use `'_` for type paths
[INFO] [stdout]    |
[INFO] [stdout] 26 |     fn as_fd(&self) -> BorrowedFd<'_> {
[INFO] [stdout]    |                                  ++++
[INFO] [stdout] 
[INFO] [stdout] 
[INFO] [stdout] warning: use of deprecated method `std::sync::atomic::Atomic::<u64>::fetch_update`: renamed to `try_update` for consistency
[INFO] [stdout]     --> src/overlayfs/mod.rs:1132:14
[INFO] [stdout]      |
[INFO] [stdout] 1132 |             .fetch_update(Ordering::AcqRel, Ordering::Acquire, |current| {
[INFO] [stdout]      |              ^^^^^^^^^^^^
[INFO] [stdout]      |
[INFO] [stdout]      = note: `#[warn(deprecated)]` on by default
[INFO] [stdout] help: replace the use of the deprecated method
[INFO] [stdout]      |
[INFO] [stdout] 1132 -             .fetch_update(Ordering::AcqRel, Ordering::Acquire, |current| {
[INFO] [stdout] 1132 +             .try_update(Ordering::AcqRel, Ordering::Acquire, |current| {
[INFO] [stdout]      |
[INFO] [stdout] 
[INFO] [stdout] 
[INFO] [stdout] warning: hiding a lifetime that's elided elsewhere is confusing
[INFO] [stdout]    --> src/passthrough/mod.rs:283:27
[INFO] [stdout]     |
[INFO] [stdout] 283 |     async fn get_file_mut(&self) -> (MutexGuard<()>, &File) {
[INFO] [stdout]     |                           ^^^^^      ^^^^^^^^^^^^^^  ^^^^^ the same lifetime is elided here
[INFO] [stdout]     |                           |          |
[INFO] [stdout]     |                           |          the same lifetime is hidden here
[INFO] [stdout]     |                           the lifetime is elided here
[INFO] [stdout]     |
[INFO] [stdout]     = help: the same lifetime is referred to in inconsistent ways, making the signature confusing
[INFO] [stdout]     = note: `#[warn(mismatched_lifetime_syntaxes)]` on by default
[INFO] [stdout] help: use `'_` for type paths
[INFO] [stdout]     |
[INFO] [stdout] 283 |     async fn get_file_mut(&self) -> (MutexGuard<'_, ()>, &File) {
[INFO] [stdout]     |                                                 +++
[INFO] [stdout] 
[INFO] [stdout] 
[INFO] [stdout] warning: hiding a lifetime that's elided elsewhere is confusing
[INFO] [stdout]    --> src/passthrough/mod.rs:287:18
[INFO] [stdout]     |
[INFO] [stdout] 287 |     fn borrow_fd(&self) -> BorrowedFd {
[INFO] [stdout]     |                  ^^^^^     ^^^^^^^^^^ the same lifetime is hidden here
[INFO] [stdout]     |                  |
[INFO] [stdout]     |                  the lifetime is elided here
[INFO] [stdout]     |
[INFO] [stdout]     = help: the same lifetime is referred to in inconsistent ways, making the signature confusing
[INFO] [stdout] help: use `'_` for type paths
[INFO] [stdout]     |
[INFO] [stdout] 287 |     fn borrow_fd(&self) -> BorrowedFd<'_> {
[INFO] [stdout]     |                                      ++++
[INFO] [stdout] 
[INFO] [stdout] 
[INFO] [stdout] warning: hiding a lifetime that's elided elsewhere is confusing
[INFO] [stdout]   --> src/passthrough/mount_fd.rs:26:14
[INFO] [stdout]    |
[INFO] [stdout] 26 |     fn as_fd(&self) -> BorrowedFd {
[INFO] [stdout]    |              ^^^^^     ^^^^^^^^^^ the same lifetime is hidden here
[INFO] [stdout]    |              |
[INFO] [stdout]    |              the lifetime is elided here
[INFO] [stdout]    |
[INFO] [stdout]    = help: the same lifetime is referred to in inconsistent ways, making the signature confusing
[INFO] [stdout] help: use `'_` for type paths
[INFO] [stdout]    |
[INFO] [stdout] 26 |     fn as_fd(&self) -> BorrowedFd<'_> {
[INFO] [stdout]    |                                  ++++
[INFO] [stdout] 
[INFO] [stdout] 
[INFO] [stderr] warning: unused dependency `reqwest`
[INFO] [stderr]   --> Cargo.toml:23:15
[INFO] [stderr]    |
[INFO] [stderr] 23 | [dependencies.reqwest]
[INFO] [stderr]    |               ^^^^^^^^
[INFO] [stderr]    |
[INFO] [stderr]    = note: `cargo::unused_dependencies` is set to `warn` by default
[INFO] [stderr] help: consider removing the dependency on `reqwest`
[INFO] [stderr] warning: `libfuse-fs` (manifest) generated 1 warning
[INFO] [stderr]     Finished `release` profile [optimized] target(s) in 50.14s
[INFO] [stderr] warning: the following packages contain code that will be rejected by a future version of Rust: nix v0.29.0
[INFO] [stderr] note: to see what the problems were, use the option `--future-incompat-report`, or run `cargo report future-incompatibilities --id 6`
[INFO] running `Command { std: "docker" "inspect" "51f57b204727e84ec5b5b8df004ab3ee073e6965b35739f37ecd06ebe919e9b8", kill_on_drop: false }`
[INFO] running `Command { std: "docker" "exec" "-e" "SOURCE_DIR=/opt/rustwide/workdir" "-e" "CARGO_HOME=/opt/rustwide/cargo-home" "-e" "RUSTUP_HOME=/opt/rustwide/rustup-home" "-e" "CARGO_TARGET_DIR=/opt/rustwide/target" "-e" "CARGO_INCREMENTAL=0" "-e" "RUST_BACKTRACE=full" "-e" "RUSTFLAGS=--cap-lints=warn" "-e" "RUSTDOCFLAGS=--cap-lints=warn" "-w" "/opt/rustwide/workdir" "--user" "0:0" "51f57b204727e84ec5b5b8df004ab3ee073e6965b35739f37ecd06ebe919e9b8" "/opt/rustwide/cargo-home/bin/cargo" "+1.100.0-beta.1" "test" "--frozen" "--release", kill_on_drop: false }`
[INFO] [stderr] warning: `package.homepage` is redundant with `package.repository`
[INFO] [stderr]   --> Cargo.toml:43:12
[INFO] [stderr]    |
[INFO] [stderr] 43 | homepage = "https://github.com/r2cn-dev/rk8s/tree/main/project/libfuse-fs"
[INFO] [stderr]    |            ^^^^^^^^^^^^^^^^^^^^^^^^^^^^^^^^^^^^^^^^^^^^^^^^^^^^^^^^^^^^^^^
[INFO] [stderr] ...
[INFO] [stderr] 46 | repository = "https://github.com/r2cn-dev/rk8s/tree/main/project/libfuse-fs"
[INFO] [stderr]    |              ---------------------------------------------------------------
[INFO] [stderr]    |
[INFO] [stderr]    = note: `cargo::redundant_homepage` is set to `warn` by default
[INFO] [stderr] help: consider removing `package.homepage`
[INFO] [stderr] warning: `libfuse-fs` (manifest) generated 1 warning
[INFO] [stderr] warning: use of deprecated method `std::sync::atomic::Atomic::<u64>::fetch_update`: renamed to `try_update` for consistency
[INFO] [stderr]     --> src/overlayfs/mod.rs:1132:14
[INFO] [stderr]      |
[INFO] [stderr] 1132 |             .fetch_update(Ordering::AcqRel, Ordering::Acquire, |current| {
[INFO] [stderr]      |              ^^^^^^^^^^^^
[INFO] [stderr]      |
[INFO] [stderr]      = note: `#[warn(deprecated)]` on by default
[INFO] [stderr] help: replace the use of the deprecated method
[INFO] [stderr]      |
[INFO] [stderr] 1132 -             .fetch_update(Ordering::AcqRel, Ordering::Acquire, |current| {
[INFO] [stderr] 1132 +             .try_update(Ordering::AcqRel, Ordering::Acquire, |current| {
[INFO] [stderr]      |
[INFO] [stderr] 
[INFO] [stderr] warning: hiding a lifetime that's elided elsewhere is confusing
[INFO] [stderr]    --> src/passthrough/mod.rs:283:27
[INFO] [stderr]     |
[INFO] [stderr] 283 |     async fn get_file_mut(&self) -> (MutexGuard<()>, &File) {
[INFO] [stderr]     |                           ^^^^^      ^^^^^^^^^^^^^^  ^^^^^ the same lifetime is elided here
[INFO] [stderr]     |                           |          |
[INFO] [stderr]     |                           |          the same lifetime is hidden here
[INFO] [stderr]     |                           the lifetime is elided here
[INFO] [stderr]     |
[INFO] [stderr]     = help: the same lifetime is referred to in inconsistent ways, making the signature confusing
[INFO] [stderr]     = note: `#[warn(mismatched_lifetime_syntaxes)]` on by default
[INFO] [stderr] help: use `'_` for type paths
[INFO] [stderr]     |
[INFO] [stderr] 283 |     async fn get_file_mut(&self) -> (MutexGuard<'_, ()>, &File) {
[INFO] [stderr]     |                                                 +++
[INFO] [stderr] 
[INFO] [stderr] warning: hiding a lifetime that's elided elsewhere is confusing
[INFO] [stderr]    --> src/passthrough/mod.rs:287:18
[INFO] [stderr]     |
[INFO] [stderr] 287 |     fn borrow_fd(&self) -> BorrowedFd {
[INFO] [stderr]     |                  ^^^^^     ^^^^^^^^^^ the same lifetime is hidden here
[INFO] [stderr]     |                  |
[INFO] [stderr]     |                  the lifetime is elided here
[INFO] [stderr]     |
[INFO] [stderr]     = help: the same lifetime is referred to in inconsistent ways, making the signature confusing
[INFO] [stderr] help: use `'_` for type paths
[INFO] [stderr]     |
[INFO] [stderr] 287 |     fn borrow_fd(&self) -> BorrowedFd<'_> {
[INFO] [stderr]     |                                      ++++
[INFO] [stderr] 
[INFO] [stderr] warning: hiding a lifetime that's elided elsewhere is confusing
[INFO] [stderr]   --> src/passthrough/mount_fd.rs:26:14
[INFO] [stderr]    |
[INFO] [stderr] 26 |     fn as_fd(&self) -> BorrowedFd {
[INFO] [stderr]    |              ^^^^^     ^^^^^^^^^^ the same lifetime is hidden here
[INFO] [stderr]    |              |
[INFO] [stderr]    |              the lifetime is elided here
[INFO] [stderr]    |
[INFO] [stderr]    = help: the same lifetime is referred to in inconsistent ways, making the signature confusing
[INFO] [stderr] help: use `'_` for type paths
[INFO] [stderr]    |
[INFO] [stderr] 26 |     fn as_fd(&self) -> BorrowedFd<'_> {
[INFO] [stderr]    |                                  ++++
[INFO] [stderr] 
[INFO] [stderr] warning: `libfuse-fs` (lib) generated 4 warnings (run `cargo fix --lib -p libfuse-fs` to apply 4 suggestions)
[INFO] [stderr] warning: `libfuse-fs` (lib test) generated 4 warnings (4 duplicates)
[INFO] [stderr] warning: unused dependency `reqwest`
[INFO] [stderr]   --> Cargo.toml:23:15
[INFO] [stderr]    |
[INFO] [stderr] 23 | [dependencies.reqwest]
[INFO] [stderr]    |               ^^^^^^^^
[INFO] [stderr]    |
[INFO] [stderr]    = note: `cargo::unused_dependencies` is set to `warn` by default
[INFO] [stderr] help: consider removing the dependency on `reqwest`
[INFO] [stderr] warning: `libfuse-fs` (manifest) generated 1 warning
[INFO] [stderr]     Finished `release` profile [optimized] target(s) in 0.32s
[INFO] [stderr] warning: the following packages contain code that will be rejected by a future version of Rust: nix v0.29.0
[INFO] [stderr] note: to see what the problems were, use the option `--future-incompat-report`, or run `cargo report future-incompatibilities --id 6`
[INFO] [stderr]      Running unittests src/lib.rs (/opt/rustwide/target/release/build/libfuse-fs/fbedac7253b72cb5/out/libfuse_fs-fbedac7253b72cb5)
[INFO] [stdout] 
[INFO] [stdout] running 19 tests
[INFO] [stdout] test overlayfs::async_io::tests::test_a_ovlfs ... ignored
[INFO] [stdout] test passthrough::tests::test_passthrough ... ignored
[INFO] [stdout] test overlayfs::inode_store::test::test_alloc_unique ... ok
[INFO] [stdout] test passthrough::util::tests::test_is_dir ... ok
[INFO] [stdout] test overlayfs::inode_store::test::test_alloc_existing_path ... ok
[INFO] [stdout] test passthrough::mount_fd::tests::test_mount_fd_get ... ok
[INFO] [stdout] test passthrough::statx::tests::test_statx ... ok
[INFO] [stdout] test passthrough::mount_fd::tests::test_mpr_error ... ok
[INFO] [stdout] test passthrough::inode_store::test::test_inode_store ... ok
[INFO] [stdout] test passthrough::file_handle::tests::test_file_handle_derives ... ok
[INFO] [stdout] test passthrough::util::tests::test_is_safe_inode ... ok
[INFO] [stdout] test passthrough::util::tests::test_generate_unique_inode ... ok
[INFO] [stdout] test passthrough::util::tests::test_stat_fd ... ok
[INFO] [stdout] test overlayfs::layer::test::test_whiteout_create_delete ... FAILED
[INFO] [stdout] test util::tests::test_from_string ... ok
[INFO] [stdout] test passthrough::file_handle::tests::test_c_file_handle_wrapper ... ok
[INFO] [stdout] test overlayfs::layer::test::test_set_opaque_on_non_directory ... ok
[INFO] [stdout] test passthrough::file_handle::tests::test_file_handle_from_name_at ... FAILED
[INFO] [stdout] test overlayfs::layer::test::test_is_opaque_on_non_directory ... ok
[INFO] [stdout] 
[INFO] [stdout] failures:
[INFO] [stdout] 
[INFO] [stdout] ---- overlayfs::layer::test::test_whiteout_create_delete stdout ----
[INFO] [stdout] 
[INFO] [stdout] thread 'overlayfs::layer::test::test_whiteout_create_delete' (2275) panicked at src/overlayfs/layer.rs:217:14:
[INFO] [stdout] called `Result::unwrap()` on an `Err` value: Errno(1)
[INFO] [stdout] stack backtrace:
[INFO] [stdout]    0:     0x6272597cdd41 - <<std[617be2ca0a6fd877]::sys::backtrace::BacktraceLock>::print::DisplayBacktrace as core[a373ad73a504971]::fmt::Display>::fmt
[INFO] [stdout]    1:     0x6272597e55ea - core[a373ad73a504971]::fmt::write
[INFO] [stdout]    2:     0x6272597d3e4c - <alloc[2e1b2a31b91974c5]::vec::Vec<u8> as core[a373ad73a504971]::io::write::Write>::write_fmt
[INFO] [stdout]    3:     0x6272597a82e6 - std[617be2ca0a6fd877]::panicking::default_hook::{closure#0}
[INFO] [stdout]    4:     0x6272597c57b9 - std[617be2ca0a6fd877]::panicking::default_hook
[INFO] [stdout]    5:     0x627259723a40 - test[aada8e7e76ba119b]::test_main_inner::{closure#0}
[INFO] [stdout]    6:     0x6272597c5ae2 - std[617be2ca0a6fd877]::panicking::panic_with_hook
[INFO] [stdout]    7:     0x6272597a8392 - std[617be2ca0a6fd877]::panicking::panic_handler::{closure#0}
[INFO] [stdout]    8:     0x6272597a0eb9 - std[617be2ca0a6fd877]::sys::backtrace::__rust_end_short_backtrace::<std[617be2ca0a6fd877]::panicking::panic_handler::{closure#0}, !>
[INFO] [stdout]    9:     0x6272597a8f9d - __rustc[ea4f61d10b84890b]::rust_begin_unwind
[INFO] [stdout]   10:     0x6272597e5dcc - core[a373ad73a504971]::panicking::panic_fmt
[INFO] [stdout]   11:     0x6272597e5ba2 - core[a373ad73a504971]::result::unwrap_failed
[INFO] [stdout]   12:     0x62725960a7f8 - libfuse_fs[7cd7a4290943cab9]::overlayfs::layer::test::test_whiteout_create_delete::{closure#0}
[INFO] [stdout]   13:     0x62725962fe3f - <tokio[227cc7cf47e37263]::runtime::runtime::Runtime>::block_on::<core[a373ad73a504971]::pin::Pin<&mut dyn core[a373ad73a504971]::future::future::Future<Output = ()>>>
[INFO] [stdout]   14:     0x62725961419e - <libfuse_fs[7cd7a4290943cab9]::overlayfs::layer::test::test_whiteout_create_delete::{closure#0} as core[a373ad73a504971]::ops::function::FnOnce<()>>::call_once
[INFO] [stdout]   15:     0x627259716e8b - test[aada8e7e76ba119b]::__rust_begin_short_backtrace::<core[a373ad73a504971]::result::Result<(), alloc[2e1b2a31b91974c5]::string::String>, fn() -> core[a373ad73a504971]::result::Result<(), alloc[2e1b2a31b91974c5]::string::String>>
[INFO] [stdout]   16:     0x627259724065 - test[aada8e7e76ba119b]::run_test::{closure#0}
[INFO] [stdout]   17:     0x62725971d954 - std[617be2ca0a6fd877]::sys::backtrace::__rust_begin_short_backtrace::<test[aada8e7e76ba119b]::run_test::{closure#1}, ()>
[INFO] [stdout]   18:     0x6272597270f2 - <std[617be2ca0a6fd877]::thread::lifecycle::spawn_unchecked<test[aada8e7e76ba119b]::run_test::{closure#1}, ()>::{closure#1} as core[a373ad73a504971]::ops::function::FnOnce<()>>::call_once::{shim:vtable#0}
[INFO] [stdout]   19:     0x6272597cd55f - <std[617be2ca0a6fd877]::sys::thread::unix::Thread>::new::thread_start
[INFO] [stdout]   20:     0x77114a953dfa - <unknown>
[INFO] [stdout]   21:     0x77114a9e73d4 - clone
[INFO] [stdout]   22:                0x0 - <unknown>
[INFO] [stdout] 
[INFO] [stdout] ---- passthrough::file_handle::tests::test_file_handle_from_name_at stdout ----
[INFO] [stdout] 
[INFO] [stdout] thread 'passthrough::file_handle::tests::test_file_handle_from_name_at' (2278) panicked at src/passthrough/file_handle.rs:427:14:
[INFO] [stdout] called `Option::unwrap()` on a `None` value
[INFO] [stdout] stack backtrace:
[INFO] [stdout]    0:     0x6272597cdd41 - <<std[617be2ca0a6fd877]::sys::backtrace::BacktraceLock>::print::DisplayBacktrace as core[a373ad73a504971]::fmt::Display>::fmt
[INFO] [stdout]    1:     0x6272597e55ea - core[a373ad73a504971]::fmt::write
[INFO] [stdout]    2:     0x6272597d3e4c - <alloc[2e1b2a31b91974c5]::vec::Vec<u8> as core[a373ad73a504971]::io::write::Write>::write_fmt
[INFO] [stdout]    3:     0x6272597a82e6 - std[617be2ca0a6fd877]::panicking::default_hook::{closure#0}
[INFO] [stdout]    4:     0x6272597c57b9 - std[617be2ca0a6fd877]::panicking::default_hook
[INFO] [stdout]    5:     0x627259723a40 - test[aada8e7e76ba119b]::test_main_inner::{closure#0}
[INFO] [stdout]    6:     0x6272597c5ae2 - std[617be2ca0a6fd877]::panicking::panic_with_hook
[INFO] [stdout]    7:     0x6272597a83c4 - std[617be2ca0a6fd877]::panicking::panic_handler::{closure#0}
[INFO] [stdout]    8:     0x6272597a0eb9 - std[617be2ca0a6fd877]::sys::backtrace::__rust_end_short_backtrace::<std[617be2ca0a6fd877]::panicking::panic_handler::{closure#0}, !>
[INFO] [stdout]    9:     0x6272597a8f9d - __rustc[ea4f61d10b84890b]::rust_begin_unwind
[INFO] [stdout]   10:     0x6272597e5dcc - core[a373ad73a504971]::panicking::panic_fmt
[INFO] [stdout]   11:     0x6272597e5d92 - core[a373ad73a504971]::panicking::panic
[INFO] [stdout]   12:     0x6272597e5b49 - core[a373ad73a504971]::option::unwrap_failed
[INFO] [stdout]   13:     0x62725964cb11 - <libfuse_fs[7cd7a4290943cab9]::passthrough::file_handle::tests::test_file_handle_from_name_at::{closure#0} as core[a373ad73a504971]::ops::function::FnOnce<()>>::call_once
[INFO] [stdout]   14:     0x627259716e8b - test[aada8e7e76ba119b]::__rust_begin_short_backtrace::<core[a373ad73a504971]::result::Result<(), alloc[2e1b2a31b91974c5]::string::String>, fn() -> core[a373ad73a504971]::result::Result<(), alloc[2e1b2a31b91974c5]::string::String>>
[INFO] [stdout]   15:     0x627259724065 - test[aada8e7e76ba119b]::run_test::{closure#0}
[INFO] [stdout]   16:     0x62725971d954 - std[617be2ca0a6fd877]::sys::backtrace::__rust_begin_short_backtrace::<test[aada8e7e76ba119b]::run_test::{closure#1}, ()>
[INFO] [stdout]   17:     0x6272597270f2 - <std[617be2ca0a6fd877]::thread::lifecycle::spawn_unchecked<test[aada8e7e76ba119b]::run_test::{closure#1}, ()>::{closure#1} as core[a373ad73a504971]::ops::function::FnOnce<()>>::call_once::{shim:vtable#0}
[INFO] [stdout]   18:     0x6272597cd55f - <std[617be2ca0a6fd877]::sys::thread::unix::Thread>::new::thread_start
[INFO] [stdout]   19:     0x77114a953dfa - <unknown>
[INFO] [stdout]   20:     0x77114a9e73d4 - clone
[INFO] [stdout]   21:                0x0 - <unknown>
[INFO] [stdout] 
[INFO] [stdout] 
[INFO] [stdout] failures:
[INFO] [stdout]     overlayfs::layer::test::test_whiteout_create_delete
[INFO] [stdout]     passthrough::file_handle::tests::test_file_handle_from_name_at
[INFO] [stdout] 
[INFO] [stdout] test result: FAILED. 15 passed; 2 failed; 2 ignored; 0 measured; 0 filtered out; finished in 0.01s
[INFO] [stdout] 
[INFO] [stderr] error: test failed, to rerun pass `--lib`
[INFO] running `Command { std: "docker" "inspect" "51f57b204727e84ec5b5b8df004ab3ee073e6965b35739f37ecd06ebe919e9b8", kill_on_drop: false }`
[INFO] running `Command { std: "docker" "rm" "-f" "51f57b204727e84ec5b5b8df004ab3ee073e6965b35739f37ecd06ebe919e9b8", kill_on_drop: false }`
[INFO] [stdout] 51f57b204727e84ec5b5b8df004ab3ee073e6965b35739f37ecd06ebe919e9b8
