[INFO] cloning repository https://github.com/HiddyTiddy/cmft
[INFO] running `Command { std: "git" "-c" "credential.helper=" "-c" "credential.helper=/workspace/cargo-home/bin/git-credential-null" "clone" "--bare" "https://github.com/HiddyTiddy/cmft" "/workspace/cache/git-repos/https%3A%2F%2Fgithub.com%2FHiddyTiddy%2Fcmft", kill_on_drop: false }`
[INFO] [stderr] Cloning into bare repository '/workspace/cache/git-repos/https%3A%2F%2Fgithub.com%2FHiddyTiddy%2Fcmft'...
[INFO] running `Command { std: "git" "rev-parse" "HEAD", kill_on_drop: false }`
[INFO] [stdout] 8d734f58b8f14bcd77c9645a12d4913d2cf91f1b
[INFO] testing HiddyTiddy/cmft against 1.99.0-beta.8+cargoflags=--release for beta-release-1.100-2
[INFO] running `Command { std: "git" "clone" "/workspace/cache/git-repos/https%3A%2F%2Fgithub.com%2FHiddyTiddy%2Fcmft" "/workspace/builds/worker-3-tc1/source", kill_on_drop: false }`
[INFO] [stderr] Cloning into '/workspace/builds/worker-3-tc1/source'...
[INFO] [stderr] done.
[INFO] removed /workspace/builds/worker-3-tc1/source/.cargo/config.toml
[INFO] started tweaking git repo https://github.com/HiddyTiddy/cmft
[INFO] finished tweaking git repo https://github.com/HiddyTiddy/cmft
[INFO] tweaked toml for git repo https://github.com/HiddyTiddy/cmft written to /workspace/builds/worker-3-tc1/source/Cargo.toml
[INFO] validating manifest of git repo https://github.com/HiddyTiddy/cmft on toolchain 1.99.0-beta.8
[INFO] running `Command { std: CARGO_HOME="/workspace/cargo-home" RUSTUP_HOME="/workspace/rustup-home" "/workspace/cargo-home/bin/cargo" "+1.99.0-beta.8" "metadata" "--manifest-path" "Cargo.toml" "--no-deps", kill_on_drop: false }`
[INFO] crate git repo https://github.com/HiddyTiddy/cmft already has a lockfile, it will not be regenerated
[INFO] running `Command { std: CARGO_HOME="/workspace/cargo-home" RUSTUP_HOME="/workspace/rustup-home" "/workspace/cargo-home/bin/cargo" "+1.99.0-beta.8" "fetch" "--manifest-path" "Cargo.toml", kill_on_drop: false }`
[INFO] running `Command { std: "docker" "create" "-v" "/var/lib/crater-agent-workspace/builds/worker-3-tc1/source:/opt/rustwide/workdir:ro,Z" "-v" "/var/lib/crater-agent-workspace/builds/worker-3-tc1/target:/opt/rustwide/target:rw,Z" "-v" "/var/lib/crater-agent-workspace/cargo-home:/opt/rustwide/cargo-home:ro,Z" "-v" "/var/lib/crater-agent-workspace/rustup-home:/opt/rustwide/rustup-home:ro,Z" "-m" "1610612736" "--network" "none" "ghcr.io/rust-lang/crates-build-env/linux@sha256:77db811e55d90add9212f6832c23229e3de5f1c1f9905e8cb07319ea15df73ac" "sleep" "infinity", kill_on_drop: false }`
[INFO] [stdout] db148dab3e0aa6acfab530a2dded6568058a9c7ad096361cfb203d5b56376fd0
[INFO] running `Command { std: "docker" "start" "db148dab3e0aa6acfab530a2dded6568058a9c7ad096361cfb203d5b56376fd0", kill_on_drop: false }`
[INFO] running `Command { std: "docker" "inspect" "db148dab3e0aa6acfab530a2dded6568058a9c7ad096361cfb203d5b56376fd0", kill_on_drop: false }`
[INFO] running `Command { std: "docker" "exec" "-e" "SOURCE_DIR=/opt/rustwide/workdir" "-e" "CARGO_HOME=/opt/rustwide/cargo-home" "-e" "RUSTUP_HOME=/opt/rustwide/rustup-home" "-e" "CARGO_TARGET_DIR=/opt/rustwide/target" "-w" "/opt/rustwide/workdir" "--user" "0:0" "db148dab3e0aa6acfab530a2dded6568058a9c7ad096361cfb203d5b56376fd0" "/opt/rustwide/cargo-home/bin/cargo" "+1.99.0-beta.8" "metadata" "--no-deps" "--format-version=1", kill_on_drop: false }`
[INFO] running `Command { std: "docker" "inspect" "db148dab3e0aa6acfab530a2dded6568058a9c7ad096361cfb203d5b56376fd0", kill_on_drop: false }`
[INFO] running `Command { std: "docker" "exec" "-e" "SOURCE_DIR=/opt/rustwide/workdir" "-e" "CARGO_HOME=/opt/rustwide/cargo-home" "-e" "RUSTUP_HOME=/opt/rustwide/rustup-home" "-e" "CARGO_TARGET_DIR=/opt/rustwide/target" "-e" "CARGO_INCREMENTAL=0" "-e" "RUST_BACKTRACE=full" "-e" "RUSTFLAGS=--cap-lints=warn" "-e" "RUSTDOCFLAGS=--cap-lints=warn" "-w" "/opt/rustwide/workdir" "--user" "0:0" "db148dab3e0aa6acfab530a2dded6568058a9c7ad096361cfb203d5b56376fd0" "/opt/rustwide/cargo-home/bin/cargo" "+1.99.0-beta.8" "build" "--frozen" "--message-format=json" "--release", kill_on_drop: false }`
[INFO] [stderr]    Compiling cmft v0.1.0 (/opt/rustwide/workdir)
[INFO] [stdout] warning: unused import: `align_eq::align_eq`
[INFO] [stdout]  --> src/filters.rs:4:9
[INFO] [stdout]   |
[INFO] [stdout] 4 | pub use align_eq::align_eq;
[INFO] [stdout]   |         ^^^^^^^^^^^^^^^^^^
[INFO] [stdout]   |
[INFO] [stdout]   = note: `#[warn(unused_imports)]` (part of `#[warn(unused)]`) on by default
[INFO] [stdout] 
[INFO] [stdout] 
[INFO] [stdout] warning: function `align_eq` is never used
[INFO] [stdout]  --> src/filters/align_eq.rs:4:8
[INFO] [stdout]   |
[INFO] [stdout] 4 | pub fn align_eq(mut tokens: &mut [Token]) {
[INFO] [stdout]   |        ^^^^^^^^
[INFO] [stdout]   |
[INFO] [stdout]   = note: `#[warn(dead_code)]` (part of `#[warn(unused)]`) on by default
[INFO] [stdout] 
[INFO] [stdout] 
[INFO] [stderr]     Finished `release` profile [optimized] target(s) in 0.60s
[INFO] running `Command { std: "docker" "inspect" "db148dab3e0aa6acfab530a2dded6568058a9c7ad096361cfb203d5b56376fd0", kill_on_drop: false }`
[INFO] running `Command { std: "docker" "exec" "-e" "SOURCE_DIR=/opt/rustwide/workdir" "-e" "CARGO_HOME=/opt/rustwide/cargo-home" "-e" "RUSTUP_HOME=/opt/rustwide/rustup-home" "-e" "CARGO_TARGET_DIR=/opt/rustwide/target" "-e" "CARGO_INCREMENTAL=0" "-e" "RUST_BACKTRACE=full" "-e" "RUSTFLAGS=--cap-lints=warn" "-e" "RUSTDOCFLAGS=--cap-lints=warn" "-w" "/opt/rustwide/workdir" "--user" "0:0" "db148dab3e0aa6acfab530a2dded6568058a9c7ad096361cfb203d5b56376fd0" "/opt/rustwide/cargo-home/bin/cargo" "+1.99.0-beta.8" "test" "--frozen" "--no-run" "--message-format=json" "--release", kill_on_drop: false }`
[INFO] [stderr]    Compiling cmft v0.1.0 (/opt/rustwide/workdir)
[INFO] [stdout] warning: unused import: `align_eq::align_eq`
[INFO] [stdout]  --> src/filters.rs:4:9
[INFO] [stdout]   |
[INFO] [stdout] 4 | pub use align_eq::align_eq;
[INFO] [stdout]   |         ^^^^^^^^^^^^^^^^^^
[INFO] [stdout]   |
[INFO] [stdout]   = note: `#[warn(unused_imports)]` (part of `#[warn(unused)]`) on by default
[INFO] [stdout] 
[INFO] [stdout] 
[INFO] [stdout] warning: function `align_eq` is never used
[INFO] [stdout]  --> src/filters/align_eq.rs:4:8
[INFO] [stdout]   |
[INFO] [stdout] 4 | pub fn align_eq(mut tokens: &mut [Token]) {
[INFO] [stdout]   |        ^^^^^^^^
[INFO] [stdout]   |
[INFO] [stdout]   = note: `#[warn(dead_code)]` (part of `#[warn(unused)]`) on by default
[INFO] [stdout] 
[INFO] [stdout] 
[INFO] [stdout] warning: unused import: `align_eq::align_eq`
[INFO] [stdout]  --> src/filters.rs:4:9
[INFO] [stdout]   |
[INFO] [stdout] 4 | pub use align_eq::align_eq;
[INFO] [stdout]   |         ^^^^^^^^^^^^^^^^^^
[INFO] [stdout]   |
[INFO] [stdout]   = note: `#[warn(unused_imports)]` (part of `#[warn(unused)]`) on by default
[INFO] [stdout] 
[INFO] [stdout] 
[INFO] [stdout] warning: unused variable: `tokenizer`
[INFO] [stdout]   --> src/filters/align_eq.rs:23:13
[INFO] [stdout]    |
[INFO] [stdout] 23 |         let tokenizer = Tokenizer::new(program);
[INFO] [stdout]    |             ^^^^^^^^^ help: if this is intentional, prefix it with an underscore: `_tokenizer`
[INFO] [stdout]    |
[INFO] [stdout]    = note: `#[warn(unused_variables)]` (part of `#[warn(unused)]`) on by default
[INFO] [stdout] 
[INFO] [stdout] 
[INFO] [stdout] warning: function `align_eq` is never used
[INFO] [stdout]  --> src/filters/align_eq.rs:4:8
[INFO] [stdout]   |
[INFO] [stdout] 4 | pub fn align_eq(mut tokens: &mut [Token]) {
[INFO] [stdout]   |        ^^^^^^^^
[INFO] [stdout]   |
[INFO] [stdout]   = note: `#[warn(dead_code)]` (part of `#[warn(unused)]`) on by default
[INFO] [stdout] 
[INFO] [stdout] 
[INFO] [stderr]     Finished `release` profile [optimized] target(s) in 0.78s
[INFO] running `Command { std: "docker" "inspect" "db148dab3e0aa6acfab530a2dded6568058a9c7ad096361cfb203d5b56376fd0", kill_on_drop: false }`
[INFO] running `Command { std: "docker" "exec" "-e" "SOURCE_DIR=/opt/rustwide/workdir" "-e" "CARGO_HOME=/opt/rustwide/cargo-home" "-e" "RUSTUP_HOME=/opt/rustwide/rustup-home" "-e" "CARGO_TARGET_DIR=/opt/rustwide/target" "-e" "CARGO_INCREMENTAL=0" "-e" "RUST_BACKTRACE=full" "-e" "RUSTFLAGS=--cap-lints=warn" "-e" "RUSTDOCFLAGS=--cap-lints=warn" "-w" "/opt/rustwide/workdir" "--user" "0:0" "db148dab3e0aa6acfab530a2dded6568058a9c7ad096361cfb203d5b56376fd0" "/opt/rustwide/cargo-home/bin/cargo" "+1.99.0-beta.8" "test" "--frozen" "--release", kill_on_drop: false }`
[INFO] [stderr] warning: unused import: `align_eq::align_eq`
[INFO] [stderr]  --> src/filters.rs:4:9
[INFO] [stderr]   |
[INFO] [stderr] 4 | pub use align_eq::align_eq;
[INFO] [stderr]   |         ^^^^^^^^^^^^^^^^^^
[INFO] [stderr]   |
[INFO] [stderr]   = note: `#[warn(unused_imports)]` (part of `#[warn(unused)]`) on by default
[INFO] [stderr] 
[INFO] [stderr] warning: function `align_eq` is never used
[INFO] [stderr]  --> src/filters/align_eq.rs:4:8
[INFO] [stderr]   |
[INFO] [stderr] 4 | pub fn align_eq(mut tokens: &mut [Token]) {
[INFO] [stderr]   |        ^^^^^^^^
[INFO] [stderr]   |
[INFO] [stderr]   = note: `#[warn(dead_code)]` (part of `#[warn(unused)]`) on by default
[INFO] [stderr] 
[INFO] [stderr] warning: `cmft` (lib) generated 2 warnings (run `cargo fix --lib -p cmft` to apply 1 suggestion)
[INFO] [stderr] warning: unused variable: `tokenizer`
[INFO] [stderr]   --> src/filters/align_eq.rs:23:13
[INFO] [stderr]    |
[INFO] [stderr] 23 |         let tokenizer = Tokenizer::new(program);
[INFO] [stderr]    |             ^^^^^^^^^ help: if this is intentional, prefix it with an underscore: `_tokenizer`
[INFO] [stderr]    |
[INFO] [stderr]    = note: `#[warn(unused_variables)]` (part of `#[warn(unused)]`) on by default
[INFO] [stderr] 
[INFO] [stderr] warning: `cmft` (lib test) generated 3 warnings (2 duplicates) (run `cargo fix --lib -p cmft --tests` to apply 1 suggestion)
[INFO] [stderr]     Finished `release` profile [optimized] target(s) in 0.04s
[INFO] [stderr]      Running unittests src/lib.rs (/opt/rustwide/target/release/deps/cmft-f32e3ef0a6ccb15a)
[INFO] [stdout] 
[INFO] [stdout] running 7 tests
[INFO] [stdout] test tokenizer::tests::semicolons_idents ... ok
[INFO] [stdout] test reconstruct::tests::simple ... ok
[INFO] [stdout] test reconstruct::tests::spaces ... ok
[INFO] [stdout] test filters::align_eq::tests::hi ... ok
[INFO] [stdout] test tokenizer::tests::multichar ... ok
[INFO] [stdout] test tokenizer::tests::only_semicolons ... ok
[INFO] [stdout] test reconstruct::tests::newline ... ok
[INFO] [stdout] 
[INFO] [stdout] test result: ok. 7 passed; 0 failed; 0 ignored; 0 measured; 0 filtered out; finished in 0.01s
[INFO] [stdout] 
[INFO] [stderr]      Running unittests src/main.rs (/opt/rustwide/target/release/deps/cmft-5365a0d8819b550d)
[INFO] [stdout] 
[INFO] [stdout] running 0 tests
[INFO] [stdout] 
[INFO] [stdout] test result: ok. 0 passed; 0 failed; 0 ignored; 0 measured; 0 filtered out; finished in 0.00s
[INFO] [stdout] 
[INFO] [stderr]      Running tests/test.rs (/opt/rustwide/target/release/deps/test-4608bf92791bc528)
[INFO] [stdout] 
[INFO] [stdout] running 1 test
[INFO] [stdout] test tests::examples ... FAILED
[INFO] [stdout] 
[INFO] [stdout] failures:
[INFO] [stdout] 
[INFO] [stdout] ---- tests::examples stdout ----
[INFO] [stdout] 
[INFO] [stdout] thread 'tests::examples' (238) panicked at src/tokenizer.rs:171:22:
[INFO] [stdout] not yet implemented: hit case '1'. this is a problem for future me. if you hit this you are future me.
[INFO] [stdout] stack backtrace:
[INFO] [stdout]    0:     0x64fbc66bf0f1 - <<std[70759c8f55707aa4]::sys::backtrace::BacktraceLock>::print::DisplayBacktrace as core[df12db4294e9bfd3]::fmt::Display>::fmt
[INFO] [stdout]    1:     0x64fbc66d360a - core[df12db4294e9bfd3]::fmt::write
[INFO] [stdout]    2:     0x64fbc66c385c - <alloc[2182bb758b4b3781]::vec::Vec<u8> as core[df12db4294e9bfd3]::io::write::Write>::write_fmt
[INFO] [stdout]    3:     0x64fbc669ae96 - std[70759c8f55707aa4]::panicking::default_hook::{closure#0}
[INFO] [stdout]    4:     0x64fbc66b7259 - std[70759c8f55707aa4]::panicking::default_hook
[INFO] [stdout]    5:     0x64fbc6652e40 - test[9d35eded1c95d3be]::test_main_inner::<test[9d35eded1c95d3be]::test_main_static::{closure#0}>::{closure#0}
[INFO] [stdout]    6:     0x64fbc66b7412 - std[70759c8f55707aa4]::panicking::panic_with_hook
[INFO] [stdout]    7:     0x64fbc669af42 - std[70759c8f55707aa4]::panicking::panic_handler::{closure#0}
[INFO] [stdout]    8:     0x64fbc6693a99 - std[70759c8f55707aa4]::sys::backtrace::__rust_end_short_backtrace::<std[70759c8f55707aa4]::panicking::panic_handler::{closure#0}, !>
[INFO] [stdout]    9:     0x64fbc669bb3d - __rustc[8fa7c3cbc660c2b3]::rust_begin_unwind
[INFO] [stdout]   10:     0x64fbc66d3d3c - core[df12db4294e9bfd3]::panicking::panic_fmt
[INFO] [stdout]   11:     0x64fbc66460a8 - <cmft[ed9dd5c90a189320]::tokenizer::Tokenizer as core[df12db4294e9bfd3]::iter::traits::iterator::Iterator>::next
[INFO] [stdout]   12:     0x64fbc6645158 - cmft[ed9dd5c90a189320]::format_string
[INFO] [stdout]   13:     0x64fbc66445b6 - <test[89b75b08e430bff3]::tests::examples::{closure#0} as core[df12db4294e9bfd3]::ops::function::FnOnce<()>>::call_once
[INFO] [stdout]   14:     0x64fbc664612b - test[9d35eded1c95d3be]::__rust_begin_short_backtrace::<core[df12db4294e9bfd3]::result::Result<(), alloc[2182bb758b4b3781]::string::String>, fn() -> core[df12db4294e9bfd3]::result::Result<(), alloc[2182bb758b4b3781]::string::String>>
[INFO] [stdout]   15:     0x64fbc6653795 - test[9d35eded1c95d3be]::run_test::{closure#0}
[INFO] [stdout]   16:     0x64fbc664d054 - std[70759c8f55707aa4]::sys::backtrace::__rust_begin_short_backtrace::<test[9d35eded1c95d3be]::run_test::{closure#1}, ()>
[INFO] [stdout]   17:     0x64fbc66568f2 - <std[70759c8f55707aa4]::thread::lifecycle::spawn_unchecked<test[9d35eded1c95d3be]::run_test::{closure#1}, ()>::{closure#1} as core[df12db4294e9bfd3]::ops::function::FnOnce<()>>::call_once::{shim:vtable#0}
[INFO] [stdout]   18:     0x64fbc66be659 - <std[70759c8f55707aa4]::sys::thread::unix::Thread>::new::thread_start
[INFO] [stdout]   19:     0x72df12c63dfa - <unknown>
[INFO] [stdout]   20:     0x72df12cf73d4 - clone
[INFO] [stdout]   21:                0x0 - <unknown>
[INFO] [stdout] 
[INFO] [stdout] 
[INFO] [stdout] failures:
[INFO] [stdout]     tests::examples
[INFO] [stdout] 
[INFO] [stderr] error: test failed, to rerun pass `--test test`
[INFO] [stdout] test result: FAILED. 0 passed; 1 failed; 0 ignored; 0 measured; 0 filtered out; finished in 0.00s
[INFO] [stdout] 
[INFO] running `Command { std: "docker" "inspect" "db148dab3e0aa6acfab530a2dded6568058a9c7ad096361cfb203d5b56376fd0", kill_on_drop: false }`
[INFO] running `Command { std: "docker" "rm" "-f" "db148dab3e0aa6acfab530a2dded6568058a9c7ad096361cfb203d5b56376fd0", kill_on_drop: false }`
[INFO] [stdout] db148dab3e0aa6acfab530a2dded6568058a9c7ad096361cfb203d5b56376fd0
