[INFO] cloning repository https://github.com/HarryParker97/RustyQuant
[INFO] running `Command { std: "git" "-c" "credential.helper=" "-c" "credential.helper=/workspace/cargo-home/bin/git-credential-null" "clone" "--bare" "https://github.com/HarryParker97/RustyQuant" "/workspace/cache/git-repos/https%3A%2F%2Fgithub.com%2FHarryParker97%2FRustyQuant", kill_on_drop: false }`
[INFO] [stderr] Cloning into bare repository '/workspace/cache/git-repos/https%3A%2F%2Fgithub.com%2FHarryParker97%2FRustyQuant'...
[INFO] running `Command { std: "git" "rev-parse" "HEAD", kill_on_drop: false }`
[INFO] [stdout] 164a5b84b98a61e7dd2da8139d986715a68122d6
[INFO] testing HarryParker97/RustyQuant against 1.100.0-beta.1+cargoflags=--release for beta-release-1.100-2
[INFO] running `Command { std: "git" "clone" "/workspace/cache/git-repos/https%3A%2F%2Fgithub.com%2FHarryParker97%2FRustyQuant" "/workspace/builds/worker-4-tc2/source", kill_on_drop: false }`
[INFO] [stderr] Cloning into '/workspace/builds/worker-4-tc2/source'...
[INFO] [stderr] done.
[INFO] started tweaking git repo https://github.com/HarryParker97/RustyQuant
[INFO] finished tweaking git repo https://github.com/HarryParker97/RustyQuant
[INFO] tweaked toml for git repo https://github.com/HarryParker97/RustyQuant written to /workspace/builds/worker-4-tc2/source/Cargo.toml
[INFO] validating manifest of git repo https://github.com/HarryParker97/RustyQuant on toolchain 1.100.0-beta.1
[INFO] running `Command { std: CARGO_HOME="/workspace/cargo-home" RUSTUP_HOME="/workspace/rustup-home" "/workspace/cargo-home/bin/cargo" "+1.100.0-beta.1" "metadata" "--manifest-path" "Cargo.toml" "--no-deps", kill_on_drop: false }`
[INFO] crate git repo https://github.com/HarryParker97/RustyQuant already has a lockfile, it will not be regenerated
[INFO] running `Command { std: CARGO_HOME="/workspace/cargo-home" RUSTUP_HOME="/workspace/rustup-home" "/workspace/cargo-home/bin/cargo" "+1.100.0-beta.1" "fetch" "--manifest-path" "Cargo.toml", kill_on_drop: false }`
[INFO] running `Command { std: "docker" "create" "-v" "/var/lib/crater-agent-workspace/builds/worker-4-tc2/source:/opt/rustwide/workdir:ro,Z" "-v" "/var/lib/crater-agent-workspace/builds/worker-4-tc2/target:/opt/rustwide/target:rw,Z" "-v" "/var/lib/crater-agent-workspace/cargo-home:/opt/rustwide/cargo-home:ro,Z" "-v" "/var/lib/crater-agent-workspace/rustup-home:/opt/rustwide/rustup-home:ro,Z" "-m" "1610612736" "--network" "none" "ghcr.io/rust-lang/crates-build-env/linux@sha256:77db811e55d90add9212f6832c23229e3de5f1c1f9905e8cb07319ea15df73ac" "sleep" "infinity", kill_on_drop: false }`
[INFO] [stdout] 0e4ddec5d9391132422ec9596e85ff5391da07fab2dbd8fc8480e80df8993426
[INFO] running `Command { std: "docker" "start" "0e4ddec5d9391132422ec9596e85ff5391da07fab2dbd8fc8480e80df8993426", kill_on_drop: false }`
[INFO] running `Command { std: "docker" "inspect" "0e4ddec5d9391132422ec9596e85ff5391da07fab2dbd8fc8480e80df8993426", kill_on_drop: false }`
[INFO] running `Command { std: "docker" "exec" "-e" "SOURCE_DIR=/opt/rustwide/workdir" "-e" "CARGO_HOME=/opt/rustwide/cargo-home" "-e" "RUSTUP_HOME=/opt/rustwide/rustup-home" "-e" "CARGO_TARGET_DIR=/opt/rustwide/target" "-w" "/opt/rustwide/workdir" "--user" "0:0" "0e4ddec5d9391132422ec9596e85ff5391da07fab2dbd8fc8480e80df8993426" "/opt/rustwide/cargo-home/bin/cargo" "+1.100.0-beta.1" "metadata" "--no-deps" "--format-version=1", kill_on_drop: false }`
[INFO] running `Command { std: "docker" "inspect" "0e4ddec5d9391132422ec9596e85ff5391da07fab2dbd8fc8480e80df8993426", kill_on_drop: false }`
[INFO] running `Command { std: "docker" "exec" "-e" "SOURCE_DIR=/opt/rustwide/workdir" "-e" "CARGO_HOME=/opt/rustwide/cargo-home" "-e" "RUSTUP_HOME=/opt/rustwide/rustup-home" "-e" "CARGO_TARGET_DIR=/opt/rustwide/target" "-e" "CARGO_INCREMENTAL=0" "-e" "RUST_BACKTRACE=full" "-e" "RUSTFLAGS=--cap-lints=warn" "-e" "RUSTDOCFLAGS=--cap-lints=warn" "-w" "/opt/rustwide/workdir" "--user" "0:0" "0e4ddec5d9391132422ec9596e85ff5391da07fab2dbd8fc8480e80df8993426" "/opt/rustwide/cargo-home/bin/cargo" "+1.100.0-beta.1" "build" "--frozen" "--message-format=json" "--release", kill_on_drop: false }`
[INFO] [stderr]    Compiling libm v0.2.8
[INFO] [stderr]    Compiling num-traits v0.2.18
[INFO] [stderr]    Compiling paste v1.0.14
[INFO] [stderr]    Compiling proc-macro2 v1.0.93
[INFO] [stderr]    Compiling matrixmultiply v0.3.8
[INFO] [stderr]    Compiling libc v0.2.153
[INFO] [stderr]    Compiling unicode-ident v1.0.16
[INFO] [stderr]    Compiling bytemuck v1.21.0
[INFO] [stderr]    Compiling rawpointer v0.2.1
[INFO] [stderr]    Compiling safe_arch v0.7.4
[INFO] [stderr]    Compiling wide v0.7.32
[INFO] [stderr]    Compiling getrandom v0.2.12
[INFO] [stderr]    Compiling quote v1.0.38
[INFO] [stderr]    Compiling rand_core v0.6.4
[INFO] [stderr]    Compiling syn v2.0.98
[INFO] [stderr]    Compiling rand_chacha v0.3.1
[INFO] [stderr]    Compiling rand v0.8.5
[INFO] [stderr]    Compiling num-integer v0.1.46
[INFO] [stderr]    Compiling num-complex v0.3.1
[INFO] [stderr]    Compiling approx v0.4.0
[INFO] [stderr]    Compiling num-complex v0.4.6
[INFO] [stderr]    Compiling rand_distr v0.4.3
[INFO] [stderr]    Compiling approx v0.5.1
[INFO] [stderr]    Compiling num-rational v0.3.2
[INFO] [stderr]    Compiling num-rational v0.4.2
[INFO] [stderr]    Compiling simba v0.4.0
[INFO] [stderr]    Compiling simba v0.8.1
[INFO] [stderr]    Compiling nalgebra-macros v0.2.2
[INFO] [stderr]    Compiling nalgebra v0.26.2
[INFO] [stderr]    Compiling nalgebra v0.32.6
[INFO] [stderr]    Compiling statrs v0.14.0
[INFO] [stderr]    Compiling rusty_quant v0.1.0 (/opt/rustwide/workdir)
[INFO] [stdout] warning: structure field `T` should have a snake case name
[INFO] [stdout]   --> src/main.rs:29:5
[INFO] [stdout]    |
[INFO] [stdout] 29 |     T: f32,
[INFO] [stdout]    |     ^ help: convert the identifier to snake case: `t`
[INFO] [stdout]    |
[INFO] [stdout]    = note: `#[warn(non_snake_case)]` (part of `#[warn(nonstandard_style)]`) on by default
[INFO] [stdout] 
[INFO] [stdout] 
[INFO] [stderr]     Finished `release` profile [optimized] target(s) in 55.71s
[INFO] [stderr] warning: the following packages contain code that will be rejected by a future version of Rust: nalgebra v0.26.2
[INFO] [stderr] note: to see what the problems were, use the option `--future-incompat-report`, or run `cargo report future-incompatibilities --id 2`
[INFO] running `Command { std: "docker" "inspect" "0e4ddec5d9391132422ec9596e85ff5391da07fab2dbd8fc8480e80df8993426", kill_on_drop: false }`
[INFO] running `Command { std: "docker" "exec" "-e" "SOURCE_DIR=/opt/rustwide/workdir" "-e" "CARGO_HOME=/opt/rustwide/cargo-home" "-e" "RUSTUP_HOME=/opt/rustwide/rustup-home" "-e" "CARGO_TARGET_DIR=/opt/rustwide/target" "-e" "CARGO_INCREMENTAL=0" "-e" "RUST_BACKTRACE=full" "-e" "RUSTFLAGS=--cap-lints=warn" "-e" "RUSTDOCFLAGS=--cap-lints=warn" "-w" "/opt/rustwide/workdir" "--user" "0:0" "0e4ddec5d9391132422ec9596e85ff5391da07fab2dbd8fc8480e80df8993426" "/opt/rustwide/cargo-home/bin/cargo" "+1.100.0-beta.1" "test" "--frozen" "--no-run" "--message-format=json" "--release", kill_on_drop: false }`
[INFO] [stderr]    Compiling rusty_quant v0.1.0 (/opt/rustwide/workdir)
[INFO] [stdout] warning: structure field `T` should have a snake case name
[INFO] [stdout]   --> src/main.rs:29:5
[INFO] [stdout]    |
[INFO] [stdout] 29 |     T: f32,
[INFO] [stdout]    |     ^ help: convert the identifier to snake case: `t`
[INFO] [stdout]    |
[INFO] [stdout]    = note: `#[warn(non_snake_case)]` (part of `#[warn(nonstandard_style)]`) on by default
[INFO] [stdout] 
[INFO] [stdout] 
[INFO] [stderr]     Finished `release` profile [optimized] target(s) in 0.90s
[INFO] [stderr] warning: the following packages contain code that will be rejected by a future version of Rust: nalgebra v0.26.2
[INFO] [stderr] note: to see what the problems were, use the option `--future-incompat-report`, or run `cargo report future-incompatibilities --id 2`
[INFO] running `Command { std: "docker" "inspect" "0e4ddec5d9391132422ec9596e85ff5391da07fab2dbd8fc8480e80df8993426", kill_on_drop: false }`
[INFO] running `Command { std: "docker" "exec" "-e" "SOURCE_DIR=/opt/rustwide/workdir" "-e" "CARGO_HOME=/opt/rustwide/cargo-home" "-e" "RUSTUP_HOME=/opt/rustwide/rustup-home" "-e" "CARGO_TARGET_DIR=/opt/rustwide/target" "-e" "CARGO_INCREMENTAL=0" "-e" "RUST_BACKTRACE=full" "-e" "RUSTFLAGS=--cap-lints=warn" "-e" "RUSTDOCFLAGS=--cap-lints=warn" "-w" "/opt/rustwide/workdir" "--user" "0:0" "0e4ddec5d9391132422ec9596e85ff5391da07fab2dbd8fc8480e80df8993426" "/opt/rustwide/cargo-home/bin/cargo" "+1.100.0-beta.1" "test" "--frozen" "--release", kill_on_drop: false }`
[INFO] [stderr] warning: structure field `T` should have a snake case name
[INFO] [stderr]   --> src/main.rs:29:5
[INFO] [stderr]    |
[INFO] [stderr] 29 |     T: f32,
[INFO] [stderr]    |     ^ help: convert the identifier to snake case: `t`
[INFO] [stderr]    |
[INFO] [stderr]    = note: `#[warn(non_snake_case)]` (part of `#[warn(nonstandard_style)]`) on by default
[INFO] [stderr] 
[INFO] [stderr] warning: `rusty_quant` (bin "rusty_quant" test) generated 1 warning
[INFO] [stderr]     Finished `release` profile [optimized] target(s) in 0.09s
[INFO] [stderr] warning: the following packages contain code that will be rejected by a future version of Rust: nalgebra v0.26.2
[INFO] [stderr] note: to see what the problems were, use the option `--future-incompat-report`, or run `cargo report future-incompatibilities --id 2`
[INFO] [stderr]      Running unittests src/lib.rs (/opt/rustwide/target/release/build/rusty_quant/c8cf61219309c4e5/out/rusty_quant-c8cf61219309c4e5)
[INFO] [stdout] 
[INFO] [stdout] running 1 test
[INFO] [stdout] test tests::test_simulations::test_gbm::test_analytical_equals_simulation ... FAILED
[INFO] [stderr] error: test failed, to rerun pass `--lib`
[INFO] [stdout] 
[INFO] [stdout] failures:
[INFO] [stdout] 
[INFO] [stdout] ---- tests::test_simulations::test_gbm::test_analytical_equals_simulation stdout ----
[INFO] [stdout] 10.450577
[INFO] [stdout] 10.47114
[INFO] [stdout] 
[INFO] [stdout] thread 'tests::test_simulations::test_gbm::test_analytical_equals_simulation' (715) panicked at src/tests/test_simulations/test_gbm.rs:62:5:
[INFO] [stdout] Prices do not match within tolerance: Analytical = 10.450577, Simulation = 10.47114
[INFO] [stdout] stack backtrace:
[INFO] [stdout]    0:     0x5be048f887b1 - <<std[617be2ca0a6fd877]::sys::backtrace::BacktraceLock>::print::DisplayBacktrace as core[a373ad73a504971]::fmt::Display>::fmt
[INFO] [stdout]    1:     0x5be048f9d4ca - core[a373ad73a504971]::fmt::write
[INFO] [stdout]    2:     0x5be048f8c9cc - <alloc[2e1b2a31b91974c5]::vec::Vec<u8> as core[a373ad73a504971]::io::write::Write>::write_fmt
[INFO] [stdout]    3:     0x5be048f64c16 - std[617be2ca0a6fd877]::panicking::default_hook::{closure#0}
[INFO] [stdout]    4:     0x5be048f80e49 - std[617be2ca0a6fd877]::panicking::default_hook
[INFO] [stdout]    5:     0x5be048f196f0 - test[aada8e7e76ba119b]::test_main_inner::{closure#0}
[INFO] [stdout]    6:     0x5be048f81002 - std[617be2ca0a6fd877]::panicking::panic_with_hook
[INFO] [stdout]    7:     0x5be048f64cc2 - std[617be2ca0a6fd877]::panicking::panic_handler::{closure#0}
[INFO] [stdout]    8:     0x5be048f5d9d9 - std[617be2ca0a6fd877]::sys::backtrace::__rust_end_short_backtrace::<std[617be2ca0a6fd877]::panicking::panic_handler::{closure#0}, !>
[INFO] [stdout]    9:     0x5be048f658cd - __rustc[ea4f61d10b84890b]::rust_begin_unwind
[INFO] [stdout]   10:     0x5be048f9dbfc - core[a373ad73a504971]::panicking::panic_fmt
[INFO] [stdout]   11:     0x5be048f0caad - <rusty_quant[20ff66e01213ecb7]::tests::test_simulations::test_gbm::test_analytical_equals_simulation::{closure#0} as core[a373ad73a504971]::ops::function::FnOnce<()>>::call_once
[INFO] [stdout]   12:     0x5be048f0cb3b - test[aada8e7e76ba119b]::__rust_begin_short_backtrace::<core[a373ad73a504971]::result::Result<(), alloc[2e1b2a31b91974c5]::string::String>, fn() -> core[a373ad73a504971]::result::Result<(), alloc[2e1b2a31b91974c5]::string::String>>
[INFO] [stdout]   13:     0x5be048f19d15 - test[aada8e7e76ba119b]::run_test::{closure#0}
[INFO] [stdout]   14:     0x5be048f13604 - std[617be2ca0a6fd877]::sys::backtrace::__rust_begin_short_backtrace::<test[aada8e7e76ba119b]::run_test::{closure#1}, ()>
[INFO] [stdout]   15:     0x5be048f1cda2 - <std[617be2ca0a6fd877]::thread::lifecycle::spawn_unchecked<test[aada8e7e76ba119b]::run_test::{closure#1}, ()>::{closure#1} as core[a373ad73a504971]::ops::function::FnOnce<()>>::call_once::{shim:vtable#0}
[INFO] [stdout]   16:     0x5be048f8800f - <std[617be2ca0a6fd877]::sys::thread::unix::Thread>::new::thread_start
[INFO] [stdout]   17:     0x79824c608dfa - <unknown>
[INFO] [stdout]   18:     0x79824c69c3d4 - clone
[INFO] [stdout]   19:                0x0 - <unknown>
[INFO] [stdout] 
[INFO] [stdout] 
[INFO] [stdout] failures:
[INFO] [stdout]     tests::test_simulations::test_gbm::test_analytical_equals_simulation
[INFO] [stdout] 
[INFO] [stdout] test result: FAILED. 0 passed; 1 failed; 0 ignored; 0 measured; 0 filtered out; finished in 0.07s
[INFO] [stdout] 
[INFO] running `Command { std: "docker" "inspect" "0e4ddec5d9391132422ec9596e85ff5391da07fab2dbd8fc8480e80df8993426", kill_on_drop: false }`
[INFO] running `Command { std: "docker" "rm" "-f" "0e4ddec5d9391132422ec9596e85ff5391da07fab2dbd8fc8480e80df8993426", kill_on_drop: false }`
[INFO] [stdout] 0e4ddec5d9391132422ec9596e85ff5391da07fab2dbd8fc8480e80df8993426
