[INFO] cloning repository https://github.com/Guap-Codes/Secure-actix-web-server
[INFO] running `Command { std: "git" "-c" "credential.helper=" "-c" "credential.helper=/workspace/cargo-home/bin/git-credential-null" "clone" "--bare" "https://github.com/Guap-Codes/Secure-actix-web-server" "/workspace/cache/git-repos/https%3A%2F%2Fgithub.com%2FGuap-Codes%2FSecure-actix-web-server", kill_on_drop: false }`
[INFO] [stderr] Cloning into bare repository '/workspace/cache/git-repos/https%3A%2F%2Fgithub.com%2FGuap-Codes%2FSecure-actix-web-server'...
[INFO] running `Command { std: "git" "rev-parse" "HEAD", kill_on_drop: false }`
[INFO] [stdout] c34abb3f54206bd27ab5fd13e3d8f491977085f3
[INFO] testing Guap-Codes/Secure-actix-web-server against 1.99.0-beta.8+cargoflags=--release for beta-release-1.100-2
[INFO] running `Command { std: "git" "clone" "/workspace/cache/git-repos/https%3A%2F%2Fgithub.com%2FGuap-Codes%2FSecure-actix-web-server" "/workspace/builds/worker-0-tc1/source", kill_on_drop: false }`
[INFO] [stderr] Cloning into '/workspace/builds/worker-0-tc1/source'...
[INFO] [stderr] done.
[INFO] started tweaking git repo https://github.com/Guap-Codes/Secure-actix-web-server
[INFO] finished tweaking git repo https://github.com/Guap-Codes/Secure-actix-web-server
[INFO] tweaked toml for git repo https://github.com/Guap-Codes/Secure-actix-web-server written to /workspace/builds/worker-0-tc1/source/Cargo.toml
[INFO] validating manifest of git repo https://github.com/Guap-Codes/Secure-actix-web-server on toolchain 1.99.0-beta.8
[INFO] running `Command { std: CARGO_HOME="/workspace/cargo-home" RUSTUP_HOME="/workspace/rustup-home" "/workspace/cargo-home/bin/cargo" "+1.99.0-beta.8" "metadata" "--manifest-path" "Cargo.toml" "--no-deps", kill_on_drop: false }`
[INFO] crate git repo https://github.com/Guap-Codes/Secure-actix-web-server already has a lockfile, it will not be regenerated
[INFO] running `Command { std: CARGO_HOME="/workspace/cargo-home" RUSTUP_HOME="/workspace/rustup-home" "/workspace/cargo-home/bin/cargo" "+1.99.0-beta.8" "fetch" "--manifest-path" "Cargo.toml", kill_on_drop: false }`
[INFO] [stderr] warning: Cargo.toml: file `/workspace/builds/worker-0-tc1/source/src/main.rs` found to be present in multiple build targets:
[INFO] [stderr]   * `lib` target `main`
[INFO] [stderr]   * `bin` target `secure-actix-web-server`
[INFO] [stderr] warning: `secure-actix-web-server` (manifest) generated 1 warning
[INFO] [stderr]  Downloading crates ...
[INFO] [stderr]   Downloaded wasm-bindgen-macro v0.2.94
[INFO] [stderr]   Downloaded cc v1.1.28
[INFO] [stderr]   Downloaded wasm-bindgen-macro-support v0.2.94
[INFO] [stderr]   Downloaded wasm-bindgen-futures v0.4.44
[INFO] [stderr]   Downloaded wasm-bindgen-shared v0.2.94
[INFO] [stderr]   Downloaded security-framework-sys v2.12.0
[INFO] [stderr]   Downloaded wasm-bindgen-backend v0.2.94
[INFO] [stderr]   Downloaded wasm-bindgen v0.2.94
[INFO] [stderr]   Downloaded js-sys v0.3.71
[INFO] [stderr]   Downloaded pest_generator v2.7.13
[INFO] [stderr]   Downloaded pest_meta v2.7.13
[INFO] [stderr]   Downloaded pest_derive v2.7.13
[INFO] [stderr]   Downloaded pest v2.7.13
[INFO] [stderr]   Downloaded web-sys v0.3.71
[INFO] running `Command { std: "docker" "create" "-v" "/var/lib/crater-agent-workspace/builds/worker-0-tc1/source:/opt/rustwide/workdir:ro,Z" "-v" "/var/lib/crater-agent-workspace/builds/worker-0-tc1/target:/opt/rustwide/target:rw,Z" "-v" "/var/lib/crater-agent-workspace/cargo-home:/opt/rustwide/cargo-home:ro,Z" "-v" "/var/lib/crater-agent-workspace/rustup-home:/opt/rustwide/rustup-home:ro,Z" "-m" "1610612736" "--network" "none" "ghcr.io/rust-lang/crates-build-env/linux@sha256:77db811e55d90add9212f6832c23229e3de5f1c1f9905e8cb07319ea15df73ac" "sleep" "infinity", kill_on_drop: false }`
[INFO] [stdout] f9b3f0d20b63c6f5d56d893891caf4d7ed55c7da5dc5c4d8bc0d925fa33bfd55
[INFO] running `Command { std: "docker" "start" "f9b3f0d20b63c6f5d56d893891caf4d7ed55c7da5dc5c4d8bc0d925fa33bfd55", kill_on_drop: false }`
[INFO] running `Command { std: "docker" "inspect" "f9b3f0d20b63c6f5d56d893891caf4d7ed55c7da5dc5c4d8bc0d925fa33bfd55", kill_on_drop: false }`
[INFO] running `Command { std: "docker" "exec" "-e" "SOURCE_DIR=/opt/rustwide/workdir" "-e" "CARGO_HOME=/opt/rustwide/cargo-home" "-e" "RUSTUP_HOME=/opt/rustwide/rustup-home" "-e" "CARGO_TARGET_DIR=/opt/rustwide/target" "-w" "/opt/rustwide/workdir" "--user" "0:0" "f9b3f0d20b63c6f5d56d893891caf4d7ed55c7da5dc5c4d8bc0d925fa33bfd55" "/opt/rustwide/cargo-home/bin/cargo" "+1.99.0-beta.8" "metadata" "--no-deps" "--format-version=1", kill_on_drop: false }`
[INFO] running `Command { std: "docker" "inspect" "f9b3f0d20b63c6f5d56d893891caf4d7ed55c7da5dc5c4d8bc0d925fa33bfd55", kill_on_drop: false }`
[INFO] running `Command { std: "docker" "exec" "-e" "SOURCE_DIR=/opt/rustwide/workdir" "-e" "CARGO_HOME=/opt/rustwide/cargo-home" "-e" "RUSTUP_HOME=/opt/rustwide/rustup-home" "-e" "CARGO_TARGET_DIR=/opt/rustwide/target" "-e" "CARGO_INCREMENTAL=0" "-e" "RUST_BACKTRACE=full" "-e" "RUSTFLAGS=--cap-lints=warn" "-e" "RUSTDOCFLAGS=--cap-lints=warn" "-w" "/opt/rustwide/workdir" "--user" "0:0" "f9b3f0d20b63c6f5d56d893891caf4d7ed55c7da5dc5c4d8bc0d925fa33bfd55" "/opt/rustwide/cargo-home/bin/cargo" "+1.99.0-beta.8" "build" "--frozen" "--message-format=json" "--release", kill_on_drop: false }`
[INFO] [stderr] warning: Cargo.toml: file `/opt/rustwide/workdir/src/main.rs` found to be present in multiple build targets:
[INFO] [stderr]   * `lib` target `main`
[INFO] [stderr]   * `bin` target `secure-actix-web-server`
[INFO] [stderr] warning: `secure-actix-web-server` (manifest) generated 1 warning
[INFO] [stderr]    Compiling libc v0.2.159
[INFO] [stderr]    Compiling proc-macro2 v1.0.87
[INFO] [stderr]    Compiling once_cell v1.20.2
[INFO] [stderr]    Compiling log v0.4.22
[INFO] [stderr]    Compiling pin-project-lite v0.2.14
[INFO] [stderr]    Compiling bytes v1.7.2
[INFO] [stderr]    Compiling smallvec v1.13.2
[INFO] [stderr]    Compiling pkg-config v0.3.31
[INFO] [stderr]    Compiling itoa v1.0.11
[INFO] [stderr]    Compiling tracing-core v0.1.32
[INFO] [stderr]    Compiling thiserror v1.0.64
[INFO] [stderr]    Compiling serde v1.0.210
[INFO] [stderr]    Compiling futures-task v0.3.31
[INFO] [stderr]    Compiling hashbrown v0.15.0
[INFO] [stderr]    Compiling bitflags v2.6.0
[INFO] [stderr]    Compiling futures-util v0.3.31
[INFO] [stderr]    Compiling quote v1.0.37
[INFO] [stderr]    Compiling getrandom v0.2.15
[INFO] [stderr]    Compiling jobserver v0.1.32
[INFO] [stderr]    Compiling syn v2.0.79
[INFO] [stderr]    Compiling parking_lot_core v0.9.10
[INFO] [stderr]    Compiling socket2 v0.5.7
[INFO] [stderr]    Compiling signal-hook-registry v1.4.2
[INFO] [stderr]    Compiling cc v1.1.28
[INFO] [stderr]    Compiling parking_lot v0.12.3
[INFO] [stderr]    Compiling mio v1.0.2
[INFO] [stderr]    Compiling tracing v0.1.40
[INFO] [stderr]    Compiling tokio v1.40.0
[INFO] [stderr]    Compiling http v0.2.12
[INFO] [stderr]    Compiling httparse v1.9.5
[INFO] [stderr]    Compiling indexmap v2.6.0
[INFO] [stderr]    Compiling ahash v0.7.8
[INFO] [stderr]    Compiling rustls v0.20.9
[INFO] [stderr]    Compiling ucd-trie v0.1.7
[INFO] [stderr]    Compiling openssl v0.10.66
[INFO] [stderr]    Compiling tinyvec v1.8.0
[INFO] [stderr]    Compiling aho-corasick v1.1.3
[INFO] [stderr]    Compiling ring v0.17.8
[INFO] [stderr]    Compiling openssl-sys v0.9.103
[INFO] [stderr]    Compiling ring v0.16.20
[INFO] [stderr]    Compiling zstd-sys v2.0.13+zstd.1.5.6
[INFO] [stderr]    Compiling zstd-safe v7.2.1
[INFO] [stderr]    Compiling native-tls v0.2.12
[INFO] [stderr]    Compiling regex-syntax v0.8.5
[INFO] [stderr]    Compiling ryu v1.0.18
[INFO] [stderr]    Compiling rustls v0.21.12
[INFO] [stderr]    Compiling unicode-normalization v0.1.24
[INFO] [stderr]    Compiling tokio-util v0.7.12
[INFO] [stderr]    Compiling serde_derive v1.0.210
[INFO] [stderr]    Compiling thiserror-impl v1.0.64
[INFO] [stderr]    Compiling zerocopy-derive v0.7.35
[INFO] [stderr]    Compiling zerocopy v0.7.35
[INFO] [stderr]    Compiling h2 v0.3.26
[INFO] [stderr]    Compiling pest v2.7.13
[INFO] [stderr]    Compiling openssl-macros v0.1.1
[INFO] [stderr]    Compiling actix-macros v0.2.4
[INFO] [stderr]    Compiling actix-rt v2.10.0
[INFO] [stderr]    Compiling pest_meta v2.7.13
[INFO] [stderr]    Compiling ppv-lite86 v0.2.20
[INFO] [stderr]    Compiling regex-automata v0.4.8
[INFO] [stderr]    Compiling http-body v0.4.6
[INFO] [stderr]    Compiling actix-service v2.0.2
[INFO] [stderr]    Compiling actix-utils v3.0.1
[INFO] [stderr]    Compiling rand_core v0.6.4
[INFO] [stderr]    Compiling futures-channel v0.3.31
[INFO] [stderr]    Compiling unicode-bidi v0.3.17
[INFO] [stderr]    Compiling adler2 v2.0.0
[INFO] [stderr]    Compiling serde_json v1.0.128
[INFO] [stderr]    Compiling sct v0.7.1
[INFO] [stderr]    Compiling webpki v0.22.4
[INFO] [stderr]    Compiling rustls-webpki v0.101.7
[INFO] [stderr]    Compiling regex v1.11.0
[INFO] [stderr]    Compiling webpki-roots v0.22.6
[INFO] [stderr]    Compiling bytestring v1.3.1
[INFO] [stderr]    Compiling idna v0.5.0
[INFO] [stderr]    Compiling tokio-rustls v0.23.4
[INFO] [stderr]    Compiling miniz_oxide v0.8.0
[INFO] [stderr]    Compiling time-macros v0.2.18
[INFO] [stderr]    Compiling hyper v0.14.30
[INFO] [stderr]    Compiling rand_chacha v0.3.1
[INFO] [stderr]    Compiling hashbrown v0.12.3
[INFO] [stderr]    Compiling digest v0.10.7
[INFO] [stderr]    Compiling pest_generator v2.7.13
[INFO] [stderr]    Compiling brotli-decompressor v4.0.1
[INFO] [stderr]    Compiling crc32fast v1.4.2
[INFO] [stderr]    Compiling encoding_rs v0.8.34
[INFO] [stderr]    Compiling impl-more v0.1.6
[INFO] [stderr]    Compiling dlv-list v0.3.0
[INFO] [stderr]    Compiling convert_case v0.4.0
[INFO] [stderr]    Compiling cpufeatures v0.2.14
[INFO] [stderr]    Compiling regex-lite v0.1.6
[INFO] [stderr]    Compiling actix-router v0.5.3
[INFO] [stderr]    Compiling sha1 v0.10.6
[INFO] [stderr]    Compiling derive_more v0.99.18
[INFO] [stderr]    Compiling ordered-multimap v0.4.3
[INFO] [stderr]    Compiling time v0.3.36
[INFO] [stderr]    Compiling actix-tls v3.4.0
[INFO] [stderr]    Compiling brotli v6.0.0
[INFO] [stderr]    Compiling flate2 v1.0.34
[INFO] [stderr]    Compiling pest_derive v2.7.13
[INFO] [stderr]    Compiling rand v0.8.5
[INFO] [stderr]    Compiling ahash v0.8.11
[INFO] [stderr]    Compiling tokio-rustls v0.24.1
[INFO] [stderr]    Compiling url v2.5.2
[INFO] [stderr]    Compiling tokio-native-tls v0.3.1
[INFO] [stderr]    Compiling serde_urlencoded v0.7.1
[INFO] [stderr]    Compiling actix-codec v0.5.2
[INFO] [stderr]    Compiling linked-hash-map v0.5.6
[INFO] [stderr]    Compiling ron v0.7.1
[INFO] [stderr]    Compiling yaml-rust v0.4.5
[INFO] [stderr]    Compiling hyper-tls v0.5.0
[INFO] [stderr]    Compiling hyper-rustls v0.24.2
[INFO] [stderr]    Compiling cookie v0.16.2
[INFO] [stderr]    Compiling json5 v0.4.1
[INFO] [stderr]    Compiling rust-ini v0.18.0
[INFO] [stderr]    Compiling actix-web-codegen v4.3.0
[INFO] [stderr]    Compiling actix-server v2.5.0
[INFO] [stderr]    Compiling toml v0.5.11
[INFO] [stderr]    Compiling async-trait v0.1.83
[INFO] [stderr]    Compiling is-terminal v0.4.13
[INFO] [stderr]    Compiling ipnet v2.10.1
[INFO] [stderr]    Compiling humantime v2.1.0
[INFO] [stderr]    Compiling pathdiff v0.2.1
[INFO] [stderr]    Compiling env_logger v0.10.2
[INFO] [stderr]    Compiling reqwest v0.11.27
[INFO] [stderr]    Compiling config v0.13.4
[INFO] [stderr]    Compiling num_cpus v1.16.0
[INFO] [stderr]    Compiling zstd v0.13.2
[INFO] [stderr]    Compiling actix-http v3.9.0
[INFO] [stderr]    Compiling actix-web v4.9.0
[INFO] [stderr]    Compiling secure-actix-web-server v0.1.0 (/opt/rustwide/workdir)
[INFO] [stderr]     Finished `release` profile [optimized] target(s) in 6m 25s
[INFO] running `Command { std: "docker" "inspect" "f9b3f0d20b63c6f5d56d893891caf4d7ed55c7da5dc5c4d8bc0d925fa33bfd55", kill_on_drop: false }`
[INFO] running `Command { std: "docker" "exec" "-e" "SOURCE_DIR=/opt/rustwide/workdir" "-e" "CARGO_HOME=/opt/rustwide/cargo-home" "-e" "RUSTUP_HOME=/opt/rustwide/rustup-home" "-e" "CARGO_TARGET_DIR=/opt/rustwide/target" "-e" "CARGO_INCREMENTAL=0" "-e" "RUST_BACKTRACE=full" "-e" "RUSTFLAGS=--cap-lints=warn" "-e" "RUSTDOCFLAGS=--cap-lints=warn" "-w" "/opt/rustwide/workdir" "--user" "0:0" "f9b3f0d20b63c6f5d56d893891caf4d7ed55c7da5dc5c4d8bc0d925fa33bfd55" "/opt/rustwide/cargo-home/bin/cargo" "+1.99.0-beta.8" "test" "--frozen" "--no-run" "--message-format=json" "--release", kill_on_drop: false }`
[INFO] [stderr] warning: Cargo.toml: file `/opt/rustwide/workdir/src/main.rs` found to be present in multiple build targets:
[INFO] [stderr]   * `lib` target `main`
[INFO] [stderr]   * `bin` target `secure-actix-web-server`
[INFO] [stderr] warning: `secure-actix-web-server` (manifest) generated 1 warning
[INFO] [stderr]    Compiling secure-actix-web-server v0.1.0 (/opt/rustwide/workdir)
[INFO] [stderr]     Finished `release` profile [optimized] target(s) in 6.02s
[INFO] running `Command { std: "docker" "inspect" "f9b3f0d20b63c6f5d56d893891caf4d7ed55c7da5dc5c4d8bc0d925fa33bfd55", kill_on_drop: false }`
[INFO] running `Command { std: "docker" "exec" "-e" "SOURCE_DIR=/opt/rustwide/workdir" "-e" "CARGO_HOME=/opt/rustwide/cargo-home" "-e" "RUSTUP_HOME=/opt/rustwide/rustup-home" "-e" "CARGO_TARGET_DIR=/opt/rustwide/target" "-e" "CARGO_INCREMENTAL=0" "-e" "RUST_BACKTRACE=full" "-e" "RUSTFLAGS=--cap-lints=warn" "-e" "RUSTDOCFLAGS=--cap-lints=warn" "-w" "/opt/rustwide/workdir" "--user" "0:0" "f9b3f0d20b63c6f5d56d893891caf4d7ed55c7da5dc5c4d8bc0d925fa33bfd55" "/opt/rustwide/cargo-home/bin/cargo" "+1.99.0-beta.8" "test" "--frozen" "--release", kill_on_drop: false }`
[INFO] [stderr] warning: Cargo.toml: file `/opt/rustwide/workdir/src/main.rs` found to be present in multiple build targets:
[INFO] [stderr]   * `lib` target `main`
[INFO] [stderr]   * `bin` target `secure-actix-web-server`
[INFO] [stderr] warning: `secure-actix-web-server` (manifest) generated 1 warning
[INFO] [stderr]     Finished `release` profile [optimized] target(s) in 0.28s
[INFO] [stderr]      Running unittests src/main.rs (/opt/rustwide/target/release/deps/main-3f4ad728f8b63d88)
[INFO] [stdout] 
[INFO] [stdout] running 0 tests
[INFO] [stdout] 
[INFO] [stdout] test result: ok. 0 passed; 0 failed; 0 ignored; 0 measured; 0 filtered out; finished in 0.00s
[INFO] [stdout] 
[INFO] [stderr]      Running unittests src/main.rs (/opt/rustwide/target/release/deps/secure_actix_web_server-9d01422d70640b38)
[INFO] [stdout] 
[INFO] [stdout] running 0 tests
[INFO] [stdout] 
[INFO] [stdout] test result: ok. 0 passed; 0 failed; 0 ignored; 0 measured; 0 filtered out; finished in 0.00s
[INFO] [stdout] 
[INFO] [stderr]      Running tests/integration_test.rs (/opt/rustwide/target/release/deps/integration_test-528345bd5e166c74)
[INFO] [stdout] 
[INFO] [stdout] running 3 tests
[INFO] [stdout] test test_tls_config ... FAILED
[INFO] [stderr] warning: Cargo.toml: file `/opt/rustwide/workdir/src/main.rs` found to be present in multiple build targets:
[INFO] [stderr]   * `lib` target `main`
[INFO] [stderr]   * `bin` target `secure-actix-web-server`
[INFO] [stderr] warning: `secure-actix-web-server` (manifest) generated 1 warning
[INFO] [stderr] error: no bin target named `your_binary_name` in default-run packages
[INFO] [stderr] help: available bin targets:
[INFO] [stderr]     secure-actix-web-server
[INFO] [stdout] test test_server_error_handling ... ok
[INFO] [stderr] error: test failed, to rerun pass `--test integration_test`
[INFO] [stdout] test test_server_integration ... FAILED
[INFO] [stdout] 
[INFO] [stdout] failures:
[INFO] [stdout] 
[INFO] [stdout] ---- test_tls_config stdout ----
[INFO] [stdout] 
[INFO] [stdout] thread 'test_tls_config' (3239) panicked at tests/integration_test.rs:85:5:
[INFO] [stdout] Failed to load TLS configuration
[INFO] [stdout] stack backtrace:
[INFO] [stdout]    0:     0x630c9912a421 - <<std[70759c8f55707aa4]::sys::backtrace::BacktraceLock>::print::DisplayBacktrace as core[df12db4294e9bfd3]::fmt::Display>::fmt
[INFO] [stdout]    1:     0x630c9914181a - core[df12db4294e9bfd3]::fmt::write
[INFO] [stdout]    2:     0x630c9912ef5c - <alloc[2182bb758b4b3781]::vec::Vec<u8> as core[df12db4294e9bfd3]::io::write::Write>::write_fmt
[INFO] [stdout]    3:     0x630c99105406 - std[70759c8f55707aa4]::panicking::default_hook::{closure#0}
[INFO] [stdout]    4:     0x630c991222a9 - std[70759c8f55707aa4]::panicking::default_hook
[INFO] [stdout]    5:     0x630c98d492c0 - test[9d35eded1c95d3be]::test_main_inner::<test[9d35eded1c95d3be]::test_main_static::{closure#0}>::{closure#0}
[INFO] [stdout]    6:     0x630c991225d2 - std[70759c8f55707aa4]::panicking::panic_with_hook
[INFO] [stdout]    7:     0x630c991054e4 - std[70759c8f55707aa4]::panicking::panic_handler::{closure#0}
[INFO] [stdout]    8:     0x630c990fdf19 - std[70759c8f55707aa4]::sys::backtrace::__rust_end_short_backtrace::<std[70759c8f55707aa4]::panicking::panic_handler::{closure#0}, !>
[INFO] [stdout]    9:     0x630c9910633d - __rustc[8fa7c3cbc660c2b3]::rust_begin_unwind
[INFO] [stdout]   10:     0x630c99141ffc - core[df12db4294e9bfd3]::panicking::panic_fmt
[INFO] [stdout]   11:     0x630c98d15859 - <std[70759c8f55707aa4]::thread::local::LocalKey<tokio[e6047680a7746356]::task::local::LocalData>>::with::<<tokio[e6047680a7746356]::task::local::LocalSet>::with<core[df12db4294e9bfd3]::task::poll::Poll<()>, <tokio[e6047680a7746356]::task::local::RunUntil<integration_test[20c73ecfce532b06]::test_tls_config::{closure#0}> as core[df12db4294e9bfd3]::future::future::Future>::poll::{closure#0}>::{closure#0}, core[df12db4294e9bfd3]::task::poll::Poll<()>>
[INFO] [stdout]   12:     0x630c98d1afbc - <tokio[e6047680a7746356]::runtime::scheduler::current_thread::Context>::enter::<core[df12db4294e9bfd3]::task::poll::Poll<()>, <tokio[e6047680a7746356]::runtime::scheduler::current_thread::CoreGuard>::block_on<core[df12db4294e9bfd3]::pin::Pin<&mut <tokio[e6047680a7746356]::task::local::LocalSet>::run_until<integration_test[20c73ecfce532b06]::test_tls_config::{closure#0}>::{closure#0}>>::{closure#0}::{closure#0}>
[INFO] [stdout]   13:     0x630c98d330f2 - <tokio[e6047680a7746356]::runtime::context::scoped::Scoped<tokio[e6047680a7746356]::runtime::scheduler::Context>>::set::<<tokio[e6047680a7746356]::runtime::scheduler::current_thread::CoreGuard>::enter<<tokio[e6047680a7746356]::runtime::scheduler::current_thread::CoreGuard>::block_on<core[df12db4294e9bfd3]::pin::Pin<&mut <tokio[e6047680a7746356]::task::local::LocalSet>::run_until<integration_test[20c73ecfce532b06]::test_tls_config::{closure#0}>::{closure#0}>>::{closure#0}, core[df12db4294e9bfd3]::option::Option<()>>::{closure#0}, (alloc[2182bb758b4b3781]::boxed::Box<tokio[e6047680a7746356]::runtime::scheduler::current_thread::Core>, core[df12db4294e9bfd3]::option::Option<()>)>
[INFO] [stdout]   14:     0x630c98d1b6d5 - <tokio[e6047680a7746356]::runtime::scheduler::current_thread::CoreGuard>::block_on::<core[df12db4294e9bfd3]::pin::Pin<&mut <tokio[e6047680a7746356]::task::local::LocalSet>::run_until<integration_test[20c73ecfce532b06]::test_tls_config::{closure#0}>::{closure#0}>>
[INFO] [stdout]   15:     0x630c98d2f3d1 - tokio[e6047680a7746356]::runtime::context::runtime::enter_runtime::<<tokio[e6047680a7746356]::runtime::scheduler::current_thread::CurrentThread>::block_on<<tokio[e6047680a7746356]::task::local::LocalSet>::run_until<integration_test[20c73ecfce532b06]::test_tls_config::{closure#0}>::{closure#0}>::{closure#0}, ()>
[INFO] [stdout]   16:     0x630c98d2632f - <tokio[e6047680a7746356]::runtime::runtime::Runtime>::block_on_inner::<<tokio[e6047680a7746356]::task::local::LocalSet>::run_until<integration_test[20c73ecfce532b06]::test_tls_config::{closure#0}>::{closure#0}>
[INFO] [stdout]   17:     0x630c98d3c428 - <integration_test[20c73ecfce532b06]::test_tls_config::{closure#0} as core[df12db4294e9bfd3]::ops::function::FnOnce<()>>::call_once
[INFO] [stdout]   18:     0x630c98d3c5ab - test[9d35eded1c95d3be]::__rust_begin_short_backtrace::<core[df12db4294e9bfd3]::result::Result<(), alloc[2182bb758b4b3781]::string::String>, fn() -> core[df12db4294e9bfd3]::result::Result<(), alloc[2182bb758b4b3781]::string::String>>
[INFO] [stdout]   19:     0x630c98d49c15 - test[9d35eded1c95d3be]::run_test::{closure#0}
[INFO] [stdout]   20:     0x630c98d434d4 - std[70759c8f55707aa4]::sys::backtrace::__rust_begin_short_backtrace::<test[9d35eded1c95d3be]::run_test::{closure#1}, ()>
[INFO] [stdout]   21:     0x630c98d4cd72 - <std[70759c8f55707aa4]::thread::lifecycle::spawn_unchecked<test[9d35eded1c95d3be]::run_test::{closure#1}, ()>::{closure#1} as core[df12db4294e9bfd3]::ops::function::FnOnce<()>>::call_once::{shim:vtable#0}
[INFO] [stdout]   22:     0x630c99129949 - <std[70759c8f55707aa4]::sys::thread::unix::Thread>::new::thread_start
[INFO] [stdout]   23:     0x7807b150edfa - <unknown>
[INFO] [stdout]   24:     0x7807b15a23d4 - clone
[INFO] [stdout]   25:                0x0 - <unknown>
[INFO] [stdout] 
[INFO] [stdout] ---- test_server_integration stdout ----
[INFO] [stdout] 
[INFO] [stdout] thread 'test_server_integration' (3238) panicked at tests/integration_test.rs:28:31:
[INFO] [stdout] Failed to load TLS config: Os { code: 2, kind: NotFound, message: "No such file or directory" }
[INFO] [stdout] stack backtrace:
[INFO] [stdout]    0:     0x630c9912a421 - <<std[70759c8f55707aa4]::sys::backtrace::BacktraceLock>::print::DisplayBacktrace as core[df12db4294e9bfd3]::fmt::Display>::fmt
[INFO] [stdout]    1:     0x630c9914181a - core[df12db4294e9bfd3]::fmt::write
[INFO] [stdout]    2:     0x630c9912ef5c - <alloc[2182bb758b4b3781]::vec::Vec<u8> as core[df12db4294e9bfd3]::io::write::Write>::write_fmt
[INFO] [stdout]    3:     0x630c99105406 - std[70759c8f55707aa4]::panicking::default_hook::{closure#0}
[INFO] [stdout]    4:     0x630c991222a9 - std[70759c8f55707aa4]::panicking::default_hook
[INFO] [stdout]    5:     0x630c98d492c0 - test[9d35eded1c95d3be]::test_main_inner::<test[9d35eded1c95d3be]::test_main_static::{closure#0}>::{closure#0}
[INFO] [stdout]    6:     0x630c991225d2 - std[70759c8f55707aa4]::panicking::panic_with_hook
[INFO] [stdout]    7:     0x630c991054b2 - std[70759c8f55707aa4]::panicking::panic_handler::{closure#0}
[INFO] [stdout]    8:     0x630c990fdf19 - std[70759c8f55707aa4]::sys::backtrace::__rust_end_short_backtrace::<std[70759c8f55707aa4]::panicking::panic_handler::{closure#0}, !>
[INFO] [stdout]    9:     0x630c9910633d - __rustc[8fa7c3cbc660c2b3]::rust_begin_unwind
[INFO] [stdout]   10:     0x630c99141ffc - core[df12db4294e9bfd3]::panicking::panic_fmt
[INFO] [stdout]   11:     0x630c99141dd2 - core[df12db4294e9bfd3]::result::unwrap_failed
[INFO] [stdout]   12:     0x630c98d16c08 - <std[70759c8f55707aa4]::thread::local::LocalKey<tokio[e6047680a7746356]::task::local::LocalData>>::with::<<tokio[e6047680a7746356]::task::local::LocalSet>::with<core[df12db4294e9bfd3]::task::poll::Poll<()>, <tokio[e6047680a7746356]::task::local::RunUntil<integration_test[20c73ecfce532b06]::test_server_integration::{closure#0}> as core[df12db4294e9bfd3]::future::future::Future>::poll::{closure#0}>::{closure#0}, core[df12db4294e9bfd3]::task::poll::Poll<()>>
[INFO] [stdout]   13:     0x630c98d3c373 - <core[df12db4294e9bfd3]::pin::Pin<&mut <tokio[e6047680a7746356]::task::local::LocalSet>::run_until<integration_test[20c73ecfce532b06]::test_server_integration::{closure#0}>::{closure#0}> as core[df12db4294e9bfd3]::future::future::Future>::poll
[INFO] [stdout]   14:     0x630c98d1b17f - <tokio[e6047680a7746356]::runtime::scheduler::current_thread::Context>::enter::<core[df12db4294e9bfd3]::task::poll::Poll<()>, <tokio[e6047680a7746356]::runtime::scheduler::current_thread::CoreGuard>::block_on<core[df12db4294e9bfd3]::pin::Pin<&mut <tokio[e6047680a7746356]::task::local::LocalSet>::run_until<integration_test[20c73ecfce532b06]::test_server_integration::{closure#0}>::{closure#0}>>::{closure#0}::{closure#0}>
[INFO] [stdout]   15:     0x630c98d33272 - <tokio[e6047680a7746356]::runtime::context::scoped::Scoped<tokio[e6047680a7746356]::runtime::scheduler::Context>>::set::<<tokio[e6047680a7746356]::runtime::scheduler::current_thread::CoreGuard>::enter<<tokio[e6047680a7746356]::runtime::scheduler::current_thread::CoreGuard>::block_on<core[df12db4294e9bfd3]::pin::Pin<&mut <tokio[e6047680a7746356]::task::local::LocalSet>::run_until<integration_test[20c73ecfce532b06]::test_server_integration::{closure#0}>::{closure#0}>>::{closure#0}, core[df12db4294e9bfd3]::option::Option<()>>::{closure#0}, (alloc[2182bb758b4b3781]::boxed::Box<tokio[e6047680a7746356]::runtime::scheduler::current_thread::Core>, core[df12db4294e9bfd3]::option::Option<()>)>
[INFO] [stdout]   16:     0x630c98d1b8a5 - <tokio[e6047680a7746356]::runtime::scheduler::current_thread::CoreGuard>::block_on::<core[df12db4294e9bfd3]::pin::Pin<&mut <tokio[e6047680a7746356]::task::local::LocalSet>::run_until<integration_test[20c73ecfce532b06]::test_server_integration::{closure#0}>::{closure#0}>>
[INFO] [stdout]   17:     0x630c98d2f771 - tokio[e6047680a7746356]::runtime::context::runtime::enter_runtime::<<tokio[e6047680a7746356]::runtime::scheduler::current_thread::CurrentThread>::block_on<<tokio[e6047680a7746356]::task::local::LocalSet>::run_until<integration_test[20c73ecfce532b06]::test_server_integration::{closure#0}>::{closure#0}>::{closure#0}, ()>
[INFO] [stdout]   18:     0x630c98d26410 - <tokio[e6047680a7746356]::runtime::runtime::Runtime>::block_on_inner::<<tokio[e6047680a7746356]::task::local::LocalSet>::run_until<integration_test[20c73ecfce532b06]::test_server_integration::{closure#0}>::{closure#0}>
[INFO] [stdout]   19:     0x630c98d3c4a6 - <integration_test[20c73ecfce532b06]::test_server_integration::{closure#0} as core[df12db4294e9bfd3]::ops::function::FnOnce<()>>::call_once
[INFO] [stdout]   20:     0x630c98d3c5ab - test[9d35eded1c95d3be]::__rust_begin_short_backtrace::<core[df12db4294e9bfd3]::result::Result<(), alloc[2182bb758b4b3781]::string::String>, fn() -> core[df12db4294e9bfd3]::result::Result<(), alloc[2182bb758b4b3781]::string::String>>
[INFO] [stdout]   21:     0x630c98d49c15 - test[9d35eded1c95d3be]::run_test::{closure#0}
[INFO] [stdout]   22:     0x630c98d434d4 - std[70759c8f55707aa4]::sys::backtrace::__rust_begin_short_backtrace::<test[9d35eded1c95d3be]::run_test::{closure#1}, ()>
[INFO] [stdout]   23:     0x630c98d4cd72 - <std[70759c8f55707aa4]::thread::lifecycle::spawn_unchecked<test[9d35eded1c95d3be]::run_test::{closure#1}, ()>::{closure#1} as core[df12db4294e9bfd3]::ops::function::FnOnce<()>>::call_once::{shim:vtable#0}
[INFO] [stdout]   24:     0x630c99129949 - <std[70759c8f55707aa4]::sys::thread::unix::Thread>::new::thread_start
[INFO] [stdout]   25:     0x7807b150edfa - <unknown>
[INFO] [stdout]   26:     0x7807b15a23d4 - clone
[INFO] [stdout]   27:                0x0 - <unknown>
[INFO] [stdout] 
[INFO] [stdout] 
[INFO] [stdout] failures:
[INFO] [stdout]     test_server_integration
[INFO] [stdout]     test_tls_config
[INFO] [stdout] 
[INFO] [stdout] test result: FAILED. 1 passed; 2 failed; 0 ignored; 0 measured; 0 filtered out; finished in 2.01s
[INFO] [stdout] 
[INFO] running `Command { std: "docker" "inspect" "f9b3f0d20b63c6f5d56d893891caf4d7ed55c7da5dc5c4d8bc0d925fa33bfd55", kill_on_drop: false }`
[INFO] running `Command { std: "docker" "rm" "-f" "f9b3f0d20b63c6f5d56d893891caf4d7ed55c7da5dc5c4d8bc0d925fa33bfd55", kill_on_drop: false }`
[INFO] [stdout] f9b3f0d20b63c6f5d56d893891caf4d7ed55c7da5dc5c4d8bc0d925fa33bfd55
