[INFO] cloning repository https://github.com/Gh7-Dev/chamaVault_product
[INFO] running `Command { std: "git" "-c" "credential.helper=" "-c" "credential.helper=/workspace/cargo-home/bin/git-credential-null" "clone" "--bare" "https://github.com/Gh7-Dev/chamaVault_product" "/workspace/cache/git-repos/https%3A%2F%2Fgithub.com%2FGh7-Dev%2FchamaVault_product", kill_on_drop: false }`
[INFO] [stderr] Cloning into bare repository '/workspace/cache/git-repos/https%3A%2F%2Fgithub.com%2FGh7-Dev%2FchamaVault_product'...
[INFO] running `Command { std: "git" "rev-parse" "HEAD", kill_on_drop: false }`
[INFO] [stdout] 6558e64f8ee3c7bf7a7a25ebc2dac56ff2ac4c19
[INFO] testing Gh7-Dev/chamaVault_product/6558e64f8ee3c7bf7a7a25ebc2dac56ff2ac4c19 against 1.100.0-beta.1+cargoflags=--release for beta-release-1.100-2
[INFO] running `Command { std: "git" "clone" "/workspace/cache/git-repos/https%3A%2F%2Fgithub.com%2FGh7-Dev%2FchamaVault_product" "/workspace/builds/worker-2-tc2/source", kill_on_drop: false }`
[INFO] [stderr] Cloning into '/workspace/builds/worker-2-tc2/source'...
[INFO] [stderr] done.
[INFO] started tweaking git repo https://github.com/Gh7-Dev/chamaVault_product
[INFO] finished tweaking git repo https://github.com/Gh7-Dev/chamaVault_product
[INFO] tweaked toml for git repo https://github.com/Gh7-Dev/chamaVault_product written to /workspace/builds/worker-2-tc2/source/Cargo.toml
[INFO] validating manifest of git repo https://github.com/Gh7-Dev/chamaVault_product on toolchain 1.100.0-beta.1
[INFO] running `Command { std: CARGO_HOME="/workspace/cargo-home" RUSTUP_HOME="/workspace/rustup-home" "/workspace/cargo-home/bin/cargo" "+1.100.0-beta.1" "metadata" "--manifest-path" "Cargo.toml" "--no-deps", kill_on_drop: false }`
[INFO] crate git repo https://github.com/Gh7-Dev/chamaVault_product already has a lockfile, it will not be regenerated
[INFO] running `Command { std: CARGO_HOME="/workspace/cargo-home" RUSTUP_HOME="/workspace/rustup-home" "/workspace/cargo-home/bin/cargo" "+1.100.0-beta.1" "fetch" "--manifest-path" "Cargo.toml", kill_on_drop: false }`
[INFO] running `Command { std: "docker" "create" "-v" "/var/lib/crater-agent-workspace/builds/worker-2-tc2/source:/opt/rustwide/workdir:ro,Z" "-v" "/var/lib/crater-agent-workspace/builds/worker-2-tc2/target:/opt/rustwide/target:rw,Z" "-v" "/var/lib/crater-agent-workspace/cargo-home:/opt/rustwide/cargo-home:ro,Z" "-v" "/var/lib/crater-agent-workspace/rustup-home:/opt/rustwide/rustup-home:ro,Z" "-m" "1610612736" "--network" "none" "ghcr.io/rust-lang/crates-build-env/linux@sha256:77db811e55d90add9212f6832c23229e3de5f1c1f9905e8cb07319ea15df73ac" "sleep" "infinity", kill_on_drop: false }`
[INFO] [stdout] c41eaa70f07dd996d7d27e44a52c66600798d5a15d803707d77cd93e77363a90
[INFO] running `Command { std: "docker" "start" "c41eaa70f07dd996d7d27e44a52c66600798d5a15d803707d77cd93e77363a90", kill_on_drop: false }`
[INFO] running `Command { std: "docker" "inspect" "c41eaa70f07dd996d7d27e44a52c66600798d5a15d803707d77cd93e77363a90", kill_on_drop: false }`
[INFO] running `Command { std: "docker" "exec" "-e" "SOURCE_DIR=/opt/rustwide/workdir" "-e" "CARGO_HOME=/opt/rustwide/cargo-home" "-e" "RUSTUP_HOME=/opt/rustwide/rustup-home" "-e" "CARGO_TARGET_DIR=/opt/rustwide/target" "-w" "/opt/rustwide/workdir" "--user" "0:0" "c41eaa70f07dd996d7d27e44a52c66600798d5a15d803707d77cd93e77363a90" "/opt/rustwide/cargo-home/bin/cargo" "+1.100.0-beta.1" "metadata" "--no-deps" "--format-version=1", kill_on_drop: false }`
[INFO] running `Command { std: "docker" "inspect" "c41eaa70f07dd996d7d27e44a52c66600798d5a15d803707d77cd93e77363a90", kill_on_drop: false }`
[INFO] running `Command { std: "docker" "exec" "-e" "SOURCE_DIR=/opt/rustwide/workdir" "-e" "CARGO_HOME=/opt/rustwide/cargo-home" "-e" "RUSTUP_HOME=/opt/rustwide/rustup-home" "-e" "CARGO_TARGET_DIR=/opt/rustwide/target" "-e" "CARGO_INCREMENTAL=0" "-e" "RUST_BACKTRACE=full" "-e" "RUSTFLAGS=--cap-lints=warn" "-e" "RUSTDOCFLAGS=--cap-lints=warn" "-w" "/opt/rustwide/workdir" "--user" "0:0" "c41eaa70f07dd996d7d27e44a52c66600798d5a15d803707d77cd93e77363a90" "/opt/rustwide/cargo-home/bin/cargo" "+1.100.0-beta.1" "build" "--frozen" "--message-format=json" "--release", kill_on_drop: false }`
[INFO] [stderr]    Compiling proc-macro2 v1.0.106
[INFO] [stderr]    Compiling quote v1.0.46
[INFO] [stderr]    Compiling unicode-ident v1.0.24
[INFO] [stderr]    Compiling version_check v0.9.5
[INFO] [stderr]    Compiling zmij v1.0.21
[INFO] [stderr]    Compiling serde_core v1.0.228
[INFO] [stderr]    Compiling serde v1.0.228
[INFO] [stderr]    Compiling serde_json v1.0.150
[INFO] [stderr]    Compiling memchr v2.8.2
[INFO] [stderr]    Compiling itoa v1.0.18
[INFO] [stderr]    Compiling cfg-if v1.0.4
[INFO] [stderr]    Compiling typenum v1.20.1
[INFO] [stderr]    Compiling subtle v2.6.1
[INFO] [stderr]    Compiling const-oid v0.9.6
[INFO] [stderr]    Compiling autocfg v1.5.1
[INFO] [stderr]    Compiling libc v0.2.186
[INFO] [stderr]    Compiling strsim v0.11.1
[INFO] [stderr]    Compiling ident_case v1.0.1
[INFO] [stderr]    Compiling zerocopy v0.8.52
[INFO] [stderr]    Compiling semver v1.0.28
[INFO] [stderr]    Compiling schemars v0.8.22
[INFO] [stderr]    Compiling paste v1.0.15
[INFO] [stderr]    Compiling dyn-clone v1.0.20
[INFO] [stderr]    Compiling data-encoding v2.11.0
[INFO] [stderr]    Compiling cpufeatures v0.2.17
[INFO] [stderr]    Compiling escape-bytes v0.1.1
[INFO] [stderr]    Compiling ethnum v1.5.3
[INFO] [stderr]    Compiling base16ct v0.2.0
[INFO] [stderr]    Compiling arrayvec v0.7.8
[INFO] [stderr]    Compiling generic-array v0.14.9
[INFO] [stderr]    Compiling num-traits v0.2.19
[INFO] [stderr]    Compiling rustc_version v0.4.1
[INFO] [stderr]    Compiling ahash v0.8.12
[INFO] [stderr]    Compiling either v1.16.0
[INFO] [stderr]    Compiling libm v0.2.16
[INFO] [stderr]    Compiling itertools v0.13.0
[INFO] [stderr]    Compiling allocator-api2 v0.2.21
[INFO] [stderr]    Compiling once_cell v1.21.4
[INFO] [stderr]    Compiling equivalent v1.0.2
[INFO] [stderr]    Compiling hashbrown v0.17.1
[INFO] [stderr]    Compiling syn v2.0.118
[INFO] [stderr]    Compiling thiserror v1.0.69
[INFO] [stderr]    Compiling curve25519-dalek v4.1.3
[INFO] [stderr]    Compiling downcast-rs v1.2.1
[INFO] [stderr]    Compiling fnv v1.0.7
[INFO] [stderr]    Compiling prettyplease v0.2.37
[INFO] [stderr]    Compiling hashbrown v0.15.5
[INFO] [stderr]    Compiling indexmap-nostd v0.4.0
[INFO] [stderr]    Compiling num-integer v0.1.46
[INFO] [stderr]    Compiling wasmparser-nostd v0.100.2
[INFO] [stderr]    Compiling getrandom v0.2.17
[INFO] [stderr]    Compiling rand_core v0.6.4
[INFO] [stderr]    Compiling ff v0.13.1
[INFO] [stderr]    Compiling num-bigint v0.4.6
[INFO] [stderr]    Compiling group v0.13.0
[INFO] [stderr]    Compiling indexmap v2.14.0
[INFO] [stderr]    Compiling base64 v0.22.1
[INFO] [stderr]    Compiling block-buffer v0.10.4
[INFO] [stderr]    Compiling crypto-common v0.1.6
[INFO] [stderr]    Compiling byteorder v1.5.0
[INFO] [stderr]    Compiling hex v0.4.3
[INFO] [stderr]    Compiling digest v0.10.7
[INFO] [stderr]    Compiling wasmi_arena v0.4.1
[INFO] [stderr]    Compiling wasmi_core v0.13.0
[INFO] [stderr]    Compiling sha2 v0.10.9
[INFO] [stderr]    Compiling smallvec v1.15.2
[INFO] [stderr]    Compiling spin v0.9.8
[INFO] [stderr]    Compiling heapless v0.8.0
[INFO] [stderr]    Compiling hash32 v0.3.1
[INFO] [stderr]    Compiling static_assertions v1.1.0
[INFO] [stderr]    Compiling wasmparser v0.116.1
[INFO] [stderr]    Compiling stable_deref_trait v1.2.1
[INFO] [stderr]    Compiling soroban-env-host v26.1.3
[INFO] [stderr]    Compiling keccak v0.1.6
[INFO] [stderr]    Compiling hex-literal v0.4.1
[INFO] [stderr]    Compiling heck v0.5.0
[INFO] [stderr]    Compiling soroban-wasmi v0.31.1-soroban.20.0.1
[INFO] [stderr]    Compiling darling_core v0.23.0
[INFO] [stderr]    Compiling darling_core v0.20.11
[INFO] [stderr]    Compiling macro-string v0.1.4
[INFO] [stderr]    Compiling ppv-lite86 v0.2.21
[INFO] [stderr]    Compiling rand_chacha v0.3.1
[INFO] [stderr]    Compiling serde_derive v1.0.228
[INFO] [stderr]    Compiling zeroize_derive v1.5.0
[INFO] [stderr]    Compiling cfg_eval v0.1.2
[INFO] [stderr]    Compiling enum-ordinalize-derive v4.4.1
[INFO] [stderr]    Compiling ark-serialize-derive v0.5.0
[INFO] [stderr]    Compiling ark-ff-macros v0.5.0
[INFO] [stderr]    Compiling ark-ff-asm v0.5.0
[INFO] [stderr]    Compiling num-derive v0.4.2
[INFO] [stderr]    Compiling rand v0.8.6
[INFO] [stderr]    Compiling thiserror-impl v1.0.69
[INFO] [stderr]    Compiling curve25519-dalek-derive v0.1.1
[INFO] [stderr]    Compiling soroban-builtin-sdk-macros v26.1.3
[INFO] [stderr]    Compiling enum-ordinalize v4.4.1
[INFO] [stderr]    Compiling educe v0.6.0
[INFO] [stderr]    Compiling zeroize v1.9.0
[INFO] [stderr]    Compiling der v0.7.10
[INFO] [stderr]    Compiling visibility v0.1.1
[INFO] [stderr]    Compiling bytes-lit v0.0.5
[INFO] [stderr]    Compiling ark-std v0.5.0
[INFO] [stderr]    Compiling crypto-bigint v0.5.5
[INFO] [stderr]    Compiling darling_macro v0.20.11
[INFO] [stderr]    Compiling darling v0.20.11
[INFO] [stderr]    Compiling sec1 v0.7.3
[INFO] [stderr]    Compiling ark-serialize v0.5.0
[INFO] [stderr]    Compiling signature v2.2.0
[INFO] [stderr]    Compiling hmac v0.12.1
[INFO] [stderr]    Compiling sha3 v0.10.9
[INFO] [stderr]    Compiling darling_macro v0.23.0
[INFO] [stderr]    Compiling rfc6979 v0.4.0
[INFO] [stderr]    Compiling ed25519 v2.2.3
[INFO] [stderr]    Compiling darling v0.23.0
[INFO] [stderr]    Compiling serde_with_macros v3.21.0
[INFO] [stderr]    Compiling ark-ff v0.5.0
[INFO] [stderr]    Compiling elliptic-curve v0.13.8
[INFO] [stderr]    Compiling ecdsa v0.16.9
[INFO] [stderr]    Compiling primeorder v0.13.6
[INFO] [stderr]    Compiling crate-git-revision v0.0.6
[INFO] [stderr]    Compiling k256 v0.13.4
[INFO] [stderr]    Compiling p256 v0.13.2
[INFO] [stderr]    Compiling ed25519-dalek v2.2.0
[INFO] [stderr]    Compiling stellar-strkey v0.0.13
[INFO] [stderr]    Compiling stellar-xdr v26.0.1
[INFO] [stderr]    Compiling soroban-env-common v26.1.3
[INFO] [stderr]    Compiling stellar-strkey v0.0.16
[INFO] [stderr]    Compiling soroban-sdk v26.1.0
[INFO] [stderr]    Compiling serde_with v3.21.0
[INFO] [stderr]    Compiling ark-poly v0.5.0
[INFO] [stderr]    Compiling ark-ec v0.5.0
[INFO] [stderr]    Compiling ark-bn254 v0.5.0
[INFO] [stderr]    Compiling ark-bls12-381 v0.5.0
[INFO] [stderr]    Compiling soroban-spec v26.1.0
[INFO] [stderr]    Compiling soroban-spec-rust v26.1.0
[INFO] [stderr]    Compiling soroban-env-macros v26.1.3
[INFO] [stderr]    Compiling soroban-sdk-macros v26.1.0
[INFO] [stderr]    Compiling chama_wallet v0.0.0 (/opt/rustwide/workdir/contracts/chama_wallet)
[INFO] [stdout] warning: function `verify_passkey_signature` is never used
[INFO] [stdout]    --> contracts/chama_wallet/src/lib.rs:154:4
[INFO] [stdout]     |
[INFO] [stdout] 154 | fn verify_passkey_signature(env: &Env, user: &Address, signature_payload: &Bytes, signature: &BytesN<64>) {
[INFO] [stdout]     |    ^^^^^^^^^^^^^^^^^^^^^^^^
[INFO] [stdout]     |
[INFO] [stdout]     = note: `#[warn(dead_code)]` (part of `#[warn(unused)]`) on by default
[INFO] [stdout] 
[INFO] [stdout] 
[INFO] [stderr]     Finished `release` profile [optimized] target(s) in 2m 21s
[INFO] running `Command { std: "docker" "inspect" "c41eaa70f07dd996d7d27e44a52c66600798d5a15d803707d77cd93e77363a90", kill_on_drop: false }`
[INFO] running `Command { std: "docker" "exec" "-e" "SOURCE_DIR=/opt/rustwide/workdir" "-e" "CARGO_HOME=/opt/rustwide/cargo-home" "-e" "RUSTUP_HOME=/opt/rustwide/rustup-home" "-e" "CARGO_TARGET_DIR=/opt/rustwide/target" "-e" "CARGO_INCREMENTAL=0" "-e" "RUST_BACKTRACE=full" "-e" "RUSTFLAGS=--cap-lints=warn" "-e" "RUSTDOCFLAGS=--cap-lints=warn" "-w" "/opt/rustwide/workdir" "--user" "0:0" "c41eaa70f07dd996d7d27e44a52c66600798d5a15d803707d77cd93e77363a90" "/opt/rustwide/cargo-home/bin/cargo" "+1.100.0-beta.1" "test" "--frozen" "--no-run" "--message-format=json" "--release", kill_on_drop: false }`
[INFO] [stderr]    Compiling typenum v1.20.1
[INFO] [stderr]    Compiling cfg-if v1.0.4
[INFO] [stderr]    Compiling subtle v2.6.1
[INFO] [stderr]    Compiling const-oid v0.9.6
[INFO] [stderr]    Compiling libc v0.2.186
[INFO] [stderr]    Compiling num-traits v0.2.19
[INFO] [stderr]    Compiling serde_core v1.0.228
[INFO] [stderr]    Compiling zerocopy v0.8.52
[INFO] [stderr]    Compiling zeroize v1.9.0
[INFO] [stderr]    Compiling cpufeatures v0.2.17
[INFO] [stderr]    Compiling arrayvec v0.7.8
[INFO] [stderr]    Compiling either v1.16.0
[INFO] [stderr]    Compiling base16ct v0.2.0
[INFO] [stderr]    Compiling zmij v1.0.21
[INFO] [stderr]    Compiling serde_json v1.0.150
[INFO] [stderr]    Compiling itoa v1.0.18
[INFO] [stderr]    Compiling memchr v2.8.2
[INFO] [stderr]    Compiling allocator-api2 v0.2.21
[INFO] [stderr]    Compiling once_cell v1.21.4
[INFO] [stderr]    Compiling schemars v0.8.22
[INFO] [stderr]    Compiling dyn-clone v1.0.20
[INFO] [stderr]    Compiling der v0.7.10
[INFO] [stderr]    Compiling data-encoding v2.11.0
[INFO] [stderr]    Compiling libm v0.2.16
[INFO] [stderr]    Compiling stellar-xdr v26.0.1
[INFO] [stderr]    Compiling itertools v0.13.0
[INFO] [stderr]    Compiling derive_arbitrary v1.3.2
[INFO] [stderr]    Compiling indexmap-nostd v0.4.0
[INFO] [stderr]    Compiling downcast-rs v1.2.1
[INFO] [stderr]    Compiling equivalent v1.0.2
[INFO] [stderr]    Compiling hashbrown v0.15.5
[INFO] [stderr]    Compiling hashbrown v0.17.1
[INFO] [stderr]    Compiling soroban-env-common v26.1.3
[INFO] [stderr]    Compiling spin v0.9.8
[INFO] [stderr]    Compiling generic-array v0.14.9
[INFO] [stderr]    Compiling wasmparser-nostd v0.100.2
[INFO] [stderr]    Compiling base64 v0.22.1
[INFO] [stderr]    Compiling semver v1.0.28
[INFO] [stderr]    Compiling stellar-strkey v0.0.13
[INFO] [stderr]    Compiling indexmap v2.14.0
[INFO] [stderr]    Compiling wasmi_arena v0.4.1
[INFO] [stderr]    Compiling block-buffer v0.10.4
[INFO] [stderr]    Compiling crypto-common v0.1.6
[INFO] [stderr]    Compiling sec1 v0.7.3
[INFO] [stderr]    Compiling arbitrary v1.3.2
[INFO] [stderr]    Compiling digest v0.10.7
[INFO] [stderr]    Compiling escape-bytes v0.1.1
[INFO] [stderr]    Compiling num-integer v0.1.46
[INFO] [stderr]    Compiling wasmi_core v0.13.0
[INFO] [stderr]    Compiling smallvec v1.15.2
[INFO] [stderr]    Compiling ethnum v1.5.3
[INFO] [stderr]    Compiling sha2 v0.10.9
[INFO] [stderr]    Compiling hmac v0.12.1
[INFO] [stderr]    Compiling num-bigint v0.4.6
[INFO] [stderr]    Compiling rfc6979 v0.4.0
[INFO] [stderr]    Compiling curve25519-dalek v4.1.3
[INFO] [stderr]    Compiling getrandom v0.2.17
[INFO] [stderr]    Compiling byteorder v1.5.0
[INFO] [stderr]    Compiling soroban-env-host v26.1.3
[INFO] [stderr]    Compiling static_assertions v1.1.0
[INFO] [stderr]    Compiling keccak v0.1.6
[INFO] [stderr]    Compiling thiserror v1.0.69
[INFO] [stderr]    Compiling dtor-proc-macro v0.0.6
[INFO] [stderr]    Compiling stable_deref_trait v1.2.1
[INFO] [stderr]    Compiling rand_core v0.6.4
[INFO] [stderr]    Compiling sha3 v0.10.9
[INFO] [stderr]    Compiling hex-literal v0.4.1
[INFO] [stderr]    Compiling hash32 v0.3.1
[INFO] [stderr]    Compiling soroban-sdk v26.1.0
[INFO] [stderr]    Compiling ctor-proc-macro v0.0.6
[INFO] [stderr]    Compiling soroban-sdk-macros v26.1.0
[INFO] [stderr]    Compiling ff v0.13.1
[INFO] [stderr]    Compiling crypto-bigint v0.5.5
[INFO] [stderr]    Compiling group v0.13.0
[INFO] [stderr]    Compiling signature v2.2.0
[INFO] [stderr]    Compiling wasmparser v0.116.1
[INFO] [stderr]    Compiling dtor v0.1.1
[INFO] [stderr]    Compiling heapless v0.8.0
[INFO] [stderr]    Compiling ctor v0.5.0
[INFO] [stderr]    Compiling ed25519 v2.2.3
[INFO] [stderr]    Compiling serde v1.0.228
[INFO] [stderr]    Compiling stellar-strkey v0.0.16
[INFO] [stderr]    Compiling ed25519-dalek v2.2.0
[INFO] [stderr]    Compiling hex v0.4.3
[INFO] [stderr]    Compiling elliptic-curve v0.13.8
[INFO] [stderr]    Compiling ecdsa v0.16.9
[INFO] [stderr]    Compiling primeorder v0.13.6
[INFO] [stderr]    Compiling k256 v0.13.4
[INFO] [stderr]    Compiling p256 v0.13.2
[INFO] [stderr]    Compiling ppv-lite86 v0.2.21
[INFO] [stderr]    Compiling ahash v0.8.12
[INFO] [stderr]    Compiling soroban-wasmi v0.31.1-soroban.20.0.1
[INFO] [stderr]    Compiling rand_chacha v0.3.1
[INFO] [stderr]    Compiling rand v0.8.6
[INFO] [stderr]    Compiling ark-std v0.5.0
[INFO] [stderr]    Compiling ark-serialize v0.5.0
[INFO] [stderr]    Compiling serde_with v3.21.0
[INFO] [stderr]    Compiling ark-ff v0.5.0
[INFO] [stderr]    Compiling ark-poly v0.5.0
[INFO] [stderr]    Compiling ark-ec v0.5.0
[INFO] [stderr]    Compiling ark-bls12-381 v0.5.0
[INFO] [stderr]    Compiling ark-bn254 v0.5.0
[INFO] [stderr]    Compiling soroban-ledger-snapshot v26.1.0
[INFO] [stderr]    Compiling chama_wallet v0.0.0 (/opt/rustwide/workdir/contracts/chama_wallet)
[INFO] [stdout] warning: function `verify_passkey_signature` is never used
[INFO] [stdout]    --> contracts/chama_wallet/src/lib.rs:154:4
[INFO] [stdout]     |
[INFO] [stdout] 154 | fn verify_passkey_signature(env: &Env, user: &Address, signature_payload: &Bytes, signature: &BytesN<64>) {
[INFO] [stdout]     |    ^^^^^^^^^^^^^^^^^^^^^^^^
[INFO] [stdout]     |
[INFO] [stdout]     = note: `#[warn(dead_code)]` (part of `#[warn(unused)]`) on by default
[INFO] [stdout] 
[INFO] [stdout] 
[INFO] [stderr]     Finished `release` profile [optimized] target(s) in 2m 28s
[INFO] running `Command { std: "docker" "inspect" "c41eaa70f07dd996d7d27e44a52c66600798d5a15d803707d77cd93e77363a90", kill_on_drop: false }`
[INFO] running `Command { std: "docker" "exec" "-e" "SOURCE_DIR=/opt/rustwide/workdir" "-e" "CARGO_HOME=/opt/rustwide/cargo-home" "-e" "RUSTUP_HOME=/opt/rustwide/rustup-home" "-e" "CARGO_TARGET_DIR=/opt/rustwide/target" "-e" "CARGO_INCREMENTAL=0" "-e" "RUST_BACKTRACE=full" "-e" "RUSTFLAGS=--cap-lints=warn" "-e" "RUSTDOCFLAGS=--cap-lints=warn" "-w" "/opt/rustwide/workdir" "--user" "0:0" "c41eaa70f07dd996d7d27e44a52c66600798d5a15d803707d77cd93e77363a90" "/opt/rustwide/cargo-home/bin/cargo" "+1.100.0-beta.1" "test" "--frozen" "--release", kill_on_drop: false }`
[INFO] [stderr] warning: function `verify_passkey_signature` is never used
[INFO] [stderr]    --> contracts/chama_wallet/src/lib.rs:154:4
[INFO] [stderr]     |
[INFO] [stderr] 154 | fn verify_passkey_signature(env: &Env, user: &Address, signature_payload: &Bytes, signature: &BytesN<64>) {
[INFO] [stderr]     |    ^^^^^^^^^^^^^^^^^^^^^^^^
[INFO] [stderr]     |
[INFO] [stderr]     = note: `#[warn(dead_code)]` (part of `#[warn(unused)]`) on by default
[INFO] [stderr] 
[INFO] [stderr] warning: `chama_wallet` (lib test) generated 1 warning
[INFO] [stderr]     Finished `release` profile [optimized] target(s) in 0.38s
[INFO] [stderr]      Running unittests src/lib.rs (/opt/rustwide/target/release/build/chama_wallet/2c0179ce076b5ad2/out/chama_wallet-2c0179ce076b5ad2)
[INFO] [stdout] 
[INFO] [stdout] running 9 tests
[INFO] [stderr] 
[INFO] [stderr] thread 'test::test_approve_join_requires_secretary' (3805) panicked at /rustc/e3feeb59cd1bdd011a2bfcc0747b55125d9b8527/library/core/src/panicking.rs:233:5:
[INFO] [stderr] panic in a destructor during cleanup
[INFO] [stderr] thread caused non-unwinding panic. aborting.
[INFO] [stdout] test test::test_fill_role_activates_group ... 
[INFO] [stdout] thread 'test::test_approve_join_requires_secretary' (3805) panicked at /opt/rustwide/cargo-home/registry/src/index.crates.io-1949cf8c6b5b557f/soroban-env-host-26.1.3/src/host.rs:907:9:
[INFO] [stdout] HostError: Error(WasmVm, InvalidAction)
[INFO] [stdout] 
[INFO] [stdout] Event log (newest first):
[INFO] [stdout]    0: [Diagnostic Event] topics:[error, Error(WasmVm, InvalidAction)], data:"escalating error to panic"
[INFO] [stdout]    1: [Diagnostic Event] topics:[error, Error(WasmVm, InvalidAction)], data:["contract call failed", approve_join, [TestChama, CAAAAAAAAAAAAAAAAAAAAAAAAAAAAAAAAAAAAAAAAAAAAAAAAAAAITA4, CAAAAAAAAAAAAAAAAAAAAAAAAAAAAAAAAAAAAAAAAAAAAAAAAAAAK3IM]]
[INFO] [stdout]    2: [Failed Diagnostic Event (not emitted)] contract:CAAAAAAAAAAAAAAAAAAAAAAAAAAAAAAAAAAAAAAAAAAAAAAAAAAAD2KM, topics:[error, Error(WasmVm, InvalidAction)], data:"caught error from function"
[INFO] [stdout]    3: [Failed Diagnostic Event (not emitted)] contract:CAAAAAAAAAAAAAAAAAAAAAAAAAAAAAAAAAAAAAAAAAAAAAAAAAAAD2KM, topics:[log], data:["caught panic 'Only secretary can approve members' from contract function 'Symbol(obj#245)'", TestChama, CAAAAAAAAAAAAAAAAAAAAAAAAAAAAAAAAAAAAAAAAAAAAAAAAAAAITA4, CAAAAAAAAAAAAAAAAAAAAAAAAAAAAAAAAAAAAAAAAAAAAAAAAAAAK3IM]
[INFO] [stdout]    4: [Diagnostic Event] topics:[fn_call, CAAAAAAAAAAAAAAAAAAAAAAAAAAAAAAAAAAAAAAAAAAAAAAAAAAAD2KM, approve_join], data:[TestChama, CAAAAAAAAAAAAAAAAAAAAAAAAAAAAAAAAAAAAAAAAAAAAAAAAAAAITA4, CAAAAAAAAAAAAAAAAAAAAAAAAAAAAAAAAAAAAAAAAAAAAAAAAAAAK3IM]
[INFO] [stdout] 
[INFO] [stdout] stack backtrace:
[INFO] [stdout]    0:     0x566e7c1515e7 - <unknown>
[INFO] [stdout]    1:     0x566e7bfe0244 - <unknown>
[INFO] [stdout]    2:     0x566e7c150bab - <unknown>
[INFO] [stdout]    3:     0x566e7c1507a9 - <unknown>
[INFO] [stdout]    4:     0x566e7c15042a - <unknown>
[INFO] [stdout]    5:     0x566e7c14ff5b - <unknown>
[INFO] [stdout]    6:     0x566e7c175dc1 - <unknown>
[INFO] [stdout]    7:     0x566e7c175d79 - <unknown>
[INFO] [stdout]    8:     0x566e7c17626c - <unknown>
[INFO] [stdout]    9:     0x566e7bfe00db - <unknown>
[INFO] [stdout]   10:     0x566e7c112d12 - <unknown>
[INFO] [stdout]   11:     0x566e7c12502e - <unknown>
[INFO] [stdout]   12:     0x566e7c122f37 - <unknown>
[INFO] [stdout]   13:     0x566e7c122462 - <unknown>
[INFO] [stdout]   14:     0x566e7c1226b9 - <unknown>
[INFO] [stdout]   15:     0x566e7bfd5533 - <unknown>
[INFO] [stdout]   16:     0x566e7bfd97b1 - <unknown>
[INFO] [stdout]   17:     0x566e7c18fd2b - <unknown>
[INFO] [stdout]   18:     0x566e7c18b402 - <unknown>
[INFO] [stdout]   19:     0x566e7c18aeac - <unknown>
[INFO] [stdout]   20:     0x566e7c1a9bac - <unknown>
[INFO] [stdout]   21:     0x566e7c177a58 - <unknown>
[INFO] [stdout]   22:     0x72bb09a4fdfa - <unknown>
[INFO] [stdout]   23:     0x72bb09ae33d4 - clone
[INFO] [stdout]   24:                0x0 - <unknown>
[INFO] [stdout] Writing test snapshot file for test "test::test_approve_join_requires_secretary" to "test_snapshots/test/test_approve_join_requires_secretary.1.json".
[INFO] [stdout] 
[INFO] [stdout] thread 'test::test_approve_join_requires_secretary' (3805) panicked at /opt/rustwide/cargo-home/registry/src/index.crates.io-1949cf8c6b5b557f/soroban-sdk-26.1.0/src/env.rs:1991:32:
[INFO] [stdout] called `Result::unwrap()` on an `Err` value: Os { code: 30, kind: ReadOnlyFilesystem, message: "Read-only file system" }
[INFO] [stdout] stack backtrace:
[INFO] [stdout]    0:     0x566e7c1515e7 - <unknown>
[INFO] [stdout]    1:     0x566e7bfe0244 - <unknown>
[INFO] [stdout]    2:     0x566e7c150bab - <unknown>
[INFO] [stdout]    3:     0x566e7c1507a9 - <unknown>
[INFO] [stdout]    4:     0x566e7c15042a - <unknown>
[INFO] [stdout]    5:     0x566e7c14ff5b - <unknown>
[INFO] [stdout]    6:     0x566e7c175dc1 - <unknown>
[INFO] [stdout]    7:     0x566e7c175d79 - <unknown>
[INFO] [stdout]    8:     0x566e7c17626c - <unknown>
[INFO] [stdout]    9:     0x566e7bfe00db - <unknown>
[INFO] [stdout]   10:     0x566e7bfe3841 - <unknown>
[INFO] [stdout]   11:     0x566e7c1185c9 - <unknown>
[INFO] [stdout]   12:     0x566e7bfce7cb - <unknown>
[INFO] [stdout]   13:     0x566e7bfd98a9 - <unknown>
[INFO] [stdout]   14:     0x566e7c18fd2b - <unknown>
[INFO] [stdout]   15:     0x566e7c18b402 - <unknown>
[INFO] [stdout]   16:     0x566e7c18aeac - <unknown>
[INFO] [stdout]   17:     0x566e7c1a9bac - <unknown>
[INFO] [stdout]   18:     0x566e7c177a58 - <unknown>
[INFO] [stdout]   19:     0x72bb09a4fdfa - <unknown>
[INFO] [stdout]   20:     0x72bb09ae33d4 - clone
[INFO] [stdout]   21:                0x0 - <unknown>
[INFO] [stderr] error: test failed, to rerun pass `--lib`
[INFO] [stderr] 
[INFO] [stderr] Caused by:
[INFO] [stderr]   process didn't exit successfully: `/opt/rustwide/target/release/build/chama_wallet/2c0179ce076b5ad2/out/chama_wallet-2c0179ce076b5ad2` (signal: 6, SIGABRT: process abort signal)
[INFO] running `Command { std: "docker" "inspect" "c41eaa70f07dd996d7d27e44a52c66600798d5a15d803707d77cd93e77363a90", kill_on_drop: false }`
[INFO] running `Command { std: "docker" "rm" "-f" "c41eaa70f07dd996d7d27e44a52c66600798d5a15d803707d77cd93e77363a90", kill_on_drop: false }`
[INFO] [stdout] c41eaa70f07dd996d7d27e44a52c66600798d5a15d803707d77cd93e77363a90
