[INFO] cloning repository https://github.com/FutrixDev/envrelay-skill
[INFO] running `Command { std: "git" "-c" "credential.helper=" "-c" "credential.helper=/workspace/cargo-home/bin/git-credential-null" "clone" "--bare" "https://github.com/FutrixDev/envrelay-skill" "/workspace/cache/git-repos/https%3A%2F%2Fgithub.com%2FFutrixDev%2Fenvrelay-skill", kill_on_drop: false }`
[INFO] [stderr] Cloning into bare repository '/workspace/cache/git-repos/https%3A%2F%2Fgithub.com%2FFutrixDev%2Fenvrelay-skill'...
[INFO] running `Command { std: "git" "rev-parse" "HEAD", kill_on_drop: false }`
[INFO] [stdout] c0a21c56704b53c68b7b75867ca14cbfc11c3113
[INFO] testing FutrixDev/envrelay-skill against 1.100.0-beta.1+cargoflags=--release for beta-release-1.100-2
[INFO] running `Command { std: "git" "clone" "/workspace/cache/git-repos/https%3A%2F%2Fgithub.com%2FFutrixDev%2Fenvrelay-skill" "/workspace/builds/worker-2-tc2/source", kill_on_drop: false }`
[INFO] [stderr] Cloning into '/workspace/builds/worker-2-tc2/source'...
[INFO] [stderr] done.
[INFO] removed /workspace/builds/worker-2-tc2/source/rust-toolchain.toml
[INFO] started tweaking git repo https://github.com/FutrixDev/envrelay-skill
[INFO] finished tweaking git repo https://github.com/FutrixDev/envrelay-skill
[INFO] tweaked toml for git repo https://github.com/FutrixDev/envrelay-skill written to /workspace/builds/worker-2-tc2/source/Cargo.toml
[INFO] validating manifest of git repo https://github.com/FutrixDev/envrelay-skill on toolchain 1.100.0-beta.1
[INFO] running `Command { std: CARGO_HOME="/workspace/cargo-home" RUSTUP_HOME="/workspace/rustup-home" "/workspace/cargo-home/bin/cargo" "+1.100.0-beta.1" "metadata" "--manifest-path" "Cargo.toml" "--no-deps", kill_on_drop: false }`
[INFO] crate git repo https://github.com/FutrixDev/envrelay-skill already has a lockfile, it will not be regenerated
[INFO] running `Command { std: CARGO_HOME="/workspace/cargo-home" RUSTUP_HOME="/workspace/rustup-home" "/workspace/cargo-home/bin/cargo" "+1.100.0-beta.1" "fetch" "--manifest-path" "Cargo.toml", kill_on_drop: false }`
[INFO] running `Command { std: "docker" "create" "-v" "/var/lib/crater-agent-workspace/builds/worker-2-tc2/source:/opt/rustwide/workdir:ro,Z" "-v" "/var/lib/crater-agent-workspace/builds/worker-2-tc2/target:/opt/rustwide/target:rw,Z" "-v" "/var/lib/crater-agent-workspace/cargo-home:/opt/rustwide/cargo-home:ro,Z" "-v" "/var/lib/crater-agent-workspace/rustup-home:/opt/rustwide/rustup-home:ro,Z" "-m" "1610612736" "--network" "none" "ghcr.io/rust-lang/crates-build-env/linux@sha256:77db811e55d90add9212f6832c23229e3de5f1c1f9905e8cb07319ea15df73ac" "sleep" "infinity", kill_on_drop: false }`
[INFO] [stdout] 388ccfe8eb3a22f022eb0bc6dcc47a6687d342f52886fd12da0ab0a6e2b9cb4f
[INFO] running `Command { std: "docker" "start" "388ccfe8eb3a22f022eb0bc6dcc47a6687d342f52886fd12da0ab0a6e2b9cb4f", kill_on_drop: false }`
[INFO] running `Command { std: "docker" "inspect" "388ccfe8eb3a22f022eb0bc6dcc47a6687d342f52886fd12da0ab0a6e2b9cb4f", kill_on_drop: false }`
[INFO] running `Command { std: "docker" "exec" "-e" "SOURCE_DIR=/opt/rustwide/workdir" "-e" "CARGO_HOME=/opt/rustwide/cargo-home" "-e" "RUSTUP_HOME=/opt/rustwide/rustup-home" "-e" "CARGO_TARGET_DIR=/opt/rustwide/target" "-w" "/opt/rustwide/workdir" "--user" "0:0" "388ccfe8eb3a22f022eb0bc6dcc47a6687d342f52886fd12da0ab0a6e2b9cb4f" "/opt/rustwide/cargo-home/bin/cargo" "+1.100.0-beta.1" "metadata" "--no-deps" "--format-version=1", kill_on_drop: false }`
[INFO] running `Command { std: "docker" "inspect" "388ccfe8eb3a22f022eb0bc6dcc47a6687d342f52886fd12da0ab0a6e2b9cb4f", kill_on_drop: false }`
[INFO] running `Command { std: "docker" "exec" "-e" "SOURCE_DIR=/opt/rustwide/workdir" "-e" "CARGO_HOME=/opt/rustwide/cargo-home" "-e" "RUSTUP_HOME=/opt/rustwide/rustup-home" "-e" "CARGO_TARGET_DIR=/opt/rustwide/target" "-e" "CARGO_INCREMENTAL=0" "-e" "RUST_BACKTRACE=full" "-e" "RUSTFLAGS=--cap-lints=warn" "-e" "RUSTDOCFLAGS=--cap-lints=warn" "-w" "/opt/rustwide/workdir" "--user" "0:0" "388ccfe8eb3a22f022eb0bc6dcc47a6687d342f52886fd12da0ab0a6e2b9cb4f" "/opt/rustwide/cargo-home/bin/cargo" "+1.100.0-beta.1" "build" "--frozen" "--message-format=json" "--release", kill_on_drop: false }`
[INFO] [stderr]    Compiling proc-macro2 v1.0.107
[INFO] [stderr]    Compiling quote v1.0.47
[INFO] [stderr]    Compiling libc v0.2.189
[INFO] [stderr]    Compiling typenum v1.20.1
[INFO] [stderr]    Compiling serde_core v1.0.229
[INFO] [stderr]    Compiling serde v1.0.229
[INFO] [stderr]    Compiling subtle v2.6.1
[INFO] [stderr]    Compiling const-oid v0.10.2
[INFO] [stderr]    Compiling unicase v2.9.0
[INFO] [stderr]    Compiling cpufeatures v0.3.1
[INFO] [stderr]    Compiling same-file v1.0.6
[INFO] [stderr]    Compiling mime v0.3.17
[INFO] [stderr]    Compiling futures-sink v0.3.34
[INFO] [stderr]    Compiling rustc-hash v2.1.3
[INFO] [stderr]    Compiling futures-core v0.3.34
[INFO] [stderr]    Compiling smallvec v1.15.2
[INFO] [stderr]    Compiling walkdir v2.5.0
[INFO] [stderr]    Compiling find-msvc-tools v0.1.11
[INFO] [stderr]    Compiling zerocopy v0.8.56
[INFO] [stderr]    Compiling memchr v2.8.3
[INFO] [stderr]    Compiling futures-channel v0.3.34
[INFO] [stderr]    Compiling type-map v0.5.1
[INFO] [stderr]    Compiling mime_guess v2.0.5
[INFO] [stderr]    Compiling futures-io v0.3.34
[INFO] [stderr]    Compiling futures-task v0.3.34
[INFO] [stderr]    Compiling self_cell v1.3.0
[INFO] [stderr]    Compiling pkg-config v0.3.34
[INFO] [stderr]    Compiling semver v1.0.28
[INFO] [stderr]    Compiling log v0.4.34
[INFO] [stderr]    Compiling self_cell v0.10.3
[INFO] [stderr]    Compiling rustix v1.1.4
[INFO] [stderr]    Compiling rustc_version v0.4.1
[INFO] [stderr]    Compiling arc-swap v1.9.2
[INFO] [stderr]    Compiling minimal-lexical v0.2.1
[INFO] [stderr]    Compiling zstd-safe v7.2.4
[INFO] [stderr]    Compiling bitflags v2.13.1
[INFO] [stderr]    Compiling io_tee v0.1.1
[INFO] [stderr]    Compiling hybrid-array v0.4.14
[INFO] [stderr]    Compiling curve25519-dalek v4.1.3
[INFO] [stderr]    Compiling nom v7.1.3
[INFO] [stderr]    Compiling anyhow v1.0.104
[INFO] [stderr]    Compiling syn v3.0.4
[INFO] [stderr]    Compiling syn v2.0.119
[INFO] [stderr]    Compiling proc-macro-error-attr2 v2.0.0
[INFO] [stderr]    Compiling clap_builder v4.6.6
[INFO] [stderr]    Compiling bech32 v0.9.1
[INFO] [stderr]    Compiling generic-array v0.14.7
[INFO] [stderr]    Compiling getrandom v0.2.17
[INFO] [stderr]    Compiling block-buffer v0.12.1
[INFO] [stderr]    Compiling crypto-common v0.2.2
[INFO] [stderr]    Compiling parking_lot_core v0.9.12
[INFO] [stderr]    Compiling rand_core v0.6.4
[INFO] [stderr]    Compiling rtoolbox v0.0.6
[INFO] [stderr]    Compiling jobserver v0.1.35
[INFO] [stderr]    Compiling parking_lot v0.12.5
[INFO] [stderr]    Compiling filetime v0.2.29
[INFO] [stderr]    Compiling rpassword v7.5.4
[INFO] [stderr]    Compiling crypto-common v0.1.7
[INFO] [stderr]    Compiling block-buffer v0.10.4
[INFO] [stderr]    Compiling inout v0.1.4
[INFO] [stderr]    Compiling digest v0.10.7
[INFO] [stderr]    Compiling cc v1.4.4
[INFO] [stderr]    Compiling universal-hash v0.5.1
[INFO] [stderr]    Compiling poly1305 v0.8.0
[INFO] [stderr]    Compiling aead v0.5.2
[INFO] [stderr]    Compiling hmac v0.12.1
[INFO] [stderr]    Compiling digest v0.11.3
[INFO] [stderr]    Compiling sha2 v0.10.9
[INFO] [stderr]    Compiling pbkdf2 v0.12.2
[INFO] [stderr]    Compiling sha2 v0.11.0
[INFO] [stderr]    Compiling hkdf v0.12.4
[INFO] [stderr]    Compiling rust-embed-utils v8.12.0
[INFO] [stderr]    Compiling zstd-sys v2.0.16+zstd.1.5.7
[INFO] [stderr]    Compiling xattr v1.6.1
[INFO] [stderr]    Compiling tar v0.4.46
[INFO] [stderr]    Compiling displaydoc v0.2.7
[INFO] [stderr]    Compiling serde_derive v1.0.229
[INFO] [stderr]    Compiling futures-macro v0.3.34
[INFO] [stderr]    Compiling tinystr v0.8.4
[INFO] [stderr]    Compiling ppv-lite86 v0.2.21
[INFO] [stderr]    Compiling futures-util v0.3.34
[INFO] [stderr]    Compiling unic-langid-impl v0.9.6
[INFO] [stderr]    Compiling unic-langid v0.9.6
[INFO] [stderr]    Compiling fluent-langneg v0.13.1
[INFO] [stderr]    Compiling intl_pluralrules v7.0.2
[INFO] [stderr]    Compiling thiserror-impl v1.0.69
[INFO] [stderr]    Compiling zeroize_derive v1.5.0
[INFO] [stderr]    Compiling zeroize v1.9.0
[INFO] [stderr]    Compiling cipher v0.4.4
[INFO] [stderr]    Compiling rust-embed-impl v8.12.0
[INFO] [stderr]    Compiling intl-memoizer v0.5.3
[INFO] [stderr]    Compiling chacha20 v0.9.1
[INFO] [stderr]    Compiling curve25519-dalek-derive v0.1.1
[INFO] [stderr]    Compiling rand_chacha v0.3.1
[INFO] [stderr]    Compiling thiserror v1.0.69
[INFO] [stderr]    Compiling fluent-syntax v0.11.1
[INFO] [stderr]    Compiling rust-embed v8.12.0
[INFO] [stderr]    Compiling rand v0.8.8
[INFO] [stderr]    Compiling chacha20poly1305 v0.10.1
[INFO] [stderr]    Compiling salsa20 v0.10.2
[INFO] [stderr]    Compiling secrecy v0.10.3
[INFO] [stderr]    Compiling pin-project-internal v1.1.13
[INFO] [stderr]    Compiling fluent-bundle v0.15.3
[INFO] [stderr]    Compiling proc-macro-error2 v2.0.1
[INFO] [stderr]    Compiling scrypt v0.11.0
[INFO] [stderr]    Compiling clap_derive v4.6.4
[INFO] [stderr]    Compiling fluent v0.16.1
[INFO] [stderr]    Compiling toml v0.5.11
[INFO] [stderr]    Compiling basic-toml v0.1.10
[INFO] [stderr]    Compiling i18n-config v0.4.8
[INFO] [stderr]    Compiling x25519-dalek v2.0.1
[INFO] [stderr]    Compiling pin-project v1.1.13
[INFO] [stderr]    Compiling futures-executor v0.3.34
[INFO] [stderr]    Compiling clap v4.6.6
[INFO] [stderr]    Compiling futures v0.3.34
[INFO] [stderr]    Compiling cookie-factory v0.3.3
[INFO] [stderr]    Compiling find-crate v0.6.3
[INFO] [stderr]    Compiling age-core v0.11.0
[INFO] [stderr]    Compiling i18n-embed-impl v0.8.4
[INFO] [stderr]    Compiling i18n-embed v0.15.4
[INFO] [stderr]    Compiling i18n-embed-fl v0.9.4
[INFO] [stderr]    Compiling age v0.11.5
[INFO] [stderr]    Compiling zstd v0.13.3
[INFO] [stderr]    Compiling envrelay v1.0.3 (/opt/rustwide/workdir)
[INFO] [stderr]     Finished `release` profile [optimized] target(s) in 1m 33s
[INFO] [stderr] warning: the following packages contain code that will be rejected by a future version of Rust: proc-macro-error2 v2.0.1
[INFO] [stderr] note: to see what the problems were, use the option `--future-incompat-report`, or run `cargo report future-incompatibilities --id 3`
[INFO] running `Command { std: "docker" "inspect" "388ccfe8eb3a22f022eb0bc6dcc47a6687d342f52886fd12da0ab0a6e2b9cb4f", kill_on_drop: false }`
[INFO] running `Command { std: "docker" "exec" "-e" "SOURCE_DIR=/opt/rustwide/workdir" "-e" "CARGO_HOME=/opt/rustwide/cargo-home" "-e" "RUSTUP_HOME=/opt/rustwide/rustup-home" "-e" "CARGO_TARGET_DIR=/opt/rustwide/target" "-e" "CARGO_INCREMENTAL=0" "-e" "RUST_BACKTRACE=full" "-e" "RUSTFLAGS=--cap-lints=warn" "-e" "RUSTDOCFLAGS=--cap-lints=warn" "-w" "/opt/rustwide/workdir" "--user" "0:0" "388ccfe8eb3a22f022eb0bc6dcc47a6687d342f52886fd12da0ab0a6e2b9cb4f" "/opt/rustwide/cargo-home/bin/cargo" "+1.100.0-beta.1" "test" "--frozen" "--no-run" "--message-format=json" "--release", kill_on_drop: false }`
[INFO] [stderr]    Compiling num-traits v0.2.19
[INFO] [stderr]    Compiling aho-corasick v1.1.5
[INFO] [stderr]    Compiling rustix v1.1.4
[INFO] [stderr]    Compiling getrandom v0.4.3
[INFO] [stderr]    Compiling wait-timeout v0.2.1
[INFO] [stderr]    Compiling once_cell v1.21.4
[INFO] [stderr]    Compiling fastrand v2.5.0
[INFO] [stderr]    Compiling float-cmp v0.10.0
[INFO] [stderr]    Compiling regex-automata v0.4.18
[INFO] [stderr]    Compiling xattr v1.6.1
[INFO] [stderr]    Compiling tempfile v3.27.0
[INFO] [stderr]    Compiling tar v0.4.46
[INFO] [stderr]    Compiling envrelay v1.0.3 (/opt/rustwide/workdir)
[INFO] [stderr]    Compiling regex v1.13.1
[INFO] [stderr]    Compiling bstr v1.13.1
[INFO] [stderr]    Compiling predicates v3.1.4
[INFO] [stderr]    Compiling assert_cmd v2.2.2
[INFO] [stderr]     Finished `release` profile [optimized] target(s) in 26.23s
[INFO] [stderr] warning: the following packages contain code that will be rejected by a future version of Rust: proc-macro-error2 v2.0.1
[INFO] [stderr] note: to see what the problems were, use the option `--future-incompat-report`, or run `cargo report future-incompatibilities --id 3`
[INFO] running `Command { std: "docker" "inspect" "388ccfe8eb3a22f022eb0bc6dcc47a6687d342f52886fd12da0ab0a6e2b9cb4f", kill_on_drop: false }`
[INFO] running `Command { std: "docker" "exec" "-e" "SOURCE_DIR=/opt/rustwide/workdir" "-e" "CARGO_HOME=/opt/rustwide/cargo-home" "-e" "RUSTUP_HOME=/opt/rustwide/rustup-home" "-e" "CARGO_TARGET_DIR=/opt/rustwide/target" "-e" "CARGO_INCREMENTAL=0" "-e" "RUST_BACKTRACE=full" "-e" "RUSTFLAGS=--cap-lints=warn" "-e" "RUSTDOCFLAGS=--cap-lints=warn" "-w" "/opt/rustwide/workdir" "--user" "0:0" "388ccfe8eb3a22f022eb0bc6dcc47a6687d342f52886fd12da0ab0a6e2b9cb4f" "/opt/rustwide/cargo-home/bin/cargo" "+1.100.0-beta.1" "test" "--frozen" "--release", kill_on_drop: false }`
[INFO] [stderr]     Finished `release` profile [optimized] target(s) in 0.17s
[INFO] [stderr] warning: the following packages contain code that will be rejected by a future version of Rust: proc-macro-error2 v2.0.1
[INFO] [stderr] note: to see what the problems were, use the option `--future-incompat-report`, or run `cargo report future-incompatibilities --id 3`
[INFO] [stderr]      Running unittests src/main.rs (/opt/rustwide/target/release/build/envrelay/5e7ce70b4928d75c/out/envrelay-5e7ce70b4928d75c)
[INFO] [stderr]      Running tests/cli.rs (/opt/rustwide/target/release/build/envrelay/d2102fc4c69a56bd/out/cli-d2102fc4c69a56bd)
[INFO] [stdout] 
[INFO] [stdout] running 0 tests
[INFO] [stdout] 
[INFO] [stdout] test result: ok. 0 passed; 0 failed; 0 ignored; 0 measured; 0 filtered out; finished in 0.00s
[INFO] [stdout] 
[INFO] [stdout] 
[INFO] [stdout] running 18 tests
[INFO] [stdout] test encrypt_refuses_a_staging_directory_that_does_not_exist ... ok
[INFO] [stdout] test encrypt_refuses_an_empty_staging_directory ... ok
[INFO] [stdout] test encrypt_refuses_an_output_path_inside_the_staging_directory ... ok
[INFO] [stdout] test encrypt_refuses_to_overwrite_an_existing_output_file ... ok
[INFO] [stdout] test verify_confirms_an_intact_backup_and_writes_nothing ... ok
[INFO] [stdout] test the_wrong_passphrase_fails_and_leaves_no_output_behind ... ok
[INFO] [stdout] test a_failed_decrypt_leaves_a_pre_existing_empty_directory_in_place ... ok
[INFO] [stdout] test inspect_lists_entries_and_prints_the_manifest_without_writing ... ok
[INFO] [stdout] test decrypt_refuses_a_non_empty_output_directory ... ok
[INFO] [stdout] test a_corrupted_backup_fails_with_a_clear_message_and_no_residue ... ok
[INFO] [stdout] test inspect_and_verify_fail_with_the_wrong_passphrase ... ok
[INFO] [stdout] test a_failed_decrypt_removes_every_directory_it_created ... FAILED
[INFO] [stdout] test verify_and_inspect_fail_on_a_corrupted_or_truncated_backup ... ok
[INFO] [stdout] test a_backup_can_be_opened_by_standard_age_and_tar_tools ... ok
[INFO] [stdout] test decrypt_refuses_a_symlinked_output_directory ... ok
[INFO] [stdout] test a_failed_decrypt_with_a_relative_output_path_still_cleans_up ... ok
[INFO] [stdout] test decrypt_refuses_an_archive_entry_that_escapes_the_output_directory ... ok
[INFO] [stdout] test roundtrip_preserves_bytes_and_permission_bits ... ok
[INFO] [stderr] error: test failed, to rerun pass `--test cli`
[INFO] [stdout] 
[INFO] [stdout] failures:
[INFO] [stdout] 
[INFO] [stdout] ---- a_failed_decrypt_removes_every_directory_it_created stdout ----
[INFO] [stdout] 
[INFO] [stdout] thread 'a_failed_decrypt_removes_every_directory_it_created' (2930) panicked at tests/cli.rs:506:10:
[INFO] [stdout] Unexpected failure.
[INFO] [stdout] code=<interrupted>
[INFO] [stdout] stderr=```""```
[INFO] [stdout] command=`"/opt/rustwide/target/release/envrelay" "encrypt" "/tmp/.tmpNPXyBr/staging" "-o" "/tmp/.tmpNPXyBr/backup.envrelay" "--passphrase-file" "/tmp/.tmpNPXyBr/pass-correct .txt"`
[INFO] [stdout] code=<interrupted>
[INFO] [stdout] stdout=""
[INFO] [stdout] stderr=""
[INFO] [stdout] 
[INFO] [stdout] stack backtrace:
[INFO] [stdout]    0:     0x61d603879061 - <<std[617be2ca0a6fd877]::sys::backtrace::BacktraceLock>::print::DisplayBacktrace as core[a373ad73a504971]::fmt::Display>::fmt
[INFO] [stdout]    1:     0x61d60389056a - core[a373ad73a504971]::fmt::write
[INFO] [stdout]    2:     0x61d60387e86c - <alloc[2e1b2a31b91974c5]::vec::Vec<u8> as core[a373ad73a504971]::io::write::Write>::write_fmt
[INFO] [stdout]    3:     0x61d603852e26 - std[617be2ca0a6fd877]::panicking::default_hook::{closure#0}
[INFO] [stdout]    4:     0x61d6038702b9 - std[617be2ca0a6fd877]::panicking::default_hook
[INFO] [stdout]    5:     0x61d603800260 - test[aada8e7e76ba119b]::test_main_inner::{closure#0}
[INFO] [stdout]    6:     0x61d603870472 - std[617be2ca0a6fd877]::panicking::panic_with_hook
[INFO] [stdout]    7:     0x61d603852ed2 - std[617be2ca0a6fd877]::panicking::panic_handler::{closure#0}
[INFO] [stdout]    8:     0x61d60384b839 - std[617be2ca0a6fd877]::sys::backtrace::__rust_end_short_backtrace::<std[617be2ca0a6fd877]::panicking::panic_handler::{closure#0}, !>
[INFO] [stdout]    9:     0x61d603853c8d - __rustc[ea4f61d10b84890b]::rust_begin_unwind
[INFO] [stdout]   10:     0x61d603890d1c - core[a373ad73a504971]::panicking::panic_fmt
[INFO] [stdout]   11:     0x61d6038356bf - <assert_cmd[fd925d329874db33]::assert::AssertError>::panic::<assert_cmd[fd925d329874db33]::assert::Assert>
[INFO] [stdout]   12:     0x61d603835f89 - <assert_cmd[fd925d329874db33]::assert::Assert>::success
[INFO] [stdout]   13:     0x61d6036b905b - <cli[23c442c721f9dc3e]::a_failed_decrypt_removes_every_directory_it_created::{closure#0} as core[a373ad73a504971]::ops::function::FnOnce<()>>::call_once
[INFO] [stdout]   14:     0x61d6037f36ab - test[aada8e7e76ba119b]::__rust_begin_short_backtrace::<core[a373ad73a504971]::result::Result<(), alloc[2e1b2a31b91974c5]::string::String>, fn() -> core[a373ad73a504971]::result::Result<(), alloc[2e1b2a31b91974c5]::string::String>>
[INFO] [stdout]   15:     0x61d603800885 - test[aada8e7e76ba119b]::run_test::{closure#0}
[INFO] [stdout]   16:     0x61d6037fa174 - std[617be2ca0a6fd877]::sys::backtrace::__rust_begin_short_backtrace::<test[aada8e7e76ba119b]::run_test::{closure#1}, ()>
[INFO] [stdout]   17:     0x61d603803912 - <std[617be2ca0a6fd877]::thread::lifecycle::spawn_unchecked<test[aada8e7e76ba119b]::run_test::{closure#1}, ()>::{closure#1} as core[a373ad73a504971]::ops::function::FnOnce<()>>::call_once::{shim:vtable#0}
[INFO] [stdout]   18:     0x61d60387834f - <std[617be2ca0a6fd877]::sys::thread::unix::Thread>::new::thread_start
[INFO] [stdout]   19:     0x7ca80209bdfa - <unknown>
[INFO] [stdout]   20:     0x7ca80212f3d4 - clone
[INFO] [stdout]   21:                0x0 - <unknown>
[INFO] [stdout] 
[INFO] [stdout] 
[INFO] [stdout] failures:
[INFO] [stdout]     a_failed_decrypt_removes_every_directory_it_created
[INFO] [stdout] 
[INFO] [stdout] test result: FAILED. 17 passed; 1 failed; 0 ignored; 0 measured; 0 filtered out; finished in 8.11s
[INFO] [stdout] 
[INFO] running `Command { std: "docker" "inspect" "388ccfe8eb3a22f022eb0bc6dcc47a6687d342f52886fd12da0ab0a6e2b9cb4f", kill_on_drop: false }`
[INFO] running `Command { std: "docker" "rm" "-f" "388ccfe8eb3a22f022eb0bc6dcc47a6687d342f52886fd12da0ab0a6e2b9cb4f", kill_on_drop: false }`
[INFO] [stdout] 388ccfe8eb3a22f022eb0bc6dcc47a6687d342f52886fd12da0ab0a6e2b9cb4f
