[INFO] cloning repository https://github.com/Fors-Corp/fors
[INFO] running `Command { std: "git" "-c" "credential.helper=" "-c" "credential.helper=/workspace/cargo-home/bin/git-credential-null" "clone" "--bare" "https://github.com/Fors-Corp/fors" "/workspace/cache/git-repos/https%3A%2F%2Fgithub.com%2FFors-Corp%2Ffors", kill_on_drop: false }`
[INFO] [stderr] Cloning into bare repository '/workspace/cache/git-repos/https%3A%2F%2Fgithub.com%2FFors-Corp%2Ffors'...
[INFO] running `Command { std: "git" "rev-parse" "HEAD", kill_on_drop: false }`
[INFO] [stdout] ace7dd4db3b91043d138e4c0112ace5aa41b8e02
[INFO] testing Fors-Corp/fors against 1.99.0-beta.8+cargoflags=--release for beta-release-1.100-2
[INFO] running `Command { std: "git" "clone" "/workspace/cache/git-repos/https%3A%2F%2Fgithub.com%2FFors-Corp%2Ffors" "/workspace/builds/worker-1-tc1/source", kill_on_drop: false }`
[INFO] [stderr] Cloning into '/workspace/builds/worker-1-tc1/source'...
[INFO] [stderr] done.
[INFO] started tweaking git repo https://github.com/Fors-Corp/fors
[INFO] finished tweaking git repo https://github.com/Fors-Corp/fors
[INFO] tweaked toml for git repo https://github.com/Fors-Corp/fors written to /workspace/builds/worker-1-tc1/source/Cargo.toml
[INFO] validating manifest of git repo https://github.com/Fors-Corp/fors on toolchain 1.99.0-beta.8
[INFO] running `Command { std: CARGO_HOME="/workspace/cargo-home" RUSTUP_HOME="/workspace/rustup-home" "/workspace/cargo-home/bin/cargo" "+1.99.0-beta.8" "metadata" "--manifest-path" "Cargo.toml" "--no-deps", kill_on_drop: false }`
[INFO] crate git repo https://github.com/Fors-Corp/fors already has a lockfile, it will not be regenerated
[INFO] running `Command { std: CARGO_HOME="/workspace/cargo-home" RUSTUP_HOME="/workspace/rustup-home" "/workspace/cargo-home/bin/cargo" "+1.99.0-beta.8" "fetch" "--manifest-path" "Cargo.toml", kill_on_drop: false }`
[INFO] running `Command { std: "docker" "create" "-v" "/var/lib/crater-agent-workspace/builds/worker-1-tc1/source:/opt/rustwide/workdir:ro,Z" "-v" "/var/lib/crater-agent-workspace/builds/worker-1-tc1/target:/opt/rustwide/target:rw,Z" "-v" "/var/lib/crater-agent-workspace/cargo-home:/opt/rustwide/cargo-home:ro,Z" "-v" "/var/lib/crater-agent-workspace/rustup-home:/opt/rustwide/rustup-home:ro,Z" "-m" "1610612736" "--network" "none" "ghcr.io/rust-lang/crates-build-env/linux@sha256:77db811e55d90add9212f6832c23229e3de5f1c1f9905e8cb07319ea15df73ac" "sleep" "infinity", kill_on_drop: false }`
[INFO] [stdout] be75c3f0af99938fe8111152d6ac93ccab43d8070767f7eb963330e07dffc65c
[INFO] running `Command { std: "docker" "start" "be75c3f0af99938fe8111152d6ac93ccab43d8070767f7eb963330e07dffc65c", kill_on_drop: false }`
[INFO] running `Command { std: "docker" "inspect" "be75c3f0af99938fe8111152d6ac93ccab43d8070767f7eb963330e07dffc65c", kill_on_drop: false }`
[INFO] running `Command { std: "docker" "exec" "-e" "SOURCE_DIR=/opt/rustwide/workdir" "-e" "CARGO_HOME=/opt/rustwide/cargo-home" "-e" "RUSTUP_HOME=/opt/rustwide/rustup-home" "-e" "CARGO_TARGET_DIR=/opt/rustwide/target" "-w" "/opt/rustwide/workdir" "--user" "0:0" "be75c3f0af99938fe8111152d6ac93ccab43d8070767f7eb963330e07dffc65c" "/opt/rustwide/cargo-home/bin/cargo" "+1.99.0-beta.8" "metadata" "--no-deps" "--format-version=1", kill_on_drop: false }`
[INFO] running `Command { std: "docker" "inspect" "be75c3f0af99938fe8111152d6ac93ccab43d8070767f7eb963330e07dffc65c", kill_on_drop: false }`
[INFO] running `Command { std: "docker" "exec" "-e" "SOURCE_DIR=/opt/rustwide/workdir" "-e" "CARGO_HOME=/opt/rustwide/cargo-home" "-e" "RUSTUP_HOME=/opt/rustwide/rustup-home" "-e" "CARGO_TARGET_DIR=/opt/rustwide/target" "-e" "CARGO_INCREMENTAL=0" "-e" "RUST_BACKTRACE=full" "-e" "RUSTFLAGS=--cap-lints=warn" "-e" "RUSTDOCFLAGS=--cap-lints=warn" "-w" "/opt/rustwide/workdir" "--user" "0:0" "be75c3f0af99938fe8111152d6ac93ccab43d8070767f7eb963330e07dffc65c" "/opt/rustwide/cargo-home/bin/cargo" "+1.99.0-beta.8" "build" "--frozen" "--message-format=json" "--release", kill_on_drop: false }`
[INFO] [stderr]    Compiling fors-diag v0.24.0 (/opt/rustwide/workdir/crates/fors-diag)
[INFO] [stderr]    Compiling fors-lex v0.24.0 (/opt/rustwide/workdir/crates/fors-lex)
[INFO] [stderr]    Compiling fors-query v0.24.0 (/opt/rustwide/workdir/crates/fors-query)
[INFO] [stderr]    Compiling fors-layout v0.24.0 (/opt/rustwide/workdir/crates/fors-layout)
[INFO] [stderr]    Compiling fors-obj v0.24.0 (/opt/rustwide/workdir/crates/fors-obj)
[INFO] [stderr]    Compiling fors-asm v0.24.0 (/opt/rustwide/workdir/crates/fors-asm)
[INFO] [stderr]    Compiling fors-abi v0.24.0 (/opt/rustwide/workdir/crates/fors-abi)
[INFO] [stderr]    Compiling fors-syntax v0.24.0 (/opt/rustwide/workdir/crates/fors-syntax)
[INFO] [stderr]    Compiling fors-link v0.24.0 (/opt/rustwide/workdir/crates/fors-link)
[INFO] [stderr]    Compiling fors-index v0.24.0 (/opt/rustwide/workdir/crates/fors-index)
[INFO] [stderr]    Compiling fors-fmt v0.24.0 (/opt/rustwide/workdir/crates/fors-fmt)
[INFO] [stderr]    Compiling fors-fir v0.24.0 (/opt/rustwide/workdir/crates/fors-fir)
[INFO] [stderr]    Compiling fors-resolve v0.24.0 (/opt/rustwide/workdir/crates/fors-resolve)
[INFO] [stderr]    Compiling fors-lsp v0.24.0 (/opt/rustwide/workdir/crates/fors-lsp)
[INFO] [stderr]    Compiling fors-fmir v0.24.0 (/opt/rustwide/workdir/crates/fors-fmir)
[INFO] [stderr]    Compiling fors-check v0.24.0 (/opt/rustwide/workdir/crates/fors-check)
[INFO] [stderr]    Compiling fors-oir v0.24.0 (/opt/rustwide/workdir/crates/fors-oir)
[INFO] [stderr]    Compiling fors-interp v0.24.0 (/opt/rustwide/workdir/crates/fors-interp)
[INFO] [stderr]    Compiling fors-codegen-dev v0.24.0 (/opt/rustwide/workdir/crates/fors-codegen-dev)
[INFO] [stderr]    Compiling fors-lower v0.24.0 (/opt/rustwide/workdir/crates/fors-lower)
[INFO] [stderr]    Compiling fors-oracle v0.24.0 (/opt/rustwide/workdir/crates/fors-oracle)
[INFO] [stderr]    Compiling fors-cli v0.24.0 (/opt/rustwide/workdir/crates/fors-cli)
[INFO] [stderr]     Finished `release` profile [optimized + debuginfo] target(s) in 58.82s
[INFO] running `Command { std: "docker" "inspect" "be75c3f0af99938fe8111152d6ac93ccab43d8070767f7eb963330e07dffc65c", kill_on_drop: false }`
[INFO] running `Command { std: "docker" "exec" "-e" "SOURCE_DIR=/opt/rustwide/workdir" "-e" "CARGO_HOME=/opt/rustwide/cargo-home" "-e" "RUSTUP_HOME=/opt/rustwide/rustup-home" "-e" "CARGO_TARGET_DIR=/opt/rustwide/target" "-e" "CARGO_INCREMENTAL=0" "-e" "RUST_BACKTRACE=full" "-e" "RUSTFLAGS=--cap-lints=warn" "-e" "RUSTDOCFLAGS=--cap-lints=warn" "-w" "/opt/rustwide/workdir" "--user" "0:0" "be75c3f0af99938fe8111152d6ac93ccab43d8070767f7eb963330e07dffc65c" "/opt/rustwide/cargo-home/bin/cargo" "+1.99.0-beta.8" "test" "--frozen" "--no-run" "--message-format=json" "--release", kill_on_drop: false }`
[INFO] [stderr]    Compiling fors-interp v0.24.0 (/opt/rustwide/workdir/crates/fors-interp)
[INFO] [stderr]    Compiling fors-asm v0.24.0 (/opt/rustwide/workdir/crates/fors-asm)
[INFO] [stderr]    Compiling fors-check v0.24.0 (/opt/rustwide/workdir/crates/fors-check)
[INFO] [stderr]    Compiling fors-lower v0.24.0 (/opt/rustwide/workdir/crates/fors-lower)
[INFO] [stderr]    Compiling fors-codegen-dev v0.24.0 (/opt/rustwide/workdir/crates/fors-codegen-dev)
[INFO] [stderr]    Compiling fors-oir v0.24.0 (/opt/rustwide/workdir/crates/fors-oir)
[INFO] [stderr]    Compiling fors-obj v0.24.0 (/opt/rustwide/workdir/crates/fors-obj)
[INFO] [stderr]    Compiling fors-fmt v0.24.0 (/opt/rustwide/workdir/crates/fors-fmt)
[INFO] [stderr]    Compiling fors-oracle v0.24.0 (/opt/rustwide/workdir/crates/fors-oracle)
[INFO] [stderr]    Compiling fors-lsp v0.24.0 (/opt/rustwide/workdir/crates/fors-lsp)
[INFO] [stderr]    Compiling fors-link v0.24.0 (/opt/rustwide/workdir/crates/fors-link)
[INFO] [stderr]    Compiling fors-resolve v0.24.0 (/opt/rustwide/workdir/crates/fors-resolve)
[INFO] [stderr]    Compiling fors-fmir v0.24.0 (/opt/rustwide/workdir/crates/fors-fmir)
[INFO] [stderr]    Compiling fors-fir v0.24.0 (/opt/rustwide/workdir/crates/fors-fir)
[INFO] [stderr]    Compiling fors-index v0.24.0 (/opt/rustwide/workdir/crates/fors-index)
[INFO] [stderr]    Compiling fors-syntax v0.24.0 (/opt/rustwide/workdir/crates/fors-syntax)
[INFO] [stderr]    Compiling fors-cli v0.24.0 (/opt/rustwide/workdir/crates/fors-cli)
[INFO] [stderr]    Compiling fors-lex v0.24.0 (/opt/rustwide/workdir/crates/fors-lex)
[INFO] [stderr]    Compiling fors-layout v0.24.0 (/opt/rustwide/workdir/crates/fors-layout)
[INFO] [stderr]    Compiling fors-abi v0.24.0 (/opt/rustwide/workdir/crates/fors-abi)
[INFO] [stderr]    Compiling fors-diag v0.24.0 (/opt/rustwide/workdir/crates/fors-diag)
[INFO] [stderr]    Compiling fors-query v0.24.0 (/opt/rustwide/workdir/crates/fors-query)
[INFO] [stderr]     Finished `release` profile [optimized + debuginfo] target(s) in 1m 57s
[INFO] running `Command { std: "docker" "inspect" "be75c3f0af99938fe8111152d6ac93ccab43d8070767f7eb963330e07dffc65c", kill_on_drop: false }`
[INFO] running `Command { std: "docker" "exec" "-e" "SOURCE_DIR=/opt/rustwide/workdir" "-e" "CARGO_HOME=/opt/rustwide/cargo-home" "-e" "RUSTUP_HOME=/opt/rustwide/rustup-home" "-e" "CARGO_TARGET_DIR=/opt/rustwide/target" "-e" "CARGO_INCREMENTAL=0" "-e" "RUST_BACKTRACE=full" "-e" "RUSTFLAGS=--cap-lints=warn" "-e" "RUSTDOCFLAGS=--cap-lints=warn" "-w" "/opt/rustwide/workdir" "--user" "0:0" "be75c3f0af99938fe8111152d6ac93ccab43d8070767f7eb963330e07dffc65c" "/opt/rustwide/cargo-home/bin/cargo" "+1.99.0-beta.8" "test" "--frozen" "--release", kill_on_drop: false }`
[INFO] [stderr]     Finished `release` profile [optimized + debuginfo] target(s) in 0.07s
[INFO] [stderr]      Running unittests src/lib.rs (/opt/rustwide/target/release/deps/fors_abi-c17aafdc9e68b20c)
[INFO] [stdout] 
[INFO] [stdout] running 3 tests
[INFO] [stdout] test failure::tests::inline_payload_fits_the_three_result_registers ... ok
[INFO] [stdout] test regs::tests::brk_immediates_round_trip_for_exactly_eight_kinds ... ok
[INFO] [stdout] test regs::tests::scratch_and_reserved_are_disjoint ... ok
[INFO] [stdout] 
[INFO] [stdout] test result: ok. 3 passed; 0 failed; 0 ignored; 0 measured; 0 filtered out; finished in 0.00s
[INFO] [stdout] 
[INFO] [stderr]      Running unittests src/lib.rs (/opt/rustwide/target/release/deps/fors_asm-10f28f9da8bb5f1d)
[INFO] [stdout] 
[INFO] [stdout] running 7 tests
[INFO] [stdout] test bitmask::tests::all_zero_and_all_one_are_unencodable ... ok
[INFO] [stdout] test bitmask::tests::alternating_bits_32 ... ok
[INFO] [stdout] test bitmask::tests::single_bit_64 ... ok
[INFO] [stdout] test fpimm::tests::arbitrary_double_is_rejected ... ok
[INFO] [stdout] test fpimm::tests::every_imm8_round_trips_both_widths ... ok
[INFO] [stdout] test fpimm::tests::one_point_zero ... ok
[INFO] [stdout] test bitmask::tests::round_trips_every_valid_encoding ... ok
[INFO] [stdout] 
[INFO] [stdout] test result: ok. 7 passed; 0 failed; 0 ignored; 0 measured; 0 filtered out; finished in 0.18s
[INFO] [stderr]      Running tests/golden.rs (/opt/rustwide/target/release/deps/golden-bb1b789f916107e0)
[INFO] [stdout] 
[INFO] [stdout] 
[INFO] [stdout] running 1 test
[INFO] [stdout] test encoder_matches_golden_file ... ok
[INFO] [stdout] 
[INFO] [stdout] test result: ok. 1 passed; 0 failed; 0 ignored; 0 measured; 0 filtered out; finished in 0.22s
[INFO] [stdout] 
[INFO] [stderr]      Running tests/oracle.rs (/opt/rustwide/target/release/deps/oracle-9cf922614159e866)
[INFO] [stdout] 
[INFO] [stdout] running 0 tests
[INFO] [stdout] 
[INFO] [stdout] test result: ok. 0 passed; 0 failed; 0 ignored; 0 measured; 0 filtered out; finished in 0.00s
[INFO] [stderr]      Running unittests src/lib.rs (/opt/rustwide/target/release/deps/fors_check-cbcc36c36e9e3eb9)
[INFO] [stdout] 
[INFO] [stdout] 
[INFO] [stdout] running 25 tests
[INFO] [stdout] test normalise::tests::a_head_without_an_impl_is_no_impl_and_is_memoised_negatively ... ok
[INFO] [stdout] test deps::tests::a_dep_set_is_a_set_in_defid_order ... ok
[INFO] [stdout] test deps::tests::recording_nothing_leaves_it_empty ... ok
[INFO] [stdout] test normalise::tests::a_rigid_head_stays_neutral_and_never_reaches_the_solver ... ok
[INFO] [stdout] test normalise::tests::an_exhausted_budget_poisons_no_memo_entry ... ok
[INFO] [stdout] test queries::keys::tests::inserting_a_declaration_above_does_not_move_a_key ... ok
[INFO] [stdout] test queries::keys::tests::re_heading_an_impl_is_a_new_key ... ok
[INFO] [stdout] test queries::keys::tests::the_same_name_in_two_modules_is_two_keys ... ok
[INFO] [stdout] test queries::keys::tests::a_body_edit_does_not_move_a_key ... ok
[INFO] [stdout] test queries::keys::tests::two_declarations_never_share_a_key ... ok
[INFO] [stdout] test rules::tests::rules_table_covers_1_to_62 ... ok
[INFO] [stdout] test normalise::tests::the_per_query_work_budget_refuses_rather_than_grinding ... ok
[INFO] [stdout] test normalise::tests::the_memo_answers_the_second_identical_question_for_free ... ok
[INFO] [stdout] test rules::tests::every_short_name_is_unique_and_non_empty ... ok
[INFO] [stdout] test queries::keys::tests::a_method_key_depends_on_its_container ... ok
[INFO] [stdout] test queries::keys::tests::an_impls_key_ignores_its_method_bodies ... ok
[INFO] [stdout] test tests::a_plain_struct_and_fn_lower_clean ... ok
[INFO] [stderr]      Running tests/conformance.rs (/opt/rustwide/target/release/deps/conformance-ca1d3831df311f19)
[INFO] [stdout] test tests::arity_mismatch_is_t0011 ... ok
[INFO] [stdout] test tape::tests::equal_paths_intern_to_one_place ... ok
[INFO] [stdout] test tests::check_build_on_an_empty_package_emits_nothing ... ok
[INFO] [stdout] test rules::tests::traceability_generator_matches_table ... ok
[INFO] [stdout] test rules::tests::ch02_and_ch03_tables_are_rule_numbered ... ok
[INFO] [stdout] test queries::keys::tests::an_impls_key_survives_an_insertion_above_it ... ok
[INFO] [stdout] test lower::tests::integer_literals_parse_in_every_base_with_separators_and_suffixes ... ok
[INFO] [stdout] test normalise::tests::a_chain_collapses_by_structural_descent_and_costs_one_miss_per_level ... ok
[INFO] [stdout] 
[INFO] [stdout] test result: ok. 25 passed; 0 failed; 0 ignored; 0 measured; 0 filtered out; finished in 0.02s
[INFO] [stdout] 
[INFO] [stdout] 
[INFO] [stdout] running 36 tests
[INFO] [stdout] test ch09_std_mode_is_what_turns_them_on ... ok
[INFO] [stdout] test ch01_merge_liveness_tests ... ok
[INFO] [stdout] test d7_d8_d9_are_published_for_fmir_lowering ... ok
[INFO] [stdout] test d11_numeric_facts_are_published ... ok
[INFO] [stdout] test d10_failure_facts_are_published_for_fmir_f3 ... ok
[INFO] [stdout] test d7_exit_multisets_match_fmir_expected_pending ... ok
[INFO] [stdout] test cross_chapter_std_rows_report_exactly_their_pinned_codes ... ok
[INFO] [stdout] test ch01_convention_and_marker_tests ... ok
[INFO] [stdout] test ch01_coded_tests_assert_their_code_and_clause ... ok
[INFO] [stdout] test i8b_r19c_gap_rows_are_still_silent_with_std ... ok
[INFO] [stdout] test implicit_receiver_moves_that_are_legal_are_accepted ... ok
[INFO] [stdout] test every_deferred_node_is_decided ... ok
[INFO] [stdout] test ch05_ir_corpus_checker_view ... ok
[INFO] [stdout] test pending_02_is_shrinking ... ok
[INFO] [stdout] test pending_03_is_shrinking ... ok
[INFO] [stdout] test pending_04_is_shrinking ... ok
[INFO] [stdout] test pending_05_is_shrinking ... ok
[INFO] [stdout] test pending_09_is_shrinking ... ok
[INFO] [stdout] test private_field_cross_module_rejected ... ok
[INFO] [stdout] test r22i_diagnostic_carries_the_value_type_exit_and_consumer ... ok
[INFO] [stdout] test r46_message_names_the_consuming_call_and_the_sink_self_declaration ... ok
[INFO] [stdout] test ch02_failure_corpus_checker_view ... ok
[INFO] [stdout] test d8_carries_one_discharge_per_owed_obligation_per_exit_edge ... ok
[INFO] [stdout] test ch04_authority_corpus_checker_view ... ok
[INFO] [stdout] test i10_ch01_brand_and_shared_tests_assert_their_code_and_clause ... ok
[INFO] [stdout] test ch03_numerics_corpus_checker_view ... ok
[INFO] [stdout] test cross_chapter_conflicts_are_live ... ok
[INFO] [stdout] test i8b_round6_ch01_rejected_files_yield_exactly_one_diagnostic ... ok
[INFO] [stdout] test i8b_round6_ch01_accepted_files_are_silent ... ok
[INFO] [stdout] test every_check_error_test_yields_exactly_one_diagnostic ... ok
[INFO] [stdout] test no_new_diagnostics_outside_ch09 ... ok
[INFO] [stdout] test every_body_records_its_dep_set ... ok
[INFO] [stdout] test ch09_types_corpus_checker_view ... ok
[INFO] [stdout] test check_positions_match_ch03_r25 ... ok
[INFO] [stdout] test no_infer_variable_is_interned ... ok
[INFO] [stdout] test no_panic_over_whole_corpus ... ok
[INFO] [stdout] 
[INFO] [stdout] test result: ok. 36 passed; 0 failed; 0 ignored; 0 measured; 0 filtered out; finished in 19.16s
[INFO] [stdout] 
[INFO] [stderr]      Running tests/facts.rs (/opt/rustwide/target/release/deps/facts-d8b5568707728ce3)
[INFO] [stdout] 
[INFO] [stdout] running 4 tests
[INFO] [stdout] test body_facts_cover_every_typed_node ... ok
[INFO] [stderr]      Running tests/gen/main.rs (/opt/rustwide/target/release/deps/gen-e9f4a89997c8b2e9)
[INFO] [stdout] test facts_survive_errors ... ok
[INFO] [stdout] test facts_name_exact_types ... ok
[INFO] [stdout] test facts_are_deterministic ... ok
[INFO] [stdout] 
[INFO] [stdout] test result: ok. 4 passed; 0 failed; 0 ignored; 0 measured; 0 filtered out; finished in 0.01s
[INFO] [stdout] 
[INFO] [stdout] 
[INFO] [stdout] running 11 tests
[INFO] [stdout] test million_programs_are_accepted_and_their_mutants_rejected ... ignored
[INFO] [stdout] test gaps::known_gaps_still_reproduce ... ok
[INFO] [stdout] test replay ... ok
[INFO] [stdout] test probe_file ... ok
[INFO] [stdout] test gaps::fixed_findings_stay_fixed ... ok
[INFO] [stdout] test corpus_templates_are_injectable ... ok
[INFO] [stdout] test explain_prints_the_program ... ok
[INFO] [stdout] test the_minimiser_shrinks_a_failure_and_keeps_its_verdict ... ok
[INFO] [stdout] test the_generator_exercises_the_grammar ... ok
[INFO] [stdout] test runs_are_deterministic_in_the_seed ... ok
[INFO] [stdout] test ten_thousand_programs_are_accepted_and_their_mutants_rejected ... ok
[INFO] [stdout] 
[INFO] [stdout] test result: ok. 10 passed; 0 failed; 1 ignored; 0 measured; 0 filtered out; finished in 15.98s
[INFO] [stdout] 
[INFO] [stderr]      Running tests/incremental.rs (/opt/rustwide/target/release/deps/incremental-ff0836b91542e6cd)
[INFO] [stdout] 
[INFO] [stdout] running 18 tests
[INFO] [stdout] test the_corpus_checks_clean_cold ... ok
[INFO] [stdout] test an_attribute_a_ch03_rule_reads_reaches_the_body_that_reads_it ... ok
[INFO] [stdout] test a_header_clause_a_ch04_rule_reads_reaches_the_body_that_reads_it ... ok
[INFO] [stdout] test a_second_recheck_with_no_edit_executes_nothing ... ok
[INFO] [stdout] test the_printing_walk_is_sorted_by_file_then_offset ... ok
[INFO] [stdout] test assoc_type_def_edit_is_signature_level ... ok
[INFO] [stdout] test a_cancelled_recheck_writes_nothing_and_the_next_one_recovers ... ok
[INFO] [stdout] test permuting_declaration_order_gives_the_same_diagnostics ... ok
[INFO] [stdout] test stats_name_every_kind_that_ran ... ok
[INFO] [stdout] test an_edit_and_revert_executes_only_the_edited_declaration_twice ... ok
[INFO] [stdout] test permuting_file_order_gives_identical_output ... ok
[INFO] [stdout] test adding_an_impl_invalidates_only_its_head_bucket ... ok
[INFO] [stdout] test single_declaration_edit_rechecks_exactly_its_dependents ... ok
[INFO] [stdout] test check_output_identical_cold_vs_incremental ... ok
[INFO] [stdout] test the_reexecution_count_per_edit_class_is_independent_of_corpus_size ... ok
[INFO] [stdout] test the_query_path_agrees_with_check_build_over_the_ch02_and_ch03_corpora ... ok
[INFO] [stdout] test the_query_path_agrees_with_check_build_over_the_ch04_and_ch01_corpora ... ok
[INFO] [stdout] test the_query_path_agrees_with_check_build_over_the_ch09_corpus ... ok
[INFO] [stdout] 
[INFO] [stdout] test result: ok. 18 passed; 0 failed; 0 ignored; 0 measured; 0 filtered out; finished in 0.66s
[INFO] [stdout] 
[INFO] [stderr]      Running tests/incremental_verify.rs (/opt/rustwide/target/release/deps/incremental_verify-8c48c134ef27033d)
[INFO] [stdout] 
[INFO] [stdout] running 20 tests
[INFO] [stdout] test inserting_a_declaration_above_does_not_wake_bodies_that_probed_builtin_buckets ... ok
[INFO] [stdout] test an_assoc_type_edit_moves_its_bucket_at_once_not_at_the_next_impl_heads_change ... ok
[INFO] [stdout] test a_trait_gaining_a_required_method_reports_the_impl_incomplete_incrementally ... ok
[INFO] [stdout] test adding_a_file_then_importing_and_removing_it_matches_cold ... ok
[INFO] [stdout] test a_respelled_signature_reexecutes_only_its_own_nodes ... ok
[INFO] [stdout] test renaming_a_trait_method_breaks_its_callers_incrementally ... ok
[INFO] [stdout] test a_trait_method_signature_change_reports_the_nonconforming_impl_incrementally ... ok
[INFO] [stdout] test a_copyable_impl_follows_its_field_types_impl_in_another_module ... ok
[INFO] [stdout] test a_field_removed_from_a_struct_breaks_its_readers_incrementally ... ok
[INFO] [stdout] test an_overlapping_impl_is_reported_and_unreported_incrementally ... ok
[INFO] [stdout] test an_infinite_size_cycle_is_reported_and_cleared_from_either_end ... ok
[INFO] [stdout] test an_impl_added_in_the_heads_module_wakes_the_cross_module_body_that_probed_the_empty_bucket ... ok
[INFO] [stdout] test an_edit_and_revert_of_a_public_signature_wakes_dependents_exactly_twice ... ok
[INFO] [stdout] test an_impl_added_in_the_traits_module_wakes_the_cross_module_body_that_probed_the_empty_bucket ... ok
[INFO] [stdout] test two_new_mutually_recursive_structs_are_reported_at_once ... ok
[INFO] [stdout] test two_cold_runs_execute_the_same_counters_per_kind ... ok
[INFO] [stdout] test twenty_declaration_order_permutations_give_the_same_diagnostic_multiset ... ok
[INFO] [stdout] test twenty_file_order_permutations_render_identically ... ok
[INFO] [stdout] test a_mid_flight_cancellation_is_recoverable ... ok
[INFO] [stdout] test the_query_path_agrees_with_check_build_over_the_whole_conformance_corpus ... ok
[INFO] [stdout] 
[INFO] [stdout] test result: ok. 20 passed; 0 failed; 0 ignored; 0 measured; 0 filtered out; finished in 1.49s
[INFO] [stdout] 
[INFO] [stderr]      Running tests/methods.rs (/opt/rustwide/target/release/deps/methods-ab514a92ecebe97e)
[INFO] [stdout] 
[INFO] [stdout] running 8 tests
[INFO] [stdout] test qualified_form_calls_with_receiver_as_arg ... ok
[INFO] [stderr]      Running tests/probes.rs (/opt/rustwide/target/release/deps/probes-9600591bebc1bdc5)
[INFO] [stdout] test nested_receiver_records_method_not_field ... ok
[INFO] [stdout] test sink_receiver_moves_implicitly_on_tape ... ok
[INFO] [stdout] test inherent_method_resolves_with_its_convention ... ok
[INFO] [stdout] test unknown_method_is_t0043_and_ambiguity_is_t0044 ... ok
[INFO] [stdout] test implicit_and_explicit_receiver_move_produce_identical_tapes ... ok
[INFO] [stdout] test attributed_pub_method_is_visible_from_another_module ... ok
[INFO] [stdout] test method_lookup_memo_is_module_keyed ... ok
[INFO] [stdout] 
[INFO] [stdout] test result: ok. 8 passed; 0 failed; 0 ignored; 0 measured; 0 filtered out; finished in 0.02s
[INFO] [stdout] 
[INFO] [stdout] 
[INFO] [stdout] running 98 tests
[INFO] [stdout] test a_deferred_body_still_needs_the_place_it_mentions ... ok
[INFO] [stdout] test a_copyable_receiver_is_copied_not_moved ... ok
[INFO] [stdout] test a_pattern_must_bind_every_linear_component ... ok
[INFO] [stdout] test a_closure_capture_leaves_the_obligation_with_the_enclosing_scope ... ok
[INFO] [stdout] test a_closure_over_a_local_cannot_be_returned ... ok
[INFO] [stdout] test a_generic_index_impl_is_instantiated_not_read_open ... ok
[INFO] [stdout] test a_recursive_generic_call_infers_its_own_parameters ... ok
[INFO] [stdout] test a_value_in_an_explicit_type_slot_is_t0011 ... ok
[INFO] [stdout] test a_trap_discharges_nothing ... ok
[INFO] [stdout] test a_binding_inside_an_outer_let_initialiser_is_owed_at_its_own_scope ... ok
[INFO] [stdout] test adaptor_receiver_conventions_are_decided_with_a_local_trait ... ok
[INFO] [stdout] test a_failed_argument_does_not_cascade_into_t0039 ... ok
[INFO] [stdout] test a_move_in_one_branch_is_not_live_in_the_other ... ok
[INFO] [stdout] test an_inherent_method_shadows_a_trait_one_and_only_the_name_decides ... ok
[INFO] [stdout] test defer_consumes_on_every_exit_and_errdefer_only_on_error_exits ... ok
[INFO] [stdout] test a_rigid_drop_needs_a_droppable_copyable_or_iterator_bound ... ok
[INFO] [stdout] test a_second_index_impl_breaks_a_bare_literal_index_and_nothing_else ... ok
[INFO] [stdout] test f7_trait_ref_lowers_each_argument_by_its_declared_kind ... ok
[INFO] [stdout] test a_sink_self_receiver_owes_its_linear_components ... ok
[INFO] [stdout] test a_linear_value_does_not_coerce_to_dyn ... ok
[INFO] [stdout] test i10_proved_contract_policy_is_a_compile_error ... ok
[INFO] [stdout] test a_parameter_in_no_position_is_undetermined_not_silently_dropped ... ok
[INFO] [stdout] test i10a_a_call_records_its_determined_generic_arguments ... ok
[INFO] [stdout] test a_primitive_receiver_reports_only_what_no_surface_can_declare ... ok
[INFO] [stdout] test i10a_a_pattern_binding_publishes_copy_or_move ... ok
[INFO] [stdout] test a_callable_parameter_checks_the_signature_of_a_non_closure_argument ... ok
[INFO] [stdout] test a_generic_struct_literal_in_synth_binds_from_its_fields ... ok
[INFO] [stdout] test i10a_a_qualified_call_with_explicit_arguments_on_a_monomorphic_head_is_typed ... ok
[INFO] [stdout] test i10a_every_pattern_publishes_its_decided_shape ... ok
[INFO] [stdout] test i10b_a_const_parameter_is_a_value_of_its_type ... ok
[INFO] [stdout] test a_linear_temporary_in_a_non_consuming_call_position_is_a_leak ... ok
[INFO] [stdout] test i10a_a_generic_impl_associated_function_is_typed_not_silently_absorbed ... ok
[INFO] [stdout] test checking_twice_is_deterministic ... ok
[INFO] [stdout] test f7_user_index_records_its_resolved_impl ... ok
[INFO] [stdout] test every_path_must_agree_where_they_merge ... ok
[INFO] [stdout] test i10b_a_method_of_a_parameterised_trait_resolves_on_any_head ... ok
[INFO] [stdout] test i10b_sealed_extern_call_needs_ffi_in_the_caller ... ok
[INFO] [stdout] test i10b_self_output_in_an_indexmut_impl_is_the_index_impls ... ok
[INFO] [stdout] test i10b_a_qualified_prelude_variant_is_a_callee ... ok
[INFO] [stdout] test i10b_v_a_self_literal_outside_a_struct_impl_is_r34 ... ok
[INFO] [stdout] test i10b_explicit_type_arguments_on_a_value_head_type ... ok
[INFO] [stdout] test i10b_a_struct_literal_headed_by_self_types ... ok
[INFO] [stdout] test i6_a_neutral_projection_matches_only_itself ... ok
[INFO] [stdout] test i10b_v_a_variant_named_bare_is_r34_or_r39 ... ok
[INFO] [stdout] test i6_a_neutral_projection_carries_exactly_its_declared_bounds ... ok
[INFO] [stdout] test i10b_v_explicit_value_head_with_the_wrong_count_is_r11 ... ok
[INFO] [stdout] test i10b_v_an_instantiated_enum_head_constructs_its_tuple_variant ... ok
[INFO] [stdout] test i6_a_generic_method_binds_its_container_from_the_receiver ... ok
[INFO] [stdout] test i6_a_projection_on_a_head_without_an_impl_is_t0012 ... ok
[INFO] [stdout] test i10b_v_calling_a_unit_or_struct_form_variant_is_r34 ... ok
[INFO] [stdout] test i10b_v_two_impls_of_a_parameterised_trait_are_ambiguous ... ok
[INFO] [stdout] test bound_at_a_call_is_metamorphic_in_the_impl ... ok
[INFO] [stdout] test i6_a_trait_method_result_is_a_neutral_projection ... ok
[INFO] [stdout] test i10b_v_a_type_named_as_a_value_is_reported ... ok
[INFO] [stdout] test i6_the_method_memo_separates_scopes_for_a_projection_receiver ... ok
[INFO] [stdout] test i6_the_for_element_type_comes_from_item_through_the_chain ... ok
[INFO] [stdout] test i10b_v_indexmut_before_index_is_legal ... ok
[INFO] [stdout] test i6_the_normalisation_memo_key_is_the_head_not_the_trait_ref ... ok
[INFO] [stdout] test i6_normalisation_collapses_a_chain_and_the_result_is_checked ... ok
[INFO] [stdout] test i10a_std_generic_impl_members_are_typed ... ok
[INFO] [stdout] test i6_constraint_entries_are_checked_at_the_call ... ok
[INFO] [stdout] test i6v_a_bound_on_a_subject_that_contains_a_neutral_projection_is_decided ... ok
[INFO] [stdout] test i6_the_exact_impl_index_picks_the_right_impl_out_of_a_crowded_bucket ... ok
[INFO] [stdout] test every_flow_mechanism_fires_for_its_own_reason ... ok
[INFO] [stdout] test i7v_nested_explicit_generic_argument_lowers_at_every_depth ... ok
[INFO] [stdout] test i7v_field_payload_names_visible_fields_at_most_once ... ok
[INFO] [stdout] test linearity_propagates_into_an_aggregate_and_only_through_a_value_field ... ok
[INFO] [stdout] test i6v_a_rigid_receiver_with_complete_bounds_reports_a_missing_method ... ok
[INFO] [stdout] test linear_merge_has_no_third_state ... ok
[INFO] [stdout] test i7v_private_field_pattern_across_modules_is_ch08_r11 ... ok
[INFO] [stdout] test linear_closure_result_fails_its_droppable_bound ... ok
[INFO] [stdout] test nested_generic_calls_leave_no_binding_behind ... ok
[INFO] [stdout] test i7v_const_pattern_checks_against_the_bare_scrutinee_type ... ok
[INFO] [stdout] test no_error_depends_on_instantiation ... ok
[INFO] [stdout] test i6v_an_impl_refused_by_its_own_bounds_is_no_candidate ... ok
[INFO] [stdout] test i7v_witness_is_a_value_no_arm_covers ... ok
[INFO] [stdout] test r34_struct_literal_arguments_come_from_the_expected_type ... ok
[INFO] [stdout] test r12_bounds_are_checked_with_the_binding_r38_determined ... ok
[INFO] [stdout] test r38c_expected_type_is_what_binds_the_result_only_parameter ... ok
[INFO] [stdout] test no_linear_error_depends_on_instantiation ... ok
[INFO] [stdout] test r33_never_binds_nothing_at_an_argument ... ok
[INFO] [stdout] test only_a_whole_place_move_discharges_an_obligation ... ok
[INFO] [stdout] test r38d_a_binding_is_never_revised_and_the_later_argument_is_blamed ... ok
[INFO] [stdout] test i10b_each_rule_turns_on_its_token ... ok
[INFO] [stdout] test i7v_str_and_negative_const_patterns_are_one_value_constructors ... ok
[INFO] [stdout] test fresh_violations_are_enforced_for_their_own_reason ... ok
[INFO] [stdout] test no_error_depends_on_instantiation_projections ... ok
[INFO] [stdout] test i10_each_rule_turns_on_its_token ... ok
[INFO] [stdout] test lin_is_memoised_and_terminates ... ok
[INFO] [stdout] test the_impl_linear_line_is_what_creates_the_obligation ... ok
[INFO] [stdout] test r40_fresh_with_brands_are_distinct_and_bind_by_identity ... ok
[INFO] [stdout] test r41_closure_is_checked_only_when_its_parameter_types_are_complete ... ok
[INFO] [stdout] test r39_counts_are_checked_at_the_call ... ok
[INFO] [stdout] test r7_and_r28_values_without_a_type_of_their_own ... ok
[INFO] [stdout] test implementation_limits_are_diagnostics_not_panics ... ok
[INFO] [stdout] test plain_step_count_matches_reference ... ok
[INFO] [stdout] test reordering_independent_statements_does_not_change_the_diagnostics ... ok
[INFO] [stdout] test usefulness_vs_brute_force_oracle ... ok
[INFO] [stdout] 
[INFO] [stdout] test result: ok. 98 passed; 0 failed; 0 ignored; 0 measured; 0 filtered out; finished in 4.46s
[INFO] [stdout] 
[INFO] [stderr]      Running tests/scale.rs (/opt/rustwide/target/release/deps/scale-76e3e059467f1259)
[INFO] [stdout] 
[INFO] [stdout] running 8 tests
[INFO] [stdout] test i6_normalisation_counters_are_linear_in_depth_and_flat_in_k ... ignored
[INFO] [stdout] test i6_trait_world_cache_clearing_is_cheap_on_a_cold_100k_check ... ignored
[INFO] [stdout] test m1_exit_100k_corpus_checks_clean_cold ... ignored
[INFO] [stdout] test m1_exit_one_big_file_reparse_cost ... ignored
[INFO] [stdout] test m1_exit_wall_slope_and_per_declaration_histogram ... ignored
[INFO] [stdout] test scale_100k_lines_signatures ... ignored
[INFO] [stdout] test scale_100k_lines_signatures_i0_shape ... ignored
[INFO] [stdout] test scale_counters_are_flat ... ignored
[INFO] [stdout] 
[INFO] [stdout] test result: ok. 0 passed; 0 failed; 8 ignored; 0 measured; 0 filtered out; finished in 0.00s
[INFO] [stdout] 
[INFO] [stderr]      Running tests/sighash.rs (/opt/rustwide/target/release/deps/sighash-a77d3a6b5bbc0e0d)
[INFO] [stdout] 
[INFO] [stdout] running 9 tests
[INFO] [stdout] test unknown_head_does_not_panic ... ok
[INFO] [stdout] test sig_hash_stable_under_bound_reorder ... ok
[INFO] [stdout] test sig_hash_stable_under_reformat ... ok
[INFO] [stdout] test sig_hash_changes_on_assoc_type_rhs ... ok
[INFO] [stdout] test sig_hashes_are_deterministic ... ok
[INFO] [stdout] test sig_hash_changes_on_param_rename ... ok
[INFO] [stdout] test sig_hash_stable_under_gparam_rename ... ok
[INFO] [stdout] test sig_hash_mutation_harness ... ok
[INFO] [stdout] test encode_decode_roundtrip_over_the_corpus ... ok
[INFO] [stdout] 
[INFO] [stdout] test result: ok. 9 passed; 0 failed; 0 ignored; 0 measured; 0 filtered out; finished in 0.18s
[INFO] [stdout] 
[INFO] [stderr]      Running tests/silent.rs (/opt/rustwide/target/release/deps/silent-d2b7e895dd0712cf)
[INFO] [stdout] 
[INFO] [stdout] running 2 tests
[INFO] [stdout] test std_touching_corpus_is_typed_against_std ... ok
[INFO] [stderr]      Running unittests src/main.rs (/opt/rustwide/target/release/deps/fors-d09717884bd35694)
[INFO] [stdout] test no_silent_ty_error_anywhere ... ok
[INFO] [stdout] 
[INFO] [stdout] test result: ok. 2 passed; 0 failed; 0 ignored; 0 measured; 0 filtered out; finished in 2.26s
[INFO] [stdout] 
[INFO] [stdout] 
[INFO] [stdout] running 0 tests
[INFO] [stdout] 
[INFO] [stdout] test result: ok. 0 passed; 0 failed; 0 ignored; 0 measured; 0 filtered out; finished in 0.00s
[INFO] [stdout] 
[INFO] [stderr]      Running tests/agent_surface.rs (/opt/rustwide/target/release/deps/agent_surface-6443ae9cb7000e97)
[INFO] [stdout] 
[INFO] [stdout] running 6 tests
[INFO] [stdout] test an_unknown_code_is_an_exit_two_error ... ok
[INFO] [stdout] test an_unknown_format_is_an_exit_two_error ... ok
[INFO] [stdout] test explain_list_json_is_one_record_per_line ... ok
[INFO] [stdout] test every_code_the_pack_cites_explains ... ok
[INFO] [stdout] test every_reachable_code_explains_itself ... ok
[INFO] [stderr]      Running tests/comptime_f9.rs (/opt/rustwide/target/release/deps/comptime_f9-013ea66fcb41b54b)
[INFO] [stdout] test json_records_match_the_text_lines_over_the_whole_corpus ... ok
[INFO] [stdout] 
[INFO] [stdout] test result: ok. 6 passed; 0 failed; 0 ignored; 0 measured; 0 filtered out; finished in 18.43s
[INFO] [stdout] 
[INFO] [stdout] 
[INFO] [stdout] running 12 tests
[INFO] [stdout] test gate_comptime_clock_read_rejected ... ok
[INFO] [stdout] test a_value_position_block_in_a_helper_is_a_named_build_error ... ok
[INFO] [stdout] test gate_comptime_file_read_undeclared_rejected ... ok
[INFO] [stdout] test gate_sealed_op_at_comptime_rejected ... ok
[INFO] [stdout] test gate_comptime_file_read_declared_twin_is_accepted ... ok
[INFO] [stdout] test gate_comptime_file_read_declared_accepted ... ok
[INFO] [stdout] test gate_comptime_clock_read_twin_is_named_by_the_interpreter ... ok
[INFO] [stdout] test comptime_memo_is_content_addressed ... ok
[INFO] [stdout] test gate_comptime_budget_exceeded_rejected ... ok
[INFO] [stdout] test a_block_in_a_const_initialiser_is_a_named_build_error ... ok
[INFO] [stdout] test comptime_result_identical_across_processes ... ok
[INFO] [stdout] test f9_counters ... ok
[INFO] [stdout] 
[INFO] [stdout] test result: ok. 12 passed; 0 failed; 0 ignored; 0 measured; 0 filtered out; finished in 0.47s
[INFO] [stdout] 
[INFO] [stderr]      Running tests/conformance_runtime.rs (/opt/rustwide/target/release/deps/conformance_runtime-a41120b8c30220e1)
[INFO] [stdout] 
[INFO] [stdout] running 2 tests
[INFO] [stdout] test a_status_2_test_with_an_open_stdout_exits_0 ... ok
[INFO] [stderr]      Running tests/fixes.rs (/opt/rustwide/target/release/deps/fixes-5549341daab8b053)
[INFO] [stdout] test every_runtime_conformance_test_under_the_7_2a_runner ... ok
[INFO] [stdout] 
[INFO] [stdout] test result: ok. 2 passed; 0 failed; 0 ignored; 0 measured; 0 filtered out; finished in 4.65s
[INFO] [stdout] 
[INFO] [stdout] 
[INFO] [stdout] running 1 test
[INFO] [stdout] test every_fix_survives_the_compiler ... FAILED
[INFO] [stdout] 
[INFO] [stdout] failures:
[INFO] [stdout] 
[INFO] [stdout] ---- every_fix_survives_the_compiler stdout ----
[INFO] [stdout] 
[INFO] [stdout] thread 'every_fix_survives_the_compiler' (4709) panicked at crates/fors-cli/tests/fixes.rs:229:39:
[INFO] [stdout] create the arbiter's scratch directory: Os { code: 30, kind: ReadOnlyFilesystem, message: "Read-only file system" }
[INFO] [stdout] stack backtrace:
[INFO] [stdout]    0:     0x64add7d95e61 - std[70759c8f55707aa4]::backtrace_rs::backtrace::libunwind::trace
[INFO] [stdout]                                at /rustc/dfb0accb7f508ae8be965d8629557221c889dd98/library/std/src/../../backtrace/src/backtrace/libunwind.rs:117:9
[INFO] [stdout]    1:     0x64add7d95e61 - std[70759c8f55707aa4]::backtrace_rs::backtrace::trace_unsynchronized::<std[70759c8f55707aa4]::sys::backtrace::_print_fmt::{closure#1}>
[INFO] [stdout]                                at /rustc/dfb0accb7f508ae8be965d8629557221c889dd98/library/std/src/../../backtrace/src/backtrace/mod.rs:66:14
[INFO] [stdout]    2:     0x64add7d95e61 - std[70759c8f55707aa4]::sys::backtrace::_print_fmt
[INFO] [stdout]                                at /rustc/dfb0accb7f508ae8be965d8629557221c889dd98/library/std/src/sys/backtrace.rs:74:9
[INFO] [stdout]    3:     0x64add7d95e61 - <<std[70759c8f55707aa4]::sys::backtrace::BacktraceLock>::print::DisplayBacktrace as core[df12db4294e9bfd3]::fmt::Display>::fmt
[INFO] [stdout]                                at /rustc/dfb0accb7f508ae8be965d8629557221c889dd98/library/std/src/sys/backtrace.rs:44:26
[INFO] [stdout]    4:     0x64add7daa9fa - <core[df12db4294e9bfd3]::fmt::rt::Argument>::fmt
[INFO] [stdout]                                at /rustc/dfb0accb7f508ae8be965d8629557221c889dd98/library/core/src/fmt/rt.rs:152:76
[INFO] [stdout]    5:     0x64add7daa9fa - core[df12db4294e9bfd3]::fmt::write
[INFO] [stdout]    6:     0x64add7d9a5cc - core[df12db4294e9bfd3]::io::write::default_write_fmt::<alloc[2182bb758b4b3781]::vec::Vec<u8>>
[INFO] [stdout]                                at /rustc/dfb0accb7f508ae8be965d8629557221c889dd98/library/core/src/io/write.rs:402:11
[INFO] [stdout]    7:     0x64add7d9a5cc - <alloc[2182bb758b4b3781]::vec::Vec<u8> as core[df12db4294e9bfd3]::io::write::Write>::write_fmt
[INFO] [stdout]                                at /rustc/dfb0accb7f508ae8be965d8629557221c889dd98/library/core/src/io/write.rs:335:13
[INFO] [stdout]    8:     0x64add7d6f406 - <std[70759c8f55707aa4]::sys::backtrace::BacktraceLock>::print
[INFO] [stdout]                                at /rustc/dfb0accb7f508ae8be965d8629557221c889dd98/library/std/src/sys/backtrace.rs:47:9
[INFO] [stdout]    9:     0x64add7d6f406 - std[70759c8f55707aa4]::panicking::default_hook::{closure#0}
[INFO] [stdout]                                at /rustc/dfb0accb7f508ae8be965d8629557221c889dd98/library/std/src/panicking.rs:292:27
[INFO] [stdout]   10:     0x64add7d8ca39 - std[70759c8f55707aa4]::panicking::default_hook
[INFO] [stdout]                                at /rustc/dfb0accb7f508ae8be965d8629557221c889dd98/library/std/src/panicking.rs:316:9
[INFO] [stdout]   11:     0x64add7d230e0 - <alloc[2182bb758b4b3781]::boxed::Box<dyn for<'a, 'b> core[df12db4294e9bfd3]::ops::function::Fn<(&'a std[70759c8f55707aa4]::panic::PanicHookInfo<'b>,), Output = ()> + core[df12db4294e9bfd3]::marker::Send + core[df12db4294e9bfd3]::marker::Sync> as core[df12db4294e9bfd3]::ops::function::Fn<(&std[70759c8f55707aa4]::panic::PanicHookInfo,)>>::call
[INFO] [stdout]                                at /rustc/dfb0accb7f508ae8be965d8629557221c889dd98/library/alloc/src/boxed.rs:2334:9
[INFO] [stdout]   12:     0x64add7d230e0 - test[9d35eded1c95d3be]::test_main_inner::<test[9d35eded1c95d3be]::test_main_static::{closure#0}>::{closure#0}
[INFO] [stdout]                                at /rustc/dfb0accb7f508ae8be965d8629557221c889dd98/library/test/src/lib.rs:155:21
[INFO] [stdout]   13:     0x64add7d8cbf2 - <alloc[2182bb758b4b3781]::boxed::Box<dyn for<'a, 'b> core[df12db4294e9bfd3]::ops::function::Fn<(&'a std[70759c8f55707aa4]::panic::PanicHookInfo<'b>,), Output = ()> + core[df12db4294e9bfd3]::marker::Send + core[df12db4294e9bfd3]::marker::Sync> as core[df12db4294e9bfd3]::ops::function::Fn<(&std[70759c8f55707aa4]::panic::PanicHookInfo,)>>::call
[INFO] [stdout]                                at /rustc/dfb0accb7f508ae8be965d8629557221c889dd98/library/alloc/src/boxed.rs:2334:9
[INFO] [stdout]   14:     0x64add7d8cbf2 - std[70759c8f55707aa4]::panicking::panic_with_hook
[INFO] [stdout]                                at /rustc/dfb0accb7f508ae8be965d8629557221c889dd98/library/std/src/panicking.rs:823:13
[INFO] [stdout]   15:     0x64add7d6f4b2 - std[70759c8f55707aa4]::panicking::panic_handler::{closure#0}
[INFO] [stdout]                                at /rustc/dfb0accb7f508ae8be965d8629557221c889dd98/library/std/src/panicking.rs:688:13
[INFO] [stdout]   16:     0x64add7d67ee9 - std[70759c8f55707aa4]::sys::backtrace::__rust_end_short_backtrace::<std[70759c8f55707aa4]::panicking::panic_handler::{closure#0}, !>
[INFO] [stdout]                                at /rustc/dfb0accb7f508ae8be965d8629557221c889dd98/library/std/src/sys/backtrace.rs:182:18
[INFO] [stdout]   17:     0x64add7d700ad - __rustc[8fa7c3cbc660c2b3]::rust_begin_unwind
[INFO] [stdout]                                at /rustc/dfb0accb7f508ae8be965d8629557221c889dd98/library/std/src/panicking.rs:679:5
[INFO] [stdout]   18:     0x64add7dab12c - core[df12db4294e9bfd3]::panicking::panic_fmt
[INFO] [stdout]                                at /rustc/dfb0accb7f508ae8be965d8629557221c889dd98/library/core/src/panicking.rs:80:14
[INFO] [stdout]   19:     0x64add7daaf02 - core[df12db4294e9bfd3]::result::unwrap_failed
[INFO] [stdout]                                at /rustc/dfb0accb7f508ae8be965d8629557221c889dd98/library/core/src/result.rs:1871:5
[INFO] [stdout]   20:     0x64add7d10875 - expect<(), core::io::error::Error>
[INFO] [stdout]                                at /rustc/dfb0accb7f508ae8be965d8629557221c889dd98/library/core/src/result.rs:1184:23
[INFO] [stdout]   21:     0x64add7d10875 - every_fix_survives_the_compiler
[INFO] [stdout]                                at /opt/rustwide/workdir/crates/fors-cli/tests/fixes.rs:229:39
[INFO] [stdout]   22:     0x64add7d118d9 - {closure#0}
[INFO] [stdout]                                at /opt/rustwide/workdir/crates/fors-cli/tests/fixes.rs:207:37
[INFO] [stdout]   23:     0x64add7d118d9 - call_once<fixes::every_fix_survives_the_compiler::{closure_env#0}, ()>
[INFO] [stdout]                                at /rustc/dfb0accb7f508ae8be965d8629557221c889dd98/library/core/src/ops/function.rs:250:5
[INFO] [stdout]   24:     0x64add7d163cb - <fn() -> core[df12db4294e9bfd3]::result::Result<(), alloc[2182bb758b4b3781]::string::String> as core[df12db4294e9bfd3]::ops::function::FnOnce<()>>::call_once
[INFO] [stdout]                                at /rustc/dfb0accb7f508ae8be965d8629557221c889dd98/library/core/src/ops/function.rs:250:5
[INFO] [stdout]   25:     0x64add7d163cb - test[9d35eded1c95d3be]::__rust_begin_short_backtrace::<core[df12db4294e9bfd3]::result::Result<(), alloc[2182bb758b4b3781]::string::String>, fn() -> core[df12db4294e9bfd3]::result::Result<(), alloc[2182bb758b4b3781]::string::String>>
[INFO] [stdout]                                at /rustc/dfb0accb7f508ae8be965d8629557221c889dd98/library/test/src/lib.rs:733:18
[INFO] [stdout]   26:     0x64add7d23a35 - test[9d35eded1c95d3be]::run_test_in_process::{closure#0}
[INFO] [stdout]                                at /rustc/dfb0accb7f508ae8be965d8629557221c889dd98/library/test/src/lib.rs:756:74
[INFO] [stdout]   27:     0x64add7d23a35 - <core[df12db4294e9bfd3]::panic::unwind_safe::AssertUnwindSafe<test[9d35eded1c95d3be]::run_test_in_process::{closure#0}> as core[df12db4294e9bfd3]::ops::function::FnOnce<()>>::call_once
[INFO] [stdout]                                at /rustc/dfb0accb7f508ae8be965d8629557221c889dd98/library/core/src/panic/unwind_safe.rs:275:9
[INFO] [stdout]   28:     0x64add7d23a35 - std[70759c8f55707aa4]::panicking::catch_unwind::do_call::<core[df12db4294e9bfd3]::panic::unwind_safe::AssertUnwindSafe<test[9d35eded1c95d3be]::run_test_in_process::{closure#0}>, core[df12db4294e9bfd3]::result::Result<(), alloc[2182bb758b4b3781]::string::String>>
[INFO] [stdout]                                at /rustc/dfb0accb7f508ae8be965d8629557221c889dd98/library/std/src/panicking.rs:576:43
[INFO] [stdout]   29:     0x64add7d23a35 - std[70759c8f55707aa4]::panicking::catch_unwind::<core[df12db4294e9bfd3]::result::Result<(), alloc[2182bb758b4b3781]::string::String>, core[df12db4294e9bfd3]::panic::unwind_safe::AssertUnwindSafe<test[9d35eded1c95d3be]::run_test_in_process::{closure#0}>>
[INFO] [stdout]                                at /rustc/dfb0accb7f508ae8be965d8629557221c889dd98/library/std/src/panicking.rs:544:19
[INFO] [stdout]   30:     0x64add7d23a35 - std[70759c8f55707aa4]::panic::catch_unwind::<core[df12db4294e9bfd3]::panic::unwind_safe::AssertUnwindSafe<test[9d35eded1c95d3be]::run_test_in_process::{closure#0}>, core[df12db4294e9bfd3]::result::Result<(), alloc[2182bb758b4b3781]::string::String>>
[INFO] [stdout]                                at /rustc/dfb0accb7f508ae8be965d8629557221c889dd98/library/std/src/panic.rs:359:14
[INFO] [stdout]   31:     0x64add7d23a35 - test[9d35eded1c95d3be]::run_test_in_process
[INFO] [stdout]                                at /rustc/dfb0accb7f508ae8be965d8629557221c889dd98/library/test/src/lib.rs:756:27
[INFO] [stdout]   32:     0x64add7d23a35 - test[9d35eded1c95d3be]::run_test::{closure#0}
[INFO] [stdout]                                at /rustc/dfb0accb7f508ae8be965d8629557221c889dd98/library/test/src/lib.rs:677:43
[INFO] [stdout]   33:     0x64add7d1d2f4 - test[9d35eded1c95d3be]::run_test::{closure#1}
[INFO] [stdout]                                at /rustc/dfb0accb7f508ae8be965d8629557221c889dd98/library/test/src/lib.rs:707:41
[INFO] [stdout]   34:     0x64add7d1d2f4 - std[70759c8f55707aa4]::sys::backtrace::__rust_begin_short_backtrace::<test[9d35eded1c95d3be]::run_test::{closure#1}, ()>
[INFO] [stdout]                                at /rustc/dfb0accb7f508ae8be965d8629557221c889dd98/library/std/src/sys/backtrace.rs:166:18
[INFO] [stdout]   35:     0x64add7d26b92 - std[70759c8f55707aa4]::thread::lifecycle::spawn_unchecked::<test[9d35eded1c95d3be]::run_test::{closure#1}, ()>::{closure#1}::{closure#0}
[INFO] [stdout]                                at /rustc/dfb0accb7f508ae8be965d8629557221c889dd98/library/std/src/thread/lifecycle.rs:70:13
[INFO] [stdout]   36:     0x64add7d26b92 - <core[df12db4294e9bfd3]::panic::unwind_safe::AssertUnwindSafe<std[70759c8f55707aa4]::thread::lifecycle::spawn_unchecked<test[9d35eded1c95d3be]::run_test::{closure#1}, ()>::{closure#1}::{closure#0}> as core[df12db4294e9bfd3]::ops::function::FnOnce<()>>::call_once
[INFO] [stdout]                                at /rustc/dfb0accb7f508ae8be965d8629557221c889dd98/library/core/src/panic/unwind_safe.rs:275:9
[INFO] [stdout]   37:     0x64add7d26b92 - std[70759c8f55707aa4]::panicking::catch_unwind::do_call::<core[df12db4294e9bfd3]::panic::unwind_safe::AssertUnwindSafe<std[70759c8f55707aa4]::thread::lifecycle::spawn_unchecked<test[9d35eded1c95d3be]::run_test::{closure#1}, ()>::{closure#1}::{closure#0}>, ()>
[INFO] [stdout]                                at /rustc/dfb0accb7f508ae8be965d8629557221c889dd98/library/std/src/panicking.rs:576:43
[INFO] [stdout]   38:     0x64add7d26b92 - std[70759c8f55707aa4]::panicking::catch_unwind::<(), core[df12db4294e9bfd3]::panic::unwind_safe::AssertUnwindSafe<std[70759c8f55707aa4]::thread::lifecycle::spawn_unchecked<test[9d35eded1c95d3be]::run_test::{closure#1}, ()>::{closure#1}::{closure#0}>>
[INFO] [stdout]                                at /rustc/dfb0accb7f508ae8be965d8629557221c889dd98/library/std/src/panicking.rs:544:19
[INFO] [stdout]   39:     0x64add7d26b92 - std[70759c8f55707aa4]::panic::catch_unwind::<core[df12db4294e9bfd3]::panic::unwind_safe::AssertUnwindSafe<std[70759c8f55707aa4]::thread::lifecycle::spawn_unchecked<test[9d35eded1c95d3be]::run_test::{closure#1}, ()>::{closure#1}::{closure#0}>, ()>
[INFO] [stdout]                                at /rustc/dfb0accb7f508ae8be965d8629557221c889dd98/library/std/src/panic.rs:359:14
[INFO] [stdout]   40:     0x64add7d26b92 - std[70759c8f55707aa4]::thread::lifecycle::spawn_unchecked::<test[9d35eded1c95d3be]::run_test::{closure#1}, ()>::{closure#1}
[INFO] [stdout]                                at /rustc/dfb0accb7f508ae8be965d8629557221c889dd98/library/std/src/thread/lifecycle.rs:68:26
[INFO] [stdout]   41:     0x64add7d26b92 - <std[70759c8f55707aa4]::thread::lifecycle::spawn_unchecked<test[9d35eded1c95d3be]::run_test::{closure#1}, ()>::{closure#1} as core[df12db4294e9bfd3]::ops::function::FnOnce<()>>::call_once::{shim:vtable#0}
[INFO] [stdout]                                at /rustc/dfb0accb7f508ae8be965d8629557221c889dd98/library/core/src/ops/function.rs:250:5
[INFO] [stdout]   42:     0x64add7d95169 - <alloc[2182bb758b4b3781]::boxed::Box<dyn core[df12db4294e9bfd3]::ops::function::FnOnce<(), Output = ()> + core[df12db4294e9bfd3]::marker::Send> as core[df12db4294e9bfd3]::ops::function::FnOnce<()>>::call_once
[INFO] [stdout]                                at /rustc/dfb0accb7f508ae8be965d8629557221c889dd98/library/alloc/src/boxed.rs:2320:9
[INFO] [stdout]   43:     0x64add7d95169 - <std[70759c8f55707aa4]::sys::thread::unix::Thread>::new::thread_start
[INFO] [stdout]                                at /rustc/dfb0accb7f508ae8be965d8629557221c889dd98/library/std/src/sys/thread/unix.rs:123:17
[INFO] [stdout]   44:     0x79d6adfcfdfa - <unknown>
[INFO] [stdout]   45:     0x79d6ae0633d4 - clone
[INFO] [stdout]   46:                0x0 - <unknown>
[INFO] [stdout] 
[INFO] [stdout] 
[INFO] [stdout] failures:
[INFO] [stdout]     every_fix_survives_the_compiler
[INFO] [stdout] 
[INFO] [stdout] test result: FAILED. 0 passed; 1 failed; 0 ignored; 0 measured; 0 filtered out; finished in 8.65s
[INFO] [stdout] 
[INFO] [stderr] error: test failed, to rerun pass `-p fors-cli --test fixes`
[INFO] running `Command { std: "docker" "inspect" "be75c3f0af99938fe8111152d6ac93ccab43d8070767f7eb963330e07dffc65c", kill_on_drop: false }`
[INFO] running `Command { std: "docker" "rm" "-f" "be75c3f0af99938fe8111152d6ac93ccab43d8070767f7eb963330e07dffc65c", kill_on_drop: false }`
[INFO] [stdout] be75c3f0af99938fe8111152d6ac93ccab43d8070767f7eb963330e07dffc65c
